185.191.171.15 - - [15/Jan/2025:21:18:12 -0500] "GET /product/aivfpzb93695?id=15771 HTTP/1.1" 404 28461 "-" "Mozilla/5.0 (compatible; SemrushBot/7~bl; +http://www.semrush.com/bot.html)"
185.191.171.14 - - [15/Jan/2025:21:18:22 -0500] "GET /product/aivfxwa41189?id=49480 HTTP/1.1" 404 28463 "-" "Mozilla/5.0 (compatible; SemrushBot/7~bl; +http://www.semrush.com/bot.html)"
66.249.74.11 - - [15/Jan/2025:21:18:28 -0500] "GET /robots.txt HTTP/1.1" 200 108 "-" "Mozilla/5.0 (compatible; Googlebot/2.1; +http://www.google.com/bot.html)"
185.191.171.18 - - [15/Jan/2025:21:18:29 -0500] "GET /product/aivfuaa93695?id=200052 HTTP/1.1" 404 28457 "-" "Mozilla/5.0 (compatible; SemrushBot/7~bl; +http://www.semrush.com/bot.html)"
185.191.171.11 - - [15/Jan/2025:21:18:37 -0500] "GET /product/aivfujj41189?id=208761 HTTP/1.1" 404 28462 "-" "Mozilla/5.0 (compatible; SemrushBot/7~bl; +http://www.semrush.com/bot.html)"
185.191.171.1 - - [15/Jan/2025:21:18:51 -0500] "GET /product/oplpdcivfadj69982?id=52299 HTTP/1.1" 404 28484 "-" "Mozilla/5.0 (compatible; SemrushBot/7~bl; +http://www.semrush.com/bot.html)"
85.208.96.195 - - [15/Jan/2025:21:18:57 -0500] "GET /product/aivfuhr80272?id=205969 HTTP/1.1" 404 28460 "-" "Mozilla/5.0 (compatible; SemrushBot/7~bl; +http://www.semrush.com/bot.html)"
162.213.251.239 - - [15/Jan/2025:21:19:04 -0500] "POST /wp-cron.php?doing_wp_cron=1736993944.7431499958038330078125 HTTP/1.1" 403 1242 "-" "WordPress/6.6; https://visionsynchomeimprovement.com"
85.208.96.201 - - [15/Jan/2025:21:19:02 -0500] "GET /product/vbqkmiivftws52700?id=197444 HTTP/1.1" 404 28459 "-" "Mozilla/5.0 (compatible; SemrushBot/7~bl; +http://www.semrush.com/bot.html)"
185.191.171.1 - - [15/Jan/2025:21:19:08 -0500] "GET /product/aivfqrf80272?id=169557 HTTP/1.1" 404 28461 "-" "Mozilla/5.0 (compatible; SemrushBot/7~bl; +http://www.semrush.com/bot.html)"
85.208.96.199 - - [15/Jan/2025:21:19:17 -0500] "GET /product/aivfseq80272?id=185616 HTTP/1.1" 404 28462 "-" "Mozilla/5.0 (compatible; SemrushBot/7~bl; +http://www.semrush.com/bot.html)"
185.191.171.5 - - [15/Jan/2025:21:19:22 -0500] "GET /wp-includes/class-walker-category.php HTTP/1.1" 403 1242 "-" "Mozilla/5.0 (compatible; SemrushBot/7~bl; +http://www.semrush.com/bot.html)"
185.191.171.12 - - [15/Jan/2025:21:19:27 -0500] "GET /product/fbpsfeivflsh18359?id=119659 HTTP/1.1" 404 28459 "-" "Mozilla/5.0 (compatible; SemrushBot/7~bl; +http://www.semrush.com/bot.html)"
85.208.96.199 - - [15/Jan/2025:21:19:32 -0500] "GET /product/shxuddivfudc69982?id=202928 HTTP/1.1" 404 28462 "-" "Mozilla/5.0 (compatible; SemrushBot/7~bl; +http://www.semrush.com/bot.html)"
111.7.96.174 - - [15/Jan/2025:21:19:42 -0500] "GET / HTTP/1.1" 200 33498 "https://www.visionsynchi.com" "Mozilla/5.0 (Macintosh; Intel Mac OS X 10_15_7) AppleWebKit/537.36 (KHTML, like Gecko) Chrome/96.0.4664.110 Safari/537.36"
111.7.96.174 - - [15/Jan/2025:21:19:52 -0500] "GET / HTTP/1.1" 200 33481 "-" "Mozilla/5.0 (Macintosh; Intel Mac OS X 11_0_0) AppleWebKit/537.36 (KHTML, like Gecko) Chrome/87.0.4280.88 Safari/537.36"
111.7.96.174 - - [15/Jan/2025:21:19:56 -0500] "GET /wp-includes/js/jquery/jquery-migrate.min.js?ver=3.4.1 HTTP/1.1" 200 5342 "https://visionsynchomeimprovement.com/" "Mozilla/5.0 (Macintosh; Intel Mac OS X 11_0_0) AppleWebKit/537.36 (KHTML, like Gecko) Chrome/87.0.4280.88 Safari/537.36"
111.7.96.174 - - [15/Jan/2025:21:19:56 -0500] "GET /wp-includes/js/jquery/ui/core.min.js?ver=1.13.3 HTTP/1.1" 200 7942 "https://visionsynchomeimprovement.com/" "Mozilla/5.0 (Macintosh; Intel Mac OS X 11_0_0) AppleWebKit/537.36 (KHTML, like Gecko) Chrome/87.0.4280.88 Safari/537.36"
111.7.96.174 - - [15/Jan/2025:21:19:56 -0500] "GET /wp-content/plugins/woocommerce/assets/js/jquery-blockui/jquery.blockUI.min.js?ver=2.7.0-wc.8.8.5 HTTP/1.1" 200 3810 "https://visionsynchomeimprovement.com/" "Mozilla/5.0 (Macintosh; Intel Mac OS X 11_0_0) AppleWebKit/537.36 (KHTML, like Gecko) Chrome/87.0.4280.88 Safari/537.36"
111.7.96.174 - - [15/Jan/2025:21:19:56 -0500] "GET /wp-content/plugins/js_composer/assets/js/vendors/woocommerce-add-to-cart.js?ver=7.6 HTTP/1.1" 200 389 "https://visionsynchomeimprovement.com/" "Mozilla/5.0 (Macintosh; Intel Mac OS X 11_0_0) AppleWebKit/537.36 (KHTML, like Gecko) Chrome/87.0.4280.88 Safari/537.36"
111.7.96.174 - - [15/Jan/2025:21:19:56 -0500] "GET /wp-content/plugins/my_woocomerce_image_mapper/js/frontend/jquery.mCustomScrollbar.min.js?ver=6.6 HTTP/1.1" 200 23387 "https://visionsynchomeimprovement.com/" "Mozilla/5.0 (Macintosh; Intel Mac OS X 11_0_0) AppleWebKit/537.36 (KHTML, like Gecko) Chrome/87.0.4280.88 Safari/537.36"
111.7.96.174 - - [15/Jan/2025:21:19:56 -0500] "GET /wp-content/plugins/booked/includes/add-ons/woocommerce-payments//js/frontend-functions.js?ver=6.6 HTTP/1.1" 200 2050 "https://visionsynchomeimprovement.com/" "Mozilla/5.0 (Macintosh; Intel Mac OS X 11_0_0) AppleWebKit/537.36 (KHTML, like Gecko) Chrome/87.0.4280.88 Safari/537.36"
111.7.96.174 - - [15/Jan/2025:21:19:56 -0500] "GET /wp-content/plugins/woocommerce/assets/js/frontend/add-to-cart.min.js?ver=8.8.5 HTTP/1.1" 200 1184 "https://visionsynchomeimprovement.com/" "Mozilla/5.0 (Macintosh; Intel Mac OS X 11_0_0) AppleWebKit/537.36 (KHTML, like Gecko) Chrome/87.0.4280.88 Safari/537.36"
111.7.96.174 - - [15/Jan/2025:21:19:56 -0500] "GET /wp-content/plugins/my_woocomerce_image_mapper/js/frontend/jquery.prettyPhoto.js?ver=6.6 HTTP/1.1" 200 6780 "https://visionsynchomeimprovement.com/" "Mozilla/5.0 (Macintosh; Intel Mac OS X 11_0_0) AppleWebKit/537.36 (KHTML, like Gecko) Chrome/87.0.4280.88 Safari/537.36"
111.7.96.174 - - [15/Jan/2025:21:19:56 -0500] "GET /wp-content/plugins/my_woocomerce_image_mapper/js/frontend/my_fotorama_js.js?ver=6.6 HTTP/1.1" 200 7632 "https://visionsynchomeimprovement.com/" "Mozilla/5.0 (Macintosh; Intel Mac OS X 11_0_0) AppleWebKit/537.36 (KHTML, like Gecko) Chrome/87.0.4280.88 Safari/537.36"
111.7.96.174 - - [15/Jan/2025:21:19:56 -0500] "GET /wp-content/plugins/zilla-likes/scripts/zilla-likes.js?ver=6.6 HTTP/1.1" 200 403 "https://visionsynchomeimprovement.com/" "Mozilla/5.0 (Macintosh; Intel Mac OS X 11_0_0) AppleWebKit/537.36 (KHTML, like Gecko) Chrome/87.0.4280.88 Safari/537.36"
111.7.96.174 - - [15/Jan/2025:21:19:56 -0500] "GET /wp-includes/js/wp-util.min.js?ver=6.6 HTTP/1.1" 200 767 "https://visionsynchomeimprovement.com/" "Mozilla/5.0 (Macintosh; Intel Mac OS X 11_0_0) AppleWebKit/537.36 (KHTML, like Gecko) Chrome/87.0.4280.88 Safari/537.36"
111.7.96.174 - - [15/Jan/2025:21:19:56 -0500] "GET /wp-includes/js/jquery/ui/effect.min.js?ver=1.13.3 HTTP/1.1" 200 4247 "https://visionsynchomeimprovement.com/" "Mozilla/5.0 (Macintosh; Intel Mac OS X 11_0_0) AppleWebKit/537.36 (KHTML, like Gecko) Chrome/87.0.4280.88 Safari/537.36"
111.7.96.174 - - [15/Jan/2025:21:19:56 -0500] "GET /wp-includes/js/underscore.min.js?ver=1.13.4 HTTP/1.1" 200 8067 "https://visionsynchomeimprovement.com/" "Mozilla/5.0 (Macintosh; Intel Mac OS X 11_0_0) AppleWebKit/537.36 (KHTML, like Gecko) Chrome/87.0.4280.88 Safari/537.36"
111.7.96.174 - - [15/Jan/2025:21:19:56 -0500] "GET /wp-content/plugins/my_woocomerce_image_mapper/js/frontend/jquery.image_mapper.js?ver=6.6 HTTP/1.1" 200 43829 "https://visionsynchomeimprovement.com/" "Mozilla/5.0 (Macintosh; Intel Mac OS X 11_0_0) AppleWebKit/537.36 (KHTML, like Gecko) Chrome/87.0.4280.88 Safari/537.36"
111.7.96.174 - - [15/Jan/2025:21:19:56 -0500] "GET /wp-includes/js/jquery/ui/effect-size.min.js?ver=1.13.3 HTTP/1.1" 200 1040 "https://visionsynchomeimprovement.com/" "Mozilla/5.0 (Macintosh; Intel Mac OS X 11_0_0) AppleWebKit/537.36 (KHTML, like Gecko) Chrome/87.0.4280.88 Safari/537.36"
111.7.96.174 - - [15/Jan/2025:21:19:56 -0500] "GET /wp-content/plugins/my_woocomerce_image_mapper/js/frontend/jquery.mousewheel.min.js?ver=6.6 HTTP/1.1" 200 734 "https://visionsynchomeimprovement.com/" "Mozilla/5.0 (Macintosh; Intel Mac OS X 11_0_0) AppleWebKit/537.36 (KHTML, like Gecko) Chrome/87.0.4280.88 Safari/537.36"
111.7.96.174 - - [15/Jan/2025:21:19:56 -0500] "GET /wp-includes/js/jquery/jquery.min.js?ver=3.7.1 HTTP/1.1" 200 35438 "https://visionsynchomeimprovement.com/" "Mozilla/5.0 (Macintosh; Intel Mac OS X 11_0_0) AppleWebKit/537.36 (KHTML, like Gecko) Chrome/87.0.4280.88 Safari/537.36"
111.7.96.174 - - [15/Jan/2025:21:19:57 -0500] "GET /wp-includes/js/jquery/ui/effect-slide.min.js?ver=1.13.3 HTTP/1.1" 200 550 "https://visionsynchomeimprovement.com/" "Mozilla/5.0 (Macintosh; Intel Mac OS X 11_0_0) AppleWebKit/537.36 (KHTML, like Gecko) Chrome/87.0.4280.88 Safari/537.36"
185.191.171.12 - - [15/Jan/2025:21:19:55 -0500] "GET /product/ytjemgivfanr18359?id=261317 HTTP/1.1" 404 28464 "-" "Mozilla/5.0 (compatible; SemrushBot/7~bl; +http://www.semrush.com/bot.html)"
111.7.96.174 - - [15/Jan/2025:21:19:58 -0500] "GET /wp-includes/js/jquery/ui/datepicker.min.js?ver=1.13.3 HTTP/1.1" 200 12809 "https://visionsynchomeimprovement.com/" "Mozilla/5.0 (Macintosh; Intel Mac OS X 11_0_0) AppleWebKit/537.36 (KHTML, like Gecko) Chrome/87.0.4280.88 Safari/537.36"
111.7.96.174 - - [15/Jan/2025:21:19:59 -0500] "GET /wp-content/plugins/my_woocomerce_image_mapper/js/frontend/rollover.js?ver=6.6 HTTP/1.1" 200 478 "https://visionsynchomeimprovement.com/" "Mozilla/5.0 (Macintosh; Intel Mac OS X 11_0_0) AppleWebKit/537.36 (KHTML, like Gecko) Chrome/87.0.4280.88 Safari/537.36"
111.7.96.174 - - [15/Jan/2025:21:19:59 -0500] "GET /wp-content/plugins/booked/assets/js/spin.min.js?ver=2.0.1 HTTP/1.1" 200 2179 "https://visionsynchomeimprovement.com/" "Mozilla/5.0 (Macintosh; Intel Mac OS X 11_0_0) AppleWebKit/537.36 (KHTML, like Gecko) Chrome/87.0.4280.88 Safari/537.36"
111.7.96.174 - - [15/Jan/2025:21:19:59 -0500] "GET /wp-includes/js/jquery/ui/effect-scale.min.js?ver=1.13.3 HTTP/1.1" 200 445 "https://visionsynchomeimprovement.com/" "Mozilla/5.0 (Macintosh; Intel Mac OS X 11_0_0) AppleWebKit/537.36 (KHTML, like Gecko) Chrome/87.0.4280.88 Safari/537.36"
111.7.96.174 - - [15/Jan/2025:21:20:00 -0500] "GET /wp-content/plugins/yith-woocommerce-wishlist-premium/assets/js/jquery.selectBox.min.js?ver=1.2.0 HTTP/1.1" 200 4425 "https://visionsynchomeimprovement.com/" "Mozilla/5.0 (Macintosh; Intel Mac OS X 11_0_0) AppleWebKit/537.36 (KHTML, like Gecko) Chrome/87.0.4280.88 Safari/537.36"
111.7.96.174 - - [15/Jan/2025:21:20:00 -0500] "GET /wp-content/plugins/booked/assets/js/spin.jquery.js?ver=2.0.1 HTTP/1.1" 200 823 "https://visionsynchomeimprovement.com/" "Mozilla/5.0 (Macintosh; Intel Mac OS X 11_0_0) AppleWebKit/537.36 (KHTML, like Gecko) Chrome/87.0.4280.88 Safari/537.36"
111.7.96.174 - - [15/Jan/2025:21:20:00 -0500] "GET /wp-content/plugins/yith-woocommerce-wishlist-premium/assets/js/jquery.yith-wcwl.min.js?ver=3.31.0 HTTP/1.1" 200 8005 "https://visionsynchomeimprovement.com/" "Mozilla/5.0 (Macintosh; Intel Mac OS X 11_0_0) AppleWebKit/537.36 (KHTML, like Gecko) Chrome/87.0.4280.88 Safari/537.36"
111.7.96.174 - - [15/Jan/2025:21:20:00 -0500] "GET /wp-content/plugins/booked/assets/js/functions.js?ver=2.4.4 HTTP/1.1" 200 11582 "https://visionsynchomeimprovement.com/" "Mozilla/5.0 (Macintosh; Intel Mac OS X 11_0_0) AppleWebKit/537.36 (KHTML, like Gecko) Chrome/87.0.4280.88 Safari/537.36"
111.7.96.174 - - [15/Jan/2025:21:20:00 -0500] "GET /wp-content/themes/kitgreen/assets/js/dev/isotope.js?ver=6.6 HTTP/1.1" 200 13274 "https://visionsynchomeimprovement.com/" "Mozilla/5.0 (Macintosh; Intel Mac OS X 11_0_0) AppleWebKit/537.36 (KHTML, like Gecko) Chrome/87.0.4280.88 Safari/537.36"
111.7.96.174 - - [15/Jan/2025:21:20:00 -0500] "GET /wp-content/themes/kitgreen/assets/js/bootstrap.min.js?ver=6.6 HTTP/1.1" 200 10258 "https://visionsynchomeimprovement.com/" "Mozilla/5.0 (Macintosh; Intel Mac OS X 11_0_0) AppleWebKit/537.36 (KHTML, like Gecko) Chrome/87.0.4280.88 Safari/537.36"
111.7.96.174 - - [15/Jan/2025:21:20:00 -0500] "GET /wp-content/themes/kitgreen/assets/js/dev/shortcode_theme.js?ver=6.6 HTTP/1.1" 200 9960 "https://visionsynchomeimprovement.com/" "Mozilla/5.0 (Macintosh; Intel Mac OS X 11_0_0) AppleWebKit/537.36 (KHTML, like Gecko) Chrome/87.0.4280.88 Safari/537.36"
111.7.96.174 - - [15/Jan/2025:21:20:00 -0500] "GET /wp-content/plugins/js_composer/assets/lib/vc_waypoints/vc-waypoints.min.js?ver=7.6 HTTP/1.1" 200 3142 "https://visionsynchomeimprovement.com/" "Mozilla/5.0 (Macintosh; Intel Mac OS X 11_0_0) AppleWebKit/537.36 (KHTML, like Gecko) Chrome/87.0.4280.88 Safari/537.36"
111.7.96.174 - - [15/Jan/2025:21:20:00 -0500] "GET /wp-content/plugins/contact-form-7/includes/js/index.js?ver=5.9.3 HTTP/1.1" 200 4664 "https://visionsynchomeimprovement.com/" "Mozilla/5.0 (Macintosh; Intel Mac OS X 11_0_0) AppleWebKit/537.36 (KHTML, like Gecko) Chrome/87.0.4280.88 Safari/537.36"
111.7.96.174 - - [15/Jan/2025:21:20:00 -0500] "GET /wp-content/themes/kitgreen/assets/js/dev/instafeed.js?ver=6.6 HTTP/1.1" 200 3338 "https://visionsynchomeimprovement.com/" "Mozilla/5.0 (Macintosh; Intel Mac OS X 11_0_0) AppleWebKit/537.36 (KHTML, like Gecko) Chrome/87.0.4280.88 Safari/537.36"
111.7.96.174 - - [15/Jan/2025:21:20:00 -0500] "GET /wp-content/themes/kitgreen/assets/js/dev/packery.js?ver=6.6 HTTP/1.1" 200 4720 "https://visionsynchomeimprovement.com/" "Mozilla/5.0 (Macintosh; Intel Mac OS X 11_0_0) AppleWebKit/537.36 (KHTML, like Gecko) Chrome/87.0.4280.88 Safari/537.36"
111.7.96.174 - - [15/Jan/2025:21:20:00 -0500] "GET /wp-content/plugins/revslider/sr6/assets/js/rbtools.min.js?ver=6.7.5 HTTP/1.1" 200 70525 "https://visionsynchomeimprovement.com/" "Mozilla/5.0 (Macintosh; Intel Mac OS X 11_0_0) AppleWebKit/537.36 (KHTML, like Gecko) Chrome/87.0.4280.88 Safari/537.36"
111.7.96.174 - - [15/Jan/2025:21:20:00 -0500] "GET /wp-content/themes/kitgreen/assets/js/dev/jquery.countdown.min.js?ver=6.6 HTTP/1.1" 200 2480 "https://visionsynchomeimprovement.com/" "Mozilla/5.0 (Macintosh; Intel Mac OS X 11_0_0) AppleWebKit/537.36 (KHTML, like Gecko) Chrome/87.0.4280.88 Safari/537.36"
111.7.96.174 - - [15/Jan/2025:21:20:00 -0500] "GET /wp-content/themes/kitgreen/assets/js/dev/woocomerce/ajax_mn_cart.js?ver=6.6 HTTP/1.1" 200 1067 "https://visionsynchomeimprovement.com/" "Mozilla/5.0 (Macintosh; Intel Mac OS X 11_0_0) AppleWebKit/537.36 (KHTML, like Gecko) Chrome/87.0.4280.88 Safari/537.36"
111.7.96.174 - - [15/Jan/2025:21:20:00 -0500] "GET /wp-content/themes/kitgreen/assets/js/dev/woocomerce/star_cart.js?ver=6.6 HTTP/1.1" 200 334 "https://visionsynchomeimprovement.com/" "Mozilla/5.0 (Macintosh; Intel Mac OS X 11_0_0) AppleWebKit/537.36 (KHTML, like Gecko) Chrome/87.0.4280.88 Safari/537.36"
111.7.96.174 - - [15/Jan/2025:21:20:00 -0500] "GET /wp-content/themes/kitgreen/assets/js/dev/slick.min.js?ver=6.6 HTTP/1.1" 200 20341 "https://visionsynchomeimprovement.com/" "Mozilla/5.0 (Macintosh; Intel Mac OS X 11_0_0) AppleWebKit/537.36 (KHTML, like Gecko) Chrome/87.0.4280.88 Safari/537.36"
111.7.96.174 - - [15/Jan/2025:21:20:00 -0500] "GET /wp-content/themes/kitgreen/assets/js/dev/main.js?ver=6.6 HTTP/1.1" 200 9116 "https://visionsynchomeimprovement.com/" "Mozilla/5.0 (Macintosh; Intel Mac OS X 11_0_0) AppleWebKit/537.36 (KHTML, like Gecko) Chrome/87.0.4280.88 Safari/537.36"
111.7.96.174 - - [15/Jan/2025:21:20:00 -0500] "GET /wp-content/themes/kitgreen/assets/js/dev/menu-sticky.js?ver=6.6 HTTP/1.1" 200 3033 "https://visionsynchomeimprovement.com/" "Mozilla/5.0 (Macintosh; Intel Mac OS X 11_0_0) AppleWebKit/537.36 (KHTML, like Gecko) Chrome/87.0.4280.88 Safari/537.36"
111.7.96.174 - - [15/Jan/2025:21:20:00 -0500] "GET /wp-content/themes/kitgreen/assets/js/dev/jquery.lazyload.min.js?ver=6.6 HTTP/1.1" 200 1355 "https://visionsynchomeimprovement.com/" "Mozilla/5.0 (Macintosh; Intel Mac OS X 11_0_0) AppleWebKit/537.36 (KHTML, like Gecko) Chrome/87.0.4280.88 Safari/537.36"
111.7.96.174 - - [15/Jan/2025:21:20:00 -0500] "GET /wp-content/themes/kitgreen/assets/js/dev/woocomerce/ajax_mn_load-more.js?ver=6.6 HTTP/1.1" 200 2158 "https://visionsynchomeimprovement.com/" "Mozilla/5.0 (Macintosh; Intel Mac OS X 11_0_0) AppleWebKit/537.36 (KHTML, like Gecko) Chrome/87.0.4280.88 Safari/537.36"
111.7.96.174 - - [15/Jan/2025:21:20:00 -0500] "GET /wp-content/themes/kitgreen/assets/js/dev/woocomerce/ajax_mn_addtocart.min.js?ver=6.6 HTTP/1.1" 200 2050 "https://visionsynchomeimprovement.com/" "Mozilla/5.0 (Macintosh; Intel Mac OS X 11_0_0) AppleWebKit/537.36 (KHTML, like Gecko) Chrome/87.0.4280.88 Safari/537.36"
111.7.96.174 - - [15/Jan/2025:21:20:00 -0500] "GET /wp-content/plugins/woocommerce/assets/js/js-cookie/js.cookie.min.js?ver=2.1.4-wc.8.8.5 HTTP/1.1" 200 854 "https://visionsynchomeimprovement.com/" "Mozilla/5.0 (Macintosh; Intel Mac OS X 11_0_0) AppleWebKit/537.36 (KHTML, like Gecko) Chrome/87.0.4280.88 Safari/537.36"
111.7.96.174 - - [15/Jan/2025:21:20:00 -0500] "GET /wp-content/plugins/woocommerce/assets/js/frontend/add-to-cart-variation.min.js?ver=8.8.5 HTTP/1.1" 200 4169 "https://visionsynchomeimprovement.com/" "Mozilla/5.0 (Macintosh; Intel Mac OS X 11_0_0) AppleWebKit/537.36 (KHTML, like Gecko) Chrome/87.0.4280.88 Safari/537.36"
111.7.96.174 - - [15/Jan/2025:21:20:00 -0500] "GET /wp-content/plugins/mailchimp-for-wp/assets/js/forms.js?ver=4.9.13 HTTP/1.1" 200 2800 "https://visionsynchomeimprovement.com/" "Mozilla/5.0 (Macintosh; Intel Mac OS X 11_0_0) AppleWebKit/537.36 (KHTML, like Gecko) Chrome/87.0.4280.88 Safari/537.36"
111.7.96.174 - - [15/Jan/2025:21:20:00 -0500] "GET /wp-content/plugins/revslider/sr6/assets/js/rs6.min.js?ver=6.7.7 HTTP/1.1" 200 131507 "https://visionsynchomeimprovement.com/" "Mozilla/5.0 (Macintosh; Intel Mac OS X 11_0_0) AppleWebKit/537.36 (KHTML, like Gecko) Chrome/87.0.4280.88 Safari/537.36"
111.7.96.174 - - [15/Jan/2025:21:20:00 -0500] "GET /wp-content/themes/kitgreen/assets/js/dev/waypoints.min.js?ver=6.6 HTTP/1.1" 200 2898 "https://visionsynchomeimprovement.com/" "Mozilla/5.0 (Macintosh; Intel Mac OS X 11_0_0) AppleWebKit/537.36 (KHTML, like Gecko) Chrome/87.0.4280.88 Safari/537.36"
111.7.96.174 - - [15/Jan/2025:21:20:00 -0500] "GET /wp-content/plugins/woocommerce/assets/js/sourcebuster/sourcebuster.min.js?ver=8.8.5 HTTP/1.1" 200 5066 "https://visionsynchomeimprovement.com/" "Mozilla/5.0 (Macintosh; Intel Mac OS X 11_0_0) AppleWebKit/537.36 (KHTML, like Gecko) Chrome/87.0.4280.88 Safari/537.36"
111.7.96.174 - - [15/Jan/2025:21:20:00 -0500] "GET /wp-content/themes/kitgreen/assets/js/dev/woocomerce/ajax_mn_parent.js?ver=6.6 HTTP/1.1" 200 4423 "https://visionsynchomeimprovement.com/" "Mozilla/5.0 (Macintosh; Intel Mac OS X 11_0_0) AppleWebKit/537.36 (KHTML, like Gecko) Chrome/87.0.4280.88 Safari/537.36"
111.7.96.174 - - [15/Jan/2025:21:20:00 -0500] "GET /wp-content/plugins/contact-form-7/modules/recaptcha/index.js?ver=5.9.3 HTTP/1.1" 200 496 "https://visionsynchomeimprovement.com/" "Mozilla/5.0 (Macintosh; Intel Mac OS X 11_0_0) AppleWebKit/537.36 (KHTML, like Gecko) Chrome/87.0.4280.88 Safari/537.36"
111.7.96.174 - - [15/Jan/2025:21:20:00 -0500] "GET /wp-content/plugins/js_composer/assets/js/dist/js_composer_front.min.js?ver=7.6 HTTP/1.1" 200 6596 "https://visionsynchomeimprovement.com/" "Mozilla/5.0 (Macintosh; Intel Mac OS X 11_0_0) AppleWebKit/537.36 (KHTML, like Gecko) Chrome/87.0.4280.88 Safari/537.36"
111.7.96.174 - - [15/Jan/2025:21:20:00 -0500] "GET /wp-content/plugins/contact-form-7/includes/swv/js/index.js?ver=5.9.3 HTTP/1.1" 200 3713 "https://visionsynchomeimprovement.com/" "Mozilla/5.0 (Macintosh; Intel Mac OS X 11_0_0) AppleWebKit/537.36 (KHTML, like Gecko) Chrome/87.0.4280.88 Safari/537.36"
111.7.96.174 - - [15/Jan/2025:21:20:00 -0500] "GET /wp-content/plugins/woocommerce/assets/js/frontend/order-attribution.min.js?ver=8.8.5 HTTP/1.1" 200 1099 "https://visionsynchomeimprovement.com/" "Mozilla/5.0 (Macintosh; Intel Mac OS X 11_0_0) AppleWebKit/537.36 (KHTML, like Gecko) Chrome/87.0.4280.88 Safari/537.36"
111.7.96.174 - - [15/Jan/2025:21:20:00 -0500] "GET /wp-content/plugins/booked/includes/add-ons/frontend-agents/js/functions.js?ver=2.4.4 HTTP/1.1" 200 1328 "https://visionsynchomeimprovement.com/" "Mozilla/5.0 (Macintosh; Intel Mac OS X 11_0_0) AppleWebKit/537.36 (KHTML, like Gecko) Chrome/87.0.4280.88 Safari/537.36"
111.7.96.174 - - [15/Jan/2025:21:20:00 -0500] "GET /wp-content/plugins/variation-swatches-for-woocommerce/assets/js/frontend.js?ver=2.2.2 HTTP/1.1" 200 2431 "https://visionsynchomeimprovement.com/" "Mozilla/5.0 (Macintosh; Intel Mac OS X 11_0_0) AppleWebKit/537.36 (KHTML, like Gecko) Chrome/87.0.4280.88 Safari/537.36"
111.7.96.174 - - [15/Jan/2025:21:20:01 -0500] "GET /wp-includes/js/imagesloaded.min.js?ver=5.0.0 HTTP/1.1" 200 1976 "https://visionsynchomeimprovement.com/" "Mozilla/5.0 (Macintosh; Intel Mac OS X 11_0_0) AppleWebKit/537.36 (KHTML, like Gecko) Chrome/87.0.4280.88 Safari/537.36"
111.7.96.174 - - [15/Jan/2025:21:20:01 -0500] "GET /wp-content/plugins/booked/assets/js/tooltipster/js/jquery.tooltipster.min.js?ver=3.3.0 HTTP/1.1" 200 5609 "https://visionsynchomeimprovement.com/" "Mozilla/5.0 (Macintosh; Intel Mac OS X 11_0_0) AppleWebKit/537.36 (KHTML, like Gecko) Chrome/87.0.4280.88 Safari/537.36"
111.7.96.174 - - [15/Jan/2025:21:20:01 -0500] "GET /wp-content/themes/kitgreen/assets/js/dev/modernizr-2.8.3.min.js?ver=6.6 HTTP/1.1" 200 6806 "https://visionsynchomeimprovement.com/" "Mozilla/5.0 (Macintosh; Intel Mac OS X 11_0_0) AppleWebKit/537.36 (KHTML, like Gecko) Chrome/87.0.4280.88 Safari/537.36"
111.7.96.174 - - [15/Jan/2025:21:20:01 -0500] "GET /wp-content/plugins/woocommerce/assets/js/prettyPhoto/jquery.prettyPhoto.min.js?ver=3.1.6 HTTP/1.1" 200 6630 "https://visionsynchomeimprovement.com/" "Mozilla/5.0 (Macintosh; Intel Mac OS X 11_0_0) AppleWebKit/537.36 (KHTML, like Gecko) Chrome/87.0.4280.88 Safari/537.36"
111.7.96.174 - - [15/Jan/2025:21:20:01 -0500] "GET /wp-includes/js/dist/vendor/wp-polyfill.min.js?ver=3.15.0 HTTP/1.1" 200 15784 "https://visionsynchomeimprovement.com/" "Mozilla/5.0 (Macintosh; Intel Mac OS X 11_0_0) AppleWebKit/537.36 (KHTML, like Gecko) Chrome/87.0.4280.88 Safari/537.36"
111.7.96.174 - - [15/Jan/2025:21:20:01 -0500] "GET /wp-content/themes/kitgreen/assets/js/dev/woocomerce/ajax_mn_single.js?ver=6.6 HTTP/1.1" 200 282 "https://visionsynchomeimprovement.com/" "Mozilla/5.0 (Macintosh; Intel Mac OS X 11_0_0) AppleWebKit/537.36 (KHTML, like Gecko) Chrome/87.0.4280.88 Safari/537.36"
111.7.96.174 - - [15/Jan/2025:21:20:01 -0500] "GET /wp-content/plugins/woocommerce/assets/js/frontend/woocommerce.min.js?ver=8.8.5 HTTP/1.1" 200 846 "https://visionsynchomeimprovement.com/" "Mozilla/5.0 (Macintosh; Intel Mac OS X 11_0_0) AppleWebKit/537.36 (KHTML, like Gecko) Chrome/87.0.4280.88 Safari/537.36"
111.7.96.174 - - [15/Jan/2025:21:20:01 -0500] "GET /wp-includes/js/masonry.min.js?ver=4.2.2 HTTP/1.1" 200 8545 "https://visionsynchomeimprovement.com/" "Mozilla/5.0 (Macintosh; Intel Mac OS X 11_0_0) AppleWebKit/537.36 (KHTML, like Gecko) Chrome/87.0.4280.88 Safari/537.36"
162.213.251.239 - - [15/Jan/2025:21:20:05 -0500] "POST /wp-cron.php?doing_wp_cron=1736994005.6414930820465087890625 HTTP/1.1" 403 1242 "-" "WordPress/6.6; https://visionsynchomeimprovement.com"
111.7.96.174 - - [15/Jan/2025:21:20:07 -0500] "GET /wp-includes/js/wp-emoji-release.min.js?ver=6.6 HTTP/1.1" 200 5857 "https://visionsynchomeimprovement.com/" "Mozilla/5.0 (Macintosh; Intel Mac OS X 11_0_0) AppleWebKit/537.36 (KHTML, like Gecko) Chrome/87.0.4280.88 Safari/537.36"
185.191.171.14 - - [15/Jan/2025:21:20:03 -0500] "GET /product/lbfpihivfska52700?id=186278 HTTP/1.1" 404 28462 "-" "Mozilla/5.0 (compatible; SemrushBot/7~bl; +http://www.semrush.com/bot.html)"
111.7.96.174 - - [15/Jan/2025:21:20:06 -0500] "GET /wp-json/contact-form-7/v1/contact-forms/678/feedback/schema HTTP/1.1" 200 0 "https://visionsynchomeimprovement.com/" "Mozilla/5.0 (Macintosh; Intel Mac OS X 11_0_0) AppleWebKit/537.36 (KHTML, like Gecko) Chrome/87.0.4280.88 Safari/537.36"
111.7.96.174 - - [15/Jan/2025:21:20:10 -0500] "GET /wp-content/uploads/2024/04/Screenshot_2022-10-28_105235.jpg HTTP/1.1" 200 28703 "-" "Mozilla/5.0 (Macintosh; Intel Mac OS X 10_15_7) AppleWebKit/537.36 (KHTML, like Gecko) Chrome/96.0.4664.110 Safari/537.36"
111.7.96.174 - - [15/Jan/2025:21:20:08 -0500] "GET /wp-json/contact-form-7/v1/contact-forms/678/refill HTTP/1.1" 200 0 "https://visionsynchomeimprovement.com/" "Mozilla/5.0 (Macintosh; Intel Mac OS X 11_0_0) AppleWebKit/537.36 (KHTML, like Gecko) Chrome/87.0.4280.88 Safari/537.36"
185.191.171.16 - - [15/Jan/2025:21:20:09 -0500] "GET /product/aivfauk93695?id=267288 HTTP/1.1" 404 28456 "-" "Mozilla/5.0 (compatible; SemrushBot/7~bl; +http://www.semrush.com/bot.html)"
185.191.171.17 - - [15/Jan/2025:21:20:27 -0500] "GET /product/aivfstz41189?id=181925 HTTP/1.1" 404 28462 "-" "Mozilla/5.0 (compatible; SemrushBot/7~bl; +http://www.semrush.com/bot.html)"
185.191.171.1 - - [15/Jan/2025:21:20:33 -0500] "GET /product/obfvxgivfhyi63233?id=33508 HTTP/1.1" 404 28462 "-" "Mozilla/5.0 (compatible; SemrushBot/7~bl; +http://www.semrush.com/bot.html)"
162.213.251.239 - - [15/Jan/2025:21:21:42 -0500] "POST /wp-cron.php?doing_wp_cron=1736994102.4440650939941406250000 HTTP/1.1" 403 1242 "-" "WordPress/6.6; https://visionsynchomeimprovement.com"
85.208.96.194 - - [15/Jan/2025:21:21:40 -0500] "GET /product/kcjrscivfnof63233?id=39405 HTTP/1.1" 404 28460 "-" "Mozilla/5.0 (compatible; SemrushBot/7~bl; +http://www.semrush.com/bot.html)"
185.191.171.12 - - [15/Jan/2025:21:22:22 -0500] "GET /wp-includes/class-wp-dependency.php HTTP/1.1" 403 1242 "-" "Mozilla/5.0 (compatible; SemrushBot/7~bl; +http://www.semrush.com/bot.html)"
85.208.96.212 - - [15/Jan/2025:21:22:25 -0500] "GET /product/aivfcik80272?id=288610 HTTP/1.1" 404 28461 "-" "Mozilla/5.0 (compatible; SemrushBot/7~bl; +http://www.semrush.com/bot.html)"
162.213.251.239 - - [15/Jan/2025:21:22:45 -0500] "POST /wp-cron.php?doing_wp_cron=1736994165.0385279655456542968750 HTTP/1.1" 403 1242 "-" "WordPress/6.6; https://visionsynchomeimprovement.com"
85.208.96.193 - - [15/Jan/2025:21:22:43 -0500] "GET /product/wmehycivfcga42617?id=28840 HTTP/1.1" 404 28461 "-" "Mozilla/5.0 (compatible; SemrushBot/7~bl; +http://www.semrush.com/bot.html)"
85.208.96.202 - - [15/Jan/2025:21:22:48 -0500] "GET /product/yusenbivflqb18359?id=89421 HTTP/1.1" 404 28461 "-" "Mozilla/5.0 (compatible; SemrushBot/7~bl; +http://www.semrush.com/bot.html)"
85.208.96.212 - - [15/Jan/2025:21:23:02 -0500] "GET /product/krlogfivfdmd63233?id=55643 HTTP/1.1" 404 28462 "-" "Mozilla/5.0 (compatible; SemrushBot/7~bl; +http://www.semrush.com/bot.html)"
85.208.96.206 - - [15/Jan/2025:21:23:07 -0500] "GET /product/zrmoafivfvhi52700?id=218534 HTTP/1.1" 404 28462 "-" "Mozilla/5.0 (compatible; SemrushBot/7~bl; +http://www.semrush.com/bot.html)"
185.191.171.17 - - [15/Jan/2025:21:23:13 -0500] "GET /product/vpnhmbivfwfe42339?id=22314 HTTP/1.1" 404 28461 "-" "Mozilla/5.0 (compatible; SemrushBot/7~bl; +http://www.semrush.com/bot.html)"
85.208.96.202 - - [15/Jan/2025:21:23:26 -0500] "GET /product/aivfuco80272?id=208092 HTTP/1.1" 404 28462 "-" "Mozilla/5.0 (compatible; SemrushBot/7~bl; +http://www.semrush.com/bot.html)"
85.208.96.200 - - [15/Jan/2025:21:23:32 -0500] "GET /product/aivfmge93695?id=64324 HTTP/1.1" 404 28460 "-" "Mozilla/5.0 (compatible; SemrushBot/7~bl; +http://www.semrush.com/bot.html)"
162.213.251.239 - - [15/Jan/2025:21:23:52 -0500] "POST /wp-cron.php?doing_wp_cron=1736994232.2485609054565429687500 HTTP/1.1" 403 1242 "-" "WordPress/6.6; https://visionsynchomeimprovement.com"
185.191.171.9 - - [15/Jan/2025:21:23:50 -0500] "GET /product/snyhjeivfbhw71912?id=270722 HTTP/1.1" 404 28459 "-" "Mozilla/5.0 (compatible; SemrushBot/7~bl; +http://www.semrush.com/bot.html)"
85.208.96.207 - - [15/Jan/2025:21:23:57 -0500] "GET /product/aivfdob41189?id=81401 HTTP/1.1" 404 28461 "-" "Mozilla/5.0 (compatible; SemrushBot/7~bl; +http://www.semrush.com/bot.html)"
85.208.96.210 - - [15/Jan/2025:21:24:02 -0500] "GET /wp-includes/class-wp-session-tokens.php HTTP/1.1" 403 1242 "-" "Mozilla/5.0 (compatible; SemrushBot/7~bl; +http://www.semrush.com/bot.html)"
85.208.96.194 - - [15/Jan/2025:21:24:04 -0500] "GET /product/qzqhhfivfufn18359?id=208365 HTTP/1.1" 404 28461 "-" "Mozilla/5.0 (compatible; SemrushBot/7~bl; +http://www.semrush.com/bot.html)"
85.208.96.202 - - [15/Jan/2025:21:24:19 -0500] "GET /product/sytyvhivfkhe42339?id=88594 HTTP/1.1" 404 28462 "-" "Mozilla/5.0 (compatible; SemrushBot/7~bl; +http://www.semrush.com/bot.html)"
85.208.96.212 - - [15/Jan/2025:21:24:23 -0500] "GET /product/edgtkdivfbnc52700?id=53132 HTTP/1.1" 404 28462 "-" "Mozilla/5.0 (compatible; SemrushBot/7~bl; +http://www.semrush.com/bot.html)"
85.208.96.206 - - [15/Jan/2025:21:24:33 -0500] "GET /product/pfeoriivfedb42617?id=302901 HTTP/1.1" 404 28461 "-" "Mozilla/5.0 (compatible; SemrushBot/7~bl; +http://www.semrush.com/bot.html)"
162.213.251.239 - - [15/Jan/2025:21:24:54 -0500] "POST /wp-cron.php?doing_wp_cron=1736994294.6594040393829345703125 HTTP/1.1" 403 1242 "-" "WordPress/6.6; https://visionsynchomeimprovement.com"
85.208.96.209 - - [15/Jan/2025:21:24:52 -0500] "GET /product/khjshgivftal18359?id=195289 HTTP/1.1" 404 28462 "-" "Mozilla/5.0 (compatible; SemrushBot/7~bl; +http://www.semrush.com/bot.html)"
85.208.96.198 - - [15/Jan/2025:21:24:58 -0500] "GET /product/zphitiivfdjj71912?id=29359 HTTP/1.1" 404 28463 "-" "Mozilla/5.0 (compatible; SemrushBot/7~bl; +http://www.semrush.com/bot.html)"
185.191.171.13 - - [15/Jan/2025:21:25:06 -0500] "GET /product/aivfonu80272?id=146546 HTTP/1.1" 404 28462 "-" "Mozilla/5.0 (compatible; SemrushBot/7~bl; +http://www.semrush.com/bot.html)"
162.213.251.239 - - [15/Jan/2025:21:26:16 -0500] "POST /wp-cron.php?doing_wp_cron=1736994376.5455999374389648437500 HTTP/1.1" 403 1242 "-" "WordPress/6.6; https://visionsynchomeimprovement.com"
3.7.94.9 - - [15/Jan/2025:21:26:14 -0500] "HEAD /Old HTTP/1.1" 404 0 "http://visionsynchomeimprovement.com/Old" "Mozilla/5.0 (X11; Linux x86_64) AppleWebKit/537.36 (KHTML, like Gecko) Chrome/96.0.4664.45 Safari/537.36"
85.208.96.210 - - [15/Jan/2025:21:26:31 -0500] "GET /product/tdtpaiivfoml18359?id=143863 HTTP/1.1" 404 28461 "-" "Mozilla/5.0 (compatible; SemrushBot/7~bl; +http://www.semrush.com/bot.html)"
185.191.171.1 - - [15/Jan/2025:21:26:50 -0500] "GET /product/aivfnum80272?id=132090 HTTP/1.1" 404 28458 "-" "Mozilla/5.0 (compatible; SemrushBot/7~bl; +http://www.semrush.com/bot.html)"
185.191.171.19 - - [15/Jan/2025:21:27:00 -0500] "GET /product/gxqbndivfnmu52700?id=133846 HTTP/1.1" 404 28458 "-" "Mozilla/5.0 (compatible; SemrushBot/7~bl; +http://www.semrush.com/bot.html)"
85.208.96.195 - - [15/Jan/2025:21:27:05 -0500] "GET /product/aivfbgi93695?id=278434 HTTP/1.1" 404 28460 "-" "Mozilla/5.0 (compatible; SemrushBot/7~bl; +http://www.semrush.com/bot.html)"
85.208.96.196 - - [15/Jan/2025:21:27:09 -0500] "GET /wp-includes/https-migration.php HTTP/1.1" 403 1242 "-" "Mozilla/5.0 (compatible; SemrushBot/7~bl; +http://www.semrush.com/bot.html)"
85.208.96.208 - - [15/Jan/2025:21:27:14 -0500] "GET /product/tkwcxdivfdpu42339?id=291572 HTTP/1.1" 404 28459 "-" "Mozilla/5.0 (compatible; SemrushBot/7~bl; +http://www.semrush.com/bot.html)"
162.213.251.239 - - [15/Jan/2025:21:27:28 -0500] "POST /wp-cron.php?doing_wp_cron=1736994448.1360869407653808593750 HTTP/1.1" 403 1242 "-" "WordPress/6.6; https://visionsynchomeimprovement.com"
85.208.96.210 - - [15/Jan/2025:21:27:26 -0500] "GET /product/evfquhivfait42617?id=260897 HTTP/1.1" 404 28462 "-" "Mozilla/5.0 (compatible; SemrushBot/7~bl; +http://www.semrush.com/bot.html)"
85.208.96.202 - - [15/Jan/2025:21:27:32 -0500] "GET /product/mmbrgiivfzdd69982?id=250303 HTTP/1.1" 404 28460 "-" "Mozilla/5.0 (compatible; SemrushBot/7~bl; +http://www.semrush.com/bot.html)"
85.208.96.204 - - [15/Jan/2025:21:27:47 -0500] "GET /product/dzbmbeivfede42339?id=308130 HTTP/1.1" 404 28462 "-" "Mozilla/5.0 (compatible; SemrushBot/7~bl; +http://www.semrush.com/bot.html)"
85.208.96.195 - - [15/Jan/2025:21:27:51 -0500] "GET /product/aivfqaa93695?id=42520 HTTP/1.1" 404 28459 "-" "Mozilla/5.0 (compatible; SemrushBot/7~bl; +http://www.semrush.com/bot.html)"
85.208.96.195 - - [15/Jan/2025:21:27:56 -0500] "GET /product/kvirigivfigh18359?id=86067 HTTP/1.1" 404 28461 "-" "Mozilla/5.0 (compatible; SemrushBot/7~bl; +http://www.semrush.com/bot.html)"
85.208.96.195 - - [15/Jan/2025:21:28:02 -0500] "GET /product/tzbwmaivfcju52700?id=288746 HTTP/1.1" 404 28462 "-" "Mozilla/5.0 (compatible; SemrushBot/7~bl; +http://www.semrush.com/bot.html)"
185.191.171.2 - - [15/Jan/2025:21:28:07 -0500] "GET /product/aivfaxe41189?id=262382 HTTP/1.1" 404 28463 "-" "Mozilla/5.0 (compatible; SemrushBot/7~bl; +http://www.semrush.com/bot.html)"
85.208.96.198 - - [15/Jan/2025:21:28:19 -0500] "GET /product/aivfxa93695?id=4952 HTTP/1.1" 404 28460 "-" "Mozilla/5.0 (compatible; SemrushBot/7~bl; +http://www.semrush.com/bot.html)"
185.191.171.11 - - [15/Jan/2025:21:28:24 -0500] "GET /product/aivfxct80272?id=238045 HTTP/1.1" 404 28461 "-" "Mozilla/5.0 (compatible; SemrushBot/7~bl; +http://www.semrush.com/bot.html)"
162.213.251.239 - - [15/Jan/2025:21:28:44 -0500] "POST /wp-cron.php?doing_wp_cron=1736994524.4334340095520019531250 HTTP/1.1" 403 1242 "-" "WordPress/6.6; https://visionsynchomeimprovement.com"
85.208.96.194 - - [15/Jan/2025:21:28:42 -0500] "GET /product/qelukgivfnog63233?id=91406 HTTP/1.1" 404 28462 "-" "Mozilla/5.0 (compatible; SemrushBot/7~bl; +http://www.semrush.com/bot.html)"
185.191.171.2 - - [15/Jan/2025:21:28:53 -0500] "GET /product/fpczqhivfke71912?id=3604 HTTP/1.1" 404 28463 "-" "Mozilla/5.0 (compatible; SemrushBot/7~bl; +http://www.semrush.com/bot.html)"
185.191.171.1 - - [15/Jan/2025:21:28:58 -0500] "GET /wp-includes/class-wp-block-pattern-categories-registry.php HTTP/1.1" 403 1242 "-" "Mozilla/5.0 (compatible; SemrushBot/7~bl; +http://www.semrush.com/bot.html)"
85.208.96.200 - - [15/Jan/2025:21:29:25 -0500] "GET /product/hwzrghivfimc18359?id=60382 HTTP/1.1" 404 28463 "-" "Mozilla/5.0 (compatible; SemrushBot/7~bl; +http://www.semrush.com/bot.html)"
85.208.96.198 - - [15/Jan/2025:21:29:39 -0500] "GET /product/afescfivfvak71912?id=210088 HTTP/1.1" 404 28454 "-" "Mozilla/5.0 (compatible; SemrushBot/7~bl; +http://www.semrush.com/bot.html)"
162.213.251.239 - - [15/Jan/2025:21:30:20 -0500] "POST /wp-cron.php?doing_wp_cron=1736994619.9727339744567871093750 HTTP/1.1" 403 1242 "-" "WordPress/6.6; https://visionsynchomeimprovement.com"
185.191.171.3 - - [15/Jan/2025:21:30:07 -0500] "GET /product/aivfqnt93695?id=166545 HTTP/1.1" 404 28462 "-" "Mozilla/5.0 (compatible; SemrushBot/7~bl; +http://www.semrush.com/bot.html)"
85.208.96.199 - - [15/Jan/2025:21:30:50 -0500] "GET /product/tprvbgivfftc63233?id=31972 HTTP/1.1" 404 28459 "-" "Mozilla/5.0 (compatible; SemrushBot/7~bl; +http://www.semrush.com/bot.html)"
85.208.96.203 - - [15/Jan/2025:21:30:56 -0500] "GET /product/aivftxg80272?id=197558 HTTP/1.1" 404 28461 "-" "Mozilla/5.0 (compatible; SemrushBot/7~bl; +http://www.semrush.com/bot.html)"
85.208.96.209 - - [15/Jan/2025:21:31:01 -0500] "GET /product/aivfzoe80272?id=251482 HTTP/1.1" 404 28460 "-" "Mozilla/5.0 (compatible; SemrushBot/7~bl; +http://www.semrush.com/bot.html)"
185.191.171.1 - - [15/Jan/2025:21:31:07 -0500] "GET /product/ncnfwdivffb63233?id=571 HTTP/1.1" 404 28462 "-" "Mozilla/5.0 (compatible; SemrushBot/7~bl; +http://www.semrush.com/bot.html)"
85.208.96.210 - - [15/Jan/2025:21:31:12 -0500] "GET /product/mkntjbivfxcg18359?id=238084 HTTP/1.1" 404 28461 "-" "Mozilla/5.0 (compatible; SemrushBot/7~bl; +http://www.semrush.com/bot.html)"
162.213.251.239 - - [15/Jan/2025:21:31:24 -0500] "POST /wp-cron.php?doing_wp_cron=1736994684.6460230350494384765625 HTTP/1.1" 403 1242 "-" "WordPress/6.6; https://visionsynchomeimprovement.com"
185.191.171.1 - - [15/Jan/2025:21:31:22 -0500] "GET /product/irqtriivflxw42339?id=114922 HTTP/1.1" 404 28460 "-" "Mozilla/5.0 (compatible; SemrushBot/7~bl; +http://www.semrush.com/bot.html)"
85.208.96.208 - - [15/Jan/2025:21:31:28 -0500] "GET /product/udljmaivfqtc71912?id=16192 HTTP/1.1" 404 28463 "-" "Mozilla/5.0 (compatible; SemrushBot/7~bl; +http://www.semrush.com/bot.html)"
85.208.96.208 - - [15/Jan/2025:21:31:51 -0500] "GET /product/aivfviw80272?id=213474 HTTP/1.1" 404 28461 "-" "Mozilla/5.0 (compatible; SemrushBot/7~bl; +http://www.semrush.com/bot.html)"
185.191.171.6 - - [15/Jan/2025:21:31:56 -0500] "GET /product/xzwogjivfntb18359?id=91711 HTTP/1.1" 404 28460 "-" "Mozilla/5.0 (compatible; SemrushBot/7~bl; +http://www.semrush.com/bot.html)"
185.191.171.1 - - [15/Jan/2025:21:32:02 -0500] "GET /product/osymohivfjki42339?id=61108 HTTP/1.1" 404 28460 "-" "Mozilla/5.0 (compatible; SemrushBot/7~bl; +http://www.semrush.com/bot.html)"
185.191.171.11 - - [15/Jan/2025:21:32:08 -0500] "GET /product/aivfbai80272?id=272634 HTTP/1.1" 404 28461 "-" "Mozilla/5.0 (compatible; SemrushBot/7~bl; +http://www.semrush.com/bot.html)"
85.208.96.199 - - [15/Jan/2025:21:32:22 -0500] "GET /product/asguxfivfmyd42617?id=127681 HTTP/1.1" 404 28459 "-" "Mozilla/5.0 (compatible; SemrushBot/7~bl; +http://www.semrush.com/bot.html)"
162.213.251.239 - - [15/Jan/2025:21:32:45 -0500] "POST /wp-cron.php?doing_wp_cron=1736994765.5255830287933349609375 HTTP/1.1" 403 1242 "-" "WordPress/6.6; https://visionsynchomeimprovement.com"
85.208.96.206 - - [15/Jan/2025:21:32:43 -0500] "GET /product/aivfwnd41189?id=223955 HTTP/1.1" 404 28460 "-" "Mozilla/5.0 (compatible; SemrushBot/7~bl; +http://www.semrush.com/bot.html)"
85.208.96.196 - - [15/Jan/2025:21:33:01 -0500] "GET /wp-includes/class-wp-http-cookie.php HTTP/1.1" 403 1242 "-" "Mozilla/5.0 (compatible; SemrushBot/7~bl; +http://www.semrush.com/bot.html)"
185.191.171.6 - - [15/Jan/2025:21:33:12 -0500] "GET /product/aivfwwa80272?id=227478 HTTP/1.1" 404 28462 "-" "Mozilla/5.0 (compatible; SemrushBot/7~bl; +http://www.semrush.com/bot.html)"
185.191.171.2 - - [15/Jan/2025:21:33:28 -0500] "GET /product/uqddpaivftql52700?id=199411 HTTP/1.1" 404 28461 "-" "Mozilla/5.0 (compatible; SemrushBot/7~bl; +http://www.semrush.com/bot.html)"
185.191.171.1 - - [15/Jan/2025:21:33:36 -0500] "GET /robots.txt HTTP/1.1" 200 122 "-" "Mozilla/5.0 (compatible; SemrushBot/7~bl; +http://www.semrush.com/bot.html)"
85.208.96.207 - - [15/Jan/2025:21:33:39 -0500] "GET /product/aivfsi41189?id=7086 HTTP/1.1" 404 28462 "-" "Mozilla/5.0 (compatible; SemrushBot/7~bl; +http://www.semrush.com/bot.html)"
162.213.251.239 - - [15/Jan/2025:21:34:27 -0500] "POST /wp-cron.php?doing_wp_cron=1736994867.7425529956817626953125 HTTP/1.1" 403 1242 "-" "WordPress/6.6; https://visionsynchomeimprovement.com"
85.208.96.202 - - [15/Jan/2025:21:34:25 -0500] "GET /product/wlkrmiivfzfx42617?id=258323 HTTP/1.1" 404 28462 "-" "Mozilla/5.0 (compatible; SemrushBot/7~bl; +http://www.semrush.com/bot.html)"
85.208.96.196 - - [15/Jan/2025:21:34:50 -0500] "GET /product/cqsipiivfzaa69982?id=257800 HTTP/1.1" 404 28460 "-" "Mozilla/5.0 (compatible; SemrushBot/7~bl; +http://www.semrush.com/bot.html)"
185.191.171.4 - - [15/Jan/2025:21:35:00 -0500] "GET /product/aivfcp41189?id=5493 HTTP/1.1" 404 28459 "-" "Mozilla/5.0 (compatible; SemrushBot/7~bl; +http://www.semrush.com/bot.html)"
85.208.96.211 - - [15/Jan/2025:21:35:14 -0500] "GET /product/aivfaq41189?id=7816 HTTP/1.1" 404 28463 "-" "Mozilla/5.0 (compatible; SemrushBot/7~bl; +http://www.semrush.com/bot.html)"
162.213.251.239 - - [15/Jan/2025:21:35:32 -0500] "POST /wp-cron.php?doing_wp_cron=1736994932.1446170806884765625000 HTTP/1.1" 403 1242 "-" "WordPress/6.6; https://visionsynchomeimprovement.com"
185.191.171.17 - - [15/Jan/2025:21:35:30 -0500] "GET /product/vfrkhaivfsps63233?id=184196 HTTP/1.1" 404 28463 "-" "Mozilla/5.0 (compatible; SemrushBot/7~bl; +http://www.semrush.com/bot.html)"
85.208.96.206 - - [15/Jan/2025:21:35:43 -0500] "GET /product/vldilaivfysr63233?id=241895 HTTP/1.1" 404 28461 "-" "Mozilla/5.0 (compatible; SemrushBot/7~bl; +http://www.semrush.com/bot.html)"
85.208.96.207 - - [15/Jan/2025:21:35:50 -0500] "GET /product/pffyheivfjaf42339?id=35785 HTTP/1.1" 404 28460 "-" "Mozilla/5.0 (compatible; SemrushBot/7~bl; +http://www.semrush.com/bot.html)"
85.208.96.207 - - [15/Jan/2025:21:35:56 -0500] "GET /category/4259-5270000011.html HTTP/1.1" 404 28460 "-" "Mozilla/5.0 (compatible; SemrushBot/7~bl; +http://www.semrush.com/bot.html)"
85.208.96.207 - - [15/Jan/2025:21:36:02 -0500] "GET /product/bwyqrbivfklb71912?id=101153 HTTP/1.1" 404 28462 "-" "Mozilla/5.0 (compatible; SemrushBot/7~bl; +http://www.semrush.com/bot.html)"
185.191.171.18 - - [15/Jan/2025:21:36:07 -0500] "GET /product/kxqjdiivfrna42617?id=17910 HTTP/1.1" 404 28461 "-" "Mozilla/5.0 (compatible; SemrushBot/7~bl; +http://www.semrush.com/bot.html)"
185.191.171.13 - - [15/Jan/2025:21:36:14 -0500] "GET /product/syutkfivftqy42617?id=191650 HTTP/1.1" 404 28461 "-" "Mozilla/5.0 (compatible; SemrushBot/7~bl; +http://www.semrush.com/bot.html)"
85.208.96.207 - - [15/Jan/2025:21:36:19 -0500] "GET /product/kjielaivfbtc42339?id=279754 HTTP/1.1" 404 28481 "-" "Mozilla/5.0 (compatible; SemrushBot/7~bl; +http://www.semrush.com/bot.html)"
162.213.251.239 - - [15/Jan/2025:21:36:40 -0500] "POST /wp-cron.php?doing_wp_cron=1736995000.7496991157531738281250 HTTP/1.1" 403 1242 "-" "WordPress/6.6; https://visionsynchomeimprovement.com"
185.191.171.1 - - [15/Jan/2025:21:36:38 -0500] "GET /product/aivflpk80272?id=114162 HTTP/1.1" 404 28463 "-" "Mozilla/5.0 (compatible; SemrushBot/7~bl; +http://www.semrush.com/bot.html)"
185.191.171.17 - - [15/Jan/2025:21:36:44 -0500] "GET /product/wxalpdivfoia42339?id=148678 HTTP/1.1" 404 28460 "-" "Mozilla/5.0 (compatible; SemrushBot/7~bl; +http://www.semrush.com/bot.html)"
185.191.171.2 - - [15/Jan/2025:21:37:01 -0500] "GET /product/pupzeiivfuaj52700?id=202635 HTTP/1.1" 404 28460 "-" "Mozilla/5.0 (compatible; SemrushBot/7~bl; +http://www.semrush.com/bot.html)"
185.191.171.16 - - [15/Jan/2025:21:37:09 -0500] "GET /product/ertfzdivfxfq63233?id=230594 HTTP/1.1" 404 28459 "-" "Mozilla/5.0 (compatible; SemrushBot/7~bl; +http://www.semrush.com/bot.html)"
85.208.96.199 - - [15/Jan/2025:21:37:21 -0500] "GET /product/igaklaivfgjb18359?id=32091 HTTP/1.1" 404 28460 "-" "Mozilla/5.0 (compatible; SemrushBot/7~bl; +http://www.semrush.com/bot.html)"
162.213.251.239 - - [15/Jan/2025:21:37:45 -0500] "POST /wp-cron.php?doing_wp_cron=1736995065.8442990779876708984375 HTTP/1.1" 403 1242 "-" "WordPress/6.6; https://visionsynchomeimprovement.com"
185.191.171.5 - - [15/Jan/2025:21:37:43 -0500] "GET /product/pcsscfivfqhk71912?id=163388 HTTP/1.1" 404 28463 "-" "Mozilla/5.0 (compatible; SemrushBot/7~bl; +http://www.semrush.com/bot.html)"
3.137.213.148 - - [15/Jan/2025:21:38:17 -0500] "GET /wp-includes/js/dist/'+(o=o.replace(a.helper.regexes.asteriskDashAndColon,a.helper.escapeCharactersCallback))+' HTTP/1.1" 301 0 "-" "Mozilla/5.0 AppleWebKit/537.36 (KHTML, like Gecko; compatible; ClaudeBot/1.0; +claudebot@anthropic.com)"
3.137.213.148 - - [15/Jan/2025:21:38:19 -0500] "GET /wp-includes/js/dist/+(o=o.replace(a.helper.regexes.asteriskDashAndColon,a.helper.escapeCharactersCallback))+ HTTP/1.1" 404 23730 "https://visionsynchomeimprovement.com/wp-includes/js/dist/'+(o=o.replace(a.helper.regexes.asteriskDashAndColon,a.helper.escapeCharactersCallback))+'" "Mozilla/5.0 AppleWebKit/537.36 (KHTML, like Gecko; compatible; ClaudeBot/1.0; +claudebot@anthropic.com)"
85.208.96.200 - - [15/Jan/2025:21:38:22 -0500] "GET /product/ofnbvhivflsg71912?id=114406 HTTP/1.1" 404 28462 "-" "Mozilla/5.0 (compatible; SemrushBot/7~bl; +http://www.semrush.com/bot.html)"
185.191.171.16 - - [15/Jan/2025:21:38:29 -0500] "GET /product/bhejxeivfezc63233?id=302528 HTTP/1.1" 404 28459 "-" "Mozilla/5.0 (compatible; SemrushBot/7~bl; +http://www.semrush.com/bot.html)"
185.191.171.5 - - [15/Jan/2025:21:38:35 -0500] "GET /product/aivfwqe93695?id=221604 HTTP/1.1" 404 28463 "-" "Mozilla/5.0 (compatible; SemrushBot/7~bl; +http://www.semrush.com/bot.html)"
162.213.251.239 - - [15/Jan/2025:21:38:53 -0500] "POST /wp-cron.php?doing_wp_cron=1736995133.3298699855804443359375 HTTP/1.1" 403 1242 "-" "WordPress/6.6; https://visionsynchomeimprovement.com"
85.208.96.195 - - [15/Jan/2025:21:38:51 -0500] "GET /product/vfryqcivfvss63233?id=217070 HTTP/1.1" 404 28461 "-" "Mozilla/5.0 (compatible; SemrushBot/7~bl; +http://www.semrush.com/bot.html)"
51.83.45.201 - - [15/Jan/2025:21:38:55 -0500] "GET /wp-login.php HTTP/1.1" 200 2149 "-" "GRequests/0.10"
51.83.45.201 - - [15/Jan/2025:21:38:58 -0500] "POST /wp-login.php HTTP/1.1" 200 2310 "-" "GRequests/0.10"
185.191.171.13 - - [15/Jan/2025:21:39:15 -0500] "GET /product/aivfysy93695?id=247050 HTTP/1.1" 404 28462 "-" "Mozilla/5.0 (compatible; SemrushBot/7~bl; +http://www.semrush.com/bot.html)"
85.208.96.211 - - [15/Jan/2025:21:39:20 -0500] "GET /product/hbuvchivfwnh42617?id=223933 HTTP/1.1" 404 28458 "-" "Mozilla/5.0 (compatible; SemrushBot/7~bl; +http://www.semrush.com/bot.html)"
85.208.96.208 - - [15/Jan/2025:21:39:32 -0500] "GET /product/zhlnbfivfcud42617?id=54983 HTTP/1.1" 404 28462 "-" "Mozilla/5.0 (compatible; SemrushBot/7~bl; +http://www.semrush.com/bot.html)"
162.213.251.239 - - [15/Jan/2025:21:39:54 -0500] "POST /wp-cron.php?doing_wp_cron=1736995193.9551019668579101562500 HTTP/1.1" 403 1242 "-" "WordPress/6.6; https://visionsynchomeimprovement.com"
185.191.171.13 - - [15/Jan/2025:21:39:51 -0500] "GET /product/rcnsqjivfvon18359?id=214039 HTTP/1.1" 404 28461 "-" "Mozilla/5.0 (compatible; SemrushBot/7~bl; +http://www.semrush.com/bot.html)"
85.208.96.198 - - [15/Jan/2025:21:39:59 -0500] "GET /product/zquxgjivftno71912?id=196514 HTTP/1.1" 404 28459 "-" "Mozilla/5.0 (compatible; SemrushBot/7~bl; +http://www.semrush.com/bot.html)"
85.208.96.201 - - [15/Jan/2025:21:40:05 -0500] "GET /product/hsjodbivfnlc42617?id=91892 HTTP/1.1" 404 28464 "-" "Mozilla/5.0 (compatible; SemrushBot/7~bl; +http://www.semrush.com/bot.html)"
85.208.96.196 - - [15/Jan/2025:21:40:09 -0500] "GET /product/lzgbgeivfpnh52700?id=41657 HTTP/1.1" 404 28457 "-" "Mozilla/5.0 (compatible; SemrushBot/7~bl; +http://www.semrush.com/bot.html)"
85.208.96.208 - - [15/Jan/2025:21:40:19 -0500] "GET /product/vvlatjivfqjk71912?id=160962 HTTP/1.1" 404 28463 "-" "Mozilla/5.0 (compatible; SemrushBot/7~bl; +http://www.semrush.com/bot.html)"
3.7.94.9 - - [15/Jan/2025:21:40:41 -0500] "HEAD /OLD HTTP/1.1" 404 0 "http://visionsynchomeimprovement.com/OLD" "Mozilla/5.0 (X11; Linux x86_64) AppleWebKit/537.36 (KHTML, like Gecko) Chrome/96.0.4664.45 Safari/537.36"
85.208.96.199 - - [15/Jan/2025:21:40:51 -0500] "GET /product/czheciivfasl52700?id=267063 HTTP/1.1" 404 28459 "-" "Mozilla/5.0 (compatible; SemrushBot/7~bl; +http://www.semrush.com/bot.html)"
85.208.96.210 - - [15/Jan/2025:21:40:58 -0500] "GET /wp-includes/pluggable.php HTTP/1.1" 403 1242 "-" "Mozilla/5.0 (compatible; SemrushBot/7~bl; +http://www.semrush.com/bot.html)"
162.213.251.239 - - [15/Jan/2025:21:41:04 -0500] "POST /wp-cron.php?doing_wp_cron=1736995264.2396039962768554687500 HTTP/1.1" 403 1242 "-" "WordPress/6.6; https://visionsynchomeimprovement.com"
185.191.171.9 - - [15/Jan/2025:21:41:02 -0500] "GET /product/duuybeivfapy63233?id=269376 HTTP/1.1" 404 28461 "-" "Mozilla/5.0 (compatible; SemrushBot/7~bl; +http://www.semrush.com/bot.html)"
185.191.171.9 - - [15/Jan/2025:21:41:08 -0500] "GET /product/mxgzrfivfski71912?id=188808 HTTP/1.1" 404 28462 "-" "Mozilla/5.0 (compatible; SemrushBot/7~bl; +http://www.semrush.com/bot.html)"
85.208.96.197 - - [15/Jan/2025:21:41:13 -0500] "GET /product/izubzbivfdrb69982?id=296979 HTTP/1.1" 404 28461 "-" "Mozilla/5.0 (compatible; SemrushBot/7~bl; +http://www.semrush.com/bot.html)"
85.208.96.197 - - [15/Jan/2025:21:41:23 -0500] "GET /product/tblqlcivfzgb42339?id=253253 HTTP/1.1" 404 28462 "-" "Mozilla/5.0 (compatible; SemrushBot/7~bl; +http://www.semrush.com/bot.html)"
185.191.171.7 - - [15/Jan/2025:21:41:37 -0500] "GET /wp-includes/class-wp-theme.php HTTP/1.1" 403 1242 "-" "Mozilla/5.0 (compatible; SemrushBot/7~bl; +http://www.semrush.com/bot.html)"
85.208.96.201 - - [15/Jan/2025:21:41:49 -0500] "GET /product/wjsenaivfvfx71912?id=215723 HTTP/1.1" 404 28459 "-" "Mozilla/5.0 (compatible; SemrushBot/7~bl; +http://www.semrush.com/bot.html)"
18.118.208.127 - - [15/Jan/2025:21:42:18 -0500] "GET /wp-includes/js/tinymce/plugins/image/plugin.js HTTP/1.1" 200 8228 "-" "Mozilla/5.0 AppleWebKit/537.36 (KHTML, like Gecko; compatible; ClaudeBot/1.0; +claudebot@anthropic.com)"
18.116.19.19 - - [15/Jan/2025:21:42:28 -0500] "GET /wp-includes/css/dist/edit-widgets/?path=%2Fhome%2Feirtvhdf%2Fshop.eirtechs.com HTTP/1.1" 200 1118 "-" "Mozilla/5.0 AppleWebKit/537.36 (KHTML, like Gecko; compatible; ClaudeBot/1.0; +claudebot@anthropic.com)"
13.59.236.101 - - [15/Jan/2025:21:42:34 -0500] "GET /wp-includes/css/dist/edit-widgets/?filesrc=%2Fhome%2Feirtvhdf%2Fvisionsynchomeimprovement.com%2Fwp-includes%2Ftheme-templates.php&path=%2Fhome%2Feirtvhdf%2Fvisionsynchomeimprovement.com%2Fwp-includes HTTP/1.1" 200 3062 "-" "Mozilla/5.0 AppleWebKit/537.36 (KHTML, like Gecko; compatible; ClaudeBot/1.0; +claudebot@anthropic.com)"
162.213.251.239 - - [15/Jan/2025:21:42:35 -0500] "POST /wp-cron.php?doing_wp_cron=1736995355.6375670433044433593750 HTTP/1.1" 403 1242 "-" "WordPress/6.6; https://visionsynchomeimprovement.com"
185.191.171.12 - - [15/Jan/2025:21:42:34 -0500] "GET /product/aivflcg80272?id=11026 HTTP/1.1" 404 28462 "-" "Mozilla/5.0 (compatible; SemrushBot/7~bl; +http://www.semrush.com/bot.html)"
185.191.171.2 - - [15/Jan/2025:21:42:41 -0500] "GET /product/ruklvgivfxlf69982?id=233705 HTTP/1.1" 404 28459 "-" "Mozilla/5.0 (compatible; SemrushBot/7~bl; +http://www.semrush.com/bot.html)"
3.149.25.26 - - [15/Jan/2025:21:42:47 -0500] "GET /wp-includes/css/dist/edit-widgets/?filesrc=%2Fhome%2Feirtvhdf%2Fvisionsynchomeimprovement.com%2Fwp-includes%2Fbookmark-template.php&path=%2Fhome%2Feirtvhdf%2Fvisionsynchomeimprovement.com%2Fwp-includes HTTP/1.1" 200 4175 "-" "Mozilla/5.0 AppleWebKit/537.36 (KHTML, like Gecko; compatible; ClaudeBot/1.0; +claudebot@anthropic.com)"
