%PDF- %PDF-
Mini Shell

Mini Shell

Direktori : /home/eirtvhdf/access-logs/
Upload File :
Create Path :
Current File : /home/eirtvhdf/access-logs/visionsynchomeimprovement.com.eirtechs.com-ssl_log

85.208.96.198 - - [15/Jan/2025:07:07:27 -0500] "GET /product/aivfkjm93695?id=100912 HTTP/1.1" 404 28466 "-" "Mozilla/5.0 (compatible; SemrushBot/7~bl; +http://www.semrush.com/bot.html)"
185.191.171.11 - - [15/Jan/2025:07:07:31 -0500] "GET /product/aivfkog80272?id=104006 HTTP/1.1" 404 28487 "-" "Mozilla/5.0 (compatible; SemrushBot/7~bl; +http://www.semrush.com/bot.html)"
185.191.171.13 - - [15/Jan/2025:07:07:55 -0500] "GET /product/zaeadaivfmgf63233?id=38585 HTTP/1.1" 404 28464 "-" "Mozilla/5.0 (compatible; SemrushBot/7~bl; +http://www.semrush.com/bot.html)"
162.213.251.239 - - [15/Jan/2025:07:08:18 -0500] "POST /wp-cron.php?doing_wp_cron=1736942898.1757040023803710937500 HTTP/1.1" 403 1242 "-" "WordPress/6.6; https://visionsynchomeimprovement.com"
185.191.171.16 - - [15/Jan/2025:07:08:17 -0500] "GET /product/aivfxzj41189?id=232587 HTTP/1.1" 404 28465 "-" "Mozilla/5.0 (compatible; SemrushBot/7~bl; +http://www.semrush.com/bot.html)"
85.208.96.210 - - [15/Jan/2025:07:08:26 -0500] "GET /product/yiocbjivfuo42617?id=2066 HTTP/1.1" 404 28465 "-" "Mozilla/5.0 (compatible; SemrushBot/7~bl; +http://www.semrush.com/bot.html)"
85.208.96.210 - - [15/Jan/2025:07:08:49 -0500] "GET /product/bnxxxcivfkze71912?id=107782 HTTP/1.1" 404 28465 "-" "Mozilla/5.0 (compatible; SemrushBot/7~bl; +http://www.semrush.com/bot.html)"
85.208.96.204 - - [15/Jan/2025:07:08:52 -0500] "GET /product/lnzoogivfrhh71912?id=170759 HTTP/1.1" 404 28463 "-" "Mozilla/5.0 (compatible; SemrushBot/7~bl; +http://www.semrush.com/bot.html)"
185.191.171.12 - - [15/Jan/2025:07:08:56 -0500] "GET /product/udrtgjivfsnh69982?id=44657 HTTP/1.1" 404 28465 "-" "Mozilla/5.0 (compatible; SemrushBot/7~bl; +http://www.semrush.com/bot.html)"
162.213.251.239 - - [15/Jan/2025:07:09:19 -0500] "POST /wp-cron.php?doing_wp_cron=1736942958.8848021030426025390625 HTTP/1.1" 403 1242 "-" "WordPress/6.6; https://visionsynchomeimprovement.com"
185.191.171.1 - - [15/Jan/2025:07:09:17 -0500] "GET /product/gcssueivfxwr63233?id=232243 HTTP/1.1" 404 28465 "-" "Mozilla/5.0 (compatible; SemrushBot/7~bl; +http://www.semrush.com/bot.html)"
185.191.171.4 - - [15/Jan/2025:07:09:22 -0500] "GET /product/aivfvha41189?id=213300 HTTP/1.1" 404 28465 "-" "Mozilla/5.0 (compatible; SemrushBot/7~bl; +http://www.semrush.com/bot.html)"
185.191.171.2 - - [15/Jan/2025:07:09:28 -0500] "GET /product/ftxawcivftdj71912?id=190361 HTTP/1.1" 404 28463 "-" "Mozilla/5.0 (compatible; SemrushBot/7~bl; +http://www.semrush.com/bot.html)"
85.208.96.197 - - [15/Jan/2025:07:09:55 -0500] "GET /product/stbvbbivfsnf18359?id=186505 HTTP/1.1" 404 28466 "-" "Mozilla/5.0 (compatible; SemrushBot/7~bl; +http://www.semrush.com/bot.html)"
185.191.171.12 - - [15/Jan/2025:07:10:01 -0500] "GET /product/kupdheivfgrj63233?id=58699 HTTP/1.1" 404 28467 "-" "Mozilla/5.0 (compatible; SemrushBot/7~bl; +http://www.semrush.com/bot.html)"
162.213.251.239 - - [15/Jan/2025:07:10:32 -0500] "POST /wp-cron.php?doing_wp_cron=1736943032.7000648975372314453125 HTTP/1.1" 403 1242 "-" "WordPress/6.6; https://visionsynchomeimprovement.com"
85.208.96.205 - - [15/Jan/2025:07:10:31 -0500] "GET /product/ssldejivfojw18359?id=140974 HTTP/1.1" 404 28463 "-" "Mozilla/5.0 (compatible; SemrushBot/7~bl; +http://www.semrush.com/bot.html)"
85.208.96.208 - - [15/Jan/2025:07:10:48 -0500] "GET /product/aivfno41189?id=1340 HTTP/1.1" 404 28464 "-" "Mozilla/5.0 (compatible; SemrushBot/7~bl; +http://www.semrush.com/bot.html)"
185.191.171.17 - - [15/Jan/2025:07:10:58 -0500] "GET /product/xjzacgivfxav52700?id=230047 HTTP/1.1" 404 28465 "-" "Mozilla/5.0 (compatible; SemrushBot/7~bl; +http://www.semrush.com/bot.html)"
185.191.171.9 - - [15/Jan/2025:07:11:25 -0500] "GET /product/fotllbivfqjm69982?id=168712 HTTP/1.1" 404 28466 "-" "Mozilla/5.0 (compatible; SemrushBot/7~bl; +http://www.semrush.com/bot.html)"
162.213.251.239 - - [15/Jan/2025:07:11:35 -0500] "POST /wp-cron.php?doing_wp_cron=1736943095.4249410629272460937500 HTTP/1.1" 403 1242 "-" "WordPress/6.6; https://visionsynchomeimprovement.com"
185.191.171.12 - - [15/Jan/2025:07:11:34 -0500] "GET /robots.txt HTTP/1.1" 200 122 "-" "Mozilla/5.0 (compatible; SemrushBot/7~bl; +http://www.semrush.com/bot.html)"
185.191.171.19 - - [15/Jan/2025:07:11:36 -0500] "GET /product/aivfoua93695?id=149852 HTTP/1.1" 404 28465 "-" "Mozilla/5.0 (compatible; SemrushBot/7~bl; +http://www.semrush.com/bot.html)"
85.208.96.201 - - [15/Jan/2025:07:11:39 -0500] "GET /product/aivfalb93695?id=261153 HTTP/1.1" 404 28465 "-" "Mozilla/5.0 (compatible; SemrushBot/7~bl; +http://www.semrush.com/bot.html)"
85.208.96.206 - - [15/Jan/2025:07:11:58 -0500] "GET /product/aivfapp93695?id=269341 HTTP/1.1" 404 28464 "-" "Mozilla/5.0 (compatible; SemrushBot/7~bl; +http://www.semrush.com/bot.html)"
66.249.77.7 - - [15/Jan/2025:07:11:58 -0500] "GET /product/aivfhqg93695?id=334258 HTTP/1.1" 404 23706 "-" "Mozilla/5.0 (Linux; Android 6.0.1; Nexus 5X Build/MMB29P) AppleWebKit/537.36 (KHTML, like Gecko) Chrome/131.0.6778.264 Mobile Safari/537.36 (compatible; Googlebot/2.1; +http://www.google.com/bot.html)"
185.191.171.19 - - [15/Jan/2025:07:12:03 -0500] "GET /product/aivfxte93695?id=239756 HTTP/1.1" 404 28464 "-" "Mozilla/5.0 (compatible; SemrushBot/7~bl; +http://www.semrush.com/bot.html)"
185.191.171.6 - - [15/Jan/2025:07:12:09 -0500] "GET /product/aivfiek93695?id=345688 HTTP/1.1" 404 28459 "-" "Mozilla/5.0 (compatible; SemrushBot/7~bl; +http://www.semrush.com/bot.html)"
162.213.251.239 - - [15/Jan/2025:07:12:36 -0500] "POST /wp-cron.php?doing_wp_cron=1736943156.9370429515838623046875 HTTP/1.1" 403 1242 "-" "WordPress/6.6; https://visionsynchomeimprovement.com"
85.208.96.207 - - [15/Jan/2025:07:12:36 -0500] "GET /product/aivfurh80272?id=201759 HTTP/1.1" 404 28462 "-" "Mozilla/5.0 (compatible; SemrushBot/7~bl; +http://www.semrush.com/bot.html)"
85.208.96.198 - - [15/Jan/2025:07:12:38 -0500] "GET /product/nqccpaivfyes42339?id=248270 HTTP/1.1" 404 28464 "-" "Mozilla/5.0 (compatible; SemrushBot/7~bl; +http://www.semrush.com/bot.html)"
85.208.96.207 - - [15/Jan/2025:07:12:41 -0500] "GET /product/mydrkdivfevm42617?id=302112 HTTP/1.1" 404 28467 "-" "Mozilla/5.0 (compatible; SemrushBot/7~bl; +http://www.semrush.com/bot.html)"
85.208.96.196 - - [15/Jan/2025:07:12:50 -0500] "GET /product/aivfwdh41189?id=74557 HTTP/1.1" 404 28462 "-" "Mozilla/5.0 (compatible; SemrushBot/7~bl; +http://www.semrush.com/bot.html)"
66.249.77.9 - - [15/Jan/2025:07:13:25 -0500] "GET /product/aivfgmf93695?id=326405 HTTP/1.1" 404 23707 "-" "Mozilla/5.0 (Linux; Android 6.0.1; Nexus 5X Build/MMB29P) AppleWebKit/537.36 (KHTML, like Gecko) Chrome/131.0.6778.264 Mobile Safari/537.36 (compatible; Googlebot/2.1; +http://www.google.com/bot.html)"
162.213.251.239 - - [15/Jan/2025:07:13:51 -0500] "POST /wp-cron.php?doing_wp_cron=1736943231.3978579044342041015625 HTTP/1.1" 403 1242 "-" "WordPress/6.6; https://visionsynchomeimprovement.com"
185.191.171.6 - - [15/Jan/2025:07:13:50 -0500] "GET /product/aivfred41189?id=95823 HTTP/1.1" 404 28464 "-" "Mozilla/5.0 (compatible; SemrushBot/7~bl; +http://www.semrush.com/bot.html)"
185.191.171.17 - - [15/Jan/2025:07:14:07 -0500] "GET /product/omesebivfutg42617?id=204506 HTTP/1.1" 404 28466 "-" "Mozilla/5.0 (compatible; SemrushBot/7~bl; +http://www.semrush.com/bot.html)"
185.191.171.17 - - [15/Jan/2025:07:14:21 -0500] "GET /product/bbcmydivfrsk63233?id=177010 HTTP/1.1" 404 28466 "-" "Mozilla/5.0 (compatible; SemrushBot/7~bl; +http://www.semrush.com/bot.html)"
85.208.96.199 - - [15/Jan/2025:07:14:31 -0500] "GET /product/albhbhivftjc63233?id=97612 HTTP/1.1" 404 28466 "-" "Mozilla/5.0 (compatible; SemrushBot/7~bl; +http://www.semrush.com/bot.html)"
85.208.96.195 - - [15/Jan/2025:07:14:50 -0500] "GET /wp-includes/sitemaps/ HTTP/1.1" 200 1369 "-" "Mozilla/5.0 (compatible; SemrushBot/7~bl; +http://www.semrush.com/bot.html)"
162.213.251.239 - - [15/Jan/2025:07:14:59 -0500] "POST /wp-cron.php?doing_wp_cron=1736943299.3201560974121093750000 HTTP/1.1" 403 1242 "-" "WordPress/6.6; https://visionsynchomeimprovement.com"
85.208.96.198 - - [15/Jan/2025:07:14:58 -0500] "GET /category/2167-8027200042.html HTTP/1.1" 404 28464 "-" "Mozilla/5.0 (compatible; SemrushBot/7~bl; +http://www.semrush.com/bot.html)"
85.208.96.207 - - [15/Jan/2025:07:15:20 -0500] "GET /product/aivfcjj80272?id=28619 HTTP/1.1" 404 28468 "-" "Mozilla/5.0 (compatible; SemrushBot/7~bl; +http://www.semrush.com/bot.html)"
185.191.171.9 - - [15/Jan/2025:07:15:28 -0500] "GET /product/bggljgivfjfh42617?id=61837 HTTP/1.1" 404 28462 "-" "Mozilla/5.0 (compatible; SemrushBot/7~bl; +http://www.semrush.com/bot.html)"
85.208.96.210 - - [15/Jan/2025:07:15:33 -0500] "GET /product/aivfolc93695?id=143780 HTTP/1.1" 404 28465 "-" "Mozilla/5.0 (compatible; SemrushBot/7~bl; +http://www.semrush.com/bot.html)"
162.213.251.239 - - [15/Jan/2025:07:16:04 -0500] "POST /wp-cron.php?doing_wp_cron=1736943363.0130579471588134765625 HTTP/1.1" 200 0 "-" "WordPress/6.6; https://visionsynchomeimprovement.com"
85.208.96.201 - - [15/Jan/2025:07:16:02 -0500] "GET /product/edadpcivfklq71912?id=103716 HTTP/1.1" 404 28463 "-" "Mozilla/5.0 (compatible; SemrushBot/7~bl; +http://www.semrush.com/bot.html)"
185.191.171.16 - - [15/Jan/2025:07:16:07 -0500] "GET /product/kfvikcivfqhe69982?id=16074 HTTP/1.1" 404 28465 "-" "Mozilla/5.0 (compatible; SemrushBot/7~bl; +http://www.semrush.com/bot.html)"
185.191.171.4 - - [15/Jan/2025:07:16:16 -0500] "GET /product/mbtsodivfuya69982?id=205026 HTTP/1.1" 404 28467 "-" "Mozilla/5.0 (compatible; SemrushBot/7~bl; +http://www.semrush.com/bot.html)"
185.191.171.7 - - [15/Jan/2025:07:16:22 -0500] "GET /product/ycutoiivfpvh63233?id=41737 HTTP/1.1" 404 28465 "-" "Mozilla/5.0 (compatible; SemrushBot/7~bl; +http://www.semrush.com/bot.html)"
85.208.96.201 - - [15/Jan/2025:07:16:27 -0500] "GET /product/aivfmxg93695?id=38496 HTTP/1.1" 404 28466 "-" "Mozilla/5.0 (compatible; SemrushBot/7~bl; +http://www.semrush.com/bot.html)"
85.208.96.201 - - [15/Jan/2025:07:16:31 -0500] "GET /product/ezswjhivfanj52700?id=78659 HTTP/1.1" 404 28462 "-" "Mozilla/5.0 (compatible; SemrushBot/7~bl; +http://www.semrush.com/bot.html)"
185.191.171.9 - - [15/Jan/2025:07:16:42 -0500] "GET /product/aivftiz80272?id=193425 HTTP/1.1" 404 28464 "-" "Mozilla/5.0 (compatible; SemrushBot/7~bl; +http://www.semrush.com/bot.html)"
85.208.96.208 - - [15/Jan/2025:07:16:54 -0500] "GET /product/wqcpieivfudt52700?id=200371 HTTP/1.1" 404 28467 "-" "Mozilla/5.0 (compatible; SemrushBot/7~bl; +http://www.semrush.com/bot.html)"
162.213.251.239 - - [15/Jan/2025:07:17:07 -0500] "POST /wp-cron.php?doing_wp_cron=1736943427.2290270328521728515625 HTTP/1.1" 403 1242 "-" "WordPress/6.6; https://visionsynchomeimprovement.com"
85.208.96.199 - - [15/Jan/2025:07:17:06 -0500] "GET /product/lvrcqgivfbrt42339?id=271771 HTTP/1.1" 404 28465 "-" "Mozilla/5.0 (compatible; SemrushBot/7~bl; +http://www.semrush.com/bot.html)"
85.208.96.195 - - [15/Jan/2025:07:17:14 -0500] "GET /product/niyleaivfoci42339?id=14288 HTTP/1.1" 404 28464 "-" "Mozilla/5.0 (compatible; SemrushBot/7~bl; +http://www.semrush.com/bot.html)"
85.208.96.207 - - [15/Jan/2025:07:17:32 -0500] "GET /product/ccvlyeivfyth63233?id=76977 HTTP/1.1" 404 28465 "-" "Mozilla/5.0 (compatible; SemrushBot/7~bl; +http://www.semrush.com/bot.html)"
185.191.171.5 - - [15/Jan/2025:07:17:55 -0500] "GET /product/zebkyaivfxle18359?id=231130 HTTP/1.1" 404 28466 "-" "Mozilla/5.0 (compatible; SemrushBot/7~bl; +http://www.semrush.com/bot.html)"
162.213.251.239 - - [15/Jan/2025:07:18:20 -0500] "POST /wp-cron.php?doing_wp_cron=1736943500.3752388954162597656250 HTTP/1.1" 403 1242 "-" "WordPress/6.6; https://visionsynchomeimprovement.com"
85.208.96.201 - - [15/Jan/2025:07:18:19 -0500] "GET /product/pcwljjivfcsc42617?id=284402 HTTP/1.1" 404 28464 "-" "Mozilla/5.0 (compatible; SemrushBot/7~bl; +http://www.semrush.com/bot.html)"
85.208.96.210 - - [15/Jan/2025:07:18:31 -0500] "GET /product/sevlzfivfprx71912?id=151775 HTTP/1.1" 404 28466 "-" "Mozilla/5.0 (compatible; SemrushBot/7~bl; +http://www.semrush.com/bot.html)"
85.208.96.206 - - [15/Jan/2025:07:19:06 -0500] "GET /product/aivfkoc41189?id=88662 HTTP/1.1" 404 28464 "-" "Mozilla/5.0 (compatible; SemrushBot/7~bl; +http://www.semrush.com/bot.html)"
185.191.171.2 - - [15/Jan/2025:07:19:15 -0500] "GET /product/yanfnbivfrmu42339?id=171298 HTTP/1.1" 404 28467 "-" "Mozilla/5.0 (compatible; SemrushBot/7~bl; +http://www.semrush.com/bot.html)"
162.213.251.239 - - [15/Jan/2025:07:19:35 -0500] "POST /wp-cron.php?doing_wp_cron=1736943575.2472219467163085937500 HTTP/1.1" 403 1242 "-" "WordPress/6.6; https://visionsynchomeimprovement.com"
85.208.96.199 - - [15/Jan/2025:07:19:34 -0500] "GET /product/jmtoecivfwlk71912?id=221162 HTTP/1.1" 404 28464 "-" "Mozilla/5.0 (compatible; SemrushBot/7~bl; +http://www.semrush.com/bot.html)"
85.208.96.209 - - [15/Jan/2025:07:19:37 -0500] "GET /product/kjbewjivfbak42617?id=272688 HTTP/1.1" 404 28466 "-" "Mozilla/5.0 (compatible; SemrushBot/7~bl; +http://www.semrush.com/bot.html)"
85.208.96.207 - - [15/Jan/2025:07:19:41 -0500] "GET /product/opcfmaivftsd18359?id=199603 HTTP/1.1" 404 28466 "-" "Mozilla/5.0 (compatible; SemrushBot/7~bl; +http://www.semrush.com/bot.html)"
85.208.96.207 - - [15/Jan/2025:07:19:44 -0500] "GET /product/aivfmkm41189?id=123612 HTTP/1.1" 404 28463 "-" "Mozilla/5.0 (compatible; SemrushBot/7~bl; +http://www.semrush.com/bot.html)"
185.191.171.16 - - [15/Jan/2025:07:20:13 -0500] "GET /product/yfgkmfivfwdc52700?id=222954 HTTP/1.1" 404 28463 "-" "Mozilla/5.0 (compatible; SemrushBot/7~bl; +http://www.semrush.com/bot.html)"
185.191.171.8 - - [15/Jan/2025:07:20:17 -0500] "GET /product/kthxsbivfvx18359?id=9975 HTTP/1.1" 404 28465 "-" "Mozilla/5.0 (compatible; SemrushBot/7~bl; +http://www.semrush.com/bot.html)"
185.191.171.4 - - [15/Jan/2025:07:20:28 -0500] "GET /product/aivfidf41189?id=86035 HTTP/1.1" 404 28465 "-" "Mozilla/5.0 (compatible; SemrushBot/7~bl; +http://www.semrush.com/bot.html)"
162.213.251.239 - - [15/Jan/2025:07:20:37 -0500] "POST /wp-cron.php?doing_wp_cron=1736943637.0143089294433593750000 HTTP/1.1" 403 1242 "-" "WordPress/6.6; https://visionsynchomeimprovement.com"
85.208.96.210 - - [15/Jan/2025:07:20:36 -0500] "GET /product/aivfitr93695?id=344569 HTTP/1.1" 404 28466 "-" "Mozilla/5.0 (compatible; SemrushBot/7~bl; +http://www.semrush.com/bot.html)"
185.191.171.8 - - [15/Jan/2025:07:20:40 -0500] "GET /product/iosshgivfxgk52700?id=235810 HTTP/1.1" 404 28466 "-" "Mozilla/5.0 (compatible; SemrushBot/7~bl; +http://www.semrush.com/bot.html)"
85.208.96.208 - - [15/Jan/2025:07:20:47 -0500] "GET /product/yejdqaivftsw42617?id=199648 HTTP/1.1" 404 28466 "-" "Mozilla/5.0 (compatible; SemrushBot/7~bl; +http://www.semrush.com/bot.html)"
185.191.171.1 - - [15/Jan/2025:07:20:51 -0500] "GET /product/aivfbdz93695?id=272925 HTTP/1.1" 404 28488 "-" "Mozilla/5.0 (compatible; SemrushBot/7~bl; +http://www.semrush.com/bot.html)"
185.191.171.12 - - [15/Jan/2025:07:20:55 -0500] "GET /product/aivfrcz41189?id=178025 HTTP/1.1" 404 28467 "-" "Mozilla/5.0 (compatible; SemrushBot/7~bl; +http://www.semrush.com/bot.html)"
185.191.171.5 - - [15/Jan/2025:07:21:14 -0500] "GET /product/aivfumd93695?id=209029 HTTP/1.1" 404 28466 "-" "Mozilla/5.0 (compatible; SemrushBot/7~bl; +http://www.semrush.com/bot.html)"
185.191.171.12 - - [15/Jan/2025:07:21:17 -0500] "GET /product/aivfjtf41189?id=61455 HTTP/1.1" 404 28468 "-" "Mozilla/5.0 (compatible; SemrushBot/7~bl; +http://www.semrush.com/bot.html)"
162.213.251.239 - - [15/Jan/2025:07:21:41 -0500] "POST /wp-cron.php?doing_wp_cron=1736943701.5876119136810302734375 HTTP/1.1" 403 1242 "-" "WordPress/6.6; https://visionsynchomeimprovement.com"
185.191.171.14 - - [15/Jan/2025:07:21:40 -0500] "GET /product/aivfrsm80272?id=177064 HTTP/1.1" 404 28463 "-" "Mozilla/5.0 (compatible; SemrushBot/7~bl; +http://www.semrush.com/bot.html)"
185.191.171.13 - - [15/Jan/2025:07:22:02 -0500] "GET /product/yfcrhfivffcl42339?id=312863 HTTP/1.1" 404 28461 "-" "Mozilla/5.0 (compatible; SemrushBot/7~bl; +http://www.semrush.com/bot.html)"
185.191.171.4 - - [15/Jan/2025:07:22:30 -0500] "GET /product/ccgzmbivfvre42617?id=211730 HTTP/1.1" 404 28463 "-" "Mozilla/5.0 (compatible; SemrushBot/7~bl; +http://www.semrush.com/bot.html)"
162.213.251.239 - - [15/Jan/2025:07:22:43 -0500] "POST /wp-cron.php?doing_wp_cron=1736943763.8426909446716308593750 HTTP/1.1" 403 1242 "-" "WordPress/6.6; https://visionsynchomeimprovement.com"
185.191.171.11 - - [15/Jan/2025:07:22:42 -0500] "GET /product/ocxfaaivfelj18359?id=30899 HTTP/1.1" 404 28463 "-" "Mozilla/5.0 (compatible; SemrushBot/7~bl; +http://www.semrush.com/bot.html)"
185.191.171.12 - - [15/Jan/2025:07:23:06 -0500] "GET /wp-includes/ID3/ HTTP/1.1" 200 1650 "-" "Mozilla/5.0 (compatible; SemrushBot/7~bl; +http://www.semrush.com/bot.html)"
85.208.96.211 - - [15/Jan/2025:07:23:32 -0500] "GET /product/uwspxjivfbfi42339?id=273186 HTTP/1.1" 404 28460 "-" "Mozilla/5.0 (compatible; SemrushBot/7~bl; +http://www.semrush.com/bot.html)"
185.191.171.8 - - [15/Jan/2025:07:23:36 -0500] "GET /product/vbxozfivfpgi63233?id=153208 HTTP/1.1" 404 28466 "-" "Mozilla/5.0 (compatible; SemrushBot/7~bl; +http://www.semrush.com/bot.html)"
162.213.251.239 - - [15/Jan/2025:07:23:44 -0500] "POST /wp-cron.php?doing_wp_cron=1736943824.8790020942687988281250 HTTP/1.1" 403 1242 "-" "WordPress/6.6; https://visionsynchomeimprovement.com"
185.191.171.11 - - [15/Jan/2025:07:23:43 -0500] "GET /product/baykncivfpae71912?id=157804 HTTP/1.1" 404 28467 "-" "Mozilla/5.0 (compatible; SemrushBot/7~bl; +http://www.semrush.com/bot.html)"
185.191.171.6 - - [15/Jan/2025:07:23:49 -0500] "GET /product/rhduieivfxfh52700?id=23317 HTTP/1.1" 404 28463 "-" "Mozilla/5.0 (compatible; SemrushBot/7~bl; +http://www.semrush.com/bot.html)"
185.191.171.16 - - [15/Jan/2025:07:24:13 -0500] "GET /product/aivfubx80272?id=202723 HTTP/1.1" 404 28465 "-" "Mozilla/5.0 (compatible; SemrushBot/7~bl; +http://www.semrush.com/bot.html)"
85.208.96.209 - - [15/Jan/2025:07:24:17 -0500] "GET /product/aivfukp93695?id=208867 HTTP/1.1" 404 28467 "-" "Mozilla/5.0 (compatible; SemrushBot/7~bl; +http://www.semrush.com/bot.html)"
85.208.96.201 - - [15/Jan/2025:07:24:22 -0500] "GET /product/aivfswy80272?id=182250 HTTP/1.1" 404 28462 "-" "Mozilla/5.0 (compatible; SemrushBot/7~bl; +http://www.semrush.com/bot.html)"
185.191.171.6 - - [15/Jan/2025:07:24:28 -0500] "GET /product/bkvvubivfsbo69982?id=187992 HTTP/1.1" 404 28468 "-" "Mozilla/5.0 (compatible; SemrushBot/7~bl; +http://www.semrush.com/bot.html)"
85.208.96.212 - - [15/Jan/2025:07:24:41 -0500] "GET /product/tnuothivfrzo52700?id=177740 HTTP/1.1" 404 28467 "-" "Mozilla/5.0 (compatible; SemrushBot/7~bl; +http://www.semrush.com/bot.html)"
162.213.251.239 - - [15/Jan/2025:07:25:04 -0500] "POST /wp-cron.php?doing_wp_cron=1736943904.5839569568634033203125 HTTP/1.1" 403 1242 "-" "WordPress/6.6; https://visionsynchomeimprovement.com"
85.208.96.209 - - [15/Jan/2025:07:25:02 -0500] "GET /product/rtrerbivfnss52700?id=134470 HTTP/1.1" 404 28467 "-" "Mozilla/5.0 (compatible; SemrushBot/7~bl; +http://www.semrush.com/bot.html)"
85.208.96.211 - - [15/Jan/2025:07:25:08 -0500] "GET /product/aivflsp41189?id=117093 HTTP/1.1" 404 28466 "-" "Mozilla/5.0 (compatible; SemrushBot/7~bl; +http://www.semrush.com/bot.html)"
185.191.171.19 - - [15/Jan/2025:07:25:14 -0500] "GET /product/nddiggivflmg71912?id=63646 HTTP/1.1" 404 28467 "-" "Mozilla/5.0 (compatible; SemrushBot/7~bl; +http://www.semrush.com/bot.html)"
85.208.96.202 - - [15/Jan/2025:07:25:21 -0500] "GET /product/aivfkud93695?id=10203 HTTP/1.1" 404 28462 "-" "Mozilla/5.0 (compatible; SemrushBot/7~bl; +http://www.semrush.com/bot.html)"
185.191.171.17 - - [15/Jan/2025:07:25:25 -0500] "GET /product/aivfngh41189?id=130633 HTTP/1.1" 404 28468 "-" "Mozilla/5.0 (compatible; SemrushBot/7~bl; +http://www.semrush.com/bot.html)"
85.208.96.203 - - [15/Jan/2025:07:25:34 -0500] "GET /product/xqbpmfivfmug42339?id=127232 HTTP/1.1" 404 28468 "-" "Mozilla/5.0 (compatible; SemrushBot/7~bl; +http://www.semrush.com/bot.html)"
162.213.251.239 - - [15/Jan/2025:07:26:10 -0500] "POST /wp-cron.php?doing_wp_cron=1736943970.1783831119537353515625 HTTP/1.1" 403 1242 "-" "WordPress/6.6; https://visionsynchomeimprovement.com"
85.208.96.208 - - [15/Jan/2025:07:26:08 -0500] "GET /product/aivfebo80272?id=300166 HTTP/1.1" 404 28463 "-" "Mozilla/5.0 (compatible; SemrushBot/7~bl; +http://www.semrush.com/bot.html)"
185.191.171.6 - - [15/Jan/2025:07:26:14 -0500] "GET /product/qnukqgivfrbb42339?id=175379 HTTP/1.1" 404 28464 "-" "Mozilla/5.0 (compatible; SemrushBot/7~bl; +http://www.semrush.com/bot.html)"
185.191.171.13 - - [15/Jan/2025:07:26:36 -0500] "GET /product/lhnzpeivflmo69982?id=116414 HTTP/1.1" 404 28467 "-" "Mozilla/5.0 (compatible; SemrushBot/7~bl; +http://www.semrush.com/bot.html)"
185.191.171.4 - - [15/Jan/2025:07:26:47 -0500] "GET /product/bbgomiivfvtv18359?id=219773 HTTP/1.1" 404 28467 "-" "Mozilla/5.0 (compatible; SemrushBot/7~bl; +http://www.semrush.com/bot.html)"
85.208.96.201 - - [15/Jan/2025:07:27:08 -0500] "GET /product/flymocivfqec42339?id=94822 HTTP/1.1" 404 28466 "-" "Mozilla/5.0 (compatible; SemrushBot/7~bl; +http://www.semrush.com/bot.html)"
162.213.251.239 - - [15/Jan/2025:07:27:35 -0500] "POST /wp-cron.php?doing_wp_cron=1736944054.6410679817199707031250 HTTP/1.1" 403 1242 "-" "WordPress/6.6; https://visionsynchomeimprovement.com"
85.208.96.206 - - [15/Jan/2025:07:27:33 -0500] "GET /product/lauqddivfbvq63233?id=279994 HTTP/1.1" 404 28466 "-" "Mozilla/5.0 (compatible; SemrushBot/7~bl; +http://www.semrush.com/bot.html)"
185.191.171.2 - - [15/Jan/2025:07:27:42 -0500] "GET /product/aivfrtd41189?id=177155 HTTP/1.1" 404 28464 "-" "Mozilla/5.0 (compatible; SemrushBot/7~bl; +http://www.semrush.com/bot.html)"
185.191.171.13 - - [15/Jan/2025:07:28:09 -0500] "GET /product/aivfmyl93695?id=125037 HTTP/1.1" 404 28465 "-" "Mozilla/5.0 (compatible; SemrushBot/7~bl; +http://www.semrush.com/bot.html)"
185.191.171.18 - - [15/Jan/2025:07:28:19 -0500] "GET /product/aivfein41189?id=300839 HTTP/1.1" 404 28463 "-" "Mozilla/5.0 (compatible; SemrushBot/7~bl; +http://www.semrush.com/bot.html)"
85.208.96.211 - - [15/Jan/2025:07:28:23 -0500] "GET /product/aivfvtz41189?id=219725 HTTP/1.1" 404 28463 "-" "Mozilla/5.0 (compatible; SemrushBot/7~bl; +http://www.semrush.com/bot.html)"
85.208.96.200 - - [15/Jan/2025:07:28:27 -0500] "GET /product/vtymfeivfrjw69982?id=173522 HTTP/1.1" 404 28462 "-" "Mozilla/5.0 (compatible; SemrushBot/7~bl; +http://www.semrush.com/bot.html)"
185.191.171.13 - - [15/Jan/2025:07:28:32 -0500] "GET /product/ycsdjaivfwff42339?id=228305 HTTP/1.1" 404 28466 "-" "Mozilla/5.0 (compatible; SemrushBot/7~bl; +http://www.semrush.com/bot.html)"
162.213.251.239 - - [15/Jan/2025:07:28:41 -0500] "POST /wp-cron.php?doing_wp_cron=1736944120.2227799892425537109375 HTTP/1.1" 200 0 "-" "WordPress/6.6; https://visionsynchomeimprovement.com"
85.208.96.200 - - [15/Jan/2025:07:28:38 -0500] "GET /product/vtwagiivfyvl18359?id=247363 HTTP/1.1" 404 28464 "-" "Mozilla/5.0 (compatible; SemrushBot/7~bl; +http://www.semrush.com/bot.html)"
185.191.171.10 - - [15/Jan/2025:07:28:44 -0500] "GET /wp-includes/rest-api/endpoints/class-wp-rest-taxonomies-controller.php HTTP/1.1" 403 1242 "-" "Mozilla/5.0 (compatible; SemrushBot/7~bl; +http://www.semrush.com/bot.html)"
185.191.171.7 - - [15/Jan/2025:07:29:06 -0500] "GET /product/phhyoiivfktv42339?id=107199 HTTP/1.1" 404 28466 "-" "Mozilla/5.0 (compatible; SemrushBot/7~bl; +http://www.semrush.com/bot.html)"
185.191.171.18 - - [15/Jan/2025:07:29:15 -0500] "GET /product/aivfvmq80272?id=216416 HTTP/1.1" 404 28466 "-" "Mozilla/5.0 (compatible; SemrushBot/7~bl; +http://www.semrush.com/bot.html)"
85.208.96.200 - - [15/Jan/2025:07:29:26 -0500] "GET /product/dfcqwgivfdqv52700?id=299421 HTTP/1.1" 404 28469 "-" "Mozilla/5.0 (compatible; SemrushBot/7~bl; +http://www.semrush.com/bot.html)"
162.213.251.239 - - [15/Jan/2025:07:29:41 -0500] "POST /wp-cron.php?doing_wp_cron=1736944181.0278630256652832031250 HTTP/1.1" 403 1242 "-" "WordPress/6.6; https://visionsynchomeimprovement.com"
185.191.171.9 - - [15/Jan/2025:07:29:39 -0500] "GET /product/eiapzbivfmmd63233?id=121281 HTTP/1.1" 404 28466 "-" "Mozilla/5.0 (compatible; SemrushBot/7~bl; +http://www.semrush.com/bot.html)"
85.208.96.201 - - [15/Jan/2025:07:29:43 -0500] "GET /product/oiwbwcivfoqb42339?id=66421 HTTP/1.1" 404 28466 "-" "Mozilla/5.0 (compatible; SemrushBot/7~bl; +http://www.semrush.com/bot.html)"
185.191.171.7 - - [15/Jan/2025:07:29:49 -0500] "GET /product/ktumhdivfvyt71912?id=215097 HTTP/1.1" 404 28465 "-" "Mozilla/5.0 (compatible; SemrushBot/7~bl; +http://www.semrush.com/bot.html)"
150.136.69.140 - - [15/Jan/2025:07:30:11 -0500] "GET /wp-content/plugins/hellopress/wp_filemanager.php HTTP/1.1" 404 116159 "-" "-"
150.136.69.140 - - [15/Jan/2025:07:30:14 -0500] "GET /403.php HTTP/1.1" 404 116096 "-" "-"
150.136.69.140 - - [15/Jan/2025:07:30:18 -0500] "GET /content.php HTTP/1.1" 404 116093 "-" "-"
185.191.171.13 - - [15/Jan/2025:07:30:20 -0500] "GET /product/vcfykjivfebd52700?id=82793 HTTP/1.1" 404 28465 "-" "Mozilla/5.0 (compatible; SemrushBot/7~bl; +http://www.semrush.com/bot.html)"
150.136.69.140 - - [15/Jan/2025:07:30:22 -0500] "GET /wp-content/plugins/not/includes/about.php HTTP/1.1" 404 116153 "-" "-"
150.136.69.140 - - [15/Jan/2025:07:30:25 -0500] "GET /wp-content/plugins/simple/simple.php HTTP/1.1" 404 116156 "-" "-"
150.136.69.140 - - [15/Jan/2025:07:30:28 -0500] "GET /wp-content/plugins/wp-theme-editor/include.php HTTP/1.1" 404 116156 "-" "-"
150.136.69.140 - - [15/Jan/2025:07:30:31 -0500] "GET /wp-content/themes/aahana/json.php HTTP/1.1" 404 116150 "-" "-"
150.136.69.140 - - [15/Jan/2025:07:30:33 -0500] "GET /admin.php HTTP/1.1" 404 116096 "-" "-"
150.136.69.140 - - [15/Jan/2025:07:30:35 -0500] "GET /wp-content/plugins/awesome-coming-soon/come.php HTTP/1.1" 404 116159 "-" "-"
150.136.69.140 - - [15/Jan/2025:07:30:37 -0500] "GET /wp-content/plugins/wp-conflg.php HTTP/1.1" 404 116156 "-" "-"
185.191.171.19 - - [15/Jan/2025:07:30:38 -0500] "GET /product/fgobibivforv63233?id=149573 HTTP/1.1" 404 28465 "-" "Mozilla/5.0 (compatible; SemrushBot/7~bl; +http://www.semrush.com/bot.html)"
150.136.69.140 - - [15/Jan/2025:07:30:39 -0500] "GET /berlin.php HTTP/1.1" 404 116096 "-" "-"
162.213.251.239 - - [15/Jan/2025:07:30:42 -0500] "POST /wp-cron.php?doing_wp_cron=1736944242.2041039466857910156250 HTTP/1.1" 403 1242 "-" "WordPress/6.6; https://visionsynchomeimprovement.com"
150.136.69.140 - - [15/Jan/2025:07:30:41 -0500] "GET /wp-includes/Requests/about.php HTTP/1.1" 404 116156 "-" "-"
150.136.69.140 - - [15/Jan/2025:07:30:43 -0500] "GET /wp-includes/style-engine/about.php HTTP/1.1" 404 116159 "-" "-"
185.191.171.14 - - [15/Jan/2025:07:30:44 -0500] "GET /product/fsarbaivfbgh52700?id=273285 HTTP/1.1" 404 28466 "-" "Mozilla/5.0 (compatible; SemrushBot/7~bl; +http://www.semrush.com/bot.html)"
150.136.69.140 - - [15/Jan/2025:07:30:45 -0500] "GET /wp-includes/rest-api/about.php HTTP/1.1" 404 116156 "-" "-"
150.136.69.140 - - [15/Jan/2025:07:30:46 -0500] "GET /wp-includes/SimplePie/about.php HTTP/1.1" 404 116159 "-" "-"
150.136.69.140 - - [15/Jan/2025:07:30:48 -0500] "GET /wp-content/banners/about.php HTTP/1.1" 404 116159 "-" "-"
150.136.69.140 - - [15/Jan/2025:07:30:49 -0500] "GET /wp-content/about.php HTTP/1.1" 404 116096 "-" "-"
150.136.69.140 - - [15/Jan/2025:07:30:52 -0500] "GET /.well-known/about.php HTTP/1.1" 404 116093 "-" "-"
150.136.69.140 - - [15/Jan/2025:07:30:53 -0500] "GET /wp-includes/Text/about.php HTTP/1.1" 404 116156 "-" "-"
150.136.69.140 - - [15/Jan/2025:07:30:55 -0500] "GET /wp-includes/ID3/about.php HTTP/1.1" 404 116159 "-" "-"
150.136.69.140 - - [15/Jan/2025:07:30:57 -0500] "GET /img/about.php HTTP/1.1" 404 116093 "-" "-"
150.136.69.140 - - [15/Jan/2025:07:30:59 -0500] "GET /wp-content/languages/about.php HTTP/1.1" 404 116159 "-" "-"
150.136.69.140 - - [15/Jan/2025:07:31:02 -0500] "GET /wp-includes/customize/about.php HTTP/1.1" 404 116159 "-" "-"
150.136.69.140 - - [15/Jan/2025:07:31:04 -0500] "GET /wp-includes.bak/html-api/about.php HTTP/1.1" 404 116159 "-" "-"
150.136.69.140 - - [15/Jan/2025:07:31:07 -0500] "GET /wp-includes/widgets/about.php HTTP/1.1" 404 116156 "-" "-"
150.136.69.140 - - [15/Jan/2025:07:31:10 -0500] "GET /wp-includes/IXR/about.php HTTP/1.1" 404 116153 "-" "-"
150.136.69.140 - - [15/Jan/2025:07:31:15 -0500] "GET /wp-admin/js/about.php HTTP/1.1" 404 116159 "-" "-"
150.136.69.140 - - [15/Jan/2025:07:31:17 -0500] "GET /.well-known/pki-validation/about.php HTTP/1.1" 404 1251 "-" "-"
150.136.69.140 - - [15/Jan/2025:07:31:18 -0500] "GET /wp-includes/pomo/about.php HTTP/1.1" 404 116159 "-" "-"
85.208.96.202 - - [15/Jan/2025:07:31:21 -0500] "GET /product/aivfcbg80272?id=282706 HTTP/1.1" 404 28461 "-" "Mozilla/5.0 (compatible; SemrushBot/7~bl; +http://www.semrush.com/bot.html)"
150.136.69.140 - - [15/Jan/2025:07:31:21 -0500] "GET /wp-includes/block-patterns/about.php HTTP/1.1" 404 116159 "-" "-"
150.136.69.140 - - [15/Jan/2025:07:31:24 -0500] "GET /wp-content/updraft/about.php HTTP/1.1" 404 116156 "-" "-"
150.136.69.140 - - [15/Jan/2025:07:31:27 -0500] "GET /wp-content/upgrade-temp-backup/about.php HTTP/1.1" 404 116159 "-" "-"
150.136.69.140 - - [15/Jan/2025:07:31:30 -0500] "GET /wp-content/themes/about.php HTTP/1.1" 404 116159 "-" "-"
150.136.69.140 - - [15/Jan/2025:07:31:35 -0500] "GET /wp-admin/includes/about.php HTTP/1.1" 404 116159 "-" "-"
185.191.171.8 - - [15/Jan/2025:07:31:35 -0500] "GET /product/luakefivfksw71912?id=101822 HTTP/1.1" 404 28465 "-" "Mozilla/5.0 (compatible; SemrushBot/7~bl; +http://www.semrush.com/bot.html)"
150.136.69.140 - - [15/Jan/2025:07:31:38 -0500] "GET /images/about.php HTTP/1.1" 404 116093 "-" "-"
162.213.251.239 - - [15/Jan/2025:07:31:43 -0500] "POST /wp-cron.php?doing_wp_cron=1736944302.9615039825439453125000 HTTP/1.1" 403 1242 "-" "WordPress/6.6; https://visionsynchomeimprovement.com"
150.136.69.140 - - [15/Jan/2025:07:31:41 -0500] "GET /wp-content/blogs.dir/about.php HTTP/1.1" 404 116156 "-" "-"
150.136.69.140 - - [15/Jan/2025:07:31:45 -0500] "GET /wp-includes/images/about.php HTTP/1.1" 404 116159 "-" "-"
150.136.69.140 - - [15/Jan/2025:07:31:47 -0500] "GET /wp-includes/about.php HTTP/1.1" 404 116093 "-" "-"
150.136.69.140 - - [15/Jan/2025:07:31:49 -0500] "GET /cgi-bin/about.php HTTP/1.1" 404 116096 "-" "-"
150.136.69.140 - - [15/Jan/2025:07:31:51 -0500] "GET /wp-content/gallery/about.php HTTP/1.1" 404 116159 "-" "-"
150.136.69.140 - - [15/Jan/2025:07:31:53 -0500] "GET /wp-includes/blocks/about.php HTTP/1.1" 404 116156 "-" "-"
185.191.171.4 - - [15/Jan/2025:07:31:54 -0500] "GET /product/aivfnef80272?id=133083 HTTP/1.1" 404 28464 "-" "Mozilla/5.0 (compatible; SemrushBot/7~bl; +http://www.semrush.com/bot.html)"
150.136.69.140 - - [15/Jan/2025:07:31:56 -0500] "GET /wp-admin/css/about.php HTTP/1.1" 404 116159 "-" "-"
150.136.69.140 - - [15/Jan/2025:07:32:01 -0500] "GET /wp-admin/images/about.php HTTP/1.1" 404 116159 "-" "-"
85.208.96.198 - - [15/Jan/2025:07:32:01 -0500] "GET /product/aivfai80272?id=268 HTTP/1.1" 404 28466 "-" "Mozilla/5.0 (compatible; SemrushBot/7~bl; +http://www.semrush.com/bot.html)"
150.136.69.140 - - [15/Jan/2025:07:32:04 -0500] "GET /.well-known/pki-validation/cloud.php HTTP/1.1" 404 1251 "-" "-"
150.136.69.140 - - [15/Jan/2025:07:32:04 -0500] "GET /.well-known/acme-challenge/cloud.php HTTP/1.1" 404 116159 "-" "-"
150.136.69.140 - - [15/Jan/2025:07:32:07 -0500] "GET /wp-admin/network/cloud.php HTTP/1.1" 404 116156 "-" "-"
185.191.171.16 - - [15/Jan/2025:07:32:07 -0500] "GET /product/epnbufivffvw42339?id=317374 HTTP/1.1" 404 28467 "-" "Mozilla/5.0 (compatible; SemrushBot/7~bl; +http://www.semrush.com/bot.html)"
150.136.69.140 - - [15/Jan/2025:07:32:10 -0500] "GET /cloud.php HTTP/1.1" 404 116096 "-" "-"
85.208.96.208 - - [15/Jan/2025:07:32:12 -0500] "GET /product/kchavaivfojf42617?id=148783 HTTP/1.1" 404 28463 "-" "Mozilla/5.0 (compatible; SemrushBot/7~bl; +http://www.semrush.com/bot.html)"
150.136.69.140 - - [15/Jan/2025:07:32:12 -0500] "GET /cgi-bin/cloud.php HTTP/1.1" 404 116096 "-" "-"
150.136.69.140 - - [15/Jan/2025:07:32:14 -0500] "GET /wp-content/updates.php HTTP/1.1" 404 116096 "-" "-"
150.136.69.140 - - [15/Jan/2025:07:32:17 -0500] "GET /css/cloud.php HTTP/1.1" 404 116093 "-" "-"
150.136.69.140 - - [15/Jan/2025:07:32:20 -0500] "GET /wp-admin/user/cloud.php HTTP/1.1" 404 116159 "-" "-"
150.136.69.140 - - [15/Jan/2025:07:32:23 -0500] "GET /img/cloud.php HTTP/1.1" 404 116096 "-" "-"
150.136.69.140 - - [15/Jan/2025:07:32:26 -0500] "GET /wp-admin/css/colors/coffee/cloud.php HTTP/1.1" 404 116159 "-" "-"
150.136.69.140 - - [15/Jan/2025:07:32:28 -0500] "GET /wp-admin/images/cloud.php HTTP/1.1" 404 116156 "-" "-"
150.136.69.140 - - [15/Jan/2025:07:32:31 -0500] "GET /avaa.php HTTP/1.1" 404 116096 "-" "-"
85.208.96.208 - - [15/Jan/2025:07:32:31 -0500] "GET /product/sjchedivfivg52700?id=86476 HTTP/1.1" 404 28462 "-" "Mozilla/5.0 (compatible; SemrushBot/7~bl; +http://www.semrush.com/bot.html)"
150.136.69.140 - - [15/Jan/2025:07:32:33 -0500] "GET /images/cloud.php HTTP/1.1" 404 116093 "-" "-"
150.136.69.140 - - [15/Jan/2025:07:32:36 -0500] "GET /wp-admin/js/widgets/cloud.php HTTP/1.1" 404 116159 "-" "-"
185.191.171.19 - - [15/Jan/2025:07:32:36 -0500] "GET /product/zxqxbcivfrfw69982?id=178374 HTTP/1.1" 404 28466 "-" "Mozilla/5.0 (compatible; SemrushBot/7~bl; +http://www.semrush.com/bot.html)"
150.136.69.140 - - [15/Jan/2025:07:32:39 -0500] "GET /wp-includes/Requests/Text/admin.php HTTP/1.1" 404 116159 "-" "-"
162.213.251.239 - - [15/Jan/2025:07:32:44 -0500] "POST /wp-cron.php?doing_wp_cron=1736944363.5360069274902343750000 HTTP/1.1" 403 1242 "-" "WordPress/6.6; https://visionsynchomeimprovement.com"
150.136.69.140 - - [15/Jan/2025:07:32:42 -0500] "GET /wp-admin/css/colors/cloud.php HTTP/1.1" 404 116159 "-" "-"
85.208.96.211 - - [15/Jan/2025:07:32:44 -0500] "GET /product/wcardeivfvrg42617?id=211706 HTTP/1.1" 404 28466 "-" "Mozilla/5.0 (compatible; SemrushBot/7~bl; +http://www.semrush.com/bot.html)"
150.136.69.140 - - [15/Jan/2025:07:32:45 -0500] "GET /wp-admin/includes/cloud.php HTTP/1.1" 404 116159 "-" "-"
150.136.69.140 - - [15/Jan/2025:07:32:47 -0500] "GET /wp-admin/css/colors/blue/cloud.php HTTP/1.1" 404 116159 "-" "-"
150.136.69.140 - - [15/Jan/2025:07:32:49 -0500] "GET /wp-admin/cloud.php HTTP/1.1" 404 116096 "-" "-"
150.136.69.140 - - [15/Jan/2025:07:32:51 -0500] "GET /updates.php HTTP/1.1" 404 116093 "-" "-"
150.136.69.140 - - [15/Jan/2025:07:32:53 -0500] "GET /libraries/legacy/updates.php HTTP/1.1" 404 116156 "-" "-"
150.136.69.140 - - [15/Jan/2025:07:32:55 -0500] "GET /libraries/phpmailer/updates.php HTTP/1.1" 404 116159 "-" "-"
150.136.69.140 - - [15/Jan/2025:07:32:57 -0500] "GET /libraries/vendor/updates.php HTTP/1.1" 404 116159 "-" "-"
185.191.171.17 - - [15/Jan/2025:07:32:59 -0500] "GET /product/zqfashivfqsc52700?id=167054 HTTP/1.1" 404 28461 "-" "Mozilla/5.0 (compatible; SemrushBot/7~bl; +http://www.semrush.com/bot.html)"
150.136.69.140 - - [15/Jan/2025:07:33:00 -0500] "GET /alfa-rex.php7 HTTP/1.1" 404 116093 "-" "-"
150.136.69.140 - - [15/Jan/2025:07:33:03 -0500] "GET /alfanew.php HTTP/1.1" 404 116096 "-" "-"
150.136.69.140 - - [15/Jan/2025:07:33:05 -0500] "GET /wp-content/plugins/Cache/Cache.php HTTP/1.1" 404 116159 "-" "-"
150.136.69.140 - - [15/Jan/2025:07:33:08 -0500] "GET /wp-admin/js/widgets/about.php7 HTTP/1.1" 404 116156 "-" "-"
150.136.69.140 - - [15/Jan/2025:07:33:11 -0500] "GET /wp-p.php7 HTTP/1.1" 404 116093 "-" "-"
150.136.69.140 - - [15/Jan/2025:07:33:14 -0500] "GET /wp-admin/repeater.php HTTP/1.1" 404 116090 "-" "-"
185.191.171.5 - - [15/Jan/2025:07:33:16 -0500] "GET /product/aivfiky80272?id=341076 HTTP/1.1" 404 28467 "-" "Mozilla/5.0 (compatible; SemrushBot/7~bl; +http://www.semrush.com/bot.html)"
150.136.69.140 - - [15/Jan/2025:07:33:19 -0500] "GET /wp-includes/repeater.php HTTP/1.1" 404 116096 "-" "-"
150.136.69.140 - - [15/Jan/2025:07:33:22 -0500] "GET /wp-content/repeater.php HTTP/1.1" 404 116096 "-" "-"
150.136.69.140 - - [15/Jan/2025:07:33:26 -0500] "GET /wsoyanz.php HTTP/1.1" 404 116096 "-" "-"
150.136.69.140 - - [15/Jan/2025:07:33:28 -0500] "GET /yanz.php HTTP/1.1" 404 116093 "-" "-"
150.136.69.140 - - [15/Jan/2025:07:33:31 -0500] "GET /wp-admin/js/about.php HTTP/1.1" 404 116159 "-" "-"
150.136.69.140 - - [15/Jan/2025:07:33:34 -0500] "GET /wp-content/plugins/seoo/wsoyanz.php HTTP/1.1" 404 116156 "-" "-"
150.136.69.140 - - [15/Jan/2025:07:33:36 -0500] "GET /wp-content/plugins/seoo/wsoyanz1.php HTTP/1.1" 404 116159 "-" "-"
150.136.69.140 - - [15/Jan/2025:07:33:38 -0500] "GET /cache-compat.php HTTP/1.1" 404 116096 "-" "-"
85.208.96.193 - - [15/Jan/2025:07:33:39 -0500] "GET /robots.txt HTTP/1.1" 200 122 "-" "Mozilla/5.0 (compatible; SemrushBot/7~bl; +http://www.semrush.com/bot.html)"
150.136.69.140 - - [15/Jan/2025:07:33:40 -0500] "GET /ajax-actions.php HTTP/1.1" 404 116093 "-" "-"
85.208.96.212 - - [15/Jan/2025:07:33:41 -0500] "GET /product/aivfzhf93695?id=77335 HTTP/1.1" 404 28464 "-" "Mozilla/5.0 (compatible; SemrushBot/7~bl; +http://www.semrush.com/bot.html)"
150.136.69.140 - - [15/Jan/2025:07:33:42 -0500] "GET /wp-admin/ajax-actions.php HTTP/1.1" 404 116093 "-" "-"
162.213.251.239 - - [15/Jan/2025:07:33:47 -0500] "POST /wp-cron.php?doing_wp_cron=1736944426.6683149337768554687500 HTTP/1.1" 403 1242 "-" "WordPress/6.6; https://visionsynchomeimprovement.com"
150.136.69.140 - - [15/Jan/2025:07:33:45 -0500] "GET /wp-consar.php HTTP/1.1" 404 116093 "-" "-"
150.136.69.140 - - [15/Jan/2025:07:33:48 -0500] "GET /repeater.php HTTP/1.1" 404 116093 "-" "-"
85.208.96.200 - - [15/Jan/2025:07:33:52 -0500] "GET /product/bqacngivfmst42339?id=121845 HTTP/1.1" 404 28464 "-" "Mozilla/5.0 (compatible; SemrushBot/7~bl; +http://www.semrush.com/bot.html)"
150.136.69.140 - - [15/Jan/2025:07:33:52 -0500] "GET /admin-post.php HTTP/1.1" 404 116096 "-" "-"
150.136.69.140 - - [15/Jan/2025:07:33:55 -0500] "GET /wp-admin/maint/maint/ajax-actions.php HTTP/1.1" 404 116159 "-" "-"
85.208.96.194 - - [15/Jan/2025:07:33:55 -0500] "GET /product/qrnoufivfirg42339?id=34956 HTTP/1.1" 404 28465 "-" "Mozilla/5.0 (compatible; SemrushBot/7~bl; +http://www.semrush.com/bot.html)"
150.136.69.140 - - [15/Jan/2025:07:33:57 -0500] "GET /wp-admin/dropdown.php HTTP/1.1" 404 116096 "-" "-"
150.136.69.140 - - [15/Jan/2025:07:33:59 -0500] "GET /wp-admin/css/index.php HTTP/1.1" 301 0 "-" "-"
150.136.69.140 - - [15/Jan/2025:07:34:01 -0500] "GET /wp-admin/css/ HTTP/1.1" 200 29282 "-" "-"
150.136.69.140 - - [15/Jan/2025:07:34:01 -0500] "GET /dropdown.php HTTP/1.1" 404 116093 "-" "-"
150.136.69.140 - - [15/Jan/2025:07:34:03 -0500] "GET /about.php HTTP/1.1" 404 116096 "-" "-"
150.136.69.140 - - [15/Jan/2025:07:34:06 -0500] "GET /admin.php HTTP/1.1" 404 116096 "-" "-"
150.136.69.140 - - [15/Jan/2025:07:34:08 -0500] "GET /about.php7 HTTP/1.1" 404 116093 "-" "-"
150.136.69.140 - - [15/Jan/2025:07:34:10 -0500] "GET /alfanew.php7 HTTP/1.1" 404 116087 "-" "-"
150.136.69.140 - - [15/Jan/2025:07:34:12 -0500] "GET /adminfuns.php7 HTTP/1.1" 404 116096 "-" "-"
85.208.96.204 - - [15/Jan/2025:07:34:14 -0500] "GET /product/liptehivfefw42339?id=308322 HTTP/1.1" 404 28466 "-" "Mozilla/5.0 (compatible; SemrushBot/7~bl; +http://www.semrush.com/bot.html)"
150.136.69.140 - - [15/Jan/2025:07:34:15 -0500] "GET /ebs.php7 HTTP/1.1" 404 116093 "-" "-"
150.136.69.140 - - [15/Jan/2025:07:34:18 -0500] "GET /ws.php7 HTTP/1.1" 404 116093 "-" "-"
150.136.69.140 - - [15/Jan/2025:07:34:20 -0500] "GET /alfanew2.php7 HTTP/1.1" 404 116096 "-" "-"
150.136.69.140 - - [15/Jan/2025:07:34:22 -0500] "GET /alfa-rex2.php7 HTTP/1.1" 404 116096 "-" "-"
150.136.69.140 - - [15/Jan/2025:07:34:27 -0500] "GET /.well-known/acme-challenge/cloud.php HTTP/1.1" 404 116156 "-" "-"
150.136.69.140 - - [15/Jan/2025:07:34:28 -0500] "GET /wp-admin/images/index.php HTTP/1.1" 301 0 "-" "-"
150.136.69.140 - - [15/Jan/2025:07:34:29 -0500] "GET /wp-admin/images/ HTTP/1.1" 200 22386 "-" "-"
150.136.69.140 - - [15/Jan/2025:07:34:30 -0500] "GET /wp-admin/css/colors/index.php HTTP/1.1" 301 0 "-" "-"
150.136.69.140 - - [15/Jan/2025:07:34:31 -0500] "GET /wp-admin/css/colors/ HTTP/1.1" 200 4729 "-" "-"
150.136.69.140 - - [15/Jan/2025:07:34:31 -0500] "GET /wp-content/themes/pridmag/db.php?u HTTP/1.1" 404 116156 "-" "-"
150.136.69.140 - - [15/Jan/2025:07:34:34 -0500] "GET /wp-content/themes/seotheme/mar.php HTTP/1.1" 404 116159 "-" "-"
150.136.69.140 - - [15/Jan/2025:07:34:39 -0500] "GET /wp-content/plugins/linkpreview/db.php?u HTTP/1.1" 404 116156 "-" "-"
150.136.69.140 - - [15/Jan/2025:07:34:42 -0500] "GET /wp-content/themes/seotheme/db.php?u HTTP/1.1" 404 116156 "-" "-"
85.208.96.200 - - [15/Jan/2025:07:34:42 -0500] "GET /product/uyhcxdivfgvc52700?id=84992 HTTP/1.1" 404 28463 "-" "Mozilla/5.0 (compatible; SemrushBot/7~bl; +http://www.semrush.com/bot.html)"
150.136.69.140 - - [15/Jan/2025:07:34:44 -0500] "GET /wp-content/plugins/seoplugins/db.php?u HTTP/1.1" 404 116159 "-" "-"
162.213.251.239 - - [15/Jan/2025:07:34:47 -0500] "POST /wp-cron.php?doing_wp_cron=1736944486.7236590385437011718750 HTTP/1.1" 403 1242 "-" "WordPress/6.6; https://visionsynchomeimprovement.com"
162.213.251.239 - - [15/Jan/2025:07:34:47 -0500] "POST /wp-cron.php?doing_wp_cron=1736944487.5195770263671875000000 HTTP/1.1" 403 1242 "-" "WordPress/6.6; https://visionsynchomeimprovement.com"
85.208.96.208 - - [15/Jan/2025:07:34:45 -0500] "GET /product/qjkltdivfipe52700?id=86674 HTTP/1.1" 404 28466 "-" "Mozilla/5.0 (compatible; SemrushBot/7~bl; +http://www.semrush.com/bot.html)"
150.136.69.140 - - [15/Jan/2025:07:34:46 -0500] "GET /wp-content/plugins/seoplugins/mar.php HTTP/1.1" 404 116156 "-" "-"
150.136.69.140 - - [15/Jan/2025:07:34:49 -0500] "GET /.well-known/pki-validation/xmrlpc.php?p= HTTP/1.1" 404 1251 "-" "-"
150.136.69.140 - - [15/Jan/2025:07:34:49 -0500] "GET /.well-known/acme-challenge/xmrlpc.php?p= HTTP/1.1" 301 0 "-" "-"
150.136.69.140 - - [15/Jan/2025:07:34:51 -0500] "GET /.well-known/acme-challenge/xmrlpc.php HTTP/1.1" 404 116156 "-" "-"
150.136.69.140 - - [15/Jan/2025:07:34:53 -0500] "GET /wp-admin/network/xmrlpc.php?p= HTTP/1.1" 301 0 "-" "-"
150.136.69.140 - - [15/Jan/2025:07:34:55 -0500] "GET /wp-admin/network/xmrlpc.php HTTP/1.1" 404 116156 "-" "-"
150.136.69.140 - - [15/Jan/2025:07:34:57 -0500] "GET /xmrlpc.php?p= HTTP/1.1" 301 0 "-" "-"
150.136.69.140 - - [15/Jan/2025:07:35:00 -0500] "GET /xmrlpc.php HTTP/1.1" 404 116093 "-" "-"
185.191.171.3 - - [15/Jan/2025:07:35:06 -0500] "GET /product/ojbqzbivflnc63233?id=63132 HTTP/1.1" 404 28465 "-" "Mozilla/5.0 (compatible; SemrushBot/7~bl; +http://www.semrush.com/bot.html)"
150.136.69.140 - - [15/Jan/2025:07:35:09 -0500] "GET /cgi-bin/xmrlpc.php?p= HTTP/1.1" 301 0 "-" "-"
150.136.69.140 - - [15/Jan/2025:07:35:12 -0500] "GET /cgi-bin/xmrlpc.php HTTP/1.1" 404 116096 "-" "-"
150.136.69.140 - - [15/Jan/2025:07:35:17 -0500] "GET /css/xmrlpc.php?p= HTTP/1.1" 301 0 "-" "-"
150.136.69.140 - - [15/Jan/2025:07:35:19 -0500] "GET /css/xmrlpc.php HTTP/1.1" 404 116093 "-" "-"
150.136.69.140 - - [15/Jan/2025:07:35:23 -0500] "GET /wp-admin/user/xmrlpc.php?p= HTTP/1.1" 301 0 "-" "-"
150.136.69.140 - - [15/Jan/2025:07:35:25 -0500] "GET /wp-admin/user/xmrlpc.php HTTP/1.1" 404 116159 "-" "-"
150.136.69.140 - - [15/Jan/2025:07:35:28 -0500] "GET /img/xmrlpc.php?p= HTTP/1.1" 301 0 "-" "-"
150.136.69.140 - - [15/Jan/2025:07:35:30 -0500] "GET /img/xmrlpc.php HTTP/1.1" 404 116093 "-" "-"
150.136.69.140 - - [15/Jan/2025:07:35:33 -0500] "GET /wp-admin/css/colors/coffee/xmrlpc.php?p= HTTP/1.1" 301 0 "-" "-"
150.136.69.140 - - [15/Jan/2025:07:35:34 -0500] "GET /wp-admin/css/colors/coffee/xmrlpc.php HTTP/1.1" 404 116159 "-" "-"
150.136.69.140 - - [15/Jan/2025:07:35:38 -0500] "GET /wp-admin/images/xmrlpc.php?p= HTTP/1.1" 301 0 "-" "-"
85.208.96.206 - - [15/Jan/2025:07:35:38 -0500] "GET /product/aivfarh80272?id=261785 HTTP/1.1" 404 28465 "-" "Mozilla/5.0 (compatible; SemrushBot/7~bl; +http://www.semrush.com/bot.html)"
150.136.69.140 - - [15/Jan/2025:07:35:40 -0500] "GET /wp-admin/images/xmrlpc.php HTTP/1.1" 404 116156 "-" "-"
150.136.69.140 - - [15/Jan/2025:07:35:42 -0500] "GET /images/xmrlpc.php?p= HTTP/1.1" 301 0 "-" "-"
150.136.69.140 - - [15/Jan/2025:07:35:44 -0500] "GET /images/xmrlpc.php HTTP/1.1" 404 116093 "-" "-"
185.191.171.11 - - [15/Jan/2025:07:35:44 -0500] "GET /product/aivfycc80272?id=245402 HTTP/1.1" 404 28466 "-" "Mozilla/5.0 (compatible; SemrushBot/7~bl; +http://www.semrush.com/bot.html)"
150.136.69.140 - - [15/Jan/2025:07:35:46 -0500] "GET /wp-admin/js/widgets/xmrlpc.php?p= HTTP/1.1" 301 0 "-" "-"
162.213.251.239 - - [15/Jan/2025:07:35:48 -0500] "POST /wp-cron.php?doing_wp_cron=1736944548.2838649749755859375000 HTTP/1.1" 403 1242 "-" "WordPress/6.6; https://visionsynchomeimprovement.com"
150.136.69.140 - - [15/Jan/2025:07:35:47 -0500] "GET /wp-admin/js/widgets/xmrlpc.php HTTP/1.1" 404 116150 "-" "-"
150.136.69.140 - - [15/Jan/2025:07:35:49 -0500] "GET /wp-admin/css/colors/xmrlpc.php?p= HTTP/1.1" 301 0 "-" "-"
185.191.171.19 - - [15/Jan/2025:07:35:49 -0500] "GET /product/aivfrxu80272?id=174920 HTTP/1.1" 404 28463 "-" "Mozilla/5.0 (compatible; SemrushBot/7~bl; +http://www.semrush.com/bot.html)"
150.136.69.140 - - [15/Jan/2025:07:35:51 -0500] "GET /wp-admin/css/colors/xmrlpc.php HTTP/1.1" 404 116159 "-" "-"
85.208.96.200 - - [15/Jan/2025:07:35:53 -0500] "GET /product/vlksseivfnde52700?id=65034 HTTP/1.1" 404 28464 "-" "Mozilla/5.0 (compatible; SemrushBot/7~bl; +http://www.semrush.com/bot.html)"
150.136.69.140 - - [15/Jan/2025:07:35:55 -0500] "GET /wp-admin/includes/xmrlpc.php?p= HTTP/1.1" 301 0 "-" "-"
150.136.69.140 - - [15/Jan/2025:07:35:56 -0500] "GET /wp-admin/includes/xmrlpc.php HTTP/1.1" 404 116159 "-" "-"
150.136.69.140 - - [15/Jan/2025:07:35:59 -0500] "GET /wp-admin/css/colors/blue/xmrlpc.php?p= HTTP/1.1" 301 0 "-" "-"
150.136.69.140 - - [15/Jan/2025:07:36:01 -0500] "GET /wp-admin/css/colors/blue/xmrlpc.php HTTP/1.1" 404 116153 "-" "-"
150.136.69.140 - - [15/Jan/2025:07:36:03 -0500] "GET /wp-admin/xmrlpc.php?p= HTTP/1.1" 301 0 "-" "-"
150.136.69.140 - - [15/Jan/2025:07:36:05 -0500] "GET /wp-admin/xmrlpc.php HTTP/1.1" 404 116096 "-" "-"
150.136.69.140 - - [15/Jan/2025:07:36:10 -0500] "GET /403.php HTTP/1.1" 404 116096 "-" "-"
150.136.69.140 - - [15/Jan/2025:07:36:14 -0500] "GET /content.php HTTP/1.1" 404 116093 "-" "-"
150.136.69.140 - - [15/Jan/2025:07:36:18 -0500] "GET /wp-content/plugins/not/includes/about.php HTTP/1.1" 404 116153 "-" "-"
85.208.96.201 - - [15/Jan/2025:07:36:20 -0500] "GET /product/uihvkiivfakg71912?id=26366 HTTP/1.1" 404 28463 "-" "Mozilla/5.0 (compatible; SemrushBot/7~bl; +http://www.semrush.com/bot.html)"
150.136.69.140 - - [15/Jan/2025:07:36:21 -0500] "GET /wp-content/plugins/simple/simple.php HTTP/1.1" 404 116156 "-" "-"
85.208.96.207 - - [15/Jan/2025:07:36:23 -0500] "GET /product/kqccbeivfwce69982?id=220256 HTTP/1.1" 404 28465 "-" "Mozilla/5.0 (compatible; SemrushBot/7~bl; +http://www.semrush.com/bot.html)"
150.136.69.140 - - [15/Jan/2025:07:36:23 -0500] "GET /wp-content/plugins/wp-theme-editor/include.php HTTP/1.1" 404 116159 "-" "-"
150.136.69.140 - - [15/Jan/2025:07:36:28 -0500] "GET /wp-content/themes/aahana/json.php HTTP/1.1" 404 116159 "-" "-"
185.191.171.15 - - [15/Jan/2025:07:36:30 -0500] "GET /product/umrlsaivfvqn63233?id=216891 HTTP/1.1" 404 28468 "-" "Mozilla/5.0 (compatible; SemrushBot/7~bl; +http://www.semrush.com/bot.html)"
150.136.69.140 - - [15/Jan/2025:07:36:31 -0500] "GET /admin.php HTTP/1.1" 404 116093 "-" "-"
150.136.69.140 - - [15/Jan/2025:07:36:34 -0500] "GET /wp-content/plugins/awesome-coming-soon/come.php HTTP/1.1" 404 116159 "-" "-"
85.208.96.199 - - [15/Jan/2025:07:36:34 -0500] "GET /product/hhbcpiivfmam69982?id=122664 HTTP/1.1" 404 28466 "-" "Mozilla/5.0 (compatible; SemrushBot/7~bl; +http://www.semrush.com/bot.html)"
150.136.69.140 - - [15/Jan/2025:07:36:36 -0500] "GET /wp-content/plugins/wp-conflg.php HTTP/1.1" 404 116156 "-" "-"
150.136.69.140 - - [15/Jan/2025:07:36:39 -0500] "GET /berlin.php HTTP/1.1" 404 116096 "-" "-"
150.136.69.140 - - [15/Jan/2025:07:36:41 -0500] "GET /wp-includes/Requests/about.php HTTP/1.1" 404 116159 "-" "-"
150.136.69.140 - - [15/Jan/2025:07:36:44 -0500] "GET /wp-includes/style-engine/about.php HTTP/1.1" 404 116156 "-" "-"
150.136.69.140 - - [15/Jan/2025:07:36:46 -0500] "GET /wp-includes/rest-api/about.php HTTP/1.1" 404 116153 "-" "-"
162.213.251.239 - - [15/Jan/2025:07:36:51 -0500] "POST /wp-cron.php?doing_wp_cron=1736944610.6591610908508300781250 HTTP/1.1" 403 1242 "-" "WordPress/6.6; https://visionsynchomeimprovement.com"
150.136.69.140 - - [15/Jan/2025:07:36:49 -0500] "GET /wp-includes/SimplePie/about.php HTTP/1.1" 404 116159 "-" "-"
185.191.171.1 - - [15/Jan/2025:07:36:51 -0500] "GET /product/tnkkofivfmmk69982?id=121210 HTTP/1.1" 404 28463 "-" "Mozilla/5.0 (compatible; SemrushBot/7~bl; +http://www.semrush.com/bot.html)"
150.136.69.140 - - [15/Jan/2025:07:36:52 -0500] "GET /wp-content/banners/about.php HTTP/1.1" 404 116156 "-" "-"
150.136.69.140 - - [15/Jan/2025:07:36:53 -0500] "GET /wp-content/about.php HTTP/1.1" 404 116093 "-" "-"
150.136.69.140 - - [15/Jan/2025:07:36:56 -0500] "GET /.well-known/about.php HTTP/1.1" 404 116093 "-" "-"
150.136.69.140 - - [15/Jan/2025:07:36:58 -0500] "GET /wp-includes/Text/about.php HTTP/1.1" 404 116156 "-" "-"
150.136.69.140 - - [15/Jan/2025:07:37:00 -0500] "GET /wp-includes/ID3/about.php HTTP/1.1" 404 116159 "-" "-"
150.136.69.140 - - [15/Jan/2025:07:37:03 -0500] "GET /img/about.php HTTP/1.1" 404 116096 "-" "-"
150.136.69.140 - - [15/Jan/2025:07:37:06 -0500] "GET /wp-content/languages/about.php HTTP/1.1" 404 116156 "-" "-"
150.136.69.140 - - [15/Jan/2025:07:37:08 -0500] "GET /wp-includes/customize/about.php HTTP/1.1" 404 116159 "-" "-"
150.136.69.140 - - [15/Jan/2025:07:37:12 -0500] "GET /wp-includes.bak/html-api/about.php HTTP/1.1" 404 116159 "-" "-"
150.136.69.140 - - [15/Jan/2025:07:37:14 -0500] "GET /wp-includes/widgets/about.php HTTP/1.1" 404 116159 "-" "-"
