185.191.171.8 - - [15/Jan/2025:20:18:40 -0500] "GET /product/aivfxex93695?id=230449 HTTP/1.1" 404 28457 "-" "Mozilla/5.0 (compatible; SemrushBot/7~bl; +http://www.semrush.com/bot.html)"
185.191.171.16 - - [15/Jan/2025:20:18:50 -0500] "GET /product/tqsrljivfclk18359?id=281136 HTTP/1.1" 404 28460 "-" "Mozilla/5.0 (compatible; SemrushBot/7~bl; +http://www.semrush.com/bot.html)"
162.213.251.239 - - [15/Jan/2025:20:19:50 -0500] "POST /wp-cron.php?doing_wp_cron=1736990390.6368699073791503906250 HTTP/1.1" 403 1242 "-" "WordPress/6.6; https://visionsynchomeimprovement.com"
3.7.94.9 - - [15/Jan/2025:20:19:48 -0500] "HEAD /Wordpress HTTP/1.1" 404 0 "http://visionsynchomeimprovement.com/Wordpress" "Mozilla/5.0 (X11; Linux x86_64) AppleWebKit/537.36 (KHTML, like Gecko) Chrome/96.0.4664.45 Safari/537.36"
185.191.171.12 - - [15/Jan/2025:20:20:19 -0500] "GET /wp-includes/class-wp-post.php HTTP/1.1" 403 1242 "-" "Mozilla/5.0 (compatible; SemrushBot/7~bl; +http://www.semrush.com/bot.html)"
185.191.171.19 - - [15/Jan/2025:20:20:35 -0500] "GET /product/vkzfkgivfmwk42617?id=124810 HTTP/1.1" 404 28462 "-" "Mozilla/5.0 (compatible; SemrushBot/7~bl; +http://www.semrush.com/bot.html)"
162.213.251.239 - - [15/Jan/2025:20:21:02 -0500] "POST /wp-cron.php?doing_wp_cron=1736990462.3378310203552246093750 HTTP/1.1" 403 1242 "-" "WordPress/6.6; https://visionsynchomeimprovement.com"
85.208.96.202 - - [15/Jan/2025:20:21:00 -0500] "GET /product/tqhjpfivftij63233?id=45869 HTTP/1.1" 404 28460 "-" "Mozilla/5.0 (compatible; SemrushBot/7~bl; +http://www.semrush.com/bot.html)"
185.191.171.7 - - [15/Jan/2025:20:21:06 -0500] "GET /product/xrijkiivfxde71912?id=238130 HTTP/1.1" 404 28484 "-" "Mozilla/5.0 (compatible; SemrushBot/7~bl; +http://www.semrush.com/bot.html)"
85.208.96.195 - - [15/Jan/2025:20:21:22 -0500] "GET /product/rtmkpaivfagh42617?id=268459 HTTP/1.1" 404 28462 "-" "Mozilla/5.0 (compatible; SemrushBot/7~bl; +http://www.semrush.com/bot.html)"
85.208.96.202 - - [15/Jan/2025:20:21:27 -0500] "GET /product/aivfssj93695?id=44709 HTTP/1.1" 404 28461 "-" "Mozilla/5.0 (compatible; SemrushBot/7~bl; +http://www.semrush.com/bot.html)"
85.208.96.208 - - [15/Jan/2025:20:21:33 -0500] "GET /product/jdjmsaivfdpl69982?id=299363 HTTP/1.1" 404 28463 "-" "Mozilla/5.0 (compatible; SemrushBot/7~bl; +http://www.semrush.com/bot.html)"
85.208.96.201 - - [15/Jan/2025:20:21:38 -0500] "GET /product/povtaeivfmoh18359?id=12927 HTTP/1.1" 404 28460 "-" "Mozilla/5.0 (compatible; SemrushBot/7~bl; +http://www.semrush.com/bot.html)"
85.208.96.204 - - [15/Jan/2025:20:21:42 -0500] "GET /product/suzpeaivfcqk42339?id=284236 HTTP/1.1" 404 28462 "-" "Mozilla/5.0 (compatible; SemrushBot/7~bl; +http://www.semrush.com/bot.html)"
85.208.96.195 - - [15/Jan/2025:20:21:47 -0500] "GET /product/crqibgivftnp18359?id=191341 HTTP/1.1" 404 28462 "-" "Mozilla/5.0 (compatible; SemrushBot/7~bl; +http://www.semrush.com/bot.html)"
185.191.171.14 - - [15/Jan/2025:20:21:53 -0500] "GET /product/sfbjdcivfkrc69982?id=101754 HTTP/1.1" 404 28462 "-" "Mozilla/5.0 (compatible; SemrushBot/7~bl; +http://www.semrush.com/bot.html)"
85.208.96.210 - - [15/Jan/2025:20:22:00 -0500] "GET /product/isbjgdivfuve71912?id=98214 HTTP/1.1" 404 28458 "-" "Mozilla/5.0 (compatible; SemrushBot/7~bl; +http://www.semrush.com/bot.html)"
162.213.251.239 - - [15/Jan/2025:20:22:17 -0500] "POST /wp-cron.php?doing_wp_cron=1736990537.3515789508819580078125 HTTP/1.1" 403 1242 "-" "WordPress/6.6; https://visionsynchomeimprovement.com"
185.191.171.17 - - [15/Jan/2025:20:22:15 -0500] "GET /product/wiyuzfivfdng42339?id=296532 HTTP/1.1" 404 28461 "-" "Mozilla/5.0 (compatible; SemrushBot/7~bl; +http://www.semrush.com/bot.html)"
85.208.96.199 - - [15/Jan/2025:20:22:20 -0500] "GET /product/dkhrddivfape18359?id=78414 HTTP/1.1" 404 28459 "-" "Mozilla/5.0 (compatible; SemrushBot/7~bl; +http://www.semrush.com/bot.html)"
85.208.96.199 - - [15/Jan/2025:20:22:25 -0500] "GET /product/fbeneaivfbnk71912?id=273988 HTTP/1.1" 404 28463 "-" "Mozilla/5.0 (compatible; SemrushBot/7~bl; +http://www.semrush.com/bot.html)"
85.208.96.194 - - [15/Jan/2025:20:22:37 -0500] "GET /product/aqooojivfea71912?id=3052 HTTP/1.1" 404 28462 "-" "Mozilla/5.0 (compatible; SemrushBot/7~bl; +http://www.semrush.com/bot.html)"
185.191.171.3 - - [15/Jan/2025:20:22:48 -0500] "GET /product/aivfqwg93695?id=167432 HTTP/1.1" 404 28460 "-" "Mozilla/5.0 (compatible; SemrushBot/7~bl; +http://www.semrush.com/bot.html)"
5.189.187.103 - - [15/Jan/2025:20:23:13 -0500] "GET /wp-content/plugins/WordPressCore/include.php HTTP/1.1" 404 28482 "www.google.com" "Mozilla/5.0 (Linux; Android 7.0; SM-G892A Build/NRD90M; wv) AppleWebKit/537.36 (KHTML, like Gecko) Version/4.0 Chrome/60.0.3112.107 Mobile Safari/537.36"
162.213.251.239 - - [15/Jan/2025:20:23:23 -0500] "POST /wp-cron.php?doing_wp_cron=1736990603.8274910449981689453125 HTTP/1.1" 403 1242 "-" "WordPress/6.6; https://visionsynchomeimprovement.com"
5.189.187.103 - - [15/Jan/2025:20:23:21 -0500] "GET /wp-content/themes/include.php HTTP/1.1" 404 28485 "www.google.com" "Mozilla/5.0 (Linux; Android 7.0; SM-G892A Build/NRD90M; wv) AppleWebKit/537.36 (KHTML, like Gecko) Version/4.0 Chrome/60.0.3112.107 Mobile Safari/537.36"
5.189.187.103 - - [15/Jan/2025:20:23:31 -0500] "GET /simple.php HTTP/1.1" 404 28462 "www.google.com" "Mozilla/5.0 (Linux; Android 7.0; SM-G892A Build/NRD90M; wv) AppleWebKit/537.36 (KHTML, like Gecko) Version/4.0 Chrome/60.0.3112.107 Mobile Safari/537.36"
185.191.171.3 - - [15/Jan/2025:20:23:34 -0500] "GET /product/aivfclz80272?id=286377 HTTP/1.1" 404 28468 "-" "Mozilla/5.0 (compatible; SemrushBot/7~bl; +http://www.semrush.com/bot.html)"
5.189.187.103 - - [15/Jan/2025:20:23:38 -0500] "GET /file.php HTTP/1.1" 404 28460 "www.google.com" "Mozilla/5.0 (Linux; Android 7.0; SM-G892A Build/NRD90M; wv) AppleWebKit/537.36 (KHTML, like Gecko) Version/4.0 Chrome/60.0.3112.107 Mobile Safari/537.36"
5.189.187.103 - - [15/Jan/2025:20:23:45 -0500] "GET /style.php HTTP/1.1" 404 28463 "www.google.com" "Mozilla/5.0 (Linux; Android 7.0; SM-G892A Build/NRD90M; wv) AppleWebKit/537.36 (KHTML, like Gecko) Version/4.0 Chrome/60.0.3112.107 Mobile Safari/537.36"
162.213.251.239 - - [15/Jan/2025:20:24:30 -0500] "POST /wp-cron.php?doing_wp_cron=1736990670.3421669006347656250000 HTTP/1.1" 403 1242 "-" "WordPress/6.6; https://visionsynchomeimprovement.com"
85.208.96.202 - - [15/Jan/2025:20:24:28 -0500] "GET /product/aivfhmf80272?id=336431 HTTP/1.1" 404 28462 "-" "Mozilla/5.0 (compatible; SemrushBot/7~bl; +http://www.semrush.com/bot.html)"
85.208.96.201 - - [15/Jan/2025:20:24:35 -0500] "GET /product/aivfmgb80272?id=90581 HTTP/1.1" 404 28464 "-" "Mozilla/5.0 (compatible; SemrushBot/7~bl; +http://www.semrush.com/bot.html)"
85.208.96.197 - - [15/Jan/2025:20:25:00 -0500] "GET /product/klmspfivfsks42617?id=186270 HTTP/1.1" 404 28462 "-" "Mozilla/5.0 (compatible; SemrushBot/7~bl; +http://www.semrush.com/bot.html)"
185.191.171.14 - - [15/Jan/2025:20:25:07 -0500] "GET /product/feaqraivfmbh18359?id=90797 HTTP/1.1" 404 28461 "-" "Mozilla/5.0 (compatible; SemrushBot/7~bl; +http://www.semrush.com/bot.html)"
185.191.171.16 - - [15/Jan/2025:20:25:14 -0500] "GET /robots.txt HTTP/1.1" 200 122 "-" "Mozilla/5.0 (compatible; SemrushBot/7~bl; +http://www.semrush.com/bot.html)"
85.208.96.210 - - [15/Jan/2025:20:25:17 -0500] "GET /product/ujhmicivfqfx71912?id=168375 HTTP/1.1" 404 28461 "-" "Mozilla/5.0 (compatible; SemrushBot/7~bl; +http://www.semrush.com/bot.html)"
3.7.94.9 - - [15/Jan/2025:20:25:20 -0500] "HEAD /WORDPRESS HTTP/1.1" 404 0 "http://visionsynchomeimprovement.com/WORDPRESS" "Mozilla/5.0 (X11; Linux x86_64) AppleWebKit/537.36 (KHTML, like Gecko) Chrome/96.0.4664.45 Safari/537.36"
85.208.96.206 - - [15/Jan/2025:20:25:24 -0500] "GET /product/wljeldivftlr52700?id=191143 HTTP/1.1" 404 28462 "-" "Mozilla/5.0 (compatible; SemrushBot/7~bl; +http://www.semrush.com/bot.html)"
162.213.251.239 - - [15/Jan/2025:20:25:32 -0500] "POST /wp-cron.php?doing_wp_cron=1736990732.6328940391540527343750 HTTP/1.1" 403 1242 "-" "WordPress/6.6; https://visionsynchomeimprovement.com"
85.208.96.201 - - [15/Jan/2025:20:25:30 -0500] "GET /product/skcppdivfesd42617?id=301881 HTTP/1.1" 404 28460 "-" "Mozilla/5.0 (compatible; SemrushBot/7~bl; +http://www.semrush.com/bot.html)"
185.191.171.5 - - [15/Jan/2025:20:25:36 -0500] "GET /product/aivffvn93695?id=319991 HTTP/1.1" 404 28462 "-" "Mozilla/5.0 (compatible; SemrushBot/7~bl; +http://www.semrush.com/bot.html)"
85.208.96.206 - - [15/Jan/2025:20:25:41 -0500] "GET /product/aivfjsf93695?id=35445 HTTP/1.1" 404 28462 "-" "Mozilla/5.0 (compatible; SemrushBot/7~bl; +http://www.semrush.com/bot.html)"
85.208.96.198 - - [15/Jan/2025:20:25:46 -0500] "GET /product/bqyyscivfcus42617?id=287244 HTTP/1.1" 404 28463 "-" "Mozilla/5.0 (compatible; SemrushBot/7~bl; +http://www.semrush.com/bot.html)"
185.191.171.13 - - [15/Jan/2025:20:25:55 -0500] "GET /product/uhsbafivfxru71912?id=234398 HTTP/1.1" 404 28460 "-" "Mozilla/5.0 (compatible; SemrushBot/7~bl; +http://www.semrush.com/bot.html)"
185.191.171.5 - - [15/Jan/2025:20:26:00 -0500] "GET /product/kgdrhbivfxpv42617?id=236773 HTTP/1.1" 404 28462 "-" "Mozilla/5.0 (compatible; SemrushBot/7~bl; +http://www.semrush.com/bot.html)"
85.208.96.193 - - [15/Jan/2025:20:26:05 -0500] "GET /product/aivfswl41189?id=184837 HTTP/1.1" 404 28463 "-" "Mozilla/5.0 (compatible; SemrushBot/7~bl; +http://www.semrush.com/bot.html)"
85.208.96.198 - - [15/Jan/2025:20:26:10 -0500] "GET /product/aivfede93695?id=30554 HTTP/1.1" 404 28461 "-" "Mozilla/5.0 (compatible; SemrushBot/7~bl; +http://www.semrush.com/bot.html)"
85.208.96.210 - - [15/Jan/2025:20:26:29 -0500] "GET /product/fomcdiivflgi52700?id=89328 HTTP/1.1" 404 28459 "-" "Mozilla/5.0 (compatible; SemrushBot/7~bl; +http://www.semrush.com/bot.html)"
162.213.251.239 - - [15/Jan/2025:20:26:37 -0500] "POST /wp-cron.php?doing_wp_cron=1736990797.7265439033508300781250 HTTP/1.1" 403 1242 "-" "WordPress/6.6; https://visionsynchomeimprovement.com"
185.191.171.11 - - [15/Jan/2025:20:26:35 -0500] "GET /product/upxoycivfxyc42617?id=23242 HTTP/1.1" 404 28462 "-" "Mozilla/5.0 (compatible; SemrushBot/7~bl; +http://www.semrush.com/bot.html)"
185.191.171.6 - - [15/Jan/2025:20:26:42 -0500] "GET /product/aivfntj80272?id=39199 HTTP/1.1" 404 28460 "-" "Mozilla/5.0 (compatible; SemrushBot/7~bl; +http://www.semrush.com/bot.html)"
85.208.96.197 - - [15/Jan/2025:20:26:50 -0500] "GET /product/peiqmdivfmfz42617?id=123151 HTTP/1.1" 404 28460 "-" "Mozilla/5.0 (compatible; SemrushBot/7~bl; +http://www.semrush.com/bot.html)"
162.213.251.239 - - [15/Jan/2025:20:27:39 -0500] "POST /wp-cron.php?doing_wp_cron=1736990859.1297359466552734375000 HTTP/1.1" 403 1242 "-" "WordPress/6.6; https://visionsynchomeimprovement.com"
85.208.96.209 - - [15/Jan/2025:20:27:36 -0500] "GET /product/aivfxuy80272?id=237250 HTTP/1.1" 404 28485 "-" "Mozilla/5.0 (compatible; SemrushBot/7~bl; +http://www.semrush.com/bot.html)"
85.208.96.209 - - [15/Jan/2025:20:28:33 -0500] "GET /product/caahyhivfyr52700?id=2469 HTTP/1.1" 404 28469 "-" "Mozilla/5.0 (compatible; SemrushBot/7~bl; +http://www.semrush.com/bot.html)"
162.213.251.239 - - [15/Jan/2025:20:28:42 -0500] "POST /wp-cron.php?doing_wp_cron=1736990922.7330169677734375000000 HTTP/1.1" 403 1242 "-" "WordPress/6.6; https://visionsynchomeimprovement.com"
85.208.96.197 - - [15/Jan/2025:20:28:41 -0500] "GET /product/xdwjkbivffog63233?id=31146 HTTP/1.1" 404 28461 "-" "Mozilla/5.0 (compatible; SemrushBot/7~bl; +http://www.semrush.com/bot.html)"
185.191.171.12 - - [15/Jan/2025:20:28:50 -0500] "GET /product/xapuqaivfvzh42617?id=217785 HTTP/1.1" 404 28460 "-" "Mozilla/5.0 (compatible; SemrushBot/7~bl; +http://www.semrush.com/bot.html)"
85.208.96.193 - - [15/Jan/2025:20:28:57 -0500] "GET /product/tzopvgivfbdf63233?id=275531 HTTP/1.1" 404 28460 "-" "Mozilla/5.0 (compatible; SemrushBot/7~bl; +http://www.semrush.com/bot.html)"
85.208.96.199 - - [15/Jan/2025:20:29:05 -0500] "GET /product/pooafiivfajs63233?id=266196 HTTP/1.1" 404 28463 "-" "Mozilla/5.0 (compatible; SemrushBot/7~bl; +http://www.semrush.com/bot.html)"
85.208.96.210 - - [15/Jan/2025:20:29:13 -0500] "GET /product/aivfoxt41189?id=147597 HTTP/1.1" 404 28462 "-" "Mozilla/5.0 (compatible; SemrushBot/7~bl; +http://www.semrush.com/bot.html)"
85.208.96.208 - - [15/Jan/2025:20:29:20 -0500] "GET /product/zvgctcivfarz63233?id=261725 HTTP/1.1" 404 28458 "-" "Mozilla/5.0 (compatible; SemrushBot/7~bl; +http://www.semrush.com/bot.html)"
185.191.171.1 - - [15/Jan/2025:20:29:30 -0500] "GET /product/aivfuvo41189?id=202166 HTTP/1.1" 404 28464 "-" "Mozilla/5.0 (compatible; SemrushBot/7~bl; +http://www.semrush.com/bot.html)"
185.191.171.12 - - [15/Jan/2025:20:29:40 -0500] "GET /product/bgiwgeivfslh69982?id=181185 HTTP/1.1" 404 28458 "-" "Mozilla/5.0 (compatible; SemrushBot/7~bl; +http://www.semrush.com/bot.html)"
162.213.251.239 - - [15/Jan/2025:20:29:48 -0500] "POST /wp-cron.php?doing_wp_cron=1736990988.9395411014556884765625 HTTP/1.1" 403 1242 "-" "WordPress/6.6; https://visionsynchomeimprovement.com"
85.208.96.195 - - [15/Jan/2025:20:29:46 -0500] "GET /product/aivfgmb80272?id=58641 HTTP/1.1" 404 28460 "-" "Mozilla/5.0 (compatible; SemrushBot/7~bl; +http://www.semrush.com/bot.html)"
185.191.171.5 - - [15/Jan/2025:20:30:06 -0500] "GET /product/aivfdvf80272?id=292131 HTTP/1.1" 404 28459 "-" "Mozilla/5.0 (compatible; SemrushBot/7~bl; +http://www.semrush.com/bot.html)"
185.191.171.16 - - [15/Jan/2025:20:30:17 -0500] "GET /product/aivfsxi80272?id=96498 HTTP/1.1" 404 28459 "-" "Mozilla/5.0 (compatible; SemrushBot/7~bl; +http://www.semrush.com/bot.html)"
85.208.96.209 - - [15/Jan/2025:20:30:23 -0500] "GET /product/aivfzje93695?id=51874 HTTP/1.1" 404 28461 "-" "Mozilla/5.0 (compatible; SemrushBot/7~bl; +http://www.semrush.com/bot.html)"
185.191.171.1 - - [15/Jan/2025:20:30:28 -0500] "GET /product/aivfoiu93695?id=146020 HTTP/1.1" 404 28459 "-" "Mozilla/5.0 (compatible; SemrushBot/7~bl; +http://www.semrush.com/bot.html)"
185.191.171.13 - - [15/Jan/2025:20:30:34 -0500] "GET /product/clsgedivfpgm42339?id=158490 HTTP/1.1" 404 28460 "-" "Mozilla/5.0 (compatible; SemrushBot/7~bl; +http://www.semrush.com/bot.html)"
85.208.96.206 - - [15/Jan/2025:20:30:46 -0500] "GET /product/tnexkcivfpib18359?id=156027 HTTP/1.1" 404 28460 "-" "Mozilla/5.0 (compatible; SemrushBot/7~bl; +http://www.semrush.com/bot.html)"
162.213.251.239 - - [15/Jan/2025:20:30:54 -0500] "POST /wp-cron.php?doing_wp_cron=1736991054.2526409626007080078125 HTTP/1.1" 403 1242 "-" "WordPress/6.6; https://visionsynchomeimprovement.com"
185.191.171.3 - - [15/Jan/2025:20:30:52 -0500] "GET /product/inpgyfivfznh42617?id=51917 HTTP/1.1" 404 28461 "-" "Mozilla/5.0 (compatible; SemrushBot/7~bl; +http://www.semrush.com/bot.html)"
85.208.96.212 - - [15/Jan/2025:20:31:14 -0500] "GET /product/atufeiivfydc42617?id=76292 HTTP/1.1" 404 28459 "-" "Mozilla/5.0 (compatible; SemrushBot/7~bl; +http://www.semrush.com/bot.html)"
162.213.251.239 - - [15/Jan/2025:20:32:01 -0500] "POST /wp-cron.php?doing_wp_cron=1736991121.1411879062652587890625 HTTP/1.1" 403 1242 "-" "WordPress/6.6; https://visionsynchomeimprovement.com"
185.191.171.8 - - [15/Jan/2025:20:31:58 -0500] "GET /product/oyoqkgivfvcw63233?id=210222 HTTP/1.1" 404 28454 "-" "Mozilla/5.0 (compatible; SemrushBot/7~bl; +http://www.semrush.com/bot.html)"
185.191.171.2 - - [15/Jan/2025:20:32:14 -0500] "GET /wp-includes/post-thumbnail-template.php HTTP/1.1" 403 1242 "-" "Mozilla/5.0 (compatible; SemrushBot/7~bl; +http://www.semrush.com/bot.html)"
185.191.171.15 - - [15/Jan/2025:20:32:20 -0500] "GET /product/aivftrj93695?id=71439 HTTP/1.1" 404 28459 "-" "Mozilla/5.0 (compatible; SemrushBot/7~bl; +http://www.semrush.com/bot.html)"
185.191.171.18 - - [15/Jan/2025:20:32:53 -0500] "GET /product/aivfifu93695?id=345746 HTTP/1.1" 404 28461 "-" "Mozilla/5.0 (compatible; SemrushBot/7~bl; +http://www.semrush.com/bot.html)"
162.213.251.239 - - [15/Jan/2025:20:33:03 -0500] "POST /wp-cron.php?doing_wp_cron=1736991183.4460370540618896484375 HTTP/1.1" 403 1242 "-" "WordPress/6.6; https://visionsynchomeimprovement.com"
185.191.171.15 - - [15/Jan/2025:20:33:01 -0500] "GET /product/lugbrdivfsaj71912?id=180061 HTTP/1.1" 404 28460 "-" "Mozilla/5.0 (compatible; SemrushBot/7~bl; +http://www.semrush.com/bot.html)"
85.208.96.199 - - [15/Jan/2025:20:33:40 -0500] "GET /product/ihvboeivfooi42339?id=141486 HTTP/1.1" 404 28460 "-" "Mozilla/5.0 (compatible; SemrushBot/7~bl; +http://www.semrush.com/bot.html)"
185.191.171.11 - - [15/Jan/2025:20:33:47 -0500] "GET /product/aivfbwb93695?id=277479 HTTP/1.1" 404 28463 "-" "Mozilla/5.0 (compatible; SemrushBot/7~bl; +http://www.semrush.com/bot.html)"
185.191.171.15 - - [15/Jan/2025:20:33:55 -0500] "GET /product/otxmnbivfqwx71912?id=167423 HTTP/1.1" 404 28459 "-" "Mozilla/5.0 (compatible; SemrushBot/7~bl; +http://www.semrush.com/bot.html)"
162.213.251.239 - - [15/Jan/2025:20:34:05 -0500] "POST /wp-cron.php?doing_wp_cron=1736991245.2366800308227539062500 HTTP/1.1" 403 1242 "-" "WordPress/6.6; https://visionsynchomeimprovement.com"
85.208.96.210 - - [15/Jan/2025:20:34:02 -0500] "GET /product/vhupqiivftuh71912?id=97987 HTTP/1.1" 404 28461 "-" "Mozilla/5.0 (compatible; SemrushBot/7~bl; +http://www.semrush.com/bot.html)"
185.191.171.11 - - [15/Jan/2025:20:34:11 -0500] "GET /product/jqucyeivflob71912?id=119279 HTTP/1.1" 404 28459 "-" "Mozilla/5.0 (compatible; SemrushBot/7~bl; +http://www.semrush.com/bot.html)"
85.208.96.204 - - [15/Jan/2025:20:34:16 -0500] "GET /product/aivfrxi93695?id=177534 HTTP/1.1" 404 28460 "-" "Mozilla/5.0 (compatible; SemrushBot/7~bl; +http://www.semrush.com/bot.html)"
85.208.96.197 - - [15/Jan/2025:20:34:22 -0500] "GET /product/aivft80272?id=19 HTTP/1.1" 404 28461 "-" "Mozilla/5.0 (compatible; SemrushBot/7~bl; +http://www.semrush.com/bot.html)"
85.208.96.194 - - [15/Jan/2025:20:34:28 -0500] "GET /product/tyvttjivfzsx42617?id=257049 HTTP/1.1" 404 28460 "-" "Mozilla/5.0 (compatible; SemrushBot/7~bl; +http://www.semrush.com/bot.html)"
185.191.171.13 - - [15/Jan/2025:20:34:34 -0500] "GET /product/soneriivfqhm63233?id=160738 HTTP/1.1" 404 28460 "-" "Mozilla/5.0 (compatible; SemrushBot/7~bl; +http://www.semrush.com/bot.html)"
85.208.96.193 - - [15/Jan/2025:20:34:39 -0500] "GET /product/ewchudivfcah71912?id=287885 HTTP/1.1" 404 28461 "-" "Mozilla/5.0 (compatible; SemrushBot/7~bl; +http://www.semrush.com/bot.html)"
185.191.171.4 - - [15/Jan/2025:20:34:47 -0500] "GET /product/yidtgeivfuzc18359?id=46252 HTTP/1.1" 404 28459 "-" "Mozilla/5.0 (compatible; SemrushBot/7~bl; +http://www.semrush.com/bot.html)"
85.208.96.200 - - [15/Jan/2025:20:34:54 -0500] "GET /wp-includes/class-wp-date-query.php HTTP/1.1" 403 1242 "-" "Mozilla/5.0 (compatible; SemrushBot/7~bl; +http://www.semrush.com/bot.html)"
185.191.171.4 - - [15/Jan/2025:20:34:56 -0500] "GET /product/aivfidx93695?id=340323 HTTP/1.1" 404 28462 "-" "Mozilla/5.0 (compatible; SemrushBot/7~bl; +http://www.semrush.com/bot.html)"
162.213.251.239 - - [15/Jan/2025:20:35:41 -0500] "POST /wp-cron.php?doing_wp_cron=1736991341.7742309570312500000000 HTTP/1.1" 403 1242 "-" "WordPress/6.6; https://visionsynchomeimprovement.com"
185.191.171.1 - - [15/Jan/2025:20:35:36 -0500] "GET /product/mtomrgivfyoh71912?id=241459 HTTP/1.1" 404 28458 "-" "Mozilla/5.0 (compatible; SemrushBot/7~bl; +http://www.semrush.com/bot.html)"
85.208.96.207 - - [15/Jan/2025:20:35:46 -0500] "GET /product/aivfuhb80272?id=46851 HTTP/1.1" 404 28461 "-" "Mozilla/5.0 (compatible; SemrushBot/7~bl; +http://www.semrush.com/bot.html)"
185.191.171.10 - - [15/Jan/2025:20:36:02 -0500] "GET /product/hvojpeivfzpi18359?id=259308 HTTP/1.1" 404 28461 "-" "Mozilla/5.0 (compatible; SemrushBot/7~bl; +http://www.semrush.com/bot.html)"
185.191.171.3 - - [15/Jan/2025:20:36:15 -0500] "GET /product/cvevthivfrre18359?id=179530 HTTP/1.1" 404 28461 "-" "Mozilla/5.0 (compatible; SemrushBot/7~bl; +http://www.semrush.com/bot.html)"
162.213.251.239 - - [15/Jan/2025:20:36:52 -0500] "POST /wp-cron.php?doing_wp_cron=1736991412.1390669345855712890625 HTTP/1.1" 403 1242 "-" "WordPress/6.6; https://visionsynchomeimprovement.com"
85.208.96.196 - - [15/Jan/2025:20:36:49 -0500] "GET /product/twjkfhivfqwh63233?id=42487 HTTP/1.1" 404 28457 "-" "Mozilla/5.0 (compatible; SemrushBot/7~bl; +http://www.semrush.com/bot.html)"
85.208.96.197 - - [15/Jan/2025:20:37:20 -0500] "GET /product/aivfqne80272?id=42654 HTTP/1.1" 404 28459 "-" "Mozilla/5.0 (compatible; SemrushBot/7~bl; +http://www.semrush.com/bot.html)"
85.208.96.197 - - [15/Jan/2025:20:37:31 -0500] "GET /product/aivfkvq41189?id=102168 HTTP/1.1" 404 28463 "-" "Mozilla/5.0 (compatible; SemrushBot/7~bl; +http://www.semrush.com/bot.html)"
85.208.96.207 - - [15/Jan/2025:20:37:38 -0500] "GET /product/lwaljcivftee63233?id=45824 HTTP/1.1" 404 28458 "-" "Mozilla/5.0 (compatible; SemrushBot/7~bl; +http://www.semrush.com/bot.html)"
185.191.171.5 - - [15/Jan/2025:20:37:46 -0500] "GET /product/kjdmccivfpv63233?id=6747 HTTP/1.1" 404 28461 "-" "Mozilla/5.0 (compatible; SemrushBot/7~bl; +http://www.semrush.com/bot.html)"
162.213.251.239 - - [15/Jan/2025:20:37:53 -0500] "POST /wp-cron.php?doing_wp_cron=1736991473.9409420490264892578125 HTTP/1.1" 403 1242 "-" "WordPress/6.6; https://visionsynchomeimprovement.com"
85.208.96.200 - - [15/Jan/2025:20:37:51 -0500] "GET /product/haisgcivfbcf69982?id=27285 HTTP/1.1" 404 28460 "-" "Mozilla/5.0 (compatible; SemrushBot/7~bl; +http://www.semrush.com/bot.html)"
185.191.171.8 - - [15/Jan/2025:20:37:57 -0500] "GET /product/igijagivfqyc63233?id=167628 HTTP/1.1" 404 28459 "-" "Mozilla/5.0 (compatible; SemrushBot/7~bl; +http://www.semrush.com/bot.html)"
43.152.72.247 - - [15/Jan/2025:20:37:58 -0500] "GET / HTTP/1.1" 200 33496 "https://www.visionsynchi.com/" "Mozilla/5.0 (iPhone; CPU iPhone OS 13_2_3 like Mac OS X) AppleWebKit/605.1.15 (KHTML, like Gecko) Version/13.0.3 Mobile/15E148 Safari/604.1"
185.191.171.10 - - [15/Jan/2025:20:38:21 -0500] "GET /product/cdphfcivfqso63233?id=164414 HTTP/1.1" 404 28457 "-" "Mozilla/5.0 (compatible; SemrushBot/7~bl; +http://www.semrush.com/bot.html)"
85.208.96.199 - - [15/Jan/2025:20:38:26 -0500] "GET /product/rhtmciivfsui42617?id=18208 HTTP/1.1" 404 28458 "-" "Mozilla/5.0 (compatible; SemrushBot/7~bl; +http://www.semrush.com/bot.html)"
185.191.171.13 - - [15/Jan/2025:20:38:32 -0500] "GET /product/pplqzjivfkra42339?id=101700 HTTP/1.1" 404 28461 "-" "Mozilla/5.0 (compatible; SemrushBot/7~bl; +http://www.semrush.com/bot.html)"
85.208.96.197 - - [15/Jan/2025:20:38:38 -0500] "GET /product/denmviivftsy18359?id=197024 HTTP/1.1" 404 28460 "-" "Mozilla/5.0 (compatible; SemrushBot/7~bl; +http://www.semrush.com/bot.html)"
85.208.96.195 - - [15/Jan/2025:20:38:43 -0500] "GET /product/qxktghivfcbd18359?id=28533 HTTP/1.1" 404 28460 "-" "Mozilla/5.0 (compatible; SemrushBot/7~bl; +http://www.semrush.com/bot.html)"
185.191.171.3 - - [15/Jan/2025:20:38:48 -0500] "GET /product/twgkzeivfxok42339?id=231436 HTTP/1.1" 404 28463 "-" "Mozilla/5.0 (compatible; SemrushBot/7~bl; +http://www.semrush.com/bot.html)"
162.213.251.239 - - [15/Jan/2025:20:38:56 -0500] "POST /wp-cron.php?doing_wp_cron=1736991536.8590381145477294921875 HTTP/1.1" 403 1242 "-" "WordPress/6.6; https://visionsynchomeimprovement.com"
185.191.171.3 - - [15/Jan/2025:20:38:55 -0500] "GET /product/aivfpxb41189?id=154953 HTTP/1.1" 404 28461 "-" "Mozilla/5.0 (compatible; SemrushBot/7~bl; +http://www.semrush.com/bot.html)"
85.208.96.198 - - [15/Jan/2025:20:39:00 -0500] "GET /product/lcgccgivfvrp42617?id=211715 HTTP/1.1" 404 28461 "-" "Mozilla/5.0 (compatible; SemrushBot/7~bl; +http://www.semrush.com/bot.html)"
185.191.171.11 - - [15/Jan/2025:20:39:50 -0500] "GET /product/pqzoyhivfcem69982?id=280490 HTTP/1.1" 404 28461 "-" "Mozilla/5.0 (compatible; SemrushBot/7~bl; +http://www.semrush.com/bot.html)"
162.213.251.239 - - [15/Jan/2025:20:39:58 -0500] "POST /wp-cron.php?doing_wp_cron=1736991598.7297940254211425781250 HTTP/1.1" 403 1242 "-" "WordPress/6.6; https://visionsynchomeimprovement.com"
185.191.171.6 - - [15/Jan/2025:20:39:56 -0500] "GET /product/aivfzkd80272?id=258881 HTTP/1.1" 404 28461 "-" "Mozilla/5.0 (compatible; SemrushBot/7~bl; +http://www.semrush.com/bot.html)"
85.208.96.209 - - [15/Jan/2025:20:40:17 -0500] "GET /product/aivfqdv41189?id=160347 HTTP/1.1" 404 28459 "-" "Mozilla/5.0 (compatible; SemrushBot/7~bl; +http://www.semrush.com/bot.html)"
185.191.171.4 - - [15/Jan/2025:20:40:40 -0500] "GET /product/aivfboi80272?id=271408 HTTP/1.1" 404 28460 "-" "Mozilla/5.0 (compatible; SemrushBot/7~bl; +http://www.semrush.com/bot.html)"
162.213.251.239 - - [15/Jan/2025:20:41:15 -0500] "POST /wp-cron.php?doing_wp_cron=1736991675.4474959373474121093750 HTTP/1.1" 403 1242 "-" "WordPress/6.6; https://visionsynchomeimprovement.com"
185.191.171.15 - - [15/Jan/2025:20:41:13 -0500] "GET /product/zfhdpaivfqtj42617?id=42199 HTTP/1.1" 404 28459 "-" "Mozilla/5.0 (compatible; SemrushBot/7~bl; +http://www.semrush.com/bot.html)"
185.191.171.18 - - [15/Jan/2025:20:41:46 -0500] "GET /product/aivfjwd80272?id=35483 HTTP/1.1" 404 28461 "-" "Mozilla/5.0 (compatible; SemrushBot/7~bl; +http://www.semrush.com/bot.html)"
185.191.171.15 - - [15/Jan/2025:20:41:52 -0500] "GET /product/lfxaogivfxvm69982?id=234764 HTTP/1.1" 404 28457 "-" "Mozilla/5.0 (compatible; SemrushBot/7~bl; +http://www.semrush.com/bot.html)"
185.191.171.15 - - [15/Jan/2025:20:41:57 -0500] "GET /product/uaseueivfmkg42339?id=38886 HTTP/1.1" 404 28460 "-" "Mozilla/5.0 (compatible; SemrushBot/7~bl; +http://www.semrush.com/bot.html)"
185.191.171.17 - - [15/Jan/2025:20:42:02 -0500] "GET /product/hmeebdivfxhx52700?id=238549 HTTP/1.1" 404 28461 "-" "Mozilla/5.0 (compatible; SemrushBot/7~bl; +http://www.semrush.com/bot.html)"
185.191.171.13 - - [15/Jan/2025:20:42:07 -0500] "GET /product/aivfqmr93695?id=163895 HTTP/1.1" 404 28460 "-" "Mozilla/5.0 (compatible; SemrushBot/7~bl; +http://www.semrush.com/bot.html)"
185.191.171.9 - - [15/Jan/2025:20:42:13 -0500] "GET /product/xhepudivfkqy63233?id=101650 HTTP/1.1" 404 28457 "-" "Mozilla/5.0 (compatible; SemrushBot/7~bl; +http://www.semrush.com/bot.html)"
162.213.251.239 - - [15/Jan/2025:20:42:22 -0500] "POST /wp-cron.php?doing_wp_cron=1736991742.0495820045471191406250 HTTP/1.1" 403 1242 "-" "WordPress/6.6; https://visionsynchomeimprovement.com"
3.7.94.9 - - [15/Jan/2025:20:42:20 -0500] "HEAD /WordPress HTTP/1.1" 404 0 "http://visionsynchomeimprovement.com/WordPress" "Mozilla/5.0 (X11; Linux x86_64) AppleWebKit/537.36 (KHTML, like Gecko) Chrome/96.0.4664.45 Safari/537.36"
85.208.96.204 - - [15/Jan/2025:20:42:27 -0500] "GET /product/bgpfniivfnz71912?id=6577 HTTP/1.1" 404 28460 "-" "Mozilla/5.0 (compatible; SemrushBot/7~bl; +http://www.semrush.com/bot.html)"
185.191.171.7 - - [15/Jan/2025:20:42:33 -0500] "GET /product/aivfbzf80272?id=277731 HTTP/1.1" 404 28459 "-" "Mozilla/5.0 (compatible; SemrushBot/7~bl; +http://www.semrush.com/bot.html)"
185.191.171.13 - - [15/Jan/2025:20:42:39 -0500] "GET /product/ipxwdiivfchg69982?id=280732 HTTP/1.1" 404 28458 "-" "Mozilla/5.0 (compatible; SemrushBot/7~bl; +http://www.semrush.com/bot.html)"
185.191.171.15 - - [15/Jan/2025:20:42:45 -0500] "GET /product/aivfrli41189?id=95638 HTTP/1.1" 404 28462 "-" "Mozilla/5.0 (compatible; SemrushBot/7~bl; +http://www.semrush.com/bot.html)"
85.208.96.205 - - [15/Jan/2025:20:43:15 -0500] "GET /wp-includes/functions.php HTTP/1.1" 403 1242 "-" "Mozilla/5.0 (compatible; SemrushBot/7~bl; +http://www.semrush.com/bot.html)"
162.213.251.239 - - [15/Jan/2025:20:43:43 -0500] "POST /wp-cron.php?doing_wp_cron=1736991822.9439809322357177734375 HTTP/1.1" 403 1242 "-" "WordPress/6.6; https://visionsynchomeimprovement.com"
85.208.96.199 - - [15/Jan/2025:20:43:40 -0500] "GET /product/rvgjldivfwyb63233?id=74241 HTTP/1.1" 404 28459 "-" "Mozilla/5.0 (compatible; SemrushBot/7~bl; +http://www.semrush.com/bot.html)"
85.208.96.211 - - [15/Jan/2025:20:44:18 -0500] "GET /product/ivhrjdivfugy63233?id=205824 HTTP/1.1" 404 28462 "-" "Mozilla/5.0 (compatible; SemrushBot/7~bl; +http://www.semrush.com/bot.html)"
20.171.207.132 - - [15/Jan/2025:20:44:31 -0500] "GET /robots.txt HTTP/1.1" 200 108 "https://www.visionsynchi.com/robots.txt" "Mozilla/5.0 AppleWebKit/537.36 (KHTML, like Gecko; compatible; GPTBot/1.2; +https://openai.com/gptbot)"
85.208.96.193 - - [15/Jan/2025:20:44:34 -0500] "GET /product/nycefdivfmpe18359?id=38934 HTTP/1.1" 404 28461 "-" "Mozilla/5.0 (compatible; SemrushBot/7~bl; +http://www.semrush.com/bot.html)"
162.213.251.239 - - [15/Jan/2025:20:45:13 -0500] "POST /wp-cron.php?doing_wp_cron=1736991913.9426898956298828125000 HTTP/1.1" 403 1242 "-" "WordPress/6.6; https://visionsynchomeimprovement.com"
185.191.171.4 - - [15/Jan/2025:20:45:12 -0500] "GET /product/aqywzcivfehp63233?id=303315 HTTP/1.1" 404 28461 "-" "Mozilla/5.0 (compatible; SemrushBot/7~bl; +http://www.semrush.com/bot.html)"
185.191.171.19 - - [15/Jan/2025:20:45:40 -0500] "GET /product/lkafgbivfpab71912?id=41001 HTTP/1.1" 404 28460 "-" "Mozilla/5.0 (compatible; SemrushBot/7~bl; +http://www.semrush.com/bot.html)"
185.191.171.8 - - [15/Jan/2025:20:45:47 -0500] "GET /product/edyfxhivfojy71912?id=140924 HTTP/1.1" 404 28483 "-" "Mozilla/5.0 (compatible; SemrushBot/7~bl; +http://www.semrush.com/bot.html)"
85.208.96.211 - - [15/Jan/2025:20:45:53 -0500] "GET /product/inpdpdivfxyg71912?id=75766 HTTP/1.1" 404 28461 "-" "Mozilla/5.0 (compatible; SemrushBot/7~bl; +http://www.semrush.com/bot.html)"
85.208.96.198 - - [15/Jan/2025:20:45:58 -0500] "GET /product/bloapgivfskn42617?id=186265 HTTP/1.1" 404 28461 "-" "Mozilla/5.0 (compatible; SemrushBot/7~bl; +http://www.semrush.com/bot.html)"
3.7.94.9 - - [15/Jan/2025:20:46:00 -0500] "HEAD /wp HTTP/1.1" 404 0 "http://visionsynchomeimprovement.com/wp" "Mozilla/5.0 (X11; Linux x86_64) AppleWebKit/537.36 (KHTML, like Gecko) Chrome/96.0.4664.45 Safari/537.36"
185.191.171.8 - - [15/Jan/2025:20:46:04 -0500] "GET /product/aivfszt93695?id=185119 HTTP/1.1" 404 28463 "-" "Mozilla/5.0 (compatible; SemrushBot/7~bl; +http://www.semrush.com/bot.html)"
185.191.171.3 - - [15/Jan/2025:20:46:10 -0500] "GET /product/alncgcivflb63233?id=8901 HTTP/1.1" 404 28462 "-" "Mozilla/5.0 (compatible; SemrushBot/7~bl; +http://www.semrush.com/bot.html)"
162.213.251.239 - - [15/Jan/2025:20:46:19 -0500] "POST /wp-cron.php?doing_wp_cron=1736991978.9417140483856201171875 HTTP/1.1" 403 1242 "-" "WordPress/6.6; https://visionsynchomeimprovement.com"
185.191.171.1 - - [15/Jan/2025:20:46:16 -0500] "GET /product/aivfxud93695?id=23203 HTTP/1.1" 404 28458 "-" "Mozilla/5.0 (compatible; SemrushBot/7~bl; +http://www.semrush.com/bot.html)"
85.208.96.206 - - [15/Jan/2025:20:46:24 -0500] "GET /product/ustpyeivfeqe42339?id=306830 HTTP/1.1" 404 28460 "-" "Mozilla/5.0 (compatible; SemrushBot/7~bl; +http://www.semrush.com/bot.html)"
185.191.171.2 - - [15/Jan/2025:20:46:30 -0500] "GET /wp-includes/spl-autoload-compat.php HTTP/1.1" 403 1242 "-" "Mozilla/5.0 (compatible; SemrushBot/7~bl; +http://www.semrush.com/bot.html)"
185.191.171.3 - - [15/Jan/2025:20:46:33 -0500] "GET /product/aivfizj80272?id=34259 HTTP/1.1" 404 28462 "-" "Mozilla/5.0 (compatible; SemrushBot/7~bl; +http://www.semrush.com/bot.html)"
85.208.96.212 - - [15/Jan/2025:20:46:39 -0500] "GET /product/aivfxrs41189?id=236970 HTTP/1.1" 404 28461 "-" "Mozilla/5.0 (compatible; SemrushBot/7~bl; +http://www.semrush.com/bot.html)"
85.208.96.201 - - [15/Jan/2025:20:46:51 -0500] "GET /product/aivfueg93695?id=208284 HTTP/1.1" 404 28461 "-" "Mozilla/5.0 (compatible; SemrushBot/7~bl; +http://www.semrush.com/bot.html)"
185.191.171.3 - - [15/Jan/2025:20:47:02 -0500] "GET /robots.txt HTTP/1.1" 200 122 "-" "Mozilla/5.0 (compatible; SemrushBot/7~bl; +http://www.semrush.com/bot.html)"
85.208.96.212 - - [15/Jan/2025:20:47:04 -0500] "GET /product/znhfmjivfdbj63233?id=290109 HTTP/1.1" 404 28462 "-" "Mozilla/5.0 (compatible; SemrushBot/7~bl; +http://www.semrush.com/bot.html)"
185.191.171.16 - - [15/Jan/2025:20:47:09 -0500] "GET /product/aivfvtl80272?id=211989 HTTP/1.1" 404 28463 "-" "Mozilla/5.0 (compatible; SemrushBot/7~bl; +http://www.semrush.com/bot.html)"
162.213.251.239 - - [15/Jan/2025:20:47:20 -0500] "POST /wp-cron.php?doing_wp_cron=1736992040.6377210617065429687500 HTTP/1.1" 403 1242 "-" "WordPress/6.6; https://visionsynchomeimprovement.com"
85.208.96.209 - - [15/Jan/2025:20:47:18 -0500] "GET /product/uvpszgivfuru18359?id=209546 HTTP/1.1" 404 28462 "-" "Mozilla/5.0 (compatible; SemrushBot/7~bl; +http://www.semrush.com/bot.html)"
85.208.96.193 - - [15/Jan/2025:20:47:50 -0500] "GET /product/evqbhaivfskd42617?id=186281 HTTP/1.1" 404 28461 "-" "Mozilla/5.0 (compatible; SemrushBot/7~bl; +http://www.semrush.com/bot.html)"
185.191.171.3 - - [15/Jan/2025:20:47:59 -0500] "GET /product/aivffuh80272?id=31727 HTTP/1.1" 404 28457 "-" "Mozilla/5.0 (compatible; SemrushBot/7~bl; +http://www.semrush.com/bot.html)"
162.213.251.239 - - [15/Jan/2025:20:48:37 -0500] "POST /wp-cron.php?doing_wp_cron=1736992117.3468530178070068359375 HTTP/1.1" 403 1242 "-" "WordPress/6.6; https://visionsynchomeimprovement.com"
85.208.96.193 - - [15/Jan/2025:20:48:35 -0500] "GET /product/ecmcfjivfwps42617?id=221518 HTTP/1.1" 404 28461 "-" "Mozilla/5.0 (compatible; SemrushBot/7~bl; +http://www.semrush.com/bot.html)"
85.208.96.212 - - [15/Jan/2025:20:48:57 -0500] "GET /product/potfabivfsna42617?id=181326 HTTP/1.1" 404 28458 "-" "Mozilla/5.0 (compatible; SemrushBot/7~bl; +http://www.semrush.com/bot.html)"
85.208.96.212 - - [15/Jan/2025:20:49:02 -0500] "GET /product/mjjlnfivfegb52700?id=300653 HTTP/1.1" 404 28463 "-" "Mozilla/5.0 (compatible; SemrushBot/7~bl; +http://www.semrush.com/bot.html)"
162.213.251.239 - - [15/Jan/2025:20:49:53 -0500] "POST /wp-cron.php?doing_wp_cron=1736992193.2296650409698486328125 HTTP/1.1" 403 1242 "-" "WordPress/6.6; https://visionsynchomeimprovement.com"
85.208.96.206 - - [15/Jan/2025:20:49:51 -0500] "GET /product/nqkzlgivfltw63233?id=111922 HTTP/1.1" 404 28459 "-" "Mozilla/5.0 (compatible; SemrushBot/7~bl; +http://www.semrush.com/bot.html)"
185.191.171.5 - - [15/Jan/2025:20:49:56 -0500] "GET /product/sguzyhivfkrh63233?id=101785 HTTP/1.1" 404 28460 "-" "Mozilla/5.0 (compatible; SemrushBot/7~bl; +http://www.semrush.com/bot.html)"
185.191.171.11 - - [15/Jan/2025:20:50:02 -0500] "GET /product/fpcbdgivfmld71912?id=128955 HTTP/1.1" 404 28460 "-" "Mozilla/5.0 (compatible; SemrushBot/7~bl; +http://www.semrush.com/bot.html)"
85.208.96.204 - - [15/Jan/2025:20:50:09 -0500] "GET /product/ortuqfivfmvo63233?id=122166 HTTP/1.1" 404 28461 "-" "Mozilla/5.0 (compatible; SemrushBot/7~bl; +http://www.semrush.com/bot.html)"
185.191.171.12 - - [15/Jan/2025:20:50:14 -0500] "GET /product/aivforn80272?id=141791 HTTP/1.1" 404 28467 "-" "Mozilla/5.0 (compatible; SemrushBot/7~bl; +http://www.semrush.com/bot.html)"
85.208.96.202 - - [15/Jan/2025:20:50:19 -0500] "GET /product/phsgziivfcts69982?id=281970 HTTP/1.1" 404 28462 "-" "Mozilla/5.0 (compatible; SemrushBot/7~bl; +http://www.semrush.com/bot.html)"
185.191.171.5 - - [15/Jan/2025:20:50:24 -0500] "GET /product/uantqdivfvhc69982?id=99332 HTTP/1.1" 404 28461 "-" "Mozilla/5.0 (compatible; SemrushBot/7~bl; +http://www.semrush.com/bot.html)"
85.208.96.207 - - [15/Jan/2025:20:50:29 -0500] "GET /product/mknmrgivfqoa71912?id=16400 HTTP/1.1" 404 28463 "-" "Mozilla/5.0 (compatible; SemrushBot/7~bl; +http://www.semrush.com/bot.html)"
85.208.96.193 - - [15/Jan/2025:20:50:41 -0500] "GET /product/aivfxc80272?id=2302 HTTP/1.1" 404 28460 "-" "Mozilla/5.0 (compatible; SemrushBot/7~bl; +http://www.semrush.com/bot.html)"
85.208.96.197 - - [15/Jan/2025:20:50:45 -0500] "GET /product/aivfsrq80272?id=186968 HTTP/1.1" 404 28463 "-" "Mozilla/5.0 (compatible; SemrushBot/7~bl; +http://www.semrush.com/bot.html)"
162.213.251.239 - - [15/Jan/2025:20:50:57 -0500] "POST /wp-cron.php?doing_wp_cron=1736992257.3463699817657470703125 HTTP/1.1" 403 1242 "-" "WordPress/6.6; https://visionsynchomeimprovement.com"
185.191.171.2 - - [15/Jan/2025:20:50:55 -0500] "GET /product/vdrlghivfuc63233?id=202 HTTP/1.1" 404 28461 "-" "Mozilla/5.0 (compatible; SemrushBot/7~bl; +http://www.semrush.com/bot.html)"
85.208.96.202 - - [15/Jan/2025:20:51:00 -0500] "GET /product/iigqeeivftzj42339?id=195109 HTTP/1.1" 404 28457 "-" "Mozilla/5.0 (compatible; SemrushBot/7~bl; +http://www.semrush.com/bot.html)"
185.191.171.18 - - [15/Jan/2025:20:51:18 -0500] "GET /product/agquefivfedd69982?id=56293 HTTP/1.1" 404 28460 "-" "Mozilla/5.0 (compatible; SemrushBot/7~bl; +http://www.semrush.com/bot.html)"
162.240.157.79 - - [15/Jan/2025:20:51:26 -0500] "GET /wp-login.php HTTP/1.1" 200 2149 "-" "GRequests/0.10"
162.240.157.79 - - [15/Jan/2025:20:51:28 -0500] "POST /wp-login.php HTTP/1.1" 200 2310 "-" "GRequests/0.10"
85.208.96.196 - - [15/Jan/2025:20:51:42 -0500] "GET /product/myogdfivfxkc71912?id=49882 HTTP/1.1" 404 28461 "-" "Mozilla/5.0 (compatible; SemrushBot/7~bl; +http://www.semrush.com/bot.html)"
85.208.96.203 - - [15/Jan/2025:20:51:48 -0500] "GET /product/aivfnhl80272?id=130789 HTTP/1.1" 404 28459 "-" "Mozilla/5.0 (compatible; SemrushBot/7~bl; +http://www.semrush.com/bot.html)"
162.213.251.239 - - [15/Jan/2025:20:52:36 -0500] "POST /wp-cron.php?doing_wp_cron=1736992356.6530120372772216796875 HTTP/1.1" 403 1242 "-" "WordPress/6.6; https://visionsynchomeimprovement.com"
185.191.171.4 - - [15/Jan/2025:20:52:33 -0500] "GET /product/myuvjfivfspa42339?id=18670 HTTP/1.1" 404 28462 "-" "Mozilla/5.0 (compatible; SemrushBot/7~bl; +http://www.semrush.com/bot.html)"
85.208.96.195 - - [15/Jan/2025:20:52:42 -0500] "GET /product/aivfwsf41189?id=74445 HTTP/1.1" 404 28464 "-" "Mozilla/5.0 (compatible; SemrushBot/7~bl; +http://www.semrush.com/bot.html)"
123.160.223.75 - - [15/Jan/2025:20:52:44 -0500] "GET / HTTP/1.1" 200 33475 "-" "Mozilla/5.0 (Macintosh; Intel Mac OS X 10_15_7) AppleWebKit/537.36 (KHTML, like Gecko) Chrome/96.0.4664.110 Safari/537.36"
123.160.223.74 - - [15/Jan/2025:20:52:51 -0500] "GET /wp-content/uploads/2024/04/Screenshot_2022-10-28_105235.jpg HTTP/1.1" 200 28703 "-" "Mozilla/5.0 (Macintosh; Intel Mac OS X 10_15_7) AppleWebKit/537.36 (KHTML, like Gecko) Chrome/96.0.4664.110 Safari/537.36"
85.208.96.199 - - [15/Jan/2025:20:52:58 -0500] "GET /product/aivfcqv93695?id=289447 HTTP/1.1" 404 28462 "-" "Mozilla/5.0 (compatible; SemrushBot/7~bl; +http://www.semrush.com/bot.html)"
85.208.96.200 - - [15/Jan/2025:20:53:04 -0500] "GET /product/pyyuedivfqhk42617?id=163362 HTTP/1.1" 404 28462 "-" "Mozilla/5.0 (compatible; SemrushBot/7~bl; +http://www.semrush.com/bot.html)"
162.213.251.239 - - [15/Jan/2025:20:53:42 -0500] "POST /wp-cron.php?doing_wp_cron=1736992422.0355160236358642578125 HTTP/1.1" 403 1242 "-" "WordPress/6.6; https://visionsynchomeimprovement.com"
185.191.171.12 - - [15/Jan/2025:20:53:40 -0500] "GET /product/ffveegivfuvd52700?id=207381 HTTP/1.1" 404 28458 "-" "Mozilla/5.0 (compatible; SemrushBot/7~bl; +http://www.semrush.com/bot.html)"
185.191.171.11 - - [15/Jan/2025:20:53:47 -0500] "GET /product/nnjbqdivfkka42339?id=10360 HTTP/1.1" 404 28463 "-" "Mozilla/5.0 (compatible; SemrushBot/7~bl; +http://www.semrush.com/bot.html)"
85.208.96.200 - - [15/Jan/2025:20:54:07 -0500] "GET /product/ycqibhivfxap52700?id=230041 HTTP/1.1" 404 28460 "-" "Mozilla/5.0 (compatible; SemrushBot/7~bl; +http://www.semrush.com/bot.html)"
185.191.171.14 - - [15/Jan/2025:20:54:19 -0500] "GET /product/rhagnaivfwlv18359?id=226321 HTTP/1.1" 404 28464 "-" "Mozilla/5.0 (compatible; SemrushBot/7~bl; +http://www.semrush.com/bot.html)"
185.191.171.7 - - [15/Jan/2025:20:54:25 -0500] "GET /product/ykkskeivfdvo63233?id=297314 HTTP/1.1" 404 28460 "-" "Mozilla/5.0 (compatible; SemrushBot/7~bl; +http://www.semrush.com/bot.html)"
85.208.96.193 - - [15/Jan/2025:20:54:32 -0500] "GET /product/aivfasb93695?id=267053 HTTP/1.1" 404 28457 "-" "Mozilla/5.0 (compatible; SemrushBot/7~bl; +http://www.semrush.com/bot.html)"
85.208.96.198 - - [15/Jan/2025:20:54:39 -0500] "GET /product/ybayjgivftne42339?id=193930 HTTP/1.1" 404 28463 "-" "Mozilla/5.0 (compatible; SemrushBot/7~bl; +http://www.semrush.com/bot.html)"
162.213.251.239 - - [15/Jan/2025:20:54:46 -0500] "POST /wp-cron.php?doing_wp_cron=1736992486.7518029212951660156250 HTTP/1.1" 403 1242 "-" "WordPress/6.6; https://visionsynchomeimprovement.com"
185.191.171.3 - - [15/Jan/2025:20:54:44 -0500] "GET /product/lizihgivfkde69982?id=108130 HTTP/1.1" 404 28462 "-" "Mozilla/5.0 (compatible; SemrushBot/7~bl; +http://www.semrush.com/bot.html)"
185.191.171.2 - - [15/Jan/2025:20:54:50 -0500] "GET /product/aivfwxa93695?id=48230 HTTP/1.1" 404 28460 "-" "Mozilla/5.0 (compatible; SemrushBot/7~bl; +http://www.semrush.com/bot.html)"
85.208.96.207 - - [15/Jan/2025:20:55:00 -0500] "GET /product/aivfybs41189?id=245370 HTTP/1.1" 404 28461 "-" "Mozilla/5.0 (compatible; SemrushBot/7~bl; +http://www.semrush.com/bot.html)"
185.191.171.6 - - [15/Jan/2025:20:55:06 -0500] "GET /product/aivfwwb93695?id=224853 HTTP/1.1" 404 28462 "-" "Mozilla/5.0 (compatible; SemrushBot/7~bl; +http://www.semrush.com/bot.html)"
185.191.171.12 - - [15/Jan/2025:20:55:22 -0500] "GET /product/tscgxaivfztk42617?id=251936 HTTP/1.1" 404 28461 "-" "Mozilla/5.0 (compatible; SemrushBot/7~bl; +http://www.semrush.com/bot.html)"
185.191.171.15 - - [15/Jan/2025:20:55:34 -0500] "GET /product/aivflcb80272?id=110227 HTTP/1.1" 404 28461 "-" "Mozilla/5.0 (compatible; SemrushBot/7~bl; +http://www.semrush.com/bot.html)"
162.213.251.239 - - [15/Jan/2025:20:55:55 -0500] "POST /wp-cron.php?doing_wp_cron=1736992554.9599220752716064453125 HTTP/1.1" 403 1242 "-" "WordPress/6.6; https://visionsynchomeimprovement.com"
185.191.171.13 - - [15/Jan/2025:20:55:52 -0500] "GET /product/bgnlvgivfdoj69982?id=29149 HTTP/1.1" 404 28462 "-" "Mozilla/5.0 (compatible; SemrushBot/7~bl; +http://www.semrush.com/bot.html)"
162.213.251.239 - - [15/Jan/2025:20:57:05 -0500] "POST /wp-cron.php?doing_wp_cron=1736992625.7298269271850585937500 HTTP/1.1" 403 1242 "-" "WordPress/6.6; https://visionsynchomeimprovement.com"
85.208.96.202 - - [15/Jan/2025:20:57:03 -0500] "GET /product/eddwtiivfsqp63233?id=181667 HTTP/1.1" 404 28461 "-" "Mozilla/5.0 (compatible; SemrushBot/7~bl; +http://www.semrush.com/bot.html)"
185.191.171.19 - - [15/Jan/2025:20:57:21 -0500] "GET /product/ksaauaivfcuc63233?id=54462 HTTP/1.1" 404 28462 "-" "Mozilla/5.0 (compatible; SemrushBot/7~bl; +http://www.semrush.com/bot.html)"
85.208.96.203 - - [15/Jan/2025:20:57:26 -0500] "GET /product/tbziscivfwgd52700?id=228455 HTTP/1.1" 404 28463 "-" "Mozilla/5.0 (compatible; SemrushBot/7~bl; +http://www.semrush.com/bot.html)"
85.208.96.207 - - [15/Jan/2025:20:57:30 -0500] "GET /product/rwsfvjivfzle42339?id=51114 HTTP/1.1" 404 28462 "-" "Mozilla/5.0 (compatible; SemrushBot/7~bl; +http://www.semrush.com/bot.html)"
85.208.96.198 - - [15/Jan/2025:20:57:37 -0500] "GET /product/aivfmmw93695?id=129048 HTTP/1.1" 404 28458 "-" "Mozilla/5.0 (compatible; SemrushBot/7~bl; +http://www.semrush.com/bot.html)"
162.213.251.239 - - [15/Jan/2025:20:58:17 -0500] "POST /wp-cron.php?doing_wp_cron=1736992697.5380361080169677734375 HTTP/1.1" 403 1242 "-" "WordPress/6.6; https://visionsynchomeimprovement.com"
185.191.171.3 - - [15/Jan/2025:20:58:15 -0500] "GET /product/aivfdud41189?id=29463 HTTP/1.1" 404 28460 "-" "Mozilla/5.0 (compatible; SemrushBot/7~bl; +http://www.semrush.com/bot.html)"
3.144.255.110 - - [15/Jan/2025:20:58:29 -0500] "GET /wp-includes/sodium_compat/src/Core/Curve25519/Fe.php HTTP/1.1" 403 1242 "-" "Mozilla/5.0 AppleWebKit/537.36 (KHTML, like Gecko; compatible; ClaudeBot/1.0; +claudebot@anthropic.com)"
185.191.171.1 - - [15/Jan/2025:20:58:30 -0500] "GET /product/qiuauaivftbc69982?id=97012 HTTP/1.1" 404 28458 "-" "Mozilla/5.0 (compatible; SemrushBot/7~bl; +http://www.semrush.com/bot.html)"
185.191.171.16 - - [15/Jan/2025:20:58:36 -0500] "GET /product/sgdglfivfbua52700?id=277226 HTTP/1.1" 404 28462 "-" "Mozilla/5.0 (compatible; SemrushBot/7~bl; +http://www.semrush.com/bot.html)"
85.208.96.193 - - [15/Jan/2025:20:58:42 -0500] "GET /product/acnawbivfvzq42339?id=212516 HTTP/1.1" 404 28463 "-" "Mozilla/5.0 (compatible; SemrushBot/7~bl; +http://www.semrush.com/bot.html)"
185.191.171.16 - - [15/Jan/2025:20:58:49 -0500] "GET /product/aivfdtl80272?id=299763 HTTP/1.1" 404 28460 "-" "Mozilla/5.0 (compatible; SemrushBot/7~bl; +http://www.semrush.com/bot.html)"
185.191.171.1 - - [15/Jan/2025:20:58:55 -0500] "GET /product/jknpoiivften42339?id=195691 HTTP/1.1" 404 28461 "-" "Mozilla/5.0 (compatible; SemrushBot/7~bl; +http://www.semrush.com/bot.html)"
195.154.191.141 - - [15/Jan/2025:20:59:06 -0500] "GET / HTTP/1.1" 200 33492 "-" "Python/3.11 aiohttp/3.11.11"
185.191.171.8 - - [15/Jan/2025:20:59:11 -0500] "GET /product/aivfohb93695?id=40591 HTTP/1.1" 404 28462 "-" "Mozilla/5.0 (compatible; SemrushBot/7~bl; +http://www.semrush.com/bot.html)"
162.213.251.239 - - [15/Jan/2025:20:59:28 -0500] "POST /wp-cron.php?doing_wp_cron=1736992768.7446579933166503906250 HTTP/1.1" 403 1242 "-" "WordPress/6.6; https://visionsynchomeimprovement.com"
185.191.171.12 - - [15/Jan/2025:20:59:27 -0500] "GET /product/epmmdcivfpdd71912?id=67293 HTTP/1.1" 404 28462 "-" "Mozilla/5.0 (compatible; SemrushBot/7~bl; +http://www.semrush.com/bot.html)"
85.208.96.201 - - [15/Jan/2025:20:59:32 -0500] "GET /product/aivfbdv93695?id=272921 HTTP/1.1" 404 28461 "-" "Mozilla/5.0 (compatible; SemrushBot/7~bl; +http://www.semrush.com/bot.html)"
185.191.171.2 - - [15/Jan/2025:20:59:42 -0500] "GET /product/aivfljl41189?id=116163 HTTP/1.1" 404 28462 "-" "Mozilla/5.0 (compatible; SemrushBot/7~bl; +http://www.semrush.com/bot.html)"
162.213.251.239 - - [15/Jan/2025:21:00:47 -0500] "POST /wp-cron.php?doing_wp_cron=1736992847.4296989440917968750000 HTTP/1.1" 403 1242 "-" "WordPress/6.6; https://visionsynchomeimprovement.com"
185.191.171.17 - - [15/Jan/2025:21:00:45 -0500] "GET /product/aivfwrc80272?id=74172 HTTP/1.1" 404 28462 "-" "Mozilla/5.0 (compatible; SemrushBot/7~bl; +http://www.semrush.com/bot.html)"
85.208.96.208 - - [15/Jan/2025:21:01:13 -0500] "GET /product/cakduhivfqhj52700?id=94859 HTTP/1.1" 404 28463 "-" "Mozilla/5.0 (compatible; SemrushBot/7~bl; +http://www.semrush.com/bot.html)"
85.208.96.207 - - [15/Jan/2025:21:01:19 -0500] "GET /product/aivfvet80272?id=218245 HTTP/1.1" 404 28465 "-" "Mozilla/5.0 (compatible; SemrushBot/7~bl; +http://www.semrush.com/bot.html)"
185.191.171.15 - - [15/Jan/2025:21:01:26 -0500] "GET /product/ompaahivfbpo63233?id=271514 HTTP/1.1" 404 28462 "-" "Mozilla/5.0 (compatible; SemrushBot/7~bl; +http://www.semrush.com/bot.html)"
85.208.96.193 - - [15/Jan/2025:21:01:32 -0500] "GET /product/xsqpqcivfwai71912?id=22268 HTTP/1.1" 404 28462 "-" "Mozilla/5.0 (compatible; SemrushBot/7~bl; +http://www.semrush.com/bot.html)"
185.191.171.12 - - [15/Jan/2025:21:01:37 -0500] "GET /product/srebijivfljn42617?id=118765 HTTP/1.1" 404 28461 "-" "Mozilla/5.0 (compatible; SemrushBot/7~bl; +http://www.semrush.com/bot.html)"
162.213.251.239 - - [15/Jan/2025:21:02:08 -0500] "POST /wp-cron.php?doing_wp_cron=1736992928.5414190292358398437500 HTTP/1.1" 403 1242 "-" "WordPress/6.6; https://visionsynchomeimprovement.com"
85.208.96.197 - - [15/Jan/2025:21:02:06 -0500] "GET /product/aivfutm41189?id=209738 HTTP/1.1" 404 28461 "-" "Mozilla/5.0 (compatible; SemrushBot/7~bl; +http://www.semrush.com/bot.html)"
185.191.171.8 - - [15/Jan/2025:21:02:13 -0500] "GET /product/zettahivfedl42339?id=308163 HTTP/1.1" 404 28461 "-" "Mozilla/5.0 (compatible; SemrushBot/7~bl; +http://www.semrush.com/bot.html)"
185.191.171.7 - - [15/Jan/2025:21:02:19 -0500] "GET /product/aivfwfg41189?id=223132 HTTP/1.1" 404 28462 "-" "Mozilla/5.0 (compatible; SemrushBot/7~bl; +http://www.semrush.com/bot.html)"
85.208.96.195 - - [15/Jan/2025:21:02:41 -0500] "GET /product/aivffii80272?id=313408 HTTP/1.1" 404 28461 "-" "Mozilla/5.0 (compatible; SemrushBot/7~bl; +http://www.semrush.com/bot.html)"
185.191.171.8 - - [15/Jan/2025:21:02:51 -0500] "GET /product/tjidebivfsqb42617?id=70161 HTTP/1.1" 404 28461 "-" "Mozilla/5.0 (compatible; SemrushBot/7~bl; +http://www.semrush.com/bot.html)"
185.191.171.4 - - [15/Jan/2025:21:02:56 -0500] "GET /product/aivfveo41189?id=218266 HTTP/1.1" 404 28462 "-" "Mozilla/5.0 (compatible; SemrushBot/7~bl; +http://www.semrush.com/bot.html)"
185.191.171.18 - - [15/Jan/2025:21:03:01 -0500] "GET /product/aivfwaf93695?id=225205 HTTP/1.1" 404 28461 "-" "Mozilla/5.0 (compatible; SemrushBot/7~bl; +http://www.semrush.com/bot.html)"
162.213.251.239 - - [15/Jan/2025:21:03:11 -0500] "POST /wp-cron.php?doing_wp_cron=1736992991.8431429862976074218750 HTTP/1.1" 403 1242 "-" "WordPress/6.6; https://visionsynchomeimprovement.com"
18.119.113.73 - - [15/Jan/2025:21:03:10 -0500] "GET /robots.txt HTTP/1.1" 200 108 "-" "Mozilla/5.0 AppleWebKit/537.36 (KHTML, like Gecko; compatible; ClaudeBot/1.0; +claudebot@anthropic.com)"
18.119.113.73 - - [15/Jan/2025:21:03:12 -0500] "GET /wp-includes/sodium_compat/src/Core/Curve25519/Ge HTTP/1.1" 301 795 "-" "Mozilla/5.0 AppleWebKit/537.36 (KHTML, like Gecko; compatible; ClaudeBot/1.0; +claudebot@anthropic.com)"
18.119.113.73 - - [15/Jan/2025:21:03:12 -0500] "GET /wp-includes/sodium_compat/src/Core/Curve25519/Ge/ HTTP/1.1" 200 731 "https://visionsynchomeimprovement.com/wp-includes/sodium_compat/src/Core/Curve25519/Ge" "Mozilla/5.0 AppleWebKit/537.36 (KHTML, like Gecko; compatible; ClaudeBot/1.0; +claudebot@anthropic.com)"
185.191.171.1 - - [15/Jan/2025:21:03:12 -0500] "GET /product/aivfkxa80272?id=88490 HTTP/1.1" 404 28461 "-" "Mozilla/5.0 (compatible; SemrushBot/7~bl; +http://www.semrush.com/bot.html)"
185.191.171.11 - - [15/Jan/2025:21:03:17 -0500] "GET /product/mqapgiivfype18359?id=24154 HTTP/1.1" 404 28465 "-" "Mozilla/5.0 (compatible; SemrushBot/7~bl; +http://www.semrush.com/bot.html)"
185.191.171.18 - - [15/Jan/2025:21:03:22 -0500] "GET /product/aivfycs80272?id=245418 HTTP/1.1" 404 28463 "-" "Mozilla/5.0 (compatible; SemrushBot/7~bl; +http://www.semrush.com/bot.html)"
85.208.96.196 - - [15/Jan/2025:21:03:38 -0500] "GET /product/azvpldivfoqg18359?id=40166 HTTP/1.1" 404 28461 "-" "Mozilla/5.0 (compatible; SemrushBot/7~bl; +http://www.semrush.com/bot.html)"
185.191.171.16 - - [15/Jan/2025:21:03:43 -0500] "GET /product/fykswdivftwc69982?id=19222 HTTP/1.1" 404 28461 "-" "Mozilla/5.0 (compatible; SemrushBot/7~bl; +http://www.semrush.com/bot.html)"
