35.178.171.29 - - [15/Jan/2025:18:03:43 -0500] "HEAD /wp HTTP/1.1" 404 0 "http://visionsynchomeimprovement.com/wp" "Mozilla/5.0 (Windows NT 10.0; Win64; x64) AppleWebKit/537.36 (KHTML, like Gecko) Chrome/74.0.3729.169 Safari/537.36"
35.178.171.29 - - [15/Jan/2025:18:03:46 -0500] "HEAD /wp HTTP/1.1" 404 0 "https://www.visionsynchi.com/wp" "Mozilla/5.0 (Windows NT 10.0; Win64; x64) AppleWebKit/537.36 (KHTML, like Gecko) Chrome/74.0.3729.169 Safari/537.36"
35.178.171.29 - - [15/Jan/2025:18:03:47 -0500] "HEAD /bc HTTP/1.1" 404 0 "http://visionsynchomeimprovement.com/bc" "Mozilla/5.0 (Windows NT 10.0; Win64; x64) AppleWebKit/537.36 (KHTML, like Gecko) Chrome/74.0.3729.169 Safari/537.36"
162.213.251.239 - - [15/Jan/2025:18:03:53 -0500] "POST /wp-cron.php?doing_wp_cron=1736982233.2567510604858398437500 HTTP/1.1" 403 1242 "-" "WordPress/6.6; https://visionsynchomeimprovement.com"
35.178.171.29 - - [15/Jan/2025:18:03:50 -0500] "HEAD /bc HTTP/1.1" 404 0 "https://www.visionsynchi.com/bc" "Mozilla/5.0 (Windows NT 10.0; Win64; x64) AppleWebKit/537.36 (KHTML, like Gecko) Chrome/74.0.3729.169 Safari/537.36"
162.213.251.239 - - [15/Jan/2025:18:03:54 -0500] "POST /wp-cron.php?doing_wp_cron=1736982234.2434580326080322265625 HTTP/1.1" 403 1242 "-" "WordPress/6.6; https://visionsynchomeimprovement.com"
35.178.171.29 - - [15/Jan/2025:18:03:51 -0500] "HEAD /bk HTTP/1.1" 404 0 "http://visionsynchomeimprovement.com/bk" "Mozilla/5.0 (Windows NT 10.0; Win64; x64) AppleWebKit/537.36 (KHTML, like Gecko) Chrome/74.0.3729.169 Safari/537.36"
35.178.171.29 - - [15/Jan/2025:18:03:54 -0500] "HEAD /bk HTTP/1.1" 404 0 "https://www.visionsynchi.com/bk" "Mozilla/5.0 (Windows NT 10.0; Win64; x64) AppleWebKit/537.36 (KHTML, like Gecko) Chrome/74.0.3729.169 Safari/537.36"
35.178.171.29 - - [15/Jan/2025:18:03:56 -0500] "HEAD /backup HTTP/1.1" 404 0 "http://visionsynchomeimprovement.com/backup" "Mozilla/5.0 (Windows NT 10.0; Win64; x64) AppleWebKit/537.36 (KHTML, like Gecko) Chrome/74.0.3729.169 Safari/537.36"
35.178.171.29 - - [15/Jan/2025:18:03:58 -0500] "HEAD /backup HTTP/1.1" 404 0 "https://www.visionsynchi.com/backup" "Mozilla/5.0 (Windows NT 10.0; Win64; x64) AppleWebKit/537.36 (KHTML, like Gecko) Chrome/74.0.3729.169 Safari/537.36"
35.178.171.29 - - [15/Jan/2025:18:04:00 -0500] "HEAD /old HTTP/1.1" 404 0 "http://visionsynchomeimprovement.com/old" "Mozilla/5.0 (Windows NT 10.0; Win64; x64) AppleWebKit/537.36 (KHTML, like Gecko) Chrome/74.0.3729.169 Safari/537.36"
35.178.171.29 - - [15/Jan/2025:18:04:03 -0500] "HEAD /old HTTP/1.1" 404 0 "https://www.visionsynchi.com/old" "Mozilla/5.0 (Windows NT 10.0; Win64; x64) AppleWebKit/537.36 (KHTML, like Gecko) Chrome/74.0.3729.169 Safari/537.36"
35.178.171.29 - - [15/Jan/2025:18:04:04 -0500] "HEAD /new HTTP/1.1" 404 0 "http://visionsynchomeimprovement.com/new" "Mozilla/5.0 (Windows NT 10.0; Win64; x64) AppleWebKit/537.36 (KHTML, like Gecko) Chrome/74.0.3729.169 Safari/537.36"
35.178.171.29 - - [15/Jan/2025:18:04:07 -0500] "HEAD /new HTTP/1.1" 404 0 "https://www.visionsynchi.com/new" "Mozilla/5.0 (Windows NT 10.0; Win64; x64) AppleWebKit/537.36 (KHTML, like Gecko) Chrome/74.0.3729.169 Safari/537.36"
85.208.96.209 - - [15/Jan/2025:18:04:07 -0500] "GET /product/aivfkpj41189?id=10159 HTTP/1.1" 404 28486 "-" "Mozilla/5.0 (compatible; SemrushBot/7~bl; +http://www.semrush.com/bot.html)"
35.178.171.29 - - [15/Jan/2025:18:04:08 -0500] "HEAD /main HTTP/1.1" 404 0 "http://visionsynchomeimprovement.com/main" "Mozilla/5.0 (Windows NT 10.0; Win64; x64) AppleWebKit/537.36 (KHTML, like Gecko) Chrome/74.0.3729.169 Safari/537.36"
35.178.171.29 - - [15/Jan/2025:18:04:11 -0500] "HEAD /main HTTP/1.1" 404 0 "https://www.visionsynchi.com/main" "Mozilla/5.0 (Windows NT 10.0; Win64; x64) AppleWebKit/537.36 (KHTML, like Gecko) Chrome/74.0.3729.169 Safari/537.36"
35.178.171.29 - - [15/Jan/2025:18:04:13 -0500] "HEAD /home HTTP/1.1" 301 0 "http://visionsynchomeimprovement.com/home" "Mozilla/5.0 (Windows NT 10.0; Win64; x64) AppleWebKit/537.36 (KHTML, like Gecko) Chrome/74.0.3729.169 Safari/537.36"
185.191.171.3 - - [15/Jan/2025:18:04:14 -0500] "GET /product/aivfuu93695?id=4646 HTTP/1.1" 404 28468 "-" "Mozilla/5.0 (compatible; SemrushBot/7~bl; +http://www.semrush.com/bot.html)"
35.178.171.29 - - [15/Jan/2025:18:04:16 -0500] "HEAD /home HTTP/1.1" 301 0 "https://www.visionsynchi.com/home" "Mozilla/5.0 (Windows NT 10.0; Win64; x64) AppleWebKit/537.36 (KHTML, like Gecko) Chrome/74.0.3729.169 Safari/537.36"
35.178.171.29 - - [15/Jan/2025:18:04:17 -0500] "HEAD / HTTP/1.1" 200 0 "https://visionsynchomeimprovement.com/home" "Mozilla/5.0 (Windows NT 10.0; Win64; x64) AppleWebKit/537.36 (KHTML, like Gecko) Chrome/74.0.3729.169 Safari/537.36"
35.178.171.29 - - [15/Jan/2025:18:04:19 -0500] "HEAD / HTTP/1.1" 200 0 "https://visionsynchomeimprovement.com/home" "Mozilla/5.0 (Windows NT 10.0; Win64; x64) AppleWebKit/537.36 (KHTML, like Gecko) Chrome/74.0.3729.169 Safari/537.36"
85.208.96.208 - - [15/Jan/2025:18:04:20 -0500] "GET /product/kvdrxeivfhnd71912?id=85653 HTTP/1.1" 404 28465 "-" "Mozilla/5.0 (compatible; SemrushBot/7~bl; +http://www.semrush.com/bot.html)"
185.191.171.2 - - [15/Jan/2025:18:04:27 -0500] "GET /wp-includes/default-widgets.php HTTP/1.1" 403 1242 "-" "Mozilla/5.0 (compatible; SemrushBot/7~bl; +http://www.semrush.com/bot.html)"
85.208.96.210 - - [15/Jan/2025:18:04:44 -0500] "GET /product/nucndhivfzit42339?id=253445 HTTP/1.1" 404 28468 "-" "Mozilla/5.0 (compatible; SemrushBot/7~bl; +http://www.semrush.com/bot.html)"
162.213.251.239 - - [15/Jan/2025:18:05:07 -0500] "POST /wp-cron.php?doing_wp_cron=1736982306.8323929309844970703125 HTTP/1.1" 403 1242 "-" "WordPress/6.6; https://visionsynchomeimprovement.com"
85.208.96.197 - - [15/Jan/2025:18:05:04 -0500] "GET /product/fpggiaivfuyd42617?id=207681 HTTP/1.1" 404 28468 "-" "Mozilla/5.0 (compatible; SemrushBot/7~bl; +http://www.semrush.com/bot.html)"
185.191.171.4 - - [15/Jan/2025:18:05:20 -0500] "GET /product/rburzhivfamf63233?id=52905 HTTP/1.1" 404 28465 "-" "Mozilla/5.0 (compatible; SemrushBot/7~bl; +http://www.semrush.com/bot.html)"
185.191.171.17 - - [15/Jan/2025:18:05:27 -0500] "GET /product/sivubcivfsbv42339?id=185321 HTTP/1.1" 404 28466 "-" "Mozilla/5.0 (compatible; SemrushBot/7~bl; +http://www.semrush.com/bot.html)"
162.213.251.239 - - [15/Jan/2025:18:06:11 -0500] "POST /wp-cron.php?doing_wp_cron=1736982371.2451770305633544921875 HTTP/1.1" 403 1242 "-" "WordPress/6.6; https://visionsynchomeimprovement.com"
85.208.96.194 - - [15/Jan/2025:18:06:08 -0500] "GET /product/aivfoqa80272?id=144252 HTTP/1.1" 404 28464 "-" "Mozilla/5.0 (compatible; SemrushBot/7~bl; +http://www.semrush.com/bot.html)"
185.191.171.8 - - [15/Jan/2025:18:06:23 -0500] "GET /product/aivfaam41189?id=265290 HTTP/1.1" 404 28467 "-" "Mozilla/5.0 (compatible; SemrushBot/7~bl; +http://www.semrush.com/bot.html)"
185.191.171.18 - - [15/Jan/2025:18:06:29 -0500] "GET /product/gbugeaivfbxn42339?id=272339 HTTP/1.1" 404 28463 "-" "Mozilla/5.0 (compatible; SemrushBot/7~bl; +http://www.semrush.com/bot.html)"
185.191.171.13 - - [15/Jan/2025:18:06:54 -0500] "GET /product/gbbpjeivfvyk42617?id=217636 HTTP/1.1" 404 28473 "-" "Mozilla/5.0 (compatible; SemrushBot/7~bl; +http://www.semrush.com/bot.html)"
85.208.96.211 - - [15/Jan/2025:18:07:01 -0500] "GET /product/kqjrgfivfkgf63233?id=108483 HTTP/1.1" 404 28464 "-" "Mozilla/5.0 (compatible; SemrushBot/7~bl; +http://www.semrush.com/bot.html)"
85.208.96.198 - - [15/Jan/2025:18:07:08 -0500] "GET /product/aivffjf41189?id=31875 HTTP/1.1" 404 28468 "-" "Mozilla/5.0 (compatible; SemrushBot/7~bl; +http://www.semrush.com/bot.html)"
162.213.251.239 - - [15/Jan/2025:18:07:16 -0500] "POST /wp-cron.php?doing_wp_cron=1736982436.2446360588073730468750 HTTP/1.1" 403 1242 "-" "WordPress/6.6; https://visionsynchomeimprovement.com"
185.191.171.3 - - [15/Jan/2025:18:07:14 -0500] "GET /product/gvpdyiivfabp71912?id=260193 HTTP/1.1" 404 28468 "-" "Mozilla/5.0 (compatible; SemrushBot/7~bl; +http://www.semrush.com/bot.html)"
85.208.96.212 - - [15/Jan/2025:18:07:20 -0500] "GET /product/aivfefy93695?id=300524 HTTP/1.1" 404 28461 "-" "Mozilla/5.0 (compatible; SemrushBot/7~bl; +http://www.semrush.com/bot.html)"
185.191.171.16 - - [15/Jan/2025:18:07:26 -0500] "GET /wp-includes/registration-functions.php HTTP/1.1" 403 1242 "-" "Mozilla/5.0 (compatible; SemrushBot/7~bl; +http://www.semrush.com/bot.html)"
85.208.96.199 - - [15/Jan/2025:18:07:45 -0500] "GET /product/aivfqfv41189?id=168399 HTTP/1.1" 404 28465 "-" "Mozilla/5.0 (compatible; SemrushBot/7~bl; +http://www.semrush.com/bot.html)"
85.208.96.208 - - [15/Jan/2025:18:08:09 -0500] "GET /product/aivfrvc80272?id=177328 HTTP/1.1" 404 28488 "-" "Mozilla/5.0 (compatible; SemrushBot/7~bl; +http://www.semrush.com/bot.html)"
162.213.251.239 - - [15/Jan/2025:18:08:20 -0500] "POST /wp-cron.php?doing_wp_cron=1736982500.4658870697021484375000 HTTP/1.1" 403 1242 "-" "WordPress/6.6; https://visionsynchomeimprovement.com"
185.191.171.13 - - [15/Jan/2025:18:08:18 -0500] "GET /product/kmhzuiivfzqs42339?id=256896 HTTP/1.1" 404 28467 "-" "Mozilla/5.0 (compatible; SemrushBot/7~bl; +http://www.semrush.com/bot.html)"
185.191.171.11 - - [15/Jan/2025:18:08:25 -0500] "GET /product/lvelncivfkx18359?id=1049 HTTP/1.1" 404 28467 "-" "Mozilla/5.0 (compatible; SemrushBot/7~bl; +http://www.semrush.com/bot.html)"
185.191.171.13 - - [15/Jan/2025:18:08:31 -0500] "GET /wp-includes/bookmark.php HTTP/1.1" 403 1242 "-" "Mozilla/5.0 (compatible; SemrushBot/7~bl; +http://www.semrush.com/bot.html)"
185.191.171.7 - - [15/Jan/2025:18:08:52 -0500] "GET /product/ujubthivfacu42617?id=260220 HTTP/1.1" 404 28467 "-" "Mozilla/5.0 (compatible; SemrushBot/7~bl; +http://www.semrush.com/bot.html)"
162.213.251.239 - - [15/Jan/2025:18:09:23 -0500] "POST /wp-cron.php?doing_wp_cron=1736982563.5477581024169921875000 HTTP/1.1" 403 1242 "-" "WordPress/6.6; https://visionsynchomeimprovement.com"
85.208.96.200 - - [15/Jan/2025:18:09:21 -0500] "GET /product/zsjkuaivfoc69982?id=4002 HTTP/1.1" 404 28465 "-" "Mozilla/5.0 (compatible; SemrushBot/7~bl; +http://www.semrush.com/bot.html)"
185.191.171.6 - - [15/Jan/2025:18:09:47 -0500] "GET /product/skxkobivfdrw69982?id=294322 HTTP/1.1" 404 28464 "-" "Mozilla/5.0 (compatible; SemrushBot/7~bl; +http://www.semrush.com/bot.html)"
85.208.96.193 - - [15/Jan/2025:18:09:53 -0500] "GET /product/aivfevc93695?id=307354 HTTP/1.1" 404 28465 "-" "Mozilla/5.0 (compatible; SemrushBot/7~bl; +http://www.semrush.com/bot.html)"
185.191.171.9 - - [15/Jan/2025:18:10:12 -0500] "GET /product/hswtneivfiub63233?id=34461 HTTP/1.1" 404 28468 "-" "Mozilla/5.0 (compatible; SemrushBot/7~bl; +http://www.semrush.com/bot.html)"
162.213.251.239 - - [15/Jan/2025:18:10:40 -0500] "POST /wp-cron.php?doing_wp_cron=1736982640.4357960224151611328125 HTTP/1.1" 403 1242 "-" "WordPress/6.6; https://visionsynchomeimprovement.com"
185.191.171.18 - - [15/Jan/2025:18:10:37 -0500] "GET /product/aivfaau93695?id=260072 HTTP/1.1" 404 28468 "-" "Mozilla/5.0 (compatible; SemrushBot/7~bl; +http://www.semrush.com/bot.html)"
85.208.96.211 - - [15/Jan/2025:18:10:51 -0500] "GET /product/shfkkfivfzvd42617?id=51733 HTTP/1.1" 404 28465 "-" "Mozilla/5.0 (compatible; SemrushBot/7~bl; +http://www.semrush.com/bot.html)"
85.208.96.204 - - [15/Jan/2025:18:10:56 -0500] "GET /product/haazidivfccj42339?id=54029 HTTP/1.1" 404 28468 "-" "Mozilla/5.0 (compatible; SemrushBot/7~bl; +http://www.semrush.com/bot.html)"
185.191.171.17 - - [15/Jan/2025:18:11:22 -0500] "GET /product/aivfctg80272?id=284506 HTTP/1.1" 404 28467 "-" "Mozilla/5.0 (compatible; SemrushBot/7~bl; +http://www.semrush.com/bot.html)"
85.208.96.194 - - [15/Jan/2025:18:11:27 -0500] "GET /product/aivfkkb80272?id=108879 HTTP/1.1" 404 28466 "-" "Mozilla/5.0 (compatible; SemrushBot/7~bl; +http://www.semrush.com/bot.html)"
85.208.96.205 - - [15/Jan/2025:18:11:32 -0500] "GET /product/kdjedcivfpbr42339?id=150143 HTTP/1.1" 404 28467 "-" "Mozilla/5.0 (compatible; SemrushBot/7~bl; +http://www.semrush.com/bot.html)"
162.213.251.239 - - [15/Jan/2025:18:12:09 -0500] "POST /wp-cron.php?doing_wp_cron=1736982729.4502251148223876953125 HTTP/1.1" 403 1242 "-" "WordPress/6.6; https://visionsynchomeimprovement.com"
185.191.171.7 - - [15/Jan/2025:18:12:07 -0500] "GET /product/aivfuvh93695?id=46477 HTTP/1.1" 404 28465 "-" "Mozilla/5.0 (compatible; SemrushBot/7~bl; +http://www.semrush.com/bot.html)"
185.191.171.6 - - [15/Jan/2025:18:12:15 -0500] "GET /product/nspukiivfakp18359?id=268867 HTTP/1.1" 404 28466 "-" "Mozilla/5.0 (compatible; SemrushBot/7~bl; +http://www.semrush.com/bot.html)"
85.208.96.211 - - [15/Jan/2025:18:12:41 -0500] "GET /product/narncbivfkgg69982?id=108458 HTTP/1.1" 404 28467 "-" "Mozilla/5.0 (compatible; SemrushBot/7~bl; +http://www.semrush.com/bot.html)"
185.191.171.3 - - [15/Jan/2025:18:12:48 -0500] "GET /product/nulbdiivfkys42339?id=107618 HTTP/1.1" 404 28464 "-" "Mozilla/5.0 (compatible; SemrushBot/7~bl; +http://www.semrush.com/bot.html)"
162.213.251.239 - - [15/Jan/2025:18:13:29 -0500] "POST /wp-cron.php?doing_wp_cron=1736982809.9276549816131591796875 HTTP/1.1" 403 1242 "-" "WordPress/6.6; https://visionsynchomeimprovement.com"
85.208.96.202 - - [15/Jan/2025:18:13:27 -0500] "GET /product/aivfnhg80272?id=13856 HTTP/1.1" 404 28461 "-" "Mozilla/5.0 (compatible; SemrushBot/7~bl; +http://www.semrush.com/bot.html)"
85.208.96.204 - - [15/Jan/2025:18:13:56 -0500] "GET /product/aivfzai80272?id=255234 HTTP/1.1" 404 28466 "-" "Mozilla/5.0 (compatible; SemrushBot/7~bl; +http://www.semrush.com/bot.html)"
85.208.96.204 - - [15/Jan/2025:18:14:25 -0500] "GET /product/ogcgxgivfsdv63233?id=180347 HTTP/1.1" 404 28467 "-" "Mozilla/5.0 (compatible; SemrushBot/7~bl; +http://www.semrush.com/bot.html)"
162.213.251.239 - - [15/Jan/2025:18:14:32 -0500] "POST /wp-cron.php?doing_wp_cron=1736982872.3275079727172851562500 HTTP/1.1" 403 1242 "-" "WordPress/6.6; https://visionsynchomeimprovement.com"
185.191.171.18 - - [15/Jan/2025:18:14:30 -0500] "GET /product/nnuuljivfxyg52700?id=23506 HTTP/1.1" 404 28466 "-" "Mozilla/5.0 (compatible; SemrushBot/7~bl; +http://www.semrush.com/bot.html)"
185.191.171.13 - - [15/Jan/2025:18:14:37 -0500] "GET /product/odgimdivfxjv71912?id=236147 HTTP/1.1" 404 28462 "-" "Mozilla/5.0 (compatible; SemrushBot/7~bl; +http://www.semrush.com/bot.html)"
185.191.171.12 - - [15/Jan/2025:18:14:44 -0500] "GET /product/ekgcthivfmip71912?id=120841 HTTP/1.1" 404 28469 "-" "Mozilla/5.0 (compatible; SemrushBot/7~bl; +http://www.semrush.com/bot.html)"
185.191.171.8 - - [15/Jan/2025:18:14:57 -0500] "GET /product/beragdivfdrr42617?id=296943 HTTP/1.1" 404 28465 "-" "Mozilla/5.0 (compatible; SemrushBot/7~bl; +http://www.semrush.com/bot.html)"
185.191.171.2 - - [15/Jan/2025:18:15:07 -0500] "GET /product/cgzywbivfkvb18359?id=88211 HTTP/1.1" 404 28467 "-" "Mozilla/5.0 (compatible; SemrushBot/7~bl; +http://www.semrush.com/bot.html)"
185.191.171.14 - - [15/Jan/2025:18:15:13 -0500] "GET /product/ldcjvhivfbto18359?id=279714 HTTP/1.1" 404 28467 "-" "Mozilla/5.0 (compatible; SemrushBot/7~bl; +http://www.semrush.com/bot.html)"
185.191.171.9 - - [15/Jan/2025:18:15:18 -0500] "GET /product/aivfnlv41189?id=133799 HTTP/1.1" 404 28466 "-" "Mozilla/5.0 (compatible; SemrushBot/7~bl; +http://www.semrush.com/bot.html)"
85.208.96.206 - - [15/Jan/2025:18:15:25 -0500] "GET /product/aivfvaf93695?id=99005 HTTP/1.1" 404 28464 "-" "Mozilla/5.0 (compatible; SemrushBot/7~bl; +http://www.semrush.com/bot.html)"
162.213.251.239 - - [15/Jan/2025:18:15:44 -0500] "POST /wp-cron.php?doing_wp_cron=1736982944.6475329399108886718750 HTTP/1.1" 403 1242 "-" "WordPress/6.6; https://visionsynchomeimprovement.com"
14.155.221.125 - - [15/Jan/2025:18:15:43 -0500] "GET /feed/ HTTP/1.1" 200 1176 "-" "Mozilla/5.0 (Windows NT 10.0; Win64; x64) AppleWebKit/537.36 (KHTML, like Gecko) Chrome/127.0.0.0 Safari/537.36"
85.208.96.210 - - [15/Jan/2025:18:16:28 -0500] "GET /wp-includes/class-wp-admin-bar.php HTTP/1.1" 403 1242 "-" "Mozilla/5.0 (compatible; SemrushBot/7~bl; +http://www.semrush.com/bot.html)"
185.191.171.16 - - [15/Jan/2025:18:16:38 -0500] "GET /product/bcskugivftbd69982?id=192755 HTTP/1.1" 404 28467 "-" "Mozilla/5.0 (compatible; SemrushBot/7~bl; +http://www.semrush.com/bot.html)"
162.213.251.239 - - [15/Jan/2025:18:16:48 -0500] "POST /wp-cron.php?doing_wp_cron=1736983008.3479740619659423828125 HTTP/1.1" 403 1242 "-" "WordPress/6.6; https://visionsynchomeimprovement.com"
185.191.171.17 - - [15/Jan/2025:18:16:46 -0500] "GET /category/2636-4118900057.html HTTP/1.1" 404 28466 "-" "Mozilla/5.0 (compatible; SemrushBot/7~bl; +http://www.semrush.com/bot.html)"
185.191.171.2 - - [15/Jan/2025:18:17:08 -0500] "GET /product/nhgdveivfojq52700?id=148794 HTTP/1.1" 404 28467 "-" "Mozilla/5.0 (compatible; SemrushBot/7~bl; +http://www.semrush.com/bot.html)"
185.191.171.8 - - [15/Jan/2025:18:17:14 -0500] "GET /product/iwjfmhivfqym42617?id=162490 HTTP/1.1" 404 28465 "-" "Mozilla/5.0 (compatible; SemrushBot/7~bl; +http://www.semrush.com/bot.html)"
185.191.171.6 - - [15/Jan/2025:18:17:39 -0500] "GET /product/penhwcivfeea42617?id=305600 HTTP/1.1" 404 28468 "-" "Mozilla/5.0 (compatible; SemrushBot/7~bl; +http://www.semrush.com/bot.html)"
162.213.251.239 - - [15/Jan/2025:18:17:56 -0500] "POST /wp-cron.php?doing_wp_cron=1736983076.3283839225769042968750 HTTP/1.1" 403 1242 "-" "WordPress/6.6; https://visionsynchomeimprovement.com"
185.191.171.2 - - [15/Jan/2025:18:17:54 -0500] "GET /product/dpdfuaivfgei42339?id=32048 HTTP/1.1" 404 28468 "-" "Mozilla/5.0 (compatible; SemrushBot/7~bl; +http://www.semrush.com/bot.html)"
185.191.171.17 - - [15/Jan/2025:18:18:19 -0500] "GET /product/qacszfivflio69982?id=113414 HTTP/1.1" 404 28469 "-" "Mozilla/5.0 (compatible; SemrushBot/7~bl; +http://www.semrush.com/bot.html)"
185.191.171.8 - - [15/Jan/2025:18:18:30 -0500] "GET /product/aivfsbl41189?id=187911 HTTP/1.1" 404 28464 "-" "Mozilla/5.0 (compatible; SemrushBot/7~bl; +http://www.semrush.com/bot.html)"
85.208.96.198 - - [15/Jan/2025:18:18:35 -0500] "GET /product/aivftdr93695?id=198169 HTTP/1.1" 404 28466 "-" "Mozilla/5.0 (compatible; SemrushBot/7~bl; +http://www.semrush.com/bot.html)"
162.213.251.239 - - [15/Jan/2025:18:19:13 -0500] "POST /wp-cron.php?doing_wp_cron=1736983153.7402899265289306640625 HTTP/1.1" 403 1242 "-" "WordPress/6.6; https://visionsynchomeimprovement.com"
85.208.96.193 - - [15/Jan/2025:18:19:11 -0500] "GET /product/aivfabs41189?id=260196 HTTP/1.1" 404 28465 "-" "Mozilla/5.0 (compatible; SemrushBot/7~bl; +http://www.semrush.com/bot.html)"
185.191.171.11 - - [15/Jan/2025:18:19:18 -0500] "GET /product/irnneiivfepd42617?id=56933 HTTP/1.1" 404 28467 "-" "Mozilla/5.0 (compatible; SemrushBot/7~bl; +http://www.semrush.com/bot.html)"
85.208.96.197 - - [15/Jan/2025:18:19:23 -0500] "GET /product/dpvthgivflpf52700?id=37155 HTTP/1.1" 404 28468 "-" "Mozilla/5.0 (compatible; SemrushBot/7~bl; +http://www.semrush.com/bot.html)"
185.191.171.7 - - [15/Jan/2025:18:19:29 -0500] "GET /product/aivfrsd41189?id=179629 HTTP/1.1" 404 28466 "-" "Mozilla/5.0 (compatible; SemrushBot/7~bl; +http://www.semrush.com/bot.html)"
85.208.96.193 - - [15/Jan/2025:18:19:34 -0500] "GET /wp-includes/class-wp-theme-json-resolver.php HTTP/1.1" 403 1242 "-" "Mozilla/5.0 (compatible; SemrushBot/7~bl; +http://www.semrush.com/bot.html)"
185.191.171.9 - - [15/Jan/2025:18:19:37 -0500] "GET /product/aivfyvc80272?id=249980 HTTP/1.1" 404 28465 "-" "Mozilla/5.0 (compatible; SemrushBot/7~bl; +http://www.semrush.com/bot.html)"
185.191.171.11 - - [15/Jan/2025:18:19:43 -0500] "GET /product/aivfblm80272?id=271138 HTTP/1.1" 404 28468 "-" "Mozilla/5.0 (compatible; SemrushBot/7~bl; +http://www.semrush.com/bot.html)"
185.191.171.9 - - [15/Jan/2025:18:19:58 -0500] "GET /product/vgkdnaivfuab52700?id=98261 HTTP/1.1" 404 28464 "-" "Mozilla/5.0 (compatible; SemrushBot/7~bl; +http://www.semrush.com/bot.html)"
162.213.251.239 - - [15/Jan/2025:18:20:42 -0500] "POST /wp-cron.php?doing_wp_cron=1736983242.3466370105743408203125 HTTP/1.1" 403 1242 "-" "WordPress/6.6; https://visionsynchomeimprovement.com"
185.191.171.12 - - [15/Jan/2025:18:20:40 -0500] "GET /product/jeojreivfpsk52700?id=159636 HTTP/1.1" 404 28463 "-" "Mozilla/5.0 (compatible; SemrushBot/7~bl; +http://www.semrush.com/bot.html)"
85.208.96.209 - - [15/Jan/2025:18:20:45 -0500] "GET /product/aivfdpb93695?id=299353 HTTP/1.1" 404 28467 "-" "Mozilla/5.0 (compatible; SemrushBot/7~bl; +http://www.semrush.com/bot.html)"
85.208.96.211 - - [15/Jan/2025:18:21:30 -0500] "GET /product/jugiucivfpof71912?id=151483 HTTP/1.1" 404 28468 "-" "Mozilla/5.0 (compatible; SemrushBot/7~bl; +http://www.semrush.com/bot.html)"
162.213.251.239 - - [15/Jan/2025:18:21:50 -0500] "POST /wp-cron.php?doing_wp_cron=1736983310.2289319038391113281250 HTTP/1.1" 403 1242 "-" "WordPress/6.6; https://visionsynchomeimprovement.com"
85.208.96.211 - - [15/Jan/2025:18:21:48 -0500] "GET /product/xshiicivfgjh63233?id=58097 HTTP/1.1" 404 28468 "-" "Mozilla/5.0 (compatible; SemrushBot/7~bl; +http://www.semrush.com/bot.html)"
185.191.171.12 - - [15/Jan/2025:18:21:56 -0500] "GET /product/wmaxiiivfkgh69982?id=100633 HTTP/1.1" 404 28467 "-" "Mozilla/5.0 (compatible; SemrushBot/7~bl; +http://www.semrush.com/bot.html)"
85.208.96.195 - - [15/Jan/2025:18:22:05 -0500] "GET /product/lqrxabivfnmv69982?id=136421 HTTP/1.1" 404 28466 "-" "Mozilla/5.0 (compatible; SemrushBot/7~bl; +http://www.semrush.com/bot.html)"
85.208.96.201 - - [15/Jan/2025:18:22:31 -0500] "GET /wp-includes/https-detection.php HTTP/1.1" 403 1242 "-" "Mozilla/5.0 (compatible; SemrushBot/7~bl; +http://www.semrush.com/bot.html)"
162.213.251.239 - - [15/Jan/2025:18:23:02 -0500] "POST /wp-cron.php?doing_wp_cron=1736983382.3476519584655761718750 HTTP/1.1" 403 1242 "-" "WordPress/6.6; https://visionsynchomeimprovement.com"
185.191.171.19 - - [15/Jan/2025:18:22:59 -0500] "GET /product/kyjdxdivfxfx42339?id=230523 HTTP/1.1" 404 28463 "-" "Mozilla/5.0 (compatible; SemrushBot/7~bl; +http://www.semrush.com/bot.html)"
85.208.96.199 - - [15/Jan/2025:18:23:06 -0500] "GET /product/aivfbtb80272?id=53971 HTTP/1.1" 404 28467 "-" "Mozilla/5.0 (compatible; SemrushBot/7~bl; +http://www.semrush.com/bot.html)"
94.136.191.36 - - [15/Jan/2025:18:23:22 -0500] "GET /wp-admin/includes/nav.php HTTP/1.1" 404 28487 "-" "Mozlila/5.0 (Linux; Android 7.0; SM-G892A Bulid/NRD90M; wv) AppleWebKit/537.36 (KHTML, like Gecko) Version/4.0 Chrome/60.0.3112.107 Moblie Safari/537.36"
185.191.171.18 - - [15/Jan/2025:18:23:21 -0500] "GET /product/npmxfiivfpts42339?id=154596 HTTP/1.1" 404 28466 "-" "Mozilla/5.0 (compatible; SemrushBot/7~bl; +http://www.semrush.com/bot.html)"
185.191.171.19 - - [15/Jan/2025:18:23:28 -0500] "GET /product/ilbgsbivfmgh63233?id=38327 HTTP/1.1" 404 28467 "-" "Mozilla/5.0 (compatible; SemrushBot/7~bl; +http://www.semrush.com/bot.html)"
85.208.96.195 - - [15/Jan/2025:18:23:33 -0500] "GET /product/cxfgjiivftyq42339?id=197642 HTTP/1.1" 404 28471 "-" "Mozilla/5.0 (compatible; SemrushBot/7~bl; +http://www.semrush.com/bot.html)"
94.136.191.36 - - [15/Jan/2025:18:23:38 -0500] "GET /wp-includes/sodium_compat/src/Core32/Curve25519/Ge/Core32.php HTTP/1.1" 404 28484 "-" "Mozlila/5.0 (Linux; Android 7.0; SM-G892A Bulid/NRD90M; wv) AppleWebKit/537.36 (KHTML, like Gecko) Version/4.0 Chrome/60.0.3112.107 Moblie Safari/537.36"
85.208.96.199 - - [15/Jan/2025:18:23:52 -0500] "GET /product/aivfgqf93695?id=326805 HTTP/1.1" 404 28466 "-" "Mozilla/5.0 (compatible; SemrushBot/7~bl; +http://www.semrush.com/bot.html)"
162.213.251.239 - - [15/Jan/2025:18:24:13 -0500] "POST /wp-cron.php?doing_wp_cron=1736983453.9411630630493164062500 HTTP/1.1" 403 1242 "-" "WordPress/6.6; https://visionsynchomeimprovement.com"
185.191.171.13 - - [15/Jan/2025:18:24:11 -0500] "GET /product/yduwjhivfcuw69982?id=282074 HTTP/1.1" 404 28464 "-" "Mozilla/5.0 (compatible; SemrushBot/7~bl; +http://www.semrush.com/bot.html)"
185.191.171.14 - - [15/Jan/2025:18:24:18 -0500] "GET /product/hyypydivfbtn42339?id=279791 HTTP/1.1" 404 28465 "-" "Mozilla/5.0 (compatible; SemrushBot/7~bl; +http://www.semrush.com/bot.html)"
85.208.96.201 - - [15/Jan/2025:18:24:23 -0500] "GET /product/emsnwfivfadb42339?id=78811 HTTP/1.1" 404 28463 "-" "Mozilla/5.0 (compatible; SemrushBot/7~bl; +http://www.semrush.com/bot.html)"
185.191.171.2 - - [15/Jan/2025:18:24:29 -0500] "GET /product/aivfkm93695?id=8838 HTTP/1.1" 404 28468 "-" "Mozilla/5.0 (compatible; SemrushBot/7~bl; +http://www.semrush.com/bot.html)"
85.208.96.206 - - [15/Jan/2025:18:24:35 -0500] "GET /product/wpzeiiivfkqx42339?id=104275 HTTP/1.1" 404 28466 "-" "Mozilla/5.0 (compatible; SemrushBot/7~bl; +http://www.semrush.com/bot.html)"
85.208.96.207 - - [15/Jan/2025:18:24:48 -0500] "GET /product/jpdldeivfnul63233?id=139837 HTTP/1.1" 404 28465 "-" "Mozilla/5.0 (compatible; SemrushBot/7~bl; +http://www.semrush.com/bot.html)"
185.191.171.2 - - [15/Jan/2025:18:24:53 -0500] "GET /product/cpotwbivfnns69982?id=133944 HTTP/1.1" 404 28467 "-" "Mozilla/5.0 (compatible; SemrushBot/7~bl; +http://www.semrush.com/bot.html)"
162.213.251.239 - - [15/Jan/2025:18:25:30 -0500] "POST /wp-cron.php?doing_wp_cron=1736983530.0624930858612060546875 HTTP/1.1" 403 1242 "-" "WordPress/6.6; https://visionsynchomeimprovement.com"
185.191.171.17 - - [15/Jan/2025:18:25:27 -0500] "GET /product/aivfmcm41189?id=125438 HTTP/1.1" 404 28489 "-" "Mozilla/5.0 (compatible; SemrushBot/7~bl; +http://www.semrush.com/bot.html)"
185.191.171.17 - - [15/Jan/2025:18:25:45 -0500] "GET /product/tnplwgivfaqe18359?id=52944 HTTP/1.1" 404 28464 "-" "Mozilla/5.0 (compatible; SemrushBot/7~bl; +http://www.semrush.com/bot.html)"
185.191.171.11 - - [15/Jan/2025:18:25:53 -0500] "GET /product/aivfxef41189?id=49565 HTTP/1.1" 404 28465 "-" "Mozilla/5.0 (compatible; SemrushBot/7~bl; +http://www.semrush.com/bot.html)"
185.191.171.4 - - [15/Jan/2025:18:26:00 -0500] "GET /product/llkdecivfukm63233?id=208890 HTTP/1.1" 404 28463 "-" "Mozilla/5.0 (compatible; SemrushBot/7~bl; +http://www.semrush.com/bot.html)"
185.191.171.4 - - [15/Jan/2025:18:26:17 -0500] "GET /product/aivfxkv41189?id=238873 HTTP/1.1" 404 28464 "-" "Mozilla/5.0 (compatible; SemrushBot/7~bl; +http://www.semrush.com/bot.html)"
162.213.251.239 - - [15/Jan/2025:18:26:56 -0500] "POST /wp-cron.php?doing_wp_cron=1736983616.4553980827331542968750 HTTP/1.1" 403 1242 "-" "WordPress/6.6; https://visionsynchomeimprovement.com"
185.191.171.11 - - [15/Jan/2025:18:26:54 -0500] "GET /product/yeoyiaivfrkc18359?id=176228 HTTP/1.1" 404 28467 "-" "Mozilla/5.0 (compatible; SemrushBot/7~bl; +http://www.semrush.com/bot.html)"
185.191.171.14 - - [15/Jan/2025:18:27:06 -0500] "GET /product/wfenvbivfbfh42339?id=270559 HTTP/1.1" 404 28467 "-" "Mozilla/5.0 (compatible; SemrushBot/7~bl; +http://www.semrush.com/bot.html)"
85.208.96.202 - - [15/Jan/2025:18:27:13 -0500] "GET /product/thqlweivfkep42339?id=108293 HTTP/1.1" 404 28466 "-" "Mozilla/5.0 (compatible; SemrushBot/7~bl; +http://www.semrush.com/bot.html)"
85.208.96.209 - - [15/Jan/2025:18:27:20 -0500] "GET /wp-includes/class-wp-block-bindings-source.php HTTP/1.1" 403 1242 "-" "Mozilla/5.0 (compatible; SemrushBot/7~bl; +http://www.semrush.com/bot.html)"
85.208.96.206 - - [15/Jan/2025:18:27:36 -0500] "GET /product/xmqkqaivfbrb71912?id=271779 HTTP/1.1" 404 28468 "-" "Mozilla/5.0 (compatible; SemrushBot/7~bl; +http://www.semrush.com/bot.html)"
185.191.171.14 - - [15/Jan/2025:18:27:43 -0500] "GET /product/fjlyxaivfbqp52700?id=271667 HTTP/1.1" 404 28467 "-" "Mozilla/5.0 (compatible; SemrushBot/7~bl; +http://www.semrush.com/bot.html)"
185.191.171.1 - - [15/Jan/2025:18:27:47 -0500] "GET /product/xqvjqgivfudd42617?id=202981 HTTP/1.1" 404 28466 "-" "Mozilla/5.0 (compatible; SemrushBot/7~bl; +http://www.semrush.com/bot.html)"
85.208.96.199 - - [15/Jan/2025:18:27:52 -0500] "GET /robots.txt HTTP/1.1" 200 122 "-" "Mozilla/5.0 (compatible; SemrushBot/7~bl; +http://www.semrush.com/bot.html)"
185.191.171.5 - - [15/Jan/2025:18:27:53 -0500] "GET /product/ddoqsfivfaxg42617?id=264906 HTTP/1.1" 404 28466 "-" "Mozilla/5.0 (compatible; SemrushBot/7~bl; +http://www.semrush.com/bot.html)"
162.213.251.239 - - [15/Jan/2025:18:28:01 -0500] "POST /wp-cron.php?doing_wp_cron=1736983681.5358769893646240234375 HTTP/1.1" 403 1242 "-" "WordPress/6.6; https://visionsynchomeimprovement.com"
85.208.96.206 - - [15/Jan/2025:18:27:59 -0500] "GET /product/qjahogivffia63233?id=83860 HTTP/1.1" 404 28462 "-" "Mozilla/5.0 (compatible; SemrushBot/7~bl; +http://www.semrush.com/bot.html)"
185.191.171.18 - - [15/Jan/2025:18:28:05 -0500] "GET /product/aivfeom80272?id=304064 HTTP/1.1" 404 28465 "-" "Mozilla/5.0 (compatible; SemrushBot/7~bl; +http://www.semrush.com/bot.html)"
185.191.171.19 - - [15/Jan/2025:18:28:19 -0500] "GET /product/zfqeyjivfae69982?id=2656 HTTP/1.1" 404 28469 "-" "Mozilla/5.0 (compatible; SemrushBot/7~bl; +http://www.semrush.com/bot.html)"
85.208.96.209 - - [15/Jan/2025:18:28:27 -0500] "GET /product/ykijrjivfaap69982?id=267867 HTTP/1.1" 404 28468 "-" "Mozilla/5.0 (compatible; SemrushBot/7~bl; +http://www.semrush.com/bot.html)"
162.213.251.239 - - [15/Jan/2025:18:29:01 -0500] "POST /wp-cron.php?doing_wp_cron=1736983741.6291630268096923828125 HTTP/1.1" 403 1242 "-" "WordPress/6.6; https://visionsynchomeimprovement.com"
85.208.96.200 - - [15/Jan/2025:18:28:59 -0500] "GET /product/aivfehd93695?id=56593 HTTP/1.1" 404 28462 "-" "Mozilla/5.0 (compatible; SemrushBot/7~bl; +http://www.semrush.com/bot.html)"
185.191.171.14 - - [15/Jan/2025:18:29:05 -0500] "GET /product/eejbxcivfmbq71912?id=122742 HTTP/1.1" 404 28469 "-" "Mozilla/5.0 (compatible; SemrushBot/7~bl; +http://www.semrush.com/bot.html)"
185.191.171.7 - - [15/Jan/2025:18:29:14 -0500] "GET /product/ecbxveivfpbb63233?id=155327 HTTP/1.1" 404 28465 "-" "Mozilla/5.0 (compatible; SemrushBot/7~bl; +http://www.semrush.com/bot.html)"
185.191.171.2 - - [15/Jan/2025:18:29:46 -0500] "GET /product/aivftoh93695?id=19147 HTTP/1.1" 404 28468 "-" "Mozilla/5.0 (compatible; SemrushBot/7~bl; +http://www.semrush.com/bot.html)"
162.213.251.239 - - [15/Jan/2025:18:30:08 -0500] "POST /wp-cron.php?doing_wp_cron=1736983808.5369288921356201171875 HTTP/1.1" 403 1242 "-" "WordPress/6.6; https://visionsynchomeimprovement.com"
185.191.171.11 - - [15/Jan/2025:18:30:06 -0500] "GET /product/yhbarfivfssn69982?id=189639 HTTP/1.1" 404 28465 "-" "Mozilla/5.0 (compatible; SemrushBot/7~bl; +http://www.semrush.com/bot.html)"
185.191.171.18 - - [15/Jan/2025:18:30:12 -0500] "GET /product/sobnveivfyug69982?id=76206 HTTP/1.1" 404 28464 "-" "Mozilla/5.0 (compatible; SemrushBot/7~bl; +http://www.semrush.com/bot.html)"
185.191.171.7 - - [15/Jan/2025:18:30:17 -0500] "GET /product/bpqasdivfvdv71912?id=210399 HTTP/1.1" 404 28467 "-" "Mozilla/5.0 (compatible; SemrushBot/7~bl; +http://www.semrush.com/bot.html)"
185.191.171.9 - - [15/Jan/2025:18:30:23 -0500] "GET /product/ipofehivfobj42339?id=147935 HTTP/1.1" 404 28465 "-" "Mozilla/5.0 (compatible; SemrushBot/7~bl; +http://www.semrush.com/bot.html)"
185.191.171.10 - - [15/Jan/2025:18:30:33 -0500] "GET /product/aivfzkd80272?id=51103 HTTP/1.1" 404 28466 "-" "Mozilla/5.0 (compatible; SemrushBot/7~bl; +http://www.semrush.com/bot.html)"
185.191.171.5 - - [15/Jan/2025:18:31:03 -0500] "GET /product/cdrnpgivfkxf52700?id=107531 HTTP/1.1" 404 28468 "-" "Mozilla/5.0 (compatible; SemrushBot/7~bl; +http://www.semrush.com/bot.html)"
162.213.251.239 - - [15/Jan/2025:18:31:10 -0500] "POST /wp-cron.php?doing_wp_cron=1736983869.9460489749908447265625 HTTP/1.1" 403 1242 "-" "WordPress/6.6; https://visionsynchomeimprovement.com"
85.208.96.209 - - [15/Jan/2025:18:31:08 -0500] "GET /product/aivfexo80272?id=302366 HTTP/1.1" 404 28465 "-" "Mozilla/5.0 (compatible; SemrushBot/7~bl; +http://www.semrush.com/bot.html)"
62.182.85.138 - - [15/Jan/2025:18:31:10 -0500] "GET /sites/all/libraries/elfinder/connectors/php/connector.php HTTP/1.1" 404 116159 "-" "ALittle Client"
85.208.96.200 - - [15/Jan/2025:18:31:13 -0500] "GET /product/mnokcjivfftf42617?id=317183 HTTP/1.1" 404 28464 "-" "Mozilla/5.0 (compatible; SemrushBot/7~bl; +http://www.semrush.com/bot.html)"
185.191.171.17 - - [15/Jan/2025:18:31:36 -0500] "GET /product/pcqfvaivfcaw42617?id=280048 HTTP/1.1" 404 28467 "-" "Mozilla/5.0 (compatible; SemrushBot/7~bl; +http://www.semrush.com/bot.html)"
185.191.171.7 - - [15/Jan/2025:18:31:45 -0500] "GET /product/aivfhch80272?id=330259 HTTP/1.1" 404 28469 "-" "Mozilla/5.0 (compatible; SemrushBot/7~bl; +http://www.semrush.com/bot.html)"
185.191.171.19 - - [15/Jan/2025:18:31:56 -0500] "GET /product/aivftij93695?id=19609 HTTP/1.1" 404 28467 "-" "Mozilla/5.0 (compatible; SemrushBot/7~bl; +http://www.semrush.com/bot.html)"
85.208.96.210 - - [15/Jan/2025:18:32:01 -0500] "GET /product/aivfzte93695?id=251982 HTTP/1.1" 404 28467 "-" "Mozilla/5.0 (compatible; SemrushBot/7~bl; +http://www.semrush.com/bot.html)"
85.208.96.204 - - [15/Jan/2025:18:32:06 -0500] "GET /product/aivfhqa80272?id=59940 HTTP/1.1" 404 28466 "-" "Mozilla/5.0 (compatible; SemrushBot/7~bl; +http://www.semrush.com/bot.html)"
162.213.251.239 - - [15/Jan/2025:18:32:26 -0500] "POST /wp-cron.php?doing_wp_cron=1736983946.8438808917999267578125 HTTP/1.1" 403 1242 "-" "WordPress/6.6; https://visionsynchomeimprovement.com"
185.191.171.9 - - [15/Jan/2025:18:32:25 -0500] "GET /product/pfbetdivffcd42617?id=315455 HTTP/1.1" 404 28468 "-" "Mozilla/5.0 (compatible; SemrushBot/7~bl; +http://www.semrush.com/bot.html)"
185.191.171.1 - - [15/Jan/2025:18:32:50 -0500] "GET /product/aivfpte93695?id=93194 HTTP/1.1" 404 28465 "-" "Mozilla/5.0 (compatible; SemrushBot/7~bl; +http://www.semrush.com/bot.html)"
44.206.255.138 - - [15/Jan/2025:18:32:54 -0500] "HEAD / HTTP/1.1" 200 0 "-" "Mozilla/5.0 (Windows NT 10.0; Win64; x64) AppleWebKit/537.36 (KHTML, like Gecko) Chrome/104.0.0.0 Safari/537.36"
44.206.255.138 - - [15/Jan/2025:18:32:56 -0500] "GET / HTTP/1.1" 200 33497 "-" "Mozilla/5.0 (Windows NT 10.0; Win64; x64) AppleWebKit/537.36 (KHTML, like Gecko) Chrome/104.0.0.0 Safari/537.36"
185.191.171.16 - - [15/Jan/2025:18:32:57 -0500] "GET /product/aivfwwh80272?id=224885 HTTP/1.1" 404 28466 "-" "Mozilla/5.0 (compatible; SemrushBot/7~bl; +http://www.semrush.com/bot.html)"
44.206.255.138 - - [15/Jan/2025:18:33:01 -0500] "HEAD /contact/ HTTP/1.1" 200 0 "-" "Mozilla/5.0 (Windows NT 10.0; Win64; x64) AppleWebKit/537.36 (KHTML, like Gecko) Chrome/104.0.0.0 Safari/537.36"
44.206.255.138 - - [15/Jan/2025:18:33:02 -0500] "GET /contact/ HTTP/1.1" 200 29681 "-" "Mozilla/5.0 (Windows NT 10.0; Win64; x64) AppleWebKit/537.36 (KHTML, like Gecko) Chrome/104.0.0.0 Safari/537.36"
44.206.255.138 - - [15/Jan/2025:18:33:06 -0500] "HEAD /about-us-1/ HTTP/1.1" 404 0 "-" "Mozilla/5.0 (Windows NT 10.0; Win64; x64) AppleWebKit/537.36 (KHTML, like Gecko) Chrome/104.0.0.0 Safari/537.36"
44.206.255.138 - - [15/Jan/2025:18:33:07 -0500] "GET /about-us-1/ HTTP/1.1" 404 28468 "-" "Mozilla/5.0 (Windows NT 10.0; Win64; x64) AppleWebKit/537.36 (KHTML, like Gecko) Chrome/104.0.0.0 Safari/537.36"
44.206.255.138 - - [15/Jan/2025:18:33:11 -0500] "HEAD /recently_completed/ HTTP/1.1" 200 0 "-" "Mozilla/5.0 (Windows NT 10.0; Win64; x64) AppleWebKit/537.36 (KHTML, like Gecko) Chrome/104.0.0.0 Safari/537.36"
44.206.255.138 - - [15/Jan/2025:18:33:12 -0500] "GET /recently_completed/ HTTP/1.1" 200 29115 "-" "Mozilla/5.0 (Windows NT 10.0; Win64; x64) AppleWebKit/537.36 (KHTML, like Gecko) Chrome/104.0.0.0 Safari/537.36"
44.206.255.138 - - [15/Jan/2025:18:33:16 -0500] "HEAD /bathroom-remodels/ HTTP/1.1" 200 0 "-" "Mozilla/5.0 (Windows NT 10.0; Win64; x64) AppleWebKit/537.36 (KHTML, like Gecko) Chrome/104.0.0.0 Safari/537.36"
44.206.255.138 - - [15/Jan/2025:18:33:18 -0500] "GET /bathroom-remodels/ HTTP/1.1" 200 29840 "-" "Mozilla/5.0 (Windows NT 10.0; Win64; x64) AppleWebKit/537.36 (KHTML, like Gecko) Chrome/104.0.0.0 Safari/537.36"
44.206.255.138 - - [15/Jan/2025:18:33:22 -0500] "HEAD /standalone/ HTTP/1.1" 200 0 "-" "Mozilla/5.0 (Windows NT 10.0; Win64; x64) AppleWebKit/537.36 (KHTML, like Gecko) Chrome/104.0.0.0 Safari/537.36"
44.206.255.138 - - [15/Jan/2025:18:33:24 -0500] "GET /standalone/ HTTP/1.1" 200 29948 "-" "Mozilla/5.0 (Windows NT 10.0; Win64; x64) AppleWebKit/537.36 (KHTML, like Gecko) Chrome/104.0.0.0 Safari/537.36"
162.213.251.239 - - [15/Jan/2025:18:33:29 -0500] "POST /wp-cron.php?doing_wp_cron=1736984009.3296730518341064453125 HTTP/1.1" 403 1242 "-" "WordPress/6.6; https://visionsynchomeimprovement.com"
44.206.255.138 - - [15/Jan/2025:18:33:27 -0500] "HEAD /walk-in-showers/ HTTP/1.1" 200 0 "-" "Mozilla/5.0 (Windows NT 10.0; Win64; x64) AppleWebKit/537.36 (KHTML, like Gecko) Chrome/104.0.0.0 Safari/537.36"
44.206.255.138 - - [15/Jan/2025:18:33:29 -0500] "GET /walk-in-showers/ HTTP/1.1" 200 29784 "-" "Mozilla/5.0 (Windows NT 10.0; Win64; x64) AppleWebKit/537.36 (KHTML, like Gecko) Chrome/104.0.0.0 Safari/537.36"
44.206.255.138 - - [15/Jan/2025:18:33:33 -0500] "HEAD /blog/ HTTP/1.1" 200 0 "-" "Mozilla/5.0 (Windows NT 10.0; Win64; x64) AppleWebKit/537.36 (KHTML, like Gecko) Chrome/104.0.0.0 Safari/537.36"
44.206.255.138 - - [15/Jan/2025:18:33:35 -0500] "GET /blog/ HTTP/1.1" 200 29863 "-" "Mozilla/5.0 (Windows NT 10.0; Win64; x64) AppleWebKit/537.36 (KHTML, like Gecko) Chrome/104.0.0.0 Safari/537.36"
185.191.171.12 - - [15/Jan/2025:18:33:37 -0500] "GET /product/aivfkdf41189?id=36295 HTTP/1.1" 404 28466 "-" "Mozilla/5.0 (compatible; SemrushBot/7~bl; +http://www.semrush.com/bot.html)"
44.206.255.138 - - [15/Jan/2025:18:33:39 -0500] "HEAD /gallery/ HTTP/1.1" 200 0 "-" "Mozilla/5.0 (Windows NT 10.0; Win64; x64) AppleWebKit/537.36 (KHTML, like Gecko) Chrome/104.0.0.0 Safari/537.36"
44.206.255.138 - - [15/Jan/2025:18:33:42 -0500] "GET /gallery/ HTTP/1.1" 200 29466 "-" "Mozilla/5.0 (Windows NT 10.0; Win64; x64) AppleWebKit/537.36 (KHTML, like Gecko) Chrome/104.0.0.0 Safari/537.36"
44.206.255.138 - - [15/Jan/2025:18:33:46 -0500] "HEAD / HTTP/1.1" 200 0 "-" "Mozilla/5.0 (Windows NT 10.0; Win64; x64) AppleWebKit/537.36 (KHTML, like Gecko) Chrome/104.0.0.0 Safari/537.36"
44.206.255.138 - - [15/Jan/2025:18:33:48 -0500] "GET / HTTP/1.1" 200 33492 "-" "Mozilla/5.0 (Windows NT 10.0; Win64; x64) AppleWebKit/537.36 (KHTML, like Gecko) Chrome/104.0.0.0 Safari/537.36"
44.206.255.138 - - [15/Jan/2025:18:33:52 -0500] "HEAD /home HTTP/1.1" 301 0 "-" "Mozilla/5.0 (Windows NT 10.0; Win64; x64) AppleWebKit/537.36 (KHTML, like Gecko) Chrome/104.0.0.0 Safari/537.36"
44.206.255.138 - - [15/Jan/2025:18:33:54 -0500] "HEAD / HTTP/1.1" 200 0 "https://visionsynchomeimprovement.com/home" "Mozilla/5.0 (Windows NT 10.0; Win64; x64) AppleWebKit/537.36 (KHTML, like Gecko) Chrome/104.0.0.0 Safari/537.36"
44.206.255.138 - - [15/Jan/2025:18:33:55 -0500] "GET /home HTTP/1.1" 301 0 "https://visionsynchomeimprovement.com/home" "Mozilla/5.0 (Windows NT 10.0; Win64; x64) AppleWebKit/537.36 (KHTML, like Gecko) Chrome/104.0.0.0 Safari/537.36"
44.206.255.138 - - [15/Jan/2025:18:33:57 -0500] "GET / HTTP/1.1" 200 33495 "https://visionsynchomeimprovement.com/home" "Mozilla/5.0 (Windows NT 10.0; Win64; x64) AppleWebKit/537.36 (KHTML, like Gecko) Chrome/104.0.0.0 Safari/537.36"
85.208.96.198 - - [15/Jan/2025:18:33:59 -0500] "GET /product/aivflxj93695?id=112387 HTTP/1.1" 404 28467 "-" "Mozilla/5.0 (compatible; SemrushBot/7~bl; +http://www.semrush.com/bot.html)"
44.206.255.138 - - [15/Jan/2025:18:34:01 -0500] "HEAD /services/ HTTP/1.1" 404 0 "-" "Mozilla/5.0 (Windows NT 10.0; Win64; x64) AppleWebKit/537.36 (KHTML, like Gecko) Chrome/104.0.0.0 Safari/537.36"
44.206.255.138 - - [15/Jan/2025:18:34:03 -0500] "GET /services/ HTTP/1.1" 404 28466 "-" "Mozilla/5.0 (Windows NT 10.0; Win64; x64) AppleWebKit/537.36 (KHTML, like Gecko) Chrome/104.0.0.0 Safari/537.36"
185.191.171.6 - - [15/Jan/2025:18:34:04 -0500] "GET /product/dpfauiivfewp42617?id=307415 HTTP/1.1" 404 28467 "-" "Mozilla/5.0 (compatible; SemrushBot/7~bl; +http://www.semrush.com/bot.html)"
44.206.255.138 - - [15/Jan/2025:18:34:06 -0500] "HEAD /gallery-full-3-columns/ HTTP/1.1" 404 0 "-" "Mozilla/5.0 (Windows NT 10.0; Win64; x64) AppleWebKit/537.36 (KHTML, like Gecko) Chrome/104.0.0.0 Safari/537.36"
44.206.255.138 - - [15/Jan/2025:18:34:08 -0500] "GET /gallery-full-3-columns/ HTTP/1.1" 404 28465 "-" "Mozilla/5.0 (Windows NT 10.0; Win64; x64) AppleWebKit/537.36 (KHTML, like Gecko) Chrome/104.0.0.0 Safari/537.36"
85.208.96.194 - - [15/Jan/2025:18:34:09 -0500] "GET /product/mvhdshivfmdp71912?id=128115 HTTP/1.1" 404 28461 "-" "Mozilla/5.0 (compatible; SemrushBot/7~bl; +http://www.semrush.com/bot.html)"
44.206.255.138 - - [15/Jan/2025:18:34:12 -0500] "HEAD /shop/ HTTP/1.1" 200 0 "-" "Mozilla/5.0 (Windows NT 10.0; Win64; x64) AppleWebKit/537.36 (KHTML, like Gecko) Chrome/104.0.0.0 Safari/537.36"
44.206.255.138 - - [15/Jan/2025:18:34:14 -0500] "GET /shop/ HTTP/1.1" 200 33357 "-" "Mozilla/5.0 (Windows NT 10.0; Win64; x64) AppleWebKit/537.36 (KHTML, like Gecko) Chrome/104.0.0.0 Safari/537.36"
44.206.255.138 - - [15/Jan/2025:18:34:18 -0500] "HEAD / HTTP/1.1" 200 0 "-" "Mozilla/5.0 (Windows NT 10.0; Win64; x64) AppleWebKit/537.36 (KHTML, like Gecko) Chrome/104.0.0.0 Safari/537.36"
44.206.255.138 - - [15/Jan/2025:18:34:20 -0500] "GET /robots.txt HTTP/1.1" 200 130 "-" "-"
162.213.251.239 - - [15/Jan/2025:18:34:41 -0500] "POST /wp-cron.php?doing_wp_cron=1736984081.1361238956451416015625 HTTP/1.1" 403 1242 "-" "WordPress/6.6; https://visionsynchomeimprovement.com"
85.208.96.198 - - [15/Jan/2025:18:34:39 -0500] "GET /product/kbfoffivfnwu18359?id=132298 HTTP/1.1" 404 28466 "-" "Mozilla/5.0 (compatible; SemrushBot/7~bl; +http://www.semrush.com/bot.html)"
85.208.96.202 - - [15/Jan/2025:18:35:11 -0500] "GET /product/sjhlgeivfbrp18359?id=279515 HTTP/1.1" 404 28464 "-" "Mozilla/5.0 (compatible; SemrushBot/7~bl; +http://www.semrush.com/bot.html)"
185.191.171.16 - - [15/Jan/2025:18:35:17 -0500] "GET /product/kopuyfivfnzo18359?id=132566 HTTP/1.1" 404 28465 "-" "Mozilla/5.0 (compatible; SemrushBot/7~bl; +http://www.semrush.com/bot.html)"
85.208.96.194 - - [15/Jan/2025:18:35:22 -0500] "GET /product/qmkzzcivfogq18359?id=140642 HTTP/1.1" 404 28467 "-" "Mozilla/5.0 (compatible; SemrushBot/7~bl; +http://www.semrush.com/bot.html)"
185.191.171.5 - - [15/Jan/2025:18:35:27 -0500] "GET /product/sakigjivfdli42617?id=29638 HTTP/1.1" 404 28464 "-" "Mozilla/5.0 (compatible; SemrushBot/7~bl; +http://www.semrush.com/bot.html)"
162.213.251.239 - - [15/Jan/2025:18:35:46 -0500] "POST /wp-cron.php?doing_wp_cron=1736984146.2265229225158691406250 HTTP/1.1" 403 1242 "-" "WordPress/6.6; https://visionsynchomeimprovement.com"
185.191.171.13 - - [15/Jan/2025:18:35:44 -0500] "GET /product/remkkgivfvqf69982?id=211605 HTTP/1.1" 404 28465 "-" "Mozilla/5.0 (compatible; SemrushBot/7~bl; +http://www.semrush.com/bot.html)"
185.191.171.16 - - [15/Jan/2025:18:35:51 -0500] "GET /wp-includes/class-wp-simplepie-sanitize-kses.php HTTP/1.1" 403 1242 "-" "Mozilla/5.0 (compatible; SemrushBot/7~bl; +http://www.semrush.com/bot.html)"
85.208.96.208 - - [15/Jan/2025:18:36:08 -0500] "GET /product/aivfhuq80272?id=339894 HTTP/1.1" 404 28464 "-" "Mozilla/5.0 (compatible; SemrushBot/7~bl; +http://www.semrush.com/bot.html)"
185.191.171.17 - - [15/Jan/2025:18:36:13 -0500] "GET /product/aivfhvc80272?id=337302 HTTP/1.1" 404 28466 "-" "Mozilla/5.0 (compatible; SemrushBot/7~bl; +http://www.semrush.com/bot.html)"
185.191.171.16 - - [15/Jan/2025:18:36:18 -0500] "GET /product/agoenfivfwvf69982?id=224705 HTTP/1.1" 404 28464 "-" "Mozilla/5.0 (compatible; SemrushBot/7~bl; +http://www.semrush.com/bot.html)"
85.208.96.202 - - [15/Jan/2025:18:36:23 -0500] "GET /product/cokaieivflnm42339?id=113964 HTTP/1.1" 404 28465 "-" "Mozilla/5.0 (compatible; SemrushBot/7~bl; +http://www.semrush.com/bot.html)"
85.208.96.201 - - [15/Jan/2025:18:36:27 -0500] "GET /product/ktdjvaivfsm42617?id=4438 HTTP/1.1" 404 28462 "-" "Mozilla/5.0 (compatible; SemrushBot/7~bl; +http://www.semrush.com/bot.html)"
162.213.251.239 - - [15/Jan/2025:18:37:02 -0500] "POST /wp-cron.php?doing_wp_cron=1736984222.6517529487609863281250 HTTP/1.1" 403 1242 "-" "WordPress/6.6; https://visionsynchomeimprovement.com"
85.208.96.194 - - [15/Jan/2025:18:37:00 -0500] "GET /product/aivfbkg41189?id=278858 HTTP/1.1" 404 28466 "-" "Mozilla/5.0 (compatible; SemrushBot/7~bl; +http://www.semrush.com/bot.html)"
85.208.96.196 - - [15/Jan/2025:18:37:42 -0500] "GET /product/lencmeivfyrv42339?id=241721 HTTP/1.1" 404 28465 "-" "Mozilla/5.0 (compatible; SemrushBot/7~bl; +http://www.semrush.com/bot.html)"
85.208.96.205 - - [15/Jan/2025:18:37:48 -0500] "GET /product/aivfawk93695?id=262210 HTTP/1.1" 404 28465 "-" "Mozilla/5.0 (compatible; SemrushBot/7~bl; +http://www.semrush.com/bot.html)"
85.208.96.197 - - [15/Jan/2025:18:37:57 -0500] "GET /product/yxcsniivftiw42617?id=196048 HTTP/1.1" 404 28467 "-" "Mozilla/5.0 (compatible; SemrushBot/7~bl; +http://www.semrush.com/bot.html)"
162.213.251.239 - - [15/Jan/2025:18:38:08 -0500] "POST /wp-cron.php?doing_wp_cron=1736984288.5616250038146972656250 HTTP/1.1" 403 1242 "-" "WordPress/6.6; https://visionsynchomeimprovement.com"
185.191.171.8 - - [15/Jan/2025:18:38:06 -0500] "GET /product/fsfbvhivfwga52700?id=74580 HTTP/1.1" 404 28466 "-" "Mozilla/5.0 (compatible; SemrushBot/7~bl; +http://www.semrush.com/bot.html)"
185.191.171.8 - - [15/Jan/2025:18:38:20 -0500] "GET /product/svxuiaivfsv42339?id=7047 HTTP/1.1" 404 28465 "-" "Mozilla/5.0 (compatible; SemrushBot/7~bl; +http://www.semrush.com/bot.html)"
185.191.171.17 - - [15/Jan/2025:18:38:40 -0500] "GET /product/vkwebbivfvdd42339?id=210303 HTTP/1.1" 404 28461 "-" "Mozilla/5.0 (compatible; SemrushBot/7~bl; +http://www.semrush.com/bot.html)"
85.208.96.209 - - [15/Jan/2025:18:39:01 -0500] "GET /product/dfizshivfxdt52700?id=235571 HTTP/1.1" 404 28465 "-" "Mozilla/5.0 (compatible; SemrushBot/7~bl; +http://www.semrush.com/bot.html)"
162.213.251.239 - - [15/Jan/2025:18:39:14 -0500] "POST /wp-cron.php?doing_wp_cron=1736984354.5314450263977050781250 HTTP/1.1" 403 1242 "-" "WordPress/6.6; https://visionsynchomeimprovement.com"
185.191.171.8 - - [15/Jan/2025:18:39:12 -0500] "GET /product/aivftkc93695?id=19622 HTTP/1.1" 404 28465 "-" "Mozilla/5.0 (compatible; SemrushBot/7~bl; +http://www.semrush.com/bot.html)"
85.208.96.208 - - [15/Jan/2025:18:39:18 -0500] "GET /product/aivfsdn80272?id=182913 HTTP/1.1" 404 28464 "-" "Mozilla/5.0 (compatible; SemrushBot/7~bl; +http://www.semrush.com/bot.html)"
85.208.96.199 - - [15/Jan/2025:18:39:22 -0500] "GET /product/llkkseivfnhj42339?id=13599 HTTP/1.1" 404 28465 "-" "Mozilla/5.0 (compatible; SemrushBot/7~bl; +http://www.semrush.com/bot.html)"
185.191.171.7 - - [15/Jan/2025:18:39:28 -0500] "GET /product/cnzosaivfyez42617?id=248277 HTTP/1.1" 404 28466 "-" "Mozilla/5.0 (compatible; SemrushBot/7~bl; +http://www.semrush.com/bot.html)"
185.191.171.10 - - [15/Jan/2025:18:39:33 -0500] "GET /product/aivfdhi80272?id=290760 HTTP/1.1" 404 28467 "-" "Mozilla/5.0 (compatible; SemrushBot/7~bl; +http://www.semrush.com/bot.html)"
185.191.171.12 - - [15/Jan/2025:18:39:56 -0500] "GET /product/uqgzhgivfkme18359?id=36124 HTTP/1.1" 404 28465 "-" "Mozilla/5.0 (compatible; SemrushBot/7~bl; +http://www.semrush.com/bot.html)"
85.208.96.202 - - [15/Jan/2025:18:40:03 -0500] "GET /product/cegybhivfqlg63233?id=94896 HTTP/1.1" 404 28468 "-" "Mozilla/5.0 (compatible; SemrushBot/7~bl; +http://www.semrush.com/bot.html)"
162.213.251.239 - - [15/Jan/2025:18:40:24 -0500] "POST /wp-cron.php?doing_wp_cron=1736984424.4253990650177001953125 HTTP/1.1" 403 1242 "-" "WordPress/6.6; https://visionsynchomeimprovement.com"
85.208.96.207 - - [15/Jan/2025:18:40:22 -0500] "GET /product/otlxlaivfzmc42339?id=251280 HTTP/1.1" 404 28466 "-" "Mozilla/5.0 (compatible; SemrushBot/7~bl; +http://www.semrush.com/bot.html)"
85.208.96.202 - - [15/Jan/2025:18:40:34 -0500] "GET /product/tbtyogivferw42339?id=306922 HTTP/1.1" 404 28466 "-" "Mozilla/5.0 (compatible; SemrushBot/7~bl; +http://www.semrush.com/bot.html)"
85.208.96.201 - - [15/Jan/2025:18:40:38 -0500] "GET /product/fgbdchivfwmq69982?id=229042 HTTP/1.1" 404 28465 "-" "Mozilla/5.0 (compatible; SemrushBot/7~bl; +http://www.semrush.com/bot.html)"
185.191.171.17 - - [15/Jan/2025:18:40:43 -0500] "GET /product/zctjtfivfxmr69982?id=236469 HTTP/1.1" 404 28466 "-" "Mozilla/5.0 (compatible; SemrushBot/7~bl; +http://www.semrush.com/bot.html)"
185.191.171.4 - - [15/Jan/2025:18:40:48 -0500] "GET /product/zhidchivfyyb18359?id=76501 HTTP/1.1" 404 28463 "-" "Mozilla/5.0 (compatible; SemrushBot/7~bl; +http://www.semrush.com/bot.html)"
85.208.96.201 - - [15/Jan/2025:18:41:01 -0500] "GET /product/uytvqgivfmqx52700?id=124249 HTTP/1.1" 404 28467 "-" "Mozilla/5.0 (compatible; SemrushBot/7~bl; +http://www.semrush.com/bot.html)"
85.208.96.197 - - [15/Jan/2025:18:41:07 -0500] "GET /product/bifsmcivfvud63233?id=217229 HTTP/1.1" 404 28468 "-" "Mozilla/5.0 (compatible; SemrushBot/7~bl; +http://www.semrush.com/bot.html)"
162.213.251.239 - - [15/Jan/2025:18:41:34 -0500] "POST /wp-cron.php?doing_wp_cron=1736984494.6371519565582275390625 HTTP/1.1" 403 1242 "-" "WordPress/6.6; https://visionsynchomeimprovement.com"
185.191.171.15 - - [15/Jan/2025:18:41:32 -0500] "GET /product/aivfxnk80272?id=236562 HTTP/1.1" 404 28467 "-" "Mozilla/5.0 (compatible; SemrushBot/7~bl; +http://www.semrush.com/bot.html)"
185.191.171.4 - - [15/Jan/2025:18:42:16 -0500] "GET /product/lznzggivfuma42339?id=20380 HTTP/1.1" 404 28467 "-" "Mozilla/5.0 (compatible; SemrushBot/7~bl; +http://www.semrush.com/bot.html)"
185.191.171.8 - - [15/Jan/2025:18:42:21 -0500] "GET /product/zqwzlaivfmah42617?id=64267 HTTP/1.1" 404 28468 "-" "Mozilla/5.0 (compatible; SemrushBot/7~bl; +http://www.semrush.com/bot.html)"
185.191.171.11 - - [15/Jan/2025:18:42:29 -0500] "GET /product/aivfyzh93695?id=50777 HTTP/1.1" 404 28490 "-" "Mozilla/5.0 (compatible; SemrushBot/7~bl; +http://www.semrush.com/bot.html)"
3.139.86.74 - - [15/Jan/2025:18:42:47 -0500] "GET /wp-includes/sodium_compat/src/Core/Curve25519 HTTP/1.1" 301 795 "-" "Mozilla/5.0 AppleWebKit/537.36 (KHTML, like Gecko; compatible; ClaudeBot/1.0; +claudebot@anthropic.com)"
