54.36.121.9 - - [15/Jan/2025:10:08:01 -0500] "GET /wp-content/plugins/contact-form-7/includes/swv/js/index.js?ver=5.9.3 HTTP/1.1" 200 3228 "https://visionsynchomeimprovement.com/" "Mozilla/5.0 (Windows NT 10.0; Win64; x64) AppleWebKit/537.36 (KHTML, like Gecko) Chrome/122.0.0.0 Safari/537.36"
54.36.121.9 - - [15/Jan/2025:10:08:01 -0500] "GET /wp-content/plugins/contact-form-7/includes/js/index.js?ver=5.9.3 HTTP/1.1" 200 3919 "https://visionsynchomeimprovement.com/" "Mozilla/5.0 (Windows NT 10.0; Win64; x64) AppleWebKit/537.36 (KHTML, like Gecko) Chrome/122.0.0.0 Safari/537.36"
54.36.121.9 - - [15/Jan/2025:10:08:01 -0500] "GET /wp-content/plugins/woocommerce/assets/js/frontend/order-attribution.min.js?ver=8.8.5 HTTP/1.1" 200 945 "https://visionsynchomeimprovement.com/" "Mozilla/5.0 (Windows NT 10.0; Win64; x64) AppleWebKit/537.36 (KHTML, like Gecko) Chrome/122.0.0.0 Safari/537.36"
54.36.121.9 - - [15/Jan/2025:10:08:01 -0500] "GET /wp-content/plugins/woocommerce/assets/js/sourcebuster/sourcebuster.min.js?ver=8.8.5 HTTP/1.1" 200 4348 "https://visionsynchomeimprovement.com/" "Mozilla/5.0 (Windows NT 10.0; Win64; x64) AppleWebKit/537.36 (KHTML, like Gecko) Chrome/122.0.0.0 Safari/537.36"
54.36.121.9 - - [15/Jan/2025:10:08:01 -0500] "GET /wp-content/plugins/booked/includes/add-ons/frontend-agents/js/functions.js?ver=2.4.4 HTTP/1.1" 200 1055 "https://visionsynchomeimprovement.com/" "Mozilla/5.0 (Windows NT 10.0; Win64; x64) AppleWebKit/537.36 (KHTML, like Gecko) Chrome/122.0.0.0 Safari/537.36"
54.36.121.9 - - [15/Jan/2025:10:08:01 -0500] "GET /wp-content/themes/kitgreen/assets/js/dev/modernizr-2.8.3.min.js?ver=6.6 HTTP/1.1" 200 6009 "https://visionsynchomeimprovement.com/" "Mozilla/5.0 (Windows NT 10.0; Win64; x64) AppleWebKit/537.36 (KHTML, like Gecko) Chrome/122.0.0.0 Safari/537.36"
54.36.121.9 - - [15/Jan/2025:10:08:01 -0500] "GET /wp-content/themes/kitgreen/assets/js/dev/slick.min.js?ver=6.6 HTTP/1.1" 200 14940 "https://visionsynchomeimprovement.com/" "Mozilla/5.0 (Windows NT 10.0; Win64; x64) AppleWebKit/537.36 (KHTML, like Gecko) Chrome/122.0.0.0 Safari/537.36"
54.36.121.9 - - [15/Jan/2025:10:08:01 -0500] "GET /wp-includes/js/imagesloaded.min.js?ver=5.0.0 HTTP/1.1" 200 1687 "https://visionsynchomeimprovement.com/" "Mozilla/5.0 (Windows NT 10.0; Win64; x64) AppleWebKit/537.36 (KHTML, like Gecko) Chrome/122.0.0.0 Safari/537.36"
54.36.121.9 - - [15/Jan/2025:10:08:01 -0500] "GET /wp-includes/js/masonry.min.js?ver=4.2.2 HTTP/1.1" 200 7117 "https://visionsynchomeimprovement.com/" "Mozilla/5.0 (Windows NT 10.0; Win64; x64) AppleWebKit/537.36 (KHTML, like Gecko) Chrome/122.0.0.0 Safari/537.36"
54.36.121.9 - - [15/Jan/2025:10:08:01 -0500] "GET /wp-content/themes/kitgreen/assets/js/dev/waypoints.min.js?ver=6.6 HTTP/1.1" 200 2461 "https://visionsynchomeimprovement.com/" "Mozilla/5.0 (Windows NT 10.0; Win64; x64) AppleWebKit/537.36 (KHTML, like Gecko) Chrome/122.0.0.0 Safari/537.36"
54.36.121.9 - - [15/Jan/2025:10:08:01 -0500] "GET /wp-content/themes/kitgreen/assets/js/dev/jquery.lazyload.min.js?ver=6.6 HTTP/1.1" 200 1177 "https://visionsynchomeimprovement.com/" "Mozilla/5.0 (Windows NT 10.0; Win64; x64) AppleWebKit/537.36 (KHTML, like Gecko) Chrome/122.0.0.0 Safari/537.36"
54.36.121.9 - - [15/Jan/2025:10:08:01 -0500] "GET /wp-content/themes/kitgreen/assets/js/dev/menu-sticky.js?ver=6.6 HTTP/1.1" 200 2444 "https://visionsynchomeimprovement.com/" "Mozilla/5.0 (Windows NT 10.0; Win64; x64) AppleWebKit/537.36 (KHTML, like Gecko) Chrome/122.0.0.0 Safari/537.36"
54.36.121.9 - - [15/Jan/2025:10:08:01 -0500] "GET /wp-content/themes/kitgreen/assets/js/dev/jquery.countdown.min.js?ver=6.6 HTTP/1.1" 200 2238 "https://visionsynchomeimprovement.com/" "Mozilla/5.0 (Windows NT 10.0; Win64; x64) AppleWebKit/537.36 (KHTML, like Gecko) Chrome/122.0.0.0 Safari/537.36"
54.36.121.9 - - [15/Jan/2025:10:08:01 -0500] "GET /wp-content/themes/kitgreen/assets/js/dev/isotope.js?ver=6.6 HTTP/1.1" 200 10783 "https://visionsynchomeimprovement.com/" "Mozilla/5.0 (Windows NT 10.0; Win64; x64) AppleWebKit/537.36 (KHTML, like Gecko) Chrome/122.0.0.0 Safari/537.36"
54.36.121.9 - - [15/Jan/2025:10:08:01 -0500] "GET /wp-content/themes/kitgreen/assets/js/dev/instafeed.js?ver=6.6 HTTP/1.1" 200 2873 "https://visionsynchomeimprovement.com/" "Mozilla/5.0 (Windows NT 10.0; Win64; x64) AppleWebKit/537.36 (KHTML, like Gecko) Chrome/122.0.0.0 Safari/537.36"
54.36.121.9 - - [15/Jan/2025:10:08:01 -0500] "GET /wp-content/themes/kitgreen/assets/js/dev/packery.js?ver=6.6 HTTP/1.1" 200 4002 "https://visionsynchomeimprovement.com/" "Mozilla/5.0 (Windows NT 10.0; Win64; x64) AppleWebKit/537.36 (KHTML, like Gecko) Chrome/122.0.0.0 Safari/537.36"
54.36.121.9 - - [15/Jan/2025:10:08:01 -0500] "GET /wp-content/themes/kitgreen/assets/js/dev/shortcode_theme.js?ver=6.6 HTTP/1.1" 200 7653 "https://visionsynchomeimprovement.com/" "Mozilla/5.0 (Windows NT 10.0; Win64; x64) AppleWebKit/537.36 (KHTML, like Gecko) Chrome/122.0.0.0 Safari/537.36"
54.36.121.9 - - [15/Jan/2025:10:08:01 -0500] "GET /wp-content/themes/kitgreen/assets/js/dev/woocomerce/ajax_mn_parent.js?ver=6.6 HTTP/1.1" 200 3486 "https://visionsynchomeimprovement.com/" "Mozilla/5.0 (Windows NT 10.0; Win64; x64) AppleWebKit/537.36 (KHTML, like Gecko) Chrome/122.0.0.0 Safari/537.36"
54.36.121.9 - - [15/Jan/2025:10:08:01 -0500] "GET /wp-content/themes/kitgreen/assets/js/dev/woocomerce/ajax_mn_addtocart.min.js?ver=6.6 HTTP/1.1" 200 1701 "https://visionsynchomeimprovement.com/" "Mozilla/5.0 (Windows NT 10.0; Win64; x64) AppleWebKit/537.36 (KHTML, like Gecko) Chrome/122.0.0.0 Safari/537.36"
54.36.121.9 - - [15/Jan/2025:10:08:02 -0500] "GET /wp-content/themes/kitgreen/assets/js/dev/woocomerce/ajax_mn_cart.js?ver=6.6 HTTP/1.1" 200 877 "https://visionsynchomeimprovement.com/" "Mozilla/5.0 (Windows NT 10.0; Win64; x64) AppleWebKit/537.36 (KHTML, like Gecko) Chrome/122.0.0.0 Safari/537.36"
54.36.121.9 - - [15/Jan/2025:10:08:02 -0500] "GET /wp-content/themes/kitgreen/assets/js/dev/woocomerce/star_cart.js?ver=6.6 HTTP/1.1" 200 259 "https://visionsynchomeimprovement.com/" "Mozilla/5.0 (Windows NT 10.0; Win64; x64) AppleWebKit/537.36 (KHTML, like Gecko) Chrome/122.0.0.0 Safari/537.36"
54.36.121.9 - - [15/Jan/2025:10:08:02 -0500] "GET /wp-content/themes/kitgreen/assets/js/dev/woocomerce/ajax_mn_load-more.js?ver=6.6 HTTP/1.1" 200 1733 "https://visionsynchomeimprovement.com/" "Mozilla/5.0 (Windows NT 10.0; Win64; x64) AppleWebKit/537.36 (KHTML, like Gecko) Chrome/122.0.0.0 Safari/537.36"
54.36.121.9 - - [15/Jan/2025:10:08:02 -0500] "GET /wp-content/themes/kitgreen/assets/js/dev/woocomerce/ajax_mn_single.js?ver=6.6 HTTP/1.1" 200 250 "https://visionsynchomeimprovement.com/" "Mozilla/5.0 (Windows NT 10.0; Win64; x64) AppleWebKit/537.36 (KHTML, like Gecko) Chrome/122.0.0.0 Safari/537.36"
54.36.121.9 - - [15/Jan/2025:10:08:02 -0500] "GET /wp-content/themes/kitgreen/assets/js/dev/main.js?ver=6.6 HTTP/1.1" 200 7066 "https://visionsynchomeimprovement.com/" "Mozilla/5.0 (Windows NT 10.0; Win64; x64) AppleWebKit/537.36 (KHTML, like Gecko) Chrome/122.0.0.0 Safari/537.36"
54.36.121.9 - - [15/Jan/2025:10:08:02 -0500] "GET /wp-content/themes/kitgreen/assets/js/bootstrap.min.js?ver=6.6 HTTP/1.1" 200 8188 "https://visionsynchomeimprovement.com/" "Mozilla/5.0 (Windows NT 10.0; Win64; x64) AppleWebKit/537.36 (KHTML, like Gecko) Chrome/122.0.0.0 Safari/537.36"
54.36.121.9 - - [15/Jan/2025:10:08:02 -0500] "GET /wp-content/plugins/variation-swatches-for-woocommerce/assets/js/frontend.js?ver=2.2.2 HTTP/1.1" 200 1923 "https://visionsynchomeimprovement.com/" "Mozilla/5.0 (Windows NT 10.0; Win64; x64) AppleWebKit/537.36 (KHTML, like Gecko) Chrome/122.0.0.0 Safari/537.36"
54.36.121.9 - - [15/Jan/2025:10:08:02 -0500] "GET /wp-includes/js/dist/vendor/wp-polyfill.min.js?ver=3.15.0 HTTP/1.1" 200 13501 "https://visionsynchomeimprovement.com/" "Mozilla/5.0 (Windows NT 10.0; Win64; x64) AppleWebKit/537.36 (KHTML, like Gecko) Chrome/122.0.0.0 Safari/537.36"
54.36.121.9 - - [15/Jan/2025:10:08:02 -0500] "GET /wp-content/plugins/contact-form-7/modules/recaptcha/index.js?ver=5.9.3 HTTP/1.1" 200 417 "https://visionsynchomeimprovement.com/" "Mozilla/5.0 (Windows NT 10.0; Win64; x64) AppleWebKit/537.36 (KHTML, like Gecko) Chrome/122.0.0.0 Safari/537.36"
54.36.121.9 - - [15/Jan/2025:10:08:02 -0500] "GET /wp-content/plugins/js_composer/assets/lib/vc_waypoints/vc-waypoints.min.js?ver=7.6 HTTP/1.1" 200 2675 "https://visionsynchomeimprovement.com/" "Mozilla/5.0 (Windows NT 10.0; Win64; x64) AppleWebKit/537.36 (KHTML, like Gecko) Chrome/122.0.0.0 Safari/537.36"
54.36.121.9 - - [15/Jan/2025:10:08:02 -0500] "GET /wp-content/plugins/js_composer/assets/js/dist/js_composer_front.min.js?ver=7.6 HTTP/1.1" 200 5490 "https://visionsynchomeimprovement.com/" "Mozilla/5.0 (Windows NT 10.0; Win64; x64) AppleWebKit/537.36 (KHTML, like Gecko) Chrome/122.0.0.0 Safari/537.36"
54.36.121.9 - - [15/Jan/2025:10:08:02 -0500] "GET /wp-content/plugins/woocommerce/assets/js/js-cookie/js.cookie.min.js?ver=2.1.4-wc.8.8.5 HTTP/1.1" 200 760 "https://visionsynchomeimprovement.com/" "Mozilla/5.0 (Windows NT 10.0; Win64; x64) AppleWebKit/537.36 (KHTML, like Gecko) Chrome/122.0.0.0 Safari/537.36"
54.36.121.9 - - [15/Jan/2025:10:08:02 -0500] "GET /wp-content/plugins/woocommerce/assets/js/frontend/woocommerce.min.js?ver=8.8.5 HTTP/1.1" 200 684 "https://visionsynchomeimprovement.com/" "Mozilla/5.0 (Windows NT 10.0; Win64; x64) AppleWebKit/537.36 (KHTML, like Gecko) Chrome/122.0.0.0 Safari/537.36"
54.36.121.9 - - [15/Jan/2025:10:08:02 -0500] "GET /wp-content/plugins/woocommerce/assets/js/frontend/add-to-cart-variation.min.js?ver=8.8.5 HTTP/1.1" 200 3472 "https://visionsynchomeimprovement.com/" "Mozilla/5.0 (Windows NT 10.0; Win64; x64) AppleWebKit/537.36 (KHTML, like Gecko) Chrome/122.0.0.0 Safari/537.36"
54.36.121.9 - - [15/Jan/2025:10:08:02 -0500] "GET /wp-content/uploads/2018/01/line-title.png HTTP/1.1" 200 240 "https://visionsynchomeimprovement.com/" "Mozilla/5.0 (Windows NT 10.0; Win64; x64) AppleWebKit/537.36 (KHTML, like Gecko) Chrome/122.0.0.0 Safari/537.36"
54.36.121.9 - - [15/Jan/2025:10:08:02 -0500] "GET /wp-content/plugins/revslider/sr6/assets/js/rbtools.min.js?ver=6.7.5 HTTP/1.1" 200 59937 "https://visionsynchomeimprovement.com/" "Mozilla/5.0 (Windows NT 10.0; Win64; x64) AppleWebKit/537.36 (KHTML, like Gecko) Chrome/122.0.0.0 Safari/537.36"
54.36.121.9 - - [15/Jan/2025:10:08:02 -0500] "GET /wp-content/plugins/revslider/sr6/assets/js/rs6.min.js?ver=6.7.7 HTTP/1.1" 200 104510 "https://visionsynchomeimprovement.com/" "Mozilla/5.0 (Windows NT 10.0; Win64; x64) AppleWebKit/537.36 (KHTML, like Gecko) Chrome/122.0.0.0 Safari/537.36"
54.36.121.9 - - [15/Jan/2025:10:08:02 -0500] "GET /wp-content/plugins/mailchimp-for-wp/assets/js/forms.js?ver=4.9.13 HTTP/1.1" 200 2455 "https://visionsynchomeimprovement.com/" "Mozilla/5.0 (Windows NT 10.0; Win64; x64) AppleWebKit/537.36 (KHTML, like Gecko) Chrome/122.0.0.0 Safari/537.36"
54.36.121.9 - - [15/Jan/2025:10:08:02 -0500] "GET /wp-content/uploads/2024/04/WhatsApp-Image-2024-04-29-at-5.01.14-AM-1.jpeg?id=2177 HTTP/1.1" 200 114852 "https://visionsynchomeimprovement.com/" "Mozilla/5.0 (Windows NT 10.0; Win64; x64) AppleWebKit/537.36 (KHTML, like Gecko) Chrome/122.0.0.0 Safari/537.36"
54.36.121.9 - - [15/Jan/2025:10:08:02 -0500] "GET /wp-content/themes/kitgreen/assets/fonts/ionicons.ttf?v=2.0.0 HTTP/1.1" 200 188508 "https://visionsynchomeimprovement.com/wp-content/themes/kitgreen/assets/css/ionicons.min.css?ver=6.6" "Mozilla/5.0 (Windows NT 10.0; Win64; x64) AppleWebKit/537.36 (KHTML, like Gecko) Chrome/122.0.0.0 Safari/537.36"
54.36.121.9 - - [15/Jan/2025:10:08:02 -0500] "GET /wp-content/themes/kitgreen/assets/fonts/Linearicons-Free.woff2?w118d HTTP/1.1" 200 21780 "https://visionsynchomeimprovement.com/wp-content/themes/kitgreen/assets/css/linearicons.css?ver=6.6" "Mozilla/5.0 (Windows NT 10.0; Win64; x64) AppleWebKit/537.36 (KHTML, like Gecko) Chrome/122.0.0.0 Safari/537.36"
54.36.121.9 - - [15/Jan/2025:10:08:02 -0500] "GET /wp-includes/js/wp-emoji-release.min.js?ver=6.6 HTTP/1.1" 200 4676 "https://visionsynchomeimprovement.com/" "Mozilla/5.0 (Windows NT 10.0; Win64; x64) AppleWebKit/537.36 (KHTML, like Gecko) Chrome/122.0.0.0 Safari/537.36"
54.36.121.9 - - [15/Jan/2025:10:08:03 -0500] "GET /wp-content/uploads/2024/04/Screenshot_2022-10-28_105235.jpg HTTP/1.1" 200 28703 "https://visionsynchomeimprovement.com/" "Mozilla/5.0 (Windows NT 10.0; Win64; x64) AppleWebKit/537.36 (KHTML, like Gecko) Chrome/122.0.0.0 Safari/537.36"
54.36.121.9 - - [15/Jan/2025:10:08:02 -0500] "GET /wp-json/contact-form-7/v1/contact-forms/678/feedback/schema HTTP/1.1" 200 0 "https://visionsynchomeimprovement.com/" "Mozilla/5.0 (Windows NT 10.0; Win64; x64) AppleWebKit/537.36 (KHTML, like Gecko) Chrome/122.0.0.0 Safari/537.36"
54.36.121.9 - - [15/Jan/2025:10:08:03 -0500] "GET /wp-json/contact-form-7/v1/contact-forms/678/refill HTTP/1.1" 200 0 "https://visionsynchomeimprovement.com/" "Mozilla/5.0 (Windows NT 10.0; Win64; x64) AppleWebKit/537.36 (KHTML, like Gecko) Chrome/122.0.0.0 Safari/537.36"
185.191.171.16 - - [15/Jan/2025:10:08:19 -0500] "GET /product/peamhbivfrwu18359?id=174898 HTTP/1.1" 404 28466 "-" "Mozilla/5.0 (compatible; SemrushBot/7~bl; +http://www.semrush.com/bot.html)"
162.213.251.239 - - [15/Jan/2025:10:08:51 -0500] "POST /wp-cron.php?doing_wp_cron=1736953731.9720230102539062500000 HTTP/1.1" 403 1242 "-" "WordPress/6.6; https://visionsynchomeimprovement.com"
85.208.96.206 - - [15/Jan/2025:10:08:51 -0500] "GET /product/aivfaxs41189?id=267596 HTTP/1.1" 404 28467 "-" "Mozilla/5.0 (compatible; SemrushBot/7~bl; +http://www.semrush.com/bot.html)"
85.208.96.195 - - [15/Jan/2025:10:08:53 -0500] "GET /product/aivfqfa41189?id=163178 HTTP/1.1" 404 28464 "-" "Mozilla/5.0 (compatible; SemrushBot/7~bl; +http://www.semrush.com/bot.html)"
85.208.96.197 - - [15/Jan/2025:10:09:25 -0500] "GET /product/rcufbfivfnok42339?id=134036 HTTP/1.1" 404 28467 "-" "Mozilla/5.0 (compatible; SemrushBot/7~bl; +http://www.semrush.com/bot.html)"
185.191.171.15 - - [15/Jan/2025:10:09:31 -0500] "GET /product/tymmtgivfgsh71912?id=58187 HTTP/1.1" 404 28468 "-" "Mozilla/5.0 (compatible; SemrushBot/7~bl; +http://www.semrush.com/bot.html)"
185.191.171.19 - - [15/Jan/2025:10:09:41 -0500] "GET /product/twdhkcivfqdu71912?id=168198 HTTP/1.1" 404 28468 "-" "Mozilla/5.0 (compatible; SemrushBot/7~bl; +http://www.semrush.com/bot.html)"
185.191.171.4 - - [15/Jan/2025:10:09:45 -0500] "GET /wp-includes/theme-compat/ HTTP/1.1" 200 1461 "-" "Mozilla/5.0 (compatible; SemrushBot/7~bl; +http://www.semrush.com/bot.html)"
85.208.96.200 - - [15/Jan/2025:10:09:46 -0500] "GET /product/atjkgcivfeog42339?id=306632 HTTP/1.1" 404 28465 "-" "Mozilla/5.0 (compatible; SemrushBot/7~bl; +http://www.semrush.com/bot.html)"
185.191.171.16 - - [15/Jan/2025:10:09:49 -0500] "GET /product/zvhmtaivfmmo52700?id=129066 HTTP/1.1" 404 28463 "-" "Mozilla/5.0 (compatible; SemrushBot/7~bl; +http://www.semrush.com/bot.html)"
162.213.251.239 - - [15/Jan/2025:10:09:54 -0500] "POST /wp-cron.php?doing_wp_cron=1736953794.3157279491424560546875 HTTP/1.1" 403 1242 "-" "WordPress/6.6; https://visionsynchomeimprovement.com"
185.191.171.16 - - [15/Jan/2025:10:09:53 -0500] "GET /product/mjwlhhivffng42617?id=313958 HTTP/1.1" 404 28461 "-" "Mozilla/5.0 (compatible; SemrushBot/7~bl; +http://www.semrush.com/bot.html)"
85.208.96.197 - - [15/Jan/2025:10:09:56 -0500] "GET /product/qulmadivflgb71912?id=115801 HTTP/1.1" 404 28465 "-" "Mozilla/5.0 (compatible; SemrushBot/7~bl; +http://www.semrush.com/bot.html)"
185.191.171.6 - - [15/Jan/2025:10:10:11 -0500] "GET /product/ztadgfivftei71912?id=193086 HTTP/1.1" 404 28462 "-" "Mozilla/5.0 (compatible; SemrushBot/7~bl; +http://www.semrush.com/bot.html)"
85.208.96.209 - - [15/Jan/2025:10:10:20 -0500] "GET /product/aivfqqi41189?id=169408 HTTP/1.1" 404 28467 "-" "Mozilla/5.0 (compatible; SemrushBot/7~bl; +http://www.semrush.com/bot.html)"
162.213.251.239 - - [15/Jan/2025:10:11:11 -0500] "POST /wp-cron.php?doing_wp_cron=1736953871.2082788944244384765625 HTTP/1.1" 403 1242 "-" "WordPress/6.6; https://visionsynchomeimprovement.com"
85.208.96.206 - - [15/Jan/2025:10:11:07 -0500] "GET /product/aivfhpe93695?id=59154 HTTP/1.1" 404 28470 "-" "Mozilla/5.0 (compatible; SemrushBot/7~bl; +http://www.semrush.com/bot.html)"
85.208.96.211 - - [15/Jan/2025:10:11:22 -0500] "GET /product/bppnxiivfkhk63233?id=100762 HTTP/1.1" 404 28465 "-" "Mozilla/5.0 (compatible; SemrushBot/7~bl; +http://www.semrush.com/bot.html)"
85.208.96.206 - - [15/Jan/2025:10:11:46 -0500] "GET /product/kbdechivfcaf42617?id=285283 HTTP/1.1" 404 28464 "-" "Mozilla/5.0 (compatible; SemrushBot/7~bl; +http://www.semrush.com/bot.html)"
85.208.96.207 - - [15/Jan/2025:10:12:00 -0500] "GET /product/aivfpne41189?id=156556 HTTP/1.1" 404 28465 "-" "Mozilla/5.0 (compatible; SemrushBot/7~bl; +http://www.semrush.com/bot.html)"
162.213.251.239 - - [15/Jan/2025:10:12:14 -0500] "POST /wp-cron.php?doing_wp_cron=1736953934.5756380558013916015625 HTTP/1.1" 403 1242 "-" "WordPress/6.6; https://visionsynchomeimprovement.com"
85.208.96.210 - - [15/Jan/2025:10:12:13 -0500] "GET /product/qzbefbivfrss42339?id=174496 HTTP/1.1" 404 28464 "-" "Mozilla/5.0 (compatible; SemrushBot/7~bl; +http://www.semrush.com/bot.html)"
85.208.96.205 - - [15/Jan/2025:10:12:38 -0500] "GET /product/aivfkga41189?id=100600 HTTP/1.1" 404 28468 "-" "Mozilla/5.0 (compatible; SemrushBot/7~bl; +http://www.semrush.com/bot.html)"
85.208.96.203 - - [15/Jan/2025:10:13:12 -0500] "GET /product/ygxrbiivfbkv52700?id=273699 HTTP/1.1" 404 28461 "-" "Mozilla/5.0 (compatible; SemrushBot/7~bl; +http://www.semrush.com/bot.html)"
162.213.251.239 - - [15/Jan/2025:10:13:16 -0500] "POST /wp-cron.php?doing_wp_cron=1736953996.4681389331817626953125 HTTP/1.1" 403 1242 "-" "WordPress/6.6; https://visionsynchomeimprovement.com"
185.191.171.3 - - [15/Jan/2025:10:13:15 -0500] "GET /product/vgolkdivflto63233?id=114540 HTTP/1.1" 404 28466 "-" "Mozilla/5.0 (compatible; SemrushBot/7~bl; +http://www.semrush.com/bot.html)"
85.208.96.193 - - [15/Jan/2025:10:13:32 -0500] "GET /product/ujduocivfqqg42617?id=166832 HTTP/1.1" 404 28466 "-" "Mozilla/5.0 (compatible; SemrushBot/7~bl; +http://www.semrush.com/bot.html)"
85.208.96.195 - - [15/Jan/2025:10:13:37 -0500] "GET /product/oxayniivfqsu63233?id=161846 HTTP/1.1" 404 28466 "-" "Mozilla/5.0 (compatible; SemrushBot/7~bl; +http://www.semrush.com/bot.html)"
85.208.96.209 - - [15/Jan/2025:10:13:44 -0500] "GET /product/ysjfkbivfojs69982?id=146170 HTTP/1.1" 404 28465 "-" "Mozilla/5.0 (compatible; SemrushBot/7~bl; +http://www.semrush.com/bot.html)"
85.208.96.203 - - [15/Jan/2025:10:13:49 -0500] "GET /product/rjhcqfivftab52700?id=190001 HTTP/1.1" 404 28467 "-" "Mozilla/5.0 (compatible; SemrushBot/7~bl; +http://www.semrush.com/bot.html)"
85.208.96.211 - - [15/Jan/2025:10:14:00 -0500] "GET /product/aivfobb80272?id=92271 HTTP/1.1" 404 28464 "-" "Mozilla/5.0 (compatible; SemrushBot/7~bl; +http://www.semrush.com/bot.html)"
185.191.171.1 - - [15/Jan/2025:10:14:14 -0500] "GET /product/zcjsvdivfvkp18359?id=216293 HTTP/1.1" 404 28466 "-" "Mozilla/5.0 (compatible; SemrushBot/7~bl; +http://www.semrush.com/bot.html)"
162.213.251.239 - - [15/Jan/2025:10:14:38 -0500] "POST /wp-cron.php?doing_wp_cron=1736954078.5171439647674560546875 HTTP/1.1" 403 1242 "-" "WordPress/6.6; https://visionsynchomeimprovement.com"
185.191.171.12 - - [15/Jan/2025:10:14:37 -0500] "GET /product/aivfltd80272?id=119729 HTTP/1.1" 404 28466 "-" "Mozilla/5.0 (compatible; SemrushBot/7~bl; +http://www.semrush.com/bot.html)"
185.191.171.1 - - [15/Jan/2025:10:14:44 -0500] "GET /product/lycfscivfukj18359?id=206287 HTTP/1.1" 404 28464 "-" "Mozilla/5.0 (compatible; SemrushBot/7~bl; +http://www.semrush.com/bot.html)"
185.191.171.8 - - [15/Jan/2025:10:14:50 -0500] "GET /product/rekhhbivfliv42339?id=113447 HTTP/1.1" 404 28464 "-" "Mozilla/5.0 (compatible; SemrushBot/7~bl; +http://www.semrush.com/bot.html)"
185.191.171.11 - - [15/Jan/2025:10:15:27 -0500] "GET /product/fntkfaivfyh18359?id=5085 HTTP/1.1" 404 28465 "-" "Mozilla/5.0 (compatible; SemrushBot/7~bl; +http://www.semrush.com/bot.html)"
162.213.251.239 - - [15/Jan/2025:10:15:52 -0500] "POST /wp-cron.php?doing_wp_cron=1736954152.4956738948822021484375 HTTP/1.1" 403 1242 "-" "WordPress/6.6; https://visionsynchomeimprovement.com"
85.208.96.210 - - [15/Jan/2025:10:15:51 -0500] "GET /product/zjidncivfwqv69982?id=226899 HTTP/1.1" 404 28463 "-" "Mozilla/5.0 (compatible; SemrushBot/7~bl; +http://www.semrush.com/bot.html)"
185.191.171.2 - - [15/Jan/2025:10:16:20 -0500] "GET /product/taaakdivflnf18359?id=113983 HTTP/1.1" 404 28468 "-" "Mozilla/5.0 (compatible; SemrushBot/7~bl; +http://www.semrush.com/bot.html)"
162.213.251.239 - - [15/Jan/2025:10:17:03 -0500] "POST /wp-cron.php?doing_wp_cron=1736954223.2471730709075927734375 HTTP/1.1" 403 1242 "-" "WordPress/6.6; https://visionsynchomeimprovement.com"
185.191.171.7 - - [15/Jan/2025:10:17:02 -0500] "GET /product/vgvtobivfxac69982?id=49002 HTTP/1.1" 404 28461 "-" "Mozilla/5.0 (compatible; SemrushBot/7~bl; +http://www.semrush.com/bot.html)"
185.191.171.5 - - [15/Jan/2025:10:17:37 -0500] "GET /product/aivfwtp93695?id=224567 HTTP/1.1" 404 28465 "-" "Mozilla/5.0 (compatible; SemrushBot/7~bl; +http://www.semrush.com/bot.html)"
185.191.171.12 - - [15/Jan/2025:10:17:45 -0500] "GET /wp-includes/js/tinymce/plugins/hr/ HTTP/1.1" 200 838 "-" "Mozilla/5.0 (compatible; SemrushBot/7~bl; +http://www.semrush.com/bot.html)"
85.208.96.197 - - [15/Jan/2025:10:17:50 -0500] "GET /product/aivfxcc93695?id=49022 HTTP/1.1" 404 28464 "-" "Mozilla/5.0 (compatible; SemrushBot/7~bl; +http://www.semrush.com/bot.html)"
185.191.171.2 - - [15/Jan/2025:10:17:53 -0500] "GET /product/aivfecc41189?id=300228 HTTP/1.1" 404 28466 "-" "Mozilla/5.0 (compatible; SemrushBot/7~bl; +http://www.semrush.com/bot.html)"
85.208.96.195 - - [15/Jan/2025:10:18:00 -0500] "GET /wp-includes/rest-api/fields/class-wp-rest-term-meta-fields.php HTTP/1.1" 403 1242 "-" "Mozilla/5.0 (compatible; SemrushBot/7~bl; +http://www.semrush.com/bot.html)"
162.213.251.239 - - [15/Jan/2025:10:18:04 -0500] "POST /wp-cron.php?doing_wp_cron=1736954284.8898329734802246093750 HTTP/1.1" 403 1242 "-" "WordPress/6.6; https://visionsynchomeimprovement.com"
185.191.171.14 - - [15/Jan/2025:10:18:03 -0500] "GET /product/nrhfqfivfuai52700?id=202686 HTTP/1.1" 404 28466 "-" "Mozilla/5.0 (compatible; SemrushBot/7~bl; +http://www.semrush.com/bot.html)"
185.191.171.5 - - [15/Jan/2025:10:18:09 -0500] "GET /product/rxjuniivfaxs71912?id=262396 HTTP/1.1" 404 28466 "-" "Mozilla/5.0 (compatible; SemrushBot/7~bl; +http://www.semrush.com/bot.html)"
185.191.171.13 - - [15/Jan/2025:10:18:16 -0500] "GET /product/izxhvaivfdoq18359?id=294068 HTTP/1.1" 404 28468 "-" "Mozilla/5.0 (compatible; SemrushBot/7~bl; +http://www.semrush.com/bot.html)"
85.208.96.204 - - [15/Jan/2025:10:18:21 -0500] "GET /wp-includes/class-http.php HTTP/1.1" 403 1242 "-" "Mozilla/5.0 (compatible; SemrushBot/7~bl; +http://www.semrush.com/bot.html)"
185.191.171.1 - - [15/Jan/2025:10:18:25 -0500] "GET /product/qeqkigivfeif18359?id=30085 HTTP/1.1" 404 28467 "-" "Mozilla/5.0 (compatible; SemrushBot/7~bl; +http://www.semrush.com/bot.html)"
185.191.171.2 - - [15/Jan/2025:10:18:30 -0500] "GET /product/gclnbjivfvwh71912?id=212285 HTTP/1.1" 404 28467 "-" "Mozilla/5.0 (compatible; SemrushBot/7~bl; +http://www.semrush.com/bot.html)"
185.191.171.1 - - [15/Jan/2025:10:18:38 -0500] "GET /product/aivfnzc80272?id=137702 HTTP/1.1" 404 28467 "-" "Mozilla/5.0 (compatible; SemrushBot/7~bl; +http://www.semrush.com/bot.html)"
85.208.96.202 - - [15/Jan/2025:10:18:48 -0500] "GET /product/aivfmef80272?id=64045 HTTP/1.1" 404 28465 "-" "Mozilla/5.0 (compatible; SemrushBot/7~bl; +http://www.semrush.com/bot.html)"
162.213.251.239 - - [15/Jan/2025:10:20:29 -0500] "POST /wp-cron.php?doing_wp_cron=1736954429.3692040443420410156250 HTTP/1.1" 403 1242 "-" "WordPress/6.6; https://visionsynchomeimprovement.com"
185.191.171.7 - - [15/Jan/2025:10:20:24 -0500] "GET /product/siaiheivfsyj71912?id=96509 HTTP/1.1" 404 28468 "-" "Mozilla/5.0 (compatible; SemrushBot/7~bl; +http://www.semrush.com/bot.html)"
85.208.96.207 - - [15/Jan/2025:10:20:31 -0500] "GET /product/spgpnfivfumh69982?id=209033 HTTP/1.1" 404 28466 "-" "Mozilla/5.0 (compatible; SemrushBot/7~bl; +http://www.semrush.com/bot.html)"
162.213.251.239 - - [15/Jan/2025:10:21:32 -0500] "POST /wp-cron.php?doing_wp_cron=1736954491.6328730583190917968750 HTTP/1.1" 403 1242 "-" "WordPress/6.6; https://visionsynchomeimprovement.com"
185.191.171.17 - - [15/Jan/2025:10:21:30 -0500] "GET /product/nkdyvgivfvdu71912?id=215520 HTTP/1.1" 404 28463 "-" "Mozilla/5.0 (compatible; SemrushBot/7~bl; +http://www.semrush.com/bot.html)"
85.208.96.198 - - [15/Jan/2025:10:21:50 -0500] "GET /product/ecjudgivflhe42617?id=89074 HTTP/1.1" 404 28466 "-" "Mozilla/5.0 (compatible; SemrushBot/7~bl; +http://www.semrush.com/bot.html)"
85.208.96.200 - - [15/Jan/2025:10:21:53 -0500] "GET /product/xorvigivfvcx42339?id=215423 HTTP/1.1" 404 28464 "-" "Mozilla/5.0 (compatible; SemrushBot/7~bl; +http://www.semrush.com/bot.html)"
185.191.171.13 - - [15/Jan/2025:10:21:58 -0500] "GET /product/llyqseivfnmd52700?id=136429 HTTP/1.1" 404 28463 "-" "Mozilla/5.0 (compatible; SemrushBot/7~bl; +http://www.semrush.com/bot.html)"
85.208.96.208 - - [15/Jan/2025:10:22:03 -0500] "GET /product/aivflot93695?id=116645 HTTP/1.1" 404 28466 "-" "Mozilla/5.0 (compatible; SemrushBot/7~bl; +http://www.semrush.com/bot.html)"
185.191.171.17 - - [15/Jan/2025:10:22:27 -0500] "GET /product/svraehivfopa71912?id=141578 HTTP/1.1" 404 28467 "-" "Mozilla/5.0 (compatible; SemrushBot/7~bl; +http://www.semrush.com/bot.html)"
162.213.251.239 - - [15/Jan/2025:10:22:33 -0500] "POST /wp-cron.php?doing_wp_cron=1736954552.9075551033020019531250 HTTP/1.1" 403 1242 "-" "WordPress/6.6; https://visionsynchomeimprovement.com"
85.208.96.202 - - [15/Jan/2025:10:22:31 -0500] "GET /product/tnuhbeivfefn63233?id=303139 HTTP/1.1" 404 28467 "-" "Mozilla/5.0 (compatible; SemrushBot/7~bl; +http://www.semrush.com/bot.html)"
185.191.171.3 - - [15/Jan/2025:10:22:46 -0500] "GET /product/xeezxcivfcky71912?id=286224 HTTP/1.1" 404 28468 "-" "Mozilla/5.0 (compatible; SemrushBot/7~bl; +http://www.semrush.com/bot.html)"
85.208.96.202 - - [15/Jan/2025:10:22:53 -0500] "GET /wp-includes/block-supports/ HTTP/1.1" 200 1681 "-" "Mozilla/5.0 (compatible; SemrushBot/7~bl; +http://www.semrush.com/bot.html)"
85.208.96.194 - - [15/Jan/2025:10:23:05 -0500] "GET /product/aivfdme41189?id=81124 HTTP/1.1" 404 28468 "-" "Mozilla/5.0 (compatible; SemrushBot/7~bl; +http://www.semrush.com/bot.html)"
185.191.171.17 - - [15/Jan/2025:10:23:16 -0500] "GET /product/nkbohjivfova52700?id=147352 HTTP/1.1" 404 28465 "-" "Mozilla/5.0 (compatible; SemrushBot/7~bl; +http://www.semrush.com/bot.html)"
162.213.251.239 - - [15/Jan/2025:10:24:21 -0500] "POST /wp-cron.php?doing_wp_cron=1736954661.3740389347076416015625 HTTP/1.1" 403 1242 "-" "WordPress/6.6; https://visionsynchomeimprovement.com"
85.208.96.210 - - [15/Jan/2025:10:24:19 -0500] "GET /product/obgeodivfyub63233?id=244679 HTTP/1.1" 404 28468 "-" "Mozilla/5.0 (compatible; SemrushBot/7~bl; +http://www.semrush.com/bot.html)"
85.208.96.199 - - [15/Jan/2025:10:24:25 -0500] "GET /product/zahdzeivfroa63233?id=179200 HTTP/1.1" 404 28466 "-" "Mozilla/5.0 (compatible; SemrushBot/7~bl; +http://www.semrush.com/bot.html)"
185.191.171.13 - - [15/Jan/2025:10:24:27 -0500] "GET /robots.txt HTTP/1.1" 200 122 "-" "Mozilla/5.0 (compatible; SemrushBot/7~bl; +http://www.semrush.com/bot.html)"
185.191.171.5 - - [15/Jan/2025:10:24:30 -0500] "GET /product/pbtuofivfjeh42339?id=87307 HTTP/1.1" 404 28470 "-" "Mozilla/5.0 (compatible; SemrushBot/7~bl; +http://www.semrush.com/bot.html)"
162.213.251.239 - - [15/Jan/2025:10:25:38 -0500] "POST /wp-cron.php?doing_wp_cron=1736954737.7868139743804931640625 HTTP/1.1" 403 1242 "-" "WordPress/6.6; https://visionsynchomeimprovement.com"
85.208.96.203 - - [15/Jan/2025:10:25:35 -0500] "GET /product/alkglfivfygz52700?id=243251 HTTP/1.1" 404 28468 "-" "Mozilla/5.0 (compatible; SemrushBot/7~bl; +http://www.semrush.com/bot.html)"
85.208.96.209 - - [15/Jan/2025:10:25:50 -0500] "GET /product/njymmfivfrvk18359?id=177336 HTTP/1.1" 404 28489 "-" "Mozilla/5.0 (compatible; SemrushBot/7~bl; +http://www.semrush.com/bot.html)"
185.191.171.4 - - [15/Jan/2025:10:26:05 -0500] "GET /product/vorkjaivfnyd42339?id=132429 HTTP/1.1" 404 28469 "-" "Mozilla/5.0 (compatible; SemrushBot/7~bl; +http://www.semrush.com/bot.html)"
185.191.171.11 - - [15/Jan/2025:10:26:10 -0500] "GET /product/jdtppfivfnav69982?id=137821 HTTP/1.1" 404 28466 "-" "Mozilla/5.0 (compatible; SemrushBot/7~bl; +http://www.semrush.com/bot.html)"
185.191.171.6 - - [15/Jan/2025:10:26:16 -0500] "GET /product/vbmuyjivfkmm71912?id=109090 HTTP/1.1" 404 28467 "-" "Mozilla/5.0 (compatible; SemrushBot/7~bl; +http://www.semrush.com/bot.html)"
85.208.96.208 - - [15/Jan/2025:10:26:24 -0500] "GET /product/oxsmyhivfpgf71912?id=153283 HTTP/1.1" 404 28466 "-" "Mozilla/5.0 (compatible; SemrushBot/7~bl; +http://www.semrush.com/bot.html)"
103.24.219.153 - - [15/Jan/2025:10:26:30 -0500] "GET /static/images/nopic.png HTTP/1.1" 404 28482 "-" "Mozilla/5.0 (Windows NT 10.0; WOW64; rv:48.0) Gecko/20100101 Firefox/48.0"
85.208.96.195 - - [15/Jan/2025:10:26:33 -0500] "GET /product/aivfcjh93695?id=288707 HTTP/1.1" 404 28466 "-" "Mozilla/5.0 (compatible; SemrushBot/7~bl; +http://www.semrush.com/bot.html)"
162.213.251.239 - - [15/Jan/2025:10:26:45 -0500] "POST /wp-cron.php?doing_wp_cron=1736954805.2385499477386474609375 HTTP/1.1" 403 1242 "-" "WordPress/6.6; https://visionsynchomeimprovement.com"
185.191.171.6 - - [15/Jan/2025:10:26:43 -0500] "GET /product/aivfebb41189?id=307901 HTTP/1.1" 404 28466 "-" "Mozilla/5.0 (compatible; SemrushBot/7~bl; +http://www.semrush.com/bot.html)"
185.191.171.10 - - [15/Jan/2025:10:26:52 -0500] "GET /product/xdegbbivfwct63233?id=222871 HTTP/1.1" 404 28468 "-" "Mozilla/5.0 (compatible; SemrushBot/7~bl; +http://www.semrush.com/bot.html)"
85.208.96.212 - - [15/Jan/2025:10:27:04 -0500] "GET /product/aivfzfe41189?id=255782 HTTP/1.1" 404 28467 "-" "Mozilla/5.0 (compatible; SemrushBot/7~bl; +http://www.semrush.com/bot.html)"
85.208.96.202 - - [15/Jan/2025:10:27:22 -0500] "GET /product/xsbdohivfjrh18359?id=35177 HTTP/1.1" 404 28464 "-" "Mozilla/5.0 (compatible; SemrushBot/7~bl; +http://www.semrush.com/bot.html)"
162.213.251.239 - - [15/Jan/2025:10:28:29 -0500] "POST /wp-cron.php?doing_wp_cron=1736954909.3429648876190185546875 HTTP/1.1" 403 1242 "-" "WordPress/6.6; https://visionsynchomeimprovement.com"
185.191.171.12 - - [15/Jan/2025:10:28:27 -0500] "GET /product/uhkvfcivfwqe69982?id=224230 HTTP/1.1" 404 28467 "-" "Mozilla/5.0 (compatible; SemrushBot/7~bl; +http://www.semrush.com/bot.html)"
85.208.96.209 - - [15/Jan/2025:10:28:34 -0500] "GET /product/orfhriivfdmf63233?id=55645 HTTP/1.1" 404 28467 "-" "Mozilla/5.0 (compatible; SemrushBot/7~bl; +http://www.semrush.com/bot.html)"
85.208.96.195 - - [15/Jan/2025:10:28:41 -0500] "GET /product/ucfcvhivfwyj42339?id=48249 HTTP/1.1" 404 28466 "-" "Mozilla/5.0 (compatible; SemrushBot/7~bl; +http://www.semrush.com/bot.html)"
85.208.96.204 - - [15/Jan/2025:10:28:45 -0500] "GET /product/akveudivfyya18359?id=245052 HTTP/1.1" 404 28467 "-" "Mozilla/5.0 (compatible; SemrushBot/7~bl; +http://www.semrush.com/bot.html)"
185.191.171.3 - - [15/Jan/2025:10:29:03 -0500] "GET /product/aivffgr80272?id=313217 HTTP/1.1" 404 28467 "-" "Mozilla/5.0 (compatible; SemrushBot/7~bl; +http://www.semrush.com/bot.html)"
194.38.23.16 - - [15/Jan/2025:10:29:13 -0500] "GET /wp-content/themes/SqueezeTheme/style.css HTTP/1.1" 404 116156 "-" "ALittle Client"
162.213.251.239 - - [15/Jan/2025:10:29:39 -0500] "POST /wp-cron.php?doing_wp_cron=1736954979.2382481098175048828125 HTTP/1.1" 403 1242 "-" "WordPress/6.6; https://visionsynchomeimprovement.com"
85.208.96.198 - - [15/Jan/2025:10:29:37 -0500] "GET /product/aivflfa41189?id=110578 HTTP/1.1" 404 28468 "-" "Mozilla/5.0 (compatible; SemrushBot/7~bl; +http://www.semrush.com/bot.html)"
185.191.171.3 - - [15/Jan/2025:10:29:48 -0500] "GET /product/txdrfdivffkc42617?id=31102 HTTP/1.1" 404 28467 "-" "Mozilla/5.0 (compatible; SemrushBot/7~bl; +http://www.semrush.com/bot.html)"
85.208.96.194 - - [15/Jan/2025:10:29:52 -0500] "GET /product/swraacivfcyh71912?id=54767 HTTP/1.1" 404 28464 "-" "Mozilla/5.0 (compatible; SemrushBot/7~bl; +http://www.semrush.com/bot.html)"
103.24.219.153 - - [15/Jan/2025:10:29:54 -0500] "GET /static/images/nopic.png HTTP/1.1" 404 28487 "-" "Mozilla/5.0 (Windows NT 10.0; WOW64; rv:48.0) Gecko/20100101 Firefox/48.0"
185.191.171.16 - - [15/Jan/2025:10:29:57 -0500] "GET /product/uagghaivffht69982?id=310771 HTTP/1.1" 404 28469 "-" "Mozilla/5.0 (compatible; SemrushBot/7~bl; +http://www.semrush.com/bot.html)"
185.191.171.11 - - [15/Jan/2025:10:30:10 -0500] "GET /product/kljfzeivfrbf63233?id=177983 HTTP/1.1" 404 28462 "-" "Mozilla/5.0 (compatible; SemrushBot/7~bl; +http://www.semrush.com/bot.html)"
185.191.171.16 - - [15/Jan/2025:10:30:18 -0500] "GET /product/rdjpmdivfntd71912?id=13453 HTTP/1.1" 404 28468 "-" "Mozilla/5.0 (compatible; SemrushBot/7~bl; +http://www.semrush.com/bot.html)"
162.213.251.239 - - [15/Jan/2025:10:31:03 -0500] "POST /wp-cron.php?doing_wp_cron=1736955063.2214229106903076171875 HTTP/1.1" 403 1242 "-" "WordPress/6.6; https://visionsynchomeimprovement.com"
85.208.96.194 - - [15/Jan/2025:10:31:00 -0500] "GET /product/nurqmcivfckr69982?id=288817 HTTP/1.1" 404 28465 "-" "Mozilla/5.0 (compatible; SemrushBot/7~bl; +http://www.semrush.com/bot.html)"
185.191.171.6 - - [15/Jan/2025:10:31:07 -0500] "GET /product/vlaeffivfomd69982?id=40123 HTTP/1.1" 404 28468 "-" "Mozilla/5.0 (compatible; SemrushBot/7~bl; +http://www.semrush.com/bot.html)"
185.191.171.13 - - [15/Jan/2025:10:31:16 -0500] "GET /product/vtsuihivfqai71912?id=68008 HTTP/1.1" 404 28466 "-" "Mozilla/5.0 (compatible; SemrushBot/7~bl; +http://www.semrush.com/bot.html)"
185.191.171.6 - - [15/Jan/2025:10:31:54 -0500] "GET /product/ljbhlhivfqkn71912?id=166239 HTTP/1.1" 404 28472 "-" "Mozilla/5.0 (compatible; SemrushBot/7~bl; +http://www.semrush.com/bot.html)"
85.208.96.201 - - [15/Jan/2025:10:31:59 -0500] "GET /product/stdwneivffnj42617?id=311335 HTTP/1.1" 404 28465 "-" "Mozilla/5.0 (compatible; SemrushBot/7~bl; +http://www.semrush.com/bot.html)"
162.213.251.239 - - [15/Jan/2025:10:32:04 -0500] "POST /wp-cron.php?doing_wp_cron=1736955124.6602120399475097656250 HTTP/1.1" 403 1242 "-" "WordPress/6.6; https://visionsynchomeimprovement.com"
85.208.96.198 - - [15/Jan/2025:10:32:03 -0500] "GET /product/dhsflgivftcj42339?id=45549 HTTP/1.1" 404 28466 "-" "Mozilla/5.0 (compatible; SemrushBot/7~bl; +http://www.semrush.com/bot.html)"
185.191.171.18 - - [15/Jan/2025:10:32:27 -0500] "GET /product/aivfwci93695?id=48028 HTTP/1.1" 404 28467 "-" "Mozilla/5.0 (compatible; SemrushBot/7~bl; +http://www.semrush.com/bot.html)"
85.208.96.194 - - [15/Jan/2025:10:32:49 -0500] "GET /product/aivfiug80272?id=34726 HTTP/1.1" 404 28468 "-" "Mozilla/5.0 (compatible; SemrushBot/7~bl; +http://www.semrush.com/bot.html)"
185.191.171.10 - - [15/Jan/2025:10:33:01 -0500] "GET /product/ibrqfbivfltz52700?id=119725 HTTP/1.1" 404 28461 "-" "Mozilla/5.0 (compatible; SemrushBot/7~bl; +http://www.semrush.com/bot.html)"
162.213.251.239 - - [15/Jan/2025:10:33:30 -0500] "POST /wp-cron.php?doing_wp_cron=1736955210.8172221183776855468750 HTTP/1.1" 403 1242 "-" "WordPress/6.6; https://visionsynchomeimprovement.com"
85.208.96.202 - - [15/Jan/2025:10:33:29 -0500] "GET /product/aivfvwy80272?id=212224 HTTP/1.1" 404 28466 "-" "Mozilla/5.0 (compatible; SemrushBot/7~bl; +http://www.semrush.com/bot.html)"
85.208.96.197 - - [15/Jan/2025:10:33:36 -0500] "GET /product/aivfahu93695?id=265946 HTTP/1.1" 404 28466 "-" "Mozilla/5.0 (compatible; SemrushBot/7~bl; +http://www.semrush.com/bot.html)"
185.191.171.10 - - [15/Jan/2025:10:33:42 -0500] "GET /product/ycgsyaivfmcc71912?id=12802 HTTP/1.1" 404 28465 "-" "Mozilla/5.0 (compatible; SemrushBot/7~bl; +http://www.semrush.com/bot.html)"
185.191.171.5 - - [15/Jan/2025:10:33:51 -0500] "GET /product/volczdivfnbt52700?id=135371 HTTP/1.1" 404 28464 "-" "Mozilla/5.0 (compatible; SemrushBot/7~bl; +http://www.semrush.com/bot.html)"
185.191.171.9 - - [15/Jan/2025:10:33:56 -0500] "GET /product/ptckmbivfotg42339?id=144584 HTTP/1.1" 404 28468 "-" "Mozilla/5.0 (compatible; SemrushBot/7~bl; +http://www.semrush.com/bot.html)"
85.208.96.210 - - [15/Jan/2025:10:34:01 -0500] "GET /product/aivfbfg80272?id=270532 HTTP/1.1" 404 28463 "-" "Mozilla/5.0 (compatible; SemrushBot/7~bl; +http://www.semrush.com/bot.html)"
85.208.96.208 - - [15/Jan/2025:10:34:07 -0500] "GET /product/oxofojivfaqv42617?id=261621 HTTP/1.1" 404 28467 "-" "Mozilla/5.0 (compatible; SemrushBot/7~bl; +http://www.semrush.com/bot.html)"
185.191.171.5 - - [15/Jan/2025:10:34:23 -0500] "GET /product/aivftwk41189?id=192210 HTTP/1.1" 404 28467 "-" "Mozilla/5.0 (compatible; SemrushBot/7~bl; +http://www.semrush.com/bot.html)"
162.213.251.239 - - [15/Jan/2025:10:35:05 -0500] "POST /wp-cron.php?doing_wp_cron=1736955304.3326020240783691406250 HTTP/1.1" 200 0 "-" "WordPress/6.6; https://visionsynchomeimprovement.com"
85.208.96.196 - - [15/Jan/2025:10:35:02 -0500] "GET /product/gscwbbivfkod69982?id=109203 HTTP/1.1" 404 28467 "-" "Mozilla/5.0 (compatible; SemrushBot/7~bl; +http://www.semrush.com/bot.html)"
185.191.171.15 - - [15/Jan/2025:10:35:13 -0500] "GET /product/muabkiivfcro18359?id=289566 HTTP/1.1" 404 28465 "-" "Mozilla/5.0 (compatible; SemrushBot/7~bl; +http://www.semrush.com/bot.html)"
185.191.171.8 - - [15/Jan/2025:10:35:23 -0500] "GET /product/zatbaaivfdne42617?id=291382 HTTP/1.1" 404 28464 "-" "Mozilla/5.0 (compatible; SemrushBot/7~bl; +http://www.semrush.com/bot.html)"
185.191.171.12 - - [15/Jan/2025:10:35:45 -0500] "GET /product/yinifiivfzhh52700?id=51597 HTTP/1.1" 404 28464 "-" "Mozilla/5.0 (compatible; SemrushBot/7~bl; +http://www.semrush.com/bot.html)"
185.191.171.5 - - [15/Jan/2025:10:35:53 -0500] "GET /product/enxwujivfwem52700?id=225690 HTTP/1.1" 404 28467 "-" "Mozilla/5.0 (compatible; SemrushBot/7~bl; +http://www.semrush.com/bot.html)"
162.213.251.239 - - [15/Jan/2025:10:36:15 -0500] "POST /wp-cron.php?doing_wp_cron=1736955375.5638349056243896484375 HTTP/1.1" 403 1242 "-" "WordPress/6.6; https://visionsynchomeimprovement.com"
185.191.171.5 - - [15/Jan/2025:10:36:14 -0500] "GET /product/wsuhoeivfntf42617?id=137183 HTTP/1.1" 404 28465 "-" "Mozilla/5.0 (compatible; SemrushBot/7~bl; +http://www.semrush.com/bot.html)"
85.208.96.201 - - [15/Jan/2025:10:36:31 -0500] "GET /product/aivfcde41189?id=28294 HTTP/1.1" 404 28463 "-" "Mozilla/5.0 (compatible; SemrushBot/7~bl; +http://www.semrush.com/bot.html)"
15.237.254.24 - - [15/Jan/2025:10:36:33 -0500] "GET /sftp-config.json HTTP/1.1" 404 28466 "-" "Mozilla/5.0 (Macintosh; Intel Mac OS X 10.15; rv:77.0) Gecko/20100101 Firefox/77.0"
15.237.254.24 - - [15/Jan/2025:10:36:36 -0500] "GET /.vscode/sftp.json HTTP/1.1" 404 28466 "-" "Mozilla/5.0 (Macintosh; Intel Mac OS X 10.15; rv:77.0) Gecko/20100101 Firefox/77.0"
85.208.96.202 - - [15/Jan/2025:10:36:40 -0500] "GET /product/plurjiivfvod42339?id=21143 HTTP/1.1" 404 28466 "-" "Mozilla/5.0 (compatible; SemrushBot/7~bl; +http://www.semrush.com/bot.html)"
85.208.96.208 - - [15/Jan/2025:10:36:44 -0500] "GET /product/lfvfshivfoie18359?id=14864 HTTP/1.1" 404 28464 "-" "Mozilla/5.0 (compatible; SemrushBot/7~bl; +http://www.semrush.com/bot.html)"
162.213.251.239 - - [15/Jan/2025:10:37:16 -0500] "POST /wp-cron.php?doing_wp_cron=1736955436.6031239032745361328125 HTTP/1.1" 403 1242 "-" "WordPress/6.6; https://visionsynchomeimprovement.com"
85.208.96.202 - - [15/Jan/2025:10:37:15 -0500] "GET /product/umunyiivfyfo18359?id=248392 HTTP/1.1" 404 28466 "-" "Mozilla/5.0 (compatible; SemrushBot/7~bl; +http://www.semrush.com/bot.html)"
185.191.171.13 - - [15/Jan/2025:10:37:20 -0500] "GET /product/amdlifivftlb52700?id=198927 HTTP/1.1" 404 28466 "-" "Mozilla/5.0 (compatible; SemrushBot/7~bl; +http://www.semrush.com/bot.html)"
85.208.96.197 - - [15/Jan/2025:10:37:44 -0500] "GET /product/egjgjjivfkcr63233?id=108017 HTTP/1.1" 404 28468 "-" "Mozilla/5.0 (compatible; SemrushBot/7~bl; +http://www.semrush.com/bot.html)"
85.208.96.204 - - [15/Jan/2025:10:37:47 -0500] "GET /product/aivfirc93695?id=60432 HTTP/1.1" 404 28467 "-" "Mozilla/5.0 (compatible; SemrushBot/7~bl; +http://www.semrush.com/bot.html)"
185.191.171.3 - - [15/Jan/2025:10:37:51 -0500] "GET /product/aivfbke41189?id=27884 HTTP/1.1" 404 28471 "-" "Mozilla/5.0 (compatible; SemrushBot/7~bl; +http://www.semrush.com/bot.html)"
185.191.171.17 - - [15/Jan/2025:10:37:59 -0500] "GET /product/xdlohjivfwwi18359?id=48748 HTTP/1.1" 404 28465 "-" "Mozilla/5.0 (compatible; SemrushBot/7~bl; +http://www.semrush.com/bot.html)"
85.208.96.197 - - [15/Jan/2025:10:38:06 -0500] "GET /product/rmtlpaivfujt42617?id=203597 HTTP/1.1" 404 28468 "-" "Mozilla/5.0 (compatible; SemrushBot/7~bl; +http://www.semrush.com/bot.html)"
162.213.251.239 - - [15/Jan/2025:10:38:22 -0500] "POST /wp-cron.php?doing_wp_cron=1736955502.5185449123382568359375 HTTP/1.1" 403 1242 "-" "WordPress/6.6; https://visionsynchomeimprovement.com"
85.208.96.195 - - [15/Jan/2025:10:38:21 -0500] "GET /product/danupeivfpjp52700?id=153541 HTTP/1.1" 404 28463 "-" "Mozilla/5.0 (compatible; SemrushBot/7~bl; +http://www.semrush.com/bot.html)"
85.208.96.193 - - [15/Jan/2025:10:38:56 -0500] "GET /product/aivfhwd93695?id=332203 HTTP/1.1" 404 28465 "-" "Mozilla/5.0 (compatible; SemrushBot/7~bl; +http://www.semrush.com/bot.html)"
185.191.171.17 - - [15/Jan/2025:10:39:00 -0500] "GET /product/troghgivfcxk63233?id=284936 HTTP/1.1" 404 28464 "-" "Mozilla/5.0 (compatible; SemrushBot/7~bl; +http://www.semrush.com/bot.html)"
85.208.96.198 - - [15/Jan/2025:10:39:15 -0500] "GET /product/nfajmiivfuvd52700?id=207303 HTTP/1.1" 404 28464 "-" "Mozilla/5.0 (compatible; SemrushBot/7~bl; +http://www.semrush.com/bot.html)"
162.213.251.239 - - [15/Jan/2025:10:39:30 -0500] "POST /wp-cron.php?doing_wp_cron=1736955570.4364340305328369140625 HTTP/1.1" 403 1242 "-" "WordPress/6.6; https://visionsynchomeimprovement.com"
85.208.96.207 - - [15/Jan/2025:10:39:29 -0500] "GET /product/aivfhdy80272?id=330350 HTTP/1.1" 404 28466 "-" "Mozilla/5.0 (compatible; SemrushBot/7~bl; +http://www.semrush.com/bot.html)"
185.191.171.16 - - [15/Jan/2025:10:39:34 -0500] "GET /product/aivfkld41189?id=36893 HTTP/1.1" 404 28466 "-" "Mozilla/5.0 (compatible; SemrushBot/7~bl; +http://www.semrush.com/bot.html)"
185.191.171.19 - - [15/Jan/2025:10:39:41 -0500] "GET /product/nltglhivfxbh69982?id=237907 HTTP/1.1" 404 28465 "-" "Mozilla/5.0 (compatible; SemrushBot/7~bl; +http://www.semrush.com/bot.html)"
85.208.96.204 - - [15/Jan/2025:10:39:52 -0500] "GET /wp-includes/class-wp-feed-cache-transient.php HTTP/1.1" 403 1242 "-" "Mozilla/5.0 (compatible; SemrushBot/7~bl; +http://www.semrush.com/bot.html)"
185.191.171.11 - - [15/Jan/2025:10:40:26 -0500] "GET /product/waufjaivfjjf18359?id=35875 HTTP/1.1" 404 28467 "-" "Mozilla/5.0 (compatible; SemrushBot/7~bl; +http://www.semrush.com/bot.html)"
162.213.251.239 - - [15/Jan/2025:10:40:32 -0500] "POST /wp-cron.php?doing_wp_cron=1736955632.4944040775299072265625 HTTP/1.1" 403 1242 "-" "WordPress/6.6; https://visionsynchomeimprovement.com"
185.191.171.9 - - [15/Jan/2025:10:40:31 -0500] "GET /product/aivfgkf80272?id=321031 HTTP/1.1" 404 28463 "-" "Mozilla/5.0 (compatible; SemrushBot/7~bl; +http://www.semrush.com/bot.html)"
85.208.96.207 - - [15/Jan/2025:10:41:02 -0500] "GET /wp-includes/class-wp-post-type.php HTTP/1.1" 403 1242 "-" "Mozilla/5.0 (compatible; SemrushBot/7~bl; +http://www.semrush.com/bot.html)"
185.191.171.10 - - [15/Jan/2025:10:41:12 -0500] "GET /product/qhtdyhivfths18359?id=190796 HTTP/1.1" 404 28464 "-" "Mozilla/5.0 (compatible; SemrushBot/7~bl; +http://www.semrush.com/bot.html)"
85.208.96.208 - - [15/Jan/2025:10:41:24 -0500] "GET /product/aivfrfe41189?id=178330 HTTP/1.1" 404 28466 "-" "Mozilla/5.0 (compatible; SemrushBot/7~bl; +http://www.semrush.com/bot.html)"
162.213.251.239 - - [15/Jan/2025:10:41:48 -0500] "POST /wp-cron.php?doing_wp_cron=1736955708.3495190143585205078125 HTTP/1.1" 403 1242 "-" "WordPress/6.6; https://visionsynchomeimprovement.com"
85.208.96.208 - - [15/Jan/2025:10:41:46 -0500] "GET /product/kojndcivfxjf42339?id=75095 HTTP/1.1" 404 28464 "-" "Mozilla/5.0 (compatible; SemrushBot/7~bl; +http://www.semrush.com/bot.html)"
85.208.96.197 - - [15/Jan/2025:10:42:09 -0500] "GET /product/aivfydb80272?id=242901 HTTP/1.1" 404 28467 "-" "Mozilla/5.0 (compatible; SemrushBot/7~bl; +http://www.semrush.com/bot.html)"
85.208.96.205 - - [15/Jan/2025:10:42:12 -0500] "GET /product/gzdosjivflau69982?id=115298 HTTP/1.1" 404 28463 "-" "Mozilla/5.0 (compatible; SemrushBot/7~bl; +http://www.semrush.com/bot.html)"
185.191.171.4 - - [15/Jan/2025:10:42:16 -0500] "GET /product/aivfkgt80272?id=108445 HTTP/1.1" 404 28465 "-" "Mozilla/5.0 (compatible; SemrushBot/7~bl; +http://www.semrush.com/bot.html)"
185.191.171.13 - - [15/Jan/2025:10:42:37 -0500] "GET /product/ooxmlfivfnib42339?id=136053 HTTP/1.1" 404 28465 "-" "Mozilla/5.0 (compatible; SemrushBot/7~bl; +http://www.semrush.com/bot.html)"
185.191.171.1 - - [15/Jan/2025:10:42:42 -0500] "GET /product/aivfcmo93695?id=289014 HTTP/1.1" 404 28462 "-" "Mozilla/5.0 (compatible; SemrushBot/7~bl; +http://www.semrush.com/bot.html)"
85.208.96.205 - - [15/Jan/2025:10:43:03 -0500] "GET /wp-includes/class-wp-http.php HTTP/1.1" 403 1242 "-" "Mozilla/5.0 (compatible; SemrushBot/7~bl; +http://www.semrush.com/bot.html)"
162.213.251.239 - - [15/Jan/2025:10:43:05 -0500] "POST /wp-cron.php?doing_wp_cron=1736955785.4842169284820556640625 HTTP/1.1" 403 1242 "-" "WordPress/6.6; https://visionsynchomeimprovement.com"
85.208.96.197 - - [15/Jan/2025:10:43:04 -0500] "GET /product/wnthtgivflsk69982?id=119662 HTTP/1.1" 404 28466 "-" "Mozilla/5.0 (compatible; SemrushBot/7~bl; +http://www.semrush.com/bot.html)"
85.208.96.208 - - [15/Jan/2025:10:43:17 -0500] "GET /product/qpvlbeivfapc63233?id=26672 HTTP/1.1" 404 28462 "-" "Mozilla/5.0 (compatible; SemrushBot/7~bl; +http://www.semrush.com/bot.html)"
185.191.171.14 - - [15/Jan/2025:10:43:22 -0500] "GET /product/lzhfwdivfntc18359?id=91972 HTTP/1.1" 404 28465 "-" "Mozilla/5.0 (compatible; SemrushBot/7~bl; +http://www.semrush.com/bot.html)"
185.191.171.4 - - [15/Jan/2025:10:43:38 -0500] "GET /product/pwaelbivftmi63233?id=97648 HTTP/1.1" 404 28466 "-" "Mozilla/5.0 (compatible; SemrushBot/7~bl; +http://www.semrush.com/bot.html)"
185.191.171.4 - - [15/Jan/2025:10:43:51 -0500] "GET /product/aivfdtv80272?id=294521 HTTP/1.1" 404 28464 "-" "Mozilla/5.0 (compatible; SemrushBot/7~bl; +http://www.semrush.com/bot.html)"
162.213.251.239 - - [15/Jan/2025:10:44:09 -0500] "POST /wp-cron.php?doing_wp_cron=1736955848.9301369190216064453125 HTTP/1.1" 403 1242 "-" "WordPress/6.6; https://visionsynchomeimprovement.com"
185.191.171.12 - - [15/Jan/2025:10:44:07 -0500] "GET /product/erpvhcivfmwh71912?id=64487 HTTP/1.1" 404 28464 "-" "Mozilla/5.0 (compatible; SemrushBot/7~bl; +http://www.semrush.com/bot.html)"
85.208.96.207 - - [15/Jan/2025:10:44:14 -0500] "GET /product/tmpegfivfpdt42617?id=150371 HTTP/1.1" 404 28465 "-" "Mozilla/5.0 (compatible; SemrushBot/7~bl; +http://www.semrush.com/bot.html)"
185.191.171.12 - - [15/Jan/2025:10:44:35 -0500] "GET /product/fdjccgivfnbm42617?id=130190 HTTP/1.1" 404 28467 "-" "Mozilla/5.0 (compatible; SemrushBot/7~bl; +http://www.semrush.com/bot.html)"
185.191.171.11 - - [15/Jan/2025:10:44:41 -0500] "GET /product/muxoycivfzwq69982?id=252216 HTTP/1.1" 404 28462 "-" "Mozilla/5.0 (compatible; SemrushBot/7~bl; +http://www.semrush.com/bot.html)"
85.208.96.199 - - [15/Jan/2025:10:45:02 -0500] "GET /product/aivfjib93695?id=35861 HTTP/1.1" 404 28466 "-" "Mozilla/5.0 (compatible; SemrushBot/7~bl; +http://www.semrush.com/bot.html)"
162.213.251.239 - - [15/Jan/2025:10:45:24 -0500] "POST /wp-cron.php?doing_wp_cron=1736955923.6089189052581787109375 HTTP/1.1" 403 1242 "-" "WordPress/6.6; https://visionsynchomeimprovement.com"
185.191.171.1 - - [15/Jan/2025:10:45:22 -0500] "GET /product/aivfbah80272?id=277833 HTTP/1.1" 404 28464 "-" "Mozilla/5.0 (compatible; SemrushBot/7~bl; +http://www.semrush.com/bot.html)"
85.208.96.203 - - [15/Jan/2025:10:45:44 -0500] "GET /product/aivfmkd80272?id=123681 HTTP/1.1" 404 28465 "-" "Mozilla/5.0 (compatible; SemrushBot/7~bl; +http://www.semrush.com/bot.html)"
85.208.96.202 - - [15/Jan/2025:10:46:01 -0500] "GET /product/azbcbdivfusw63233?id=204474 HTTP/1.1" 404 28460 "-" "Mozilla/5.0 (compatible; SemrushBot/7~bl; +http://www.semrush.com/bot.html)"
185.191.171.14 - - [15/Jan/2025:10:46:10 -0500] "GET /product/jobrejivfuf63233?id=9857 HTTP/1.1" 404 28466 "-" "Mozilla/5.0 (compatible; SemrushBot/7~bl; +http://www.semrush.com/bot.html)"
162.213.251.239 - - [15/Jan/2025:10:46:34 -0500] "POST /wp-cron.php?doing_wp_cron=1736955994.1584720611572265625000 HTTP/1.1" 403 1242 "-" "WordPress/6.6; https://visionsynchomeimprovement.com"
85.208.96.210 - - [15/Jan/2025:10:46:32 -0500] "GET /product/qxclleivflgb18359?id=113253 HTTP/1.1" 404 28464 "-" "Mozilla/5.0 (compatible; SemrushBot/7~bl; +http://www.semrush.com/bot.html)"
185.191.171.16 - - [15/Jan/2025:10:46:40 -0500] "GET /product/ckpnhjivfmks71912?id=121096 HTTP/1.1" 404 28466 "-" "Mozilla/5.0 (compatible; SemrushBot/7~bl; +http://www.semrush.com/bot.html)"
85.208.96.196 - - [15/Jan/2025:10:46:53 -0500] "GET /product/aivfwlp80272?id=221141 HTTP/1.1" 404 28466 "-" "Mozilla/5.0 (compatible; SemrushBot/7~bl; +http://www.semrush.com/bot.html)"
35.88.40.3 - - [15/Jan/2025:10:46:55 -0500] "GET /robots.txt HTTP/1.1" 200 122 "-" "Mozilla/5.0 (compatible; wpbot/1.2; +https://forms.gle/ajBaxygz9jSR8p8G9)"
35.88.40.3 - - [15/Jan/2025:10:46:56 -0500] "GET / HTTP/1.1" 200 33468 "-" "Mozilla/5.0 (compatible; wpbot/1.2; +https://forms.gle/ajBaxygz9jSR8p8G9)"
85.208.96.202 - - [15/Jan/2025:10:46:56 -0500] "GET /product/aivfkro41189?id=104314 HTTP/1.1" 404 28472 "-" "Mozilla/5.0 (compatible; SemrushBot/7~bl; +http://www.semrush.com/bot.html)"
