85.208.96.201 - - [15/Jan/2025:23:00:56 -0500] "GET /product/ugjnoiivfqgj42339?id=160687 HTTP/1.1" 404 28461 "-" "Mozilla/5.0 (compatible; SemrushBot/7~bl; +http://www.semrush.com/bot.html)"
85.208.96.201 - - [15/Jan/2025:23:01:01 -0500] "GET /product/aivfwei93695?id=74048 HTTP/1.1" 404 28459 "-" "Mozilla/5.0 (compatible; SemrushBot/7~bl; +http://www.semrush.com/bot.html)"
85.208.96.207 - - [15/Jan/2025:23:01:10 -0500] "GET /product/aivfzmf41189?id=256457 HTTP/1.1" 404 28462 "-" "Mozilla/5.0 (compatible; SemrushBot/7~bl; +http://www.semrush.com/bot.html)"
185.191.171.13 - - [15/Jan/2025:23:01:31 -0500] "GET /product/orpebgivfixf52700?id=34495 HTTP/1.1" 404 28460 "-" "Mozilla/5.0 (compatible; SemrushBot/7~bl; +http://www.semrush.com/bot.html)"
162.213.251.239 - - [15/Jan/2025:23:01:45 -0500] "POST /wp-cron.php?doing_wp_cron=1737000105.5247108936309814453125 HTTP/1.1" 403 1242 "-" "WordPress/6.6; https://visionsynchomeimprovement.com"
85.208.96.201 - - [15/Jan/2025:23:01:43 -0500] "GET /product/zpbbebivfmhi71912?id=125934 HTTP/1.1" 404 28461 "-" "Mozilla/5.0 (compatible; SemrushBot/7~bl; +http://www.semrush.com/bot.html)"
185.191.171.5 - - [15/Jan/2025:23:01:48 -0500] "GET /product/uqyqbhivfdig71912?id=296084 HTTP/1.1" 404 28458 "-" "Mozilla/5.0 (compatible; SemrushBot/7~bl; +http://www.semrush.com/bot.html)"
185.191.171.12 - - [15/Jan/2025:23:01:54 -0500] "GET /product/xonqzhivfrrz42617?id=179551 HTTP/1.1" 404 28467 "-" "Mozilla/5.0 (compatible; SemrushBot/7~bl; +http://www.semrush.com/bot.html)"
85.208.96.211 - - [15/Jan/2025:23:02:00 -0500] "GET /product/gxnopgivfpue52700?id=159882 HTTP/1.1" 404 28458 "-" "Mozilla/5.0 (compatible; SemrushBot/7~bl; +http://www.semrush.com/bot.html)"
85.208.96.193 - - [15/Jan/2025:23:02:23 -0500] "GET /product/aivfyvi41189?id=249934 HTTP/1.1" 404 28460 "-" "Mozilla/5.0 (compatible; SemrushBot/7~bl; +http://www.semrush.com/bot.html)"
162.213.251.239 - - [15/Jan/2025:23:02:49 -0500] "POST /wp-cron.php?doing_wp_cron=1737000169.4422309398651123046875 HTTP/1.1" 403 1242 "-" "WordPress/6.6; https://visionsynchomeimprovement.com"
185.191.171.16 - - [15/Jan/2025:23:02:47 -0500] "GET /product/gxvqodivfwof42617?id=221431 HTTP/1.1" 404 28459 "-" "Mozilla/5.0 (compatible; SemrushBot/7~bl; +http://www.semrush.com/bot.html)"
85.208.96.209 - - [15/Jan/2025:23:02:52 -0500] "GET /product/khxqidivfxla42617?id=238900 HTTP/1.1" 404 28461 "-" "Mozilla/5.0 (compatible; SemrushBot/7~bl; +http://www.semrush.com/bot.html)"
185.191.171.12 - - [15/Jan/2025:23:03:09 -0500] "GET /product/qetgycivfbbv71912?id=272721 HTTP/1.1" 404 28459 "-" "Mozilla/5.0 (compatible; SemrushBot/7~bl; +http://www.semrush.com/bot.html)"
185.191.171.11 - - [15/Jan/2025:23:03:43 -0500] "GET /product/ynaphdivfnsa42339?id=134452 HTTP/1.1" 404 28460 "-" "Mozilla/5.0 (compatible; SemrushBot/7~bl; +http://www.semrush.com/bot.html)"
162.213.251.239 - - [15/Jan/2025:23:04:17 -0500] "POST /wp-cron.php?doing_wp_cron=1737000257.7387769222259521484375 HTTP/1.1" 403 1242 "-" "WordPress/6.6; https://visionsynchomeimprovement.com"
185.191.171.11 - - [15/Jan/2025:23:04:15 -0500] "GET /product/aivfnmj93695?id=139035 HTTP/1.1" 404 28462 "-" "Mozilla/5.0 (compatible; SemrushBot/7~bl; +http://www.semrush.com/bot.html)"
185.191.171.15 - - [15/Jan/2025:23:04:22 -0500] "GET /product/gnxxqfivfckh69982?id=54887 HTTP/1.1" 404 28459 "-" "Mozilla/5.0 (compatible; SemrushBot/7~bl; +http://www.semrush.com/bot.html)"
185.191.171.10 - - [15/Jan/2025:23:04:31 -0500] "GET /product/aivfuem93695?id=203090 HTTP/1.1" 404 28459 "-" "Mozilla/5.0 (compatible; SemrushBot/7~bl; +http://www.semrush.com/bot.html)"
85.208.96.212 - - [15/Jan/2025:23:04:37 -0500] "GET /product/aivfsyi80272?id=187686 HTTP/1.1" 404 28459 "-" "Mozilla/5.0 (compatible; SemrushBot/7~bl; +http://www.semrush.com/bot.html)"
185.191.171.19 - - [15/Jan/2025:23:04:43 -0500] "GET /product/dfzfyjivfquv71912?id=169821 HTTP/1.1" 404 28461 "-" "Mozilla/5.0 (compatible; SemrushBot/7~bl; +http://www.semrush.com/bot.html)"
185.191.171.10 - - [15/Jan/2025:23:04:48 -0500] "GET /product/aivfozs80272?id=147796 HTTP/1.1" 404 28461 "-" "Mozilla/5.0 (compatible; SemrushBot/7~bl; +http://www.semrush.com/bot.html)"
85.208.96.193 - - [15/Jan/2025:23:04:57 -0500] "GET /robots.txt HTTP/1.1" 200 122 "-" "Mozilla/5.0 (compatible; SemrushBot/7~bl; +http://www.semrush.com/bot.html)"
185.191.171.10 - - [15/Jan/2025:23:05:00 -0500] "GET /product/hzujriivfngj18359?id=39069 HTTP/1.1" 404 28460 "-" "Mozilla/5.0 (compatible; SemrushBot/7~bl; +http://www.semrush.com/bot.html)"
185.191.171.6 - - [15/Jan/2025:23:05:08 -0500] "GET /product/euengjivfcls42617?id=288944 HTTP/1.1" 404 28461 "-" "Mozilla/5.0 (compatible; SemrushBot/7~bl; +http://www.semrush.com/bot.html)"
185.191.171.8 - - [15/Jan/2025:23:05:13 -0500] "GET /product/aivfowr93695?id=144843 HTTP/1.1" 404 28461 "-" "Mozilla/5.0 (compatible; SemrushBot/7~bl; +http://www.semrush.com/bot.html)"
162.213.251.239 - - [15/Jan/2025:23:05:18 -0500] "POST /wp-cron.php?doing_wp_cron=1737000318.1357529163360595703125 HTTP/1.1" 403 1242 "-" "WordPress/6.6; https://visionsynchomeimprovement.com"
3.7.94.9 - - [15/Jan/2025:23:05:16 -0500] "HEAD /2017 HTTP/1.1" 404 0 "http://visionsynchomeimprovement.com/2017" "Mozilla/5.0 (X11; Linux x86_64) AppleWebKit/537.36 (KHTML, like Gecko) Chrome/96.0.4664.45 Safari/537.36"
185.191.171.8 - - [15/Jan/2025:23:05:19 -0500] "GET /product/uweigcivfttm52700?id=197138 HTTP/1.1" 404 28463 "-" "Mozilla/5.0 (compatible; SemrushBot/7~bl; +http://www.semrush.com/bot.html)"
185.191.171.3 - - [15/Jan/2025:23:05:24 -0500] "GET /product/vrklzaivfuwd42339?id=72743 HTTP/1.1" 404 28461 "-" "Mozilla/5.0 (compatible; SemrushBot/7~bl; +http://www.semrush.com/bot.html)"
185.191.171.6 - - [15/Jan/2025:23:05:34 -0500] "GET /product/rcndgfivfkhb71912?id=36071 HTTP/1.1" 404 28483 "-" "Mozilla/5.0 (compatible; SemrushBot/7~bl; +http://www.semrush.com/bot.html)"
85.208.96.203 - - [15/Jan/2025:23:05:39 -0500] "GET /product/rvbpvcivfnxe69982?id=137530 HTTP/1.1" 404 28459 "-" "Mozilla/5.0 (compatible; SemrushBot/7~bl; +http://www.semrush.com/bot.html)"
85.208.96.202 - - [15/Jan/2025:23:05:45 -0500] "GET /product/aivfflc93695?id=313728 HTTP/1.1" 404 28460 "-" "Mozilla/5.0 (compatible; SemrushBot/7~bl; +http://www.semrush.com/bot.html)"
162.213.251.239 - - [15/Jan/2025:23:06:19 -0500] "POST /wp-cron.php?doing_wp_cron=1737000379.0345249176025390625000 HTTP/1.1" 403 1242 "-" "WordPress/6.6; https://visionsynchomeimprovement.com"
85.208.96.208 - - [15/Jan/2025:23:06:17 -0500] "GET /product/aivftbt80272?id=195397 HTTP/1.1" 404 28462 "-" "Mozilla/5.0 (compatible; SemrushBot/7~bl; +http://www.semrush.com/bot.html)"
124.236.100.56 - - [15/Jan/2025:23:06:23 -0500] "GET / HTTP/1.1" 200 0 "-" "Mozilla/5.0 (Windows NT 6.1; WOW64; rv:56.0) Gecko/20100101 Firefox/56.0"
124.236.100.56 - - [15/Jan/2025:23:06:28 -0500] "GET / HTTP/1.1" 200 0 "-" "Mozilla/5.0 (Windows NT 10.0; Win64; x64) AppleWebKit/537.36 (KHTML, like Gecko) Chrome/61.0.3163.79 Safari/537.36"
85.208.96.199 - - [15/Jan/2025:23:06:34 -0500] "GET /product/rucntdivfmag18359?id=38266 HTTP/1.1" 404 28461 "-" "Mozilla/5.0 (compatible; SemrushBot/7~bl; +http://www.semrush.com/bot.html)"
185.191.171.4 - - [15/Jan/2025:23:06:48 -0500] "GET /product/aivfuor41189?id=201417 HTTP/1.1" 404 28459 "-" "Mozilla/5.0 (compatible; SemrushBot/7~bl; +http://www.semrush.com/bot.html)"
85.208.96.197 - - [15/Jan/2025:23:07:04 -0500] "GET /product/vakiaaivfxfe42339?id=238356 HTTP/1.1" 404 28460 "-" "Mozilla/5.0 (compatible; SemrushBot/7~bl; +http://www.semrush.com/bot.html)"
162.213.251.239 - - [15/Jan/2025:23:07:26 -0500] "POST /wp-cron.php?doing_wp_cron=1737000446.9267330169677734375000 HTTP/1.1" 403 1242 "-" "WordPress/6.6; https://visionsynchomeimprovement.com"
185.191.171.10 - - [15/Jan/2025:23:07:24 -0500] "GET /product/aivfkas80272?id=107896 HTTP/1.1" 404 28462 "-" "Mozilla/5.0 (compatible; SemrushBot/7~bl; +http://www.semrush.com/bot.html)"
66.249.65.204 - - [15/Jan/2025:23:07:49 -0500] "GET /product/githvaivfvut69982?id=219845 HTTP/1.1" 301 0 "-" "Mozilla/5.0 (Linux; Android 6.0.1; Nexus 5X Build/MMB29P) AppleWebKit/537.36 (KHTML, like Gecko) Chrome/131.0.6778.264 Mobile Safari/537.36 (compatible; Googlebot/2.1; +http://www.google.com/bot.html)"
185.191.171.11 - - [15/Jan/2025:23:07:52 -0500] "GET /product/rytaxbivftnb71912?id=71651 HTTP/1.1" 404 28461 "-" "Mozilla/5.0 (compatible; SemrushBot/7~bl; +http://www.semrush.com/bot.html)"
185.191.171.7 - - [15/Jan/2025:23:07:58 -0500] "GET /product/xohkfeivfyix42339?id=248649 HTTP/1.1" 404 28460 "-" "Mozilla/5.0 (compatible; SemrushBot/7~bl; +http://www.semrush.com/bot.html)"
66.249.74.12 - - [15/Jan/2025:23:08:03 -0500] "GET /product/githvaivfvut69982?id=219845 HTTP/1.1" 404 23713 "-" "Mozilla/5.0 (Linux; Android 6.0.1; Nexus 5X Build/MMB29P) AppleWebKit/537.36 (KHTML, like Gecko) Chrome/131.0.6778.264 Mobile Safari/537.36 (compatible; Googlebot/2.1; +http://www.google.com/bot.html)"
85.208.96.203 - - [15/Jan/2025:23:08:10 -0500] "GET /wp-includes/class-wp-image-editor-gd.php HTTP/1.1" 403 1242 "-" "Mozilla/5.0 (compatible; SemrushBot/7~bl; +http://www.semrush.com/bot.html)"
85.208.96.197 - - [15/Jan/2025:23:08:23 -0500] "GET /product/gmotqdivfsik42339?id=188610 HTTP/1.1" 404 28462 "-" "Mozilla/5.0 (compatible; SemrushBot/7~bl; +http://www.semrush.com/bot.html)"
162.213.251.239 - - [15/Jan/2025:23:08:35 -0500] "POST /wp-cron.php?doing_wp_cron=1737000515.0347681045532226562500 HTTP/1.1" 403 1242 "-" "WordPress/6.6; https://visionsynchomeimprovement.com"
85.208.96.210 - - [15/Jan/2025:23:08:33 -0500] "GET /product/ibpcrgivftrv63233?id=199547 HTTP/1.1" 404 28467 "-" "Mozilla/5.0 (compatible; SemrushBot/7~bl; +http://www.semrush.com/bot.html)"
185.191.171.4 - - [15/Jan/2025:23:08:40 -0500] "GET /product/otdivgivfqft52700?id=168319 HTTP/1.1" 404 28459 "-" "Mozilla/5.0 (compatible; SemrushBot/7~bl; +http://www.semrush.com/bot.html)"
185.191.171.8 - - [15/Jan/2025:23:09:05 -0500] "GET /product/aivffov80272?id=316621 HTTP/1.1" 404 28460 "-" "Mozilla/5.0 (compatible; SemrushBot/7~bl; +http://www.semrush.com/bot.html)"
85.208.96.205 - - [15/Jan/2025:23:09:11 -0500] "GET /product/aivfxbt93695?id=237997 HTTP/1.1" 404 28459 "-" "Mozilla/5.0 (compatible; SemrushBot/7~bl; +http://www.semrush.com/bot.html)"
85.208.96.197 - - [15/Jan/2025:23:09:16 -0500] "GET /product/yugahbivfkkj71912?id=88369 HTTP/1.1" 404 28460 "-" "Mozilla/5.0 (compatible; SemrushBot/7~bl; +http://www.semrush.com/bot.html)"
85.208.96.206 - - [15/Jan/2025:23:09:27 -0500] "GET /product/aivfxze93695?id=235130 HTTP/1.1" 404 28459 "-" "Mozilla/5.0 (compatible; SemrushBot/7~bl; +http://www.semrush.com/bot.html)"
162.213.251.239 - - [15/Jan/2025:23:09:36 -0500] "POST /wp-cron.php?doing_wp_cron=1737000576.6831209659576416015625 HTTP/1.1" 403 1242 "-" "WordPress/6.6; https://visionsynchomeimprovement.com"
85.208.96.205 - - [15/Jan/2025:23:09:34 -0500] "GET /product/rpypvaivfqxo42617?id=164914 HTTP/1.1" 404 28461 "-" "Mozilla/5.0 (compatible; SemrushBot/7~bl; +http://www.semrush.com/bot.html)"
185.191.171.4 - - [15/Jan/2025:23:09:41 -0500] "GET /product/enfwqjivfbpw42617?id=279348 HTTP/1.1" 404 28460 "-" "Mozilla/5.0 (compatible; SemrushBot/7~bl; +http://www.semrush.com/bot.html)"
185.191.171.13 - - [15/Jan/2025:23:09:54 -0500] "GET /product/aivfson80272?id=181439 HTTP/1.1" 404 28462 "-" "Mozilla/5.0 (compatible; SemrushBot/7~bl; +http://www.semrush.com/bot.html)"
185.191.171.2 - - [15/Jan/2025:23:10:02 -0500] "GET /product/aivfweg93695?id=22566 HTTP/1.1" 404 28462 "-" "Mozilla/5.0 (compatible; SemrushBot/7~bl; +http://www.semrush.com/bot.html)"
162.213.251.239 - - [15/Jan/2025:23:10:43 -0500] "POST /wp-cron.php?doing_wp_cron=1737000642.7600278854370117187500 HTTP/1.1" 403 1242 "-" "WordPress/6.6; https://visionsynchomeimprovement.com"
85.208.96.212 - - [15/Jan/2025:23:10:40 -0500] "GET /product/vvsqsaivfatm18359?id=264564 HTTP/1.1" 404 28461 "-" "Mozilla/5.0 (compatible; SemrushBot/7~bl; +http://www.semrush.com/bot.html)"
185.191.171.6 - - [15/Jan/2025:23:11:22 -0500] "GET /product/ipqdahivfklj42339?id=88379 HTTP/1.1" 404 28461 "-" "Mozilla/5.0 (compatible; SemrushBot/7~bl; +http://www.semrush.com/bot.html)"
185.191.171.10 - - [15/Jan/2025:23:11:28 -0500] "GET /product/udnplaivfqde63233?id=42294 HTTP/1.1" 404 28462 "-" "Mozilla/5.0 (compatible; SemrushBot/7~bl; +http://www.semrush.com/bot.html)"
85.208.96.200 - - [15/Jan/2025:23:11:34 -0500] "GET /product/hfvqwcivfkrj63233?id=109509 HTTP/1.1" 404 28462 "-" "Mozilla/5.0 (compatible; SemrushBot/7~bl; +http://www.semrush.com/bot.html)"
162.213.251.239 - - [15/Jan/2025:23:11:52 -0500] "POST /wp-cron.php?doing_wp_cron=1737000712.5460491180419921875000 HTTP/1.1" 403 1242 "-" "WordPress/6.6; https://visionsynchomeimprovement.com"
185.191.171.16 - - [15/Jan/2025:23:11:50 -0500] "GET /product/aivfnyp93695?id=132441 HTTP/1.1" 404 28457 "-" "Mozilla/5.0 (compatible; SemrushBot/7~bl; +http://www.semrush.com/bot.html)"
185.191.171.6 - - [15/Jan/2025:23:12:01 -0500] "GET /wp-includes/class-wp-http-requests-response.php HTTP/1.1" 403 1242 "-" "Mozilla/5.0 (compatible; SemrushBot/7~bl; +http://www.semrush.com/bot.html)"
85.208.96.209 - - [15/Jan/2025:23:12:07 -0500] "GET /product/abwszdivfyep42339?id=240415 HTTP/1.1" 404 28463 "-" "Mozilla/5.0 (compatible; SemrushBot/7~bl; +http://www.semrush.com/bot.html)"
85.208.96.210 - - [15/Jan/2025:23:12:13 -0500] "GET /product/aivfohv93695?id=145947 HTTP/1.1" 404 28461 "-" "Mozilla/5.0 (compatible; SemrushBot/7~bl; +http://www.semrush.com/bot.html)"
185.191.171.8 - - [15/Jan/2025:23:12:34 -0500] "GET /product/rlnicgivfyhe63233?id=240730 HTTP/1.1" 404 28459 "-" "Mozilla/5.0 (compatible; SemrushBot/7~bl; +http://www.semrush.com/bot.html)"
85.208.96.195 - - [15/Jan/2025:23:12:39 -0500] "GET /product/pmnmxiivfajn52700?id=263591 HTTP/1.1" 404 28459 "-" "Mozilla/5.0 (compatible; SemrushBot/7~bl; +http://www.semrush.com/bot.html)"
162.213.251.239 - - [15/Jan/2025:23:13:14 -0500] "POST /wp-cron.php?doing_wp_cron=1737000794.6568078994750976562500 HTTP/1.1" 403 1242 "-" "WordPress/6.6; https://visionsynchomeimprovement.com"
162.213.251.239 - - [15/Jan/2025:23:13:15 -0500] "POST /wp-cron.php?doing_wp_cron=1737000795.6479160785675048828125 HTTP/1.1" 403 1242 "-" "WordPress/6.6; https://visionsynchomeimprovement.com"
3.7.94.9 - - [15/Jan/2025:23:13:13 -0500] "HEAD /2020 HTTP/1.1" 404 0 "http://visionsynchomeimprovement.com/2020" "Mozilla/5.0 (X11; Linux x86_64) AppleWebKit/537.36 (KHTML, like Gecko) Chrome/96.0.4664.45 Safari/537.36"
85.208.96.197 - - [15/Jan/2025:23:13:12 -0500] "GET /product/gdstpaivfwf71912?id=4805 HTTP/1.1" 404 28461 "-" "Mozilla/5.0 (compatible; SemrushBot/7~bl; +http://www.semrush.com/bot.html)"
185.191.171.1 - - [15/Jan/2025:23:13:19 -0500] "GET /product/ukuvobivffoq42617?id=311442 HTTP/1.1" 404 28461 "-" "Mozilla/5.0 (compatible; SemrushBot/7~bl; +http://www.semrush.com/bot.html)"
185.191.171.17 - - [15/Jan/2025:23:13:25 -0500] "GET /product/xisnugivfpve71912?id=67474 HTTP/1.1" 404 28460 "-" "Mozilla/5.0 (compatible; SemrushBot/7~bl; +http://www.semrush.com/bot.html)"
85.208.96.210 - - [15/Jan/2025:23:13:30 -0500] "GET /product/lvrefdivfwii18359?id=48088 HTTP/1.1" 404 28458 "-" "Mozilla/5.0 (compatible; SemrushBot/7~bl; +http://www.semrush.com/bot.html)"
85.208.96.206 - - [15/Jan/2025:23:13:37 -0500] "GET /product/ulpcgcivfmpe18359?id=126704 HTTP/1.1" 404 28462 "-" "Mozilla/5.0 (compatible; SemrushBot/7~bl; +http://www.semrush.com/bot.html)"
85.208.96.196 - - [15/Jan/2025:23:13:43 -0500] "GET /product/ofifzeivfreg42339?id=175632 HTTP/1.1" 404 28462 "-" "Mozilla/5.0 (compatible; SemrushBot/7~bl; +http://www.semrush.com/bot.html)"
85.208.96.196 - - [15/Jan/2025:23:13:53 -0500] "GET /product/aivfvfx41189?id=213123 HTTP/1.1" 404 28462 "-" "Mozilla/5.0 (compatible; SemrushBot/7~bl; +http://www.semrush.com/bot.html)"
185.191.171.3 - - [15/Jan/2025:23:13:58 -0500] "GET /product/ajaijbivfak18359?id=7862 HTTP/1.1" 404 28460 "-" "Mozilla/5.0 (compatible; SemrushBot/7~bl; +http://www.semrush.com/bot.html)"
162.213.251.239 - - [15/Jan/2025:23:14:45 -0500] "POST /wp-cron.php?doing_wp_cron=1737000885.0286600589752197265625 HTTP/1.1" 403 1242 "-" "WordPress/6.6; https://visionsynchomeimprovement.com"
185.191.171.16 - - [15/Jan/2025:23:14:43 -0500] "GET /product/canyeiivfyhi63233?id=76338 HTTP/1.1" 404 28462 "-" "Mozilla/5.0 (compatible; SemrushBot/7~bl; +http://www.semrush.com/bot.html)"
185.191.171.14 - - [15/Jan/2025:23:14:53 -0500] "GET /product/jclxfcivfqiv69982?id=160899 HTTP/1.1" 404 28460 "-" "Mozilla/5.0 (compatible; SemrushBot/7~bl; +http://www.semrush.com/bot.html)"
185.191.171.14 - - [15/Jan/2025:23:15:29 -0500] "GET /product/aivfkdd93695?id=88813 HTTP/1.1" 404 28463 "-" "Mozilla/5.0 (compatible; SemrushBot/7~bl; +http://www.semrush.com/bot.html)"
85.208.96.203 - - [15/Jan/2025:23:15:39 -0500] "GET /product/qnpfocivfmqi71912?id=64428 HTTP/1.1" 404 28465 "-" "Mozilla/5.0 (compatible; SemrushBot/7~bl; +http://www.semrush.com/bot.html)"
162.213.251.239 - - [15/Jan/2025:23:16:01 -0500] "POST /wp-cron.php?doing_wp_cron=1737000961.9404370784759521484375 HTTP/1.1" 403 1242 "-" "WordPress/6.6; https://visionsynchomeimprovement.com"
85.208.96.196 - - [15/Jan/2025:23:16:00 -0500] "GET /product/aivfyiu80272?id=240898 HTTP/1.1" 404 28457 "-" "Mozilla/5.0 (compatible; SemrushBot/7~bl; +http://www.semrush.com/bot.html)"
185.191.171.8 - - [15/Jan/2025:23:16:05 -0500] "GET /product/aivfeuf80272?id=82205 HTTP/1.1" 404 28463 "-" "Mozilla/5.0 (compatible; SemrushBot/7~bl; +http://www.semrush.com/bot.html)"
85.208.96.206 - - [15/Jan/2025:23:16:14 -0500] "GET /product/fiavsgivfcoh52700?id=54407 HTTP/1.1" 404 28461 "-" "Mozilla/5.0 (compatible; SemrushBot/7~bl; +http://www.semrush.com/bot.html)"
85.208.96.206 - - [15/Jan/2025:23:16:19 -0500] "GET /product/aivfhtm80272?id=337138 HTTP/1.1" 404 28456 "-" "Mozilla/5.0 (compatible; SemrushBot/7~bl; +http://www.semrush.com/bot.html)"
85.208.96.199 - - [15/Jan/2025:23:16:30 -0500] "GET /product/ibkxfhivfvft42339?id=218319 HTTP/1.1" 404 28455 "-" "Mozilla/5.0 (compatible; SemrushBot/7~bl; +http://www.semrush.com/bot.html)"
162.213.251.239 - - [15/Jan/2025:23:17:02 -0500] "POST /wp-cron.php?doing_wp_cron=1737001022.1470499038696289062500 HTTP/1.1" 403 1242 "-" "WordPress/6.6; https://visionsynchomeimprovement.com"
185.191.171.5 - - [15/Jan/2025:23:17:00 -0500] "GET /product/vjntkhivfvxs71912?id=214918 HTTP/1.1" 404 28457 "-" "Mozilla/5.0 (compatible; SemrushBot/7~bl; +http://www.semrush.com/bot.html)"
185.191.171.8 - - [15/Jan/2025:23:17:05 -0500] "GET /product/aivfvkc80272?id=47362 HTTP/1.1" 404 28456 "-" "Mozilla/5.0 (compatible; SemrushBot/7~bl; +http://www.semrush.com/bot.html)"
185.191.171.5 - - [15/Jan/2025:23:17:22 -0500] "GET /product/aivftkb80272?id=191079 HTTP/1.1" 404 28460 "-" "Mozilla/5.0 (compatible; SemrushBot/7~bl; +http://www.semrush.com/bot.html)"
85.208.96.207 - - [15/Jan/2025:23:17:30 -0500] "GET /product/aivfab93695?id=7801 HTTP/1.1" 404 28460 "-" "Mozilla/5.0 (compatible; SemrushBot/7~bl; +http://www.semrush.com/bot.html)"
185.191.171.6 - - [15/Jan/2025:23:17:35 -0500] "GET /product/ysjyyiivfftb69982?id=57451 HTTP/1.1" 404 28460 "-" "Mozilla/5.0 (compatible; SemrushBot/7~bl; +http://www.semrush.com/bot.html)"
85.208.96.197 - - [15/Jan/2025:23:17:39 -0500] "GET /product/aivfedj80272?id=300387 HTTP/1.1" 404 28463 "-" "Mozilla/5.0 (compatible; SemrushBot/7~bl; +http://www.semrush.com/bot.html)"
185.191.171.6 - - [15/Jan/2025:23:17:44 -0500] "GET /wp-includes/sitemaps.php HTTP/1.1" 403 1242 "-" "Mozilla/5.0 (compatible; SemrushBot/7~bl; +http://www.semrush.com/bot.html)"
185.191.171.4 - - [15/Jan/2025:23:17:47 -0500] "GET /product/aivfctf41189?id=289757 HTTP/1.1" 404 28460 "-" "Mozilla/5.0 (compatible; SemrushBot/7~bl; +http://www.semrush.com/bot.html)"
185.191.171.2 - - [15/Jan/2025:23:17:53 -0500] "GET /product/wepyocivfovc18359?id=142154 HTTP/1.1" 404 28459 "-" "Mozilla/5.0 (compatible; SemrushBot/7~bl; +http://www.semrush.com/bot.html)"
185.191.171.16 - - [15/Jan/2025:23:17:58 -0500] "GET /product/isbmfgivfbpc42617?id=79932 HTTP/1.1" 404 28456 "-" "Mozilla/5.0 (compatible; SemrushBot/7~bl; +http://www.semrush.com/bot.html)"
162.213.251.239 - - [15/Jan/2025:23:18:08 -0500] "POST /wp-cron.php?doing_wp_cron=1737001088.6406950950622558593750 HTTP/1.1" 403 1242 "-" "WordPress/6.6; https://visionsynchomeimprovement.com"
85.208.96.206 - - [15/Jan/2025:23:18:07 -0500] "GET /product/aivfbgl93695?id=270611 HTTP/1.1" 404 28461 "-" "Mozilla/5.0 (compatible; SemrushBot/7~bl; +http://www.semrush.com/bot.html)"
185.191.171.10 - - [15/Jan/2025:23:18:42 -0500] "GET /product/sdyibeivffsf42339?id=317083 HTTP/1.1" 404 28459 "-" "Mozilla/5.0 (compatible; SemrushBot/7~bl; +http://www.semrush.com/bot.html)"
185.191.171.2 - - [15/Jan/2025:23:18:54 -0500] "GET /product/aivffzo80272?id=317766 HTTP/1.1" 404 28461 "-" "Mozilla/5.0 (compatible; SemrushBot/7~bl; +http://www.semrush.com/bot.html)"
162.213.251.239 - - [15/Jan/2025:23:19:50 -0500] "POST /wp-cron.php?doing_wp_cron=1737001190.0468220710754394531250 HTTP/1.1" 403 1242 "-" "WordPress/6.6; https://visionsynchomeimprovement.com"
185.191.171.15 - - [15/Jan/2025:23:19:47 -0500] "GET /product/tdsmmcivfkat42339?id=107845 HTTP/1.1" 404 28458 "-" "Mozilla/5.0 (compatible; SemrushBot/7~bl; +http://www.semrush.com/bot.html)"
185.191.171.11 - - [15/Jan/2025:23:20:30 -0500] "GET /product/ptveaeivfoil63233?id=140837 HTTP/1.1" 404 28456 "-" "Mozilla/5.0 (compatible; SemrushBot/7~bl; +http://www.semrush.com/bot.html)"
85.208.96.206 - - [15/Jan/2025:23:20:35 -0500] "GET /product/aivfgxg41189?id=84496 HTTP/1.1" 404 28461 "-" "Mozilla/5.0 (compatible; SemrushBot/7~bl; +http://www.semrush.com/bot.html)"
162.213.251.239 - - [15/Jan/2025:23:20:55 -0500] "POST /wp-cron.php?doing_wp_cron=1737001255.5253939628601074218750 HTTP/1.1" 403 1242 "-" "WordPress/6.6; https://visionsynchomeimprovement.com"
185.191.171.2 - - [15/Jan/2025:23:20:53 -0500] "GET /product/aivfpch80272?id=155485 HTTP/1.1" 404 28462 "-" "Mozilla/5.0 (compatible; SemrushBot/7~bl; +http://www.semrush.com/bot.html)"
85.208.96.205 - - [15/Jan/2025:23:21:10 -0500] "GET /product/engzegivfir71912?id=8643 HTTP/1.1" 404 28461 "-" "Mozilla/5.0 (compatible; SemrushBot/7~bl; +http://www.semrush.com/bot.html)"
185.191.171.8 - - [15/Jan/2025:23:21:15 -0500] "GET /product/xaadugivfahq18359?id=260742 HTTP/1.1" 404 28461 "-" "Mozilla/5.0 (compatible; SemrushBot/7~bl; +http://www.semrush.com/bot.html)"
185.191.171.2 - - [15/Jan/2025:23:21:25 -0500] "GET /product/mkottfivfnni42339?id=133934 HTTP/1.1" 404 28457 "-" "Mozilla/5.0 (compatible; SemrushBot/7~bl; +http://www.semrush.com/bot.html)"
195.191.219.132 - - [15/Jan/2025:23:21:34 -0500] "GET /robots.txt HTTP/1.1" 200 130 "-" "Mozilla/5.0 (compatible; MJ12bot/v1.4.8; http://mj12bot.com/)"
85.208.96.198 - - [15/Jan/2025:23:21:37 -0500] "GET /product/aivfehj41189?id=300761 HTTP/1.1" 404 28462 "-" "Mozilla/5.0 (compatible; SemrushBot/7~bl; +http://www.semrush.com/bot.html)"
195.191.219.132 - - [15/Jan/2025:23:21:38 -0500] "GET / HTTP/1.1" 200 27774 "-" "Mozilla/5.0 (compatible; MJ12bot/v1.4.8; http://mj12bot.com/)"
185.191.171.17 - - [15/Jan/2025:23:21:42 -0500] "GET /product/toofegivfckj42339?id=80109 HTTP/1.1" 404 28461 "-" "Mozilla/5.0 (compatible; SemrushBot/7~bl; +http://www.semrush.com/bot.html)"
85.208.96.197 - - [15/Jan/2025:23:21:47 -0500] "GET /product/aivftrj93695?id=196961 HTTP/1.1" 404 28463 "-" "Mozilla/5.0 (compatible; SemrushBot/7~bl; +http://www.semrush.com/bot.html)"
185.191.171.5 - - [15/Jan/2025:23:21:52 -0500] "GET /product/aivfkvo41189?id=107340 HTTP/1.1" 404 28461 "-" "Mozilla/5.0 (compatible; SemrushBot/7~bl; +http://www.semrush.com/bot.html)"
85.208.96.204 - - [15/Jan/2025:23:21:57 -0500] "GET /wp-includes/ms-default-constants.php HTTP/1.1" 403 1242 "-" "Mozilla/5.0 (compatible; SemrushBot/7~bl; +http://www.semrush.com/bot.html)"
162.213.251.239 - - [15/Jan/2025:23:22:02 -0500] "POST /wp-cron.php?doing_wp_cron=1737001322.0346510410308837890625 HTTP/1.1" 403 1242 "-" "WordPress/6.6; https://visionsynchomeimprovement.com"
185.191.171.2 - - [15/Jan/2025:23:22:00 -0500] "GET /product/runafiivfucv69982?id=208021 HTTP/1.1" 404 28455 "-" "Mozilla/5.0 (compatible; SemrushBot/7~bl; +http://www.semrush.com/bot.html)"
85.208.96.199 - - [15/Jan/2025:23:22:05 -0500] "GET /product/yljvgcivfqck63233?id=165436 HTTP/1.1" 404 28462 "-" "Mozilla/5.0 (compatible; SemrushBot/7~bl; +http://www.semrush.com/bot.html)"
185.191.171.9 - - [15/Jan/2025:23:22:10 -0500] "GET /product/prgqmcivfndv52700?id=130321 HTTP/1.1" 404 28458 "-" "Mozilla/5.0 (compatible; SemrushBot/7~bl; +http://www.semrush.com/bot.html)"
85.208.96.204 - - [15/Jan/2025:23:22:32 -0500] "GET /product/aivfhra80272?id=336952 HTTP/1.1" 404 28459 "-" "Mozilla/5.0 (compatible; SemrushBot/7~bl; +http://www.semrush.com/bot.html)"
85.208.96.204 - - [15/Jan/2025:23:22:43 -0500] "GET /product/tzshjeivfozb42339?id=145127 HTTP/1.1" 404 28462 "-" "Mozilla/5.0 (compatible; SemrushBot/7~bl; +http://www.semrush.com/bot.html)"
185.191.171.7 - - [15/Jan/2025:23:22:58 -0500] "GET /product/aivfnnb80272?id=139101 HTTP/1.1" 404 28456 "-" "Mozilla/5.0 (compatible; SemrushBot/7~bl; +http://www.semrush.com/bot.html)"
162.213.251.239 - - [15/Jan/2025:23:23:06 -0500] "POST /wp-cron.php?doing_wp_cron=1737001386.1422789096832275390625 HTTP/1.1" 403 1242 "-" "WordPress/6.6; https://visionsynchomeimprovement.com"
185.191.171.9 - - [15/Jan/2025:23:23:04 -0500] "GET /product/rilwwgivfbos42339?id=276618 HTTP/1.1" 404 28461 "-" "Mozilla/5.0 (compatible; SemrushBot/7~bl; +http://www.semrush.com/bot.html)"
162.213.251.239 - - [15/Jan/2025:23:24:28 -0500] "POST /wp-cron.php?doing_wp_cron=1737001468.0685620307922363281250 HTTP/1.1" 403 1242 "-" "WordPress/6.6; https://visionsynchomeimprovement.com"
85.208.96.201 - - [15/Jan/2025:23:24:24 -0500] "GET /product/vyxcjdivfehj52700?id=82079 HTTP/1.1" 404 28460 "-" "Mozilla/5.0 (compatible; SemrushBot/7~bl; +http://www.semrush.com/bot.html)"
3.7.94.9 - - [15/Jan/2025:23:24:32 -0500] "HEAD /2019 HTTP/1.1" 404 0 "http://visionsynchomeimprovement.com/2019" "Mozilla/5.0 (X11; Linux x86_64) AppleWebKit/537.36 (KHTML, like Gecko) Chrome/96.0.4664.45 Safari/537.36"
85.208.96.210 - - [15/Jan/2025:23:24:38 -0500] "GET /product/aivfpkg80272?id=93106 HTTP/1.1" 404 28462 "-" "Mozilla/5.0 (compatible; SemrushBot/7~bl; +http://www.semrush.com/bot.html)"
85.208.96.197 - - [15/Jan/2025:23:24:44 -0500] "GET /product/ofrwcjivfqab52700?id=167853 HTTP/1.1" 404 28462 "-" "Mozilla/5.0 (compatible; SemrushBot/7~bl; +http://www.semrush.com/bot.html)"
185.191.171.18 - - [15/Jan/2025:23:24:50 -0500] "GET /product/aivfemd93695?id=30903 HTTP/1.1" 404 28456 "-" "Mozilla/5.0 (compatible; SemrushBot/7~bl; +http://www.semrush.com/bot.html)"
85.208.96.211 - - [15/Jan/2025:23:24:55 -0500] "GET /product/aivfrm93695?id=4312 HTTP/1.1" 404 28461 "-" "Mozilla/5.0 (compatible; SemrushBot/7~bl; +http://www.semrush.com/bot.html)"
85.208.96.193 - - [15/Jan/2025:23:25:06 -0500] "GET /product/nssxlbivfzmc42339?id=251202 HTTP/1.1" 404 28457 "-" "Mozilla/5.0 (compatible; SemrushBot/7~bl; +http://www.semrush.com/bot.html)"
162.213.251.239 - - [15/Jan/2025:23:25:33 -0500] "POST /wp-cron.php?doing_wp_cron=1737001533.2411520481109619140625 HTTP/1.1" 403 1242 "-" "WordPress/6.6; https://visionsynchomeimprovement.com"
185.191.171.9 - - [15/Jan/2025:23:25:31 -0500] "GET /product/hwsjlaivffwr42339?id=314843 HTTP/1.1" 404 28460 "-" "Mozilla/5.0 (compatible; SemrushBot/7~bl; +http://www.semrush.com/bot.html)"
185.191.171.13 - - [15/Jan/2025:23:25:38 -0500] "GET /product/aivfjnh80272?id=87397 HTTP/1.1" 404 28461 "-" "Mozilla/5.0 (compatible; SemrushBot/7~bl; +http://www.semrush.com/bot.html)"
85.208.96.196 - - [15/Jan/2025:23:25:44 -0500] "GET /product/tpnjgbivfmem42339?id=125690 HTTP/1.1" 404 28460 "-" "Mozilla/5.0 (compatible; SemrushBot/7~bl; +http://www.semrush.com/bot.html)"
85.208.96.202 - - [15/Jan/2025:23:25:59 -0500] "GET /product/atsqfiivffal42617?id=312611 HTTP/1.1" 404 28458 "-" "Mozilla/5.0 (compatible; SemrushBot/7~bl; +http://www.semrush.com/bot.html)"
185.191.171.19 - - [15/Jan/2025:23:26:06 -0500] "GET /product/rjfnufivfwvc18359?id=74212 HTTP/1.1" 404 28463 "-" "Mozilla/5.0 (compatible; SemrushBot/7~bl; +http://www.semrush.com/bot.html)"
185.191.171.11 - - [15/Jan/2025:23:26:12 -0500] "GET /product/aivfnoe80272?id=139204 HTTP/1.1" 404 28459 "-" "Mozilla/5.0 (compatible; SemrushBot/7~bl; +http://www.semrush.com/bot.html)"
185.191.171.10 - - [15/Jan/2025:23:26:19 -0500] "GET /wp-includes/class-wp-user-request.php HTTP/1.1" 403 1242 "-" "Mozilla/5.0 (compatible; SemrushBot/7~bl; +http://www.semrush.com/bot.html)"
185.191.171.17 - - [15/Jan/2025:23:26:22 -0500] "GET /product/cysywhivfwys52700?id=222418 HTTP/1.1" 404 28459 "-" "Mozilla/5.0 (compatible; SemrushBot/7~bl; +http://www.semrush.com/bot.html)"
185.191.171.10 - - [15/Jan/2025:23:26:28 -0500] "GET /product/aivfovw93695?id=142122 HTTP/1.1" 404 28461 "-" "Mozilla/5.0 (compatible; SemrushBot/7~bl; +http://www.semrush.com/bot.html)"
162.213.251.239 - - [15/Jan/2025:23:26:47 -0500] "POST /wp-cron.php?doing_wp_cron=1737001607.9252939224243164062500 HTTP/1.1" 403 1242 "-" "WordPress/6.6; https://visionsynchomeimprovement.com"
85.208.96.194 - - [15/Jan/2025:23:26:45 -0500] "GET /product/aivftni80272?id=97658 HTTP/1.1" 404 28463 "-" "Mozilla/5.0 (compatible; SemrushBot/7~bl; +http://www.semrush.com/bot.html)"
85.208.96.196 - - [15/Jan/2025:23:26:50 -0500] "GET /robots.txt HTTP/1.1" 200 122 "-" "Mozilla/5.0 (compatible; SemrushBot/7~bl; +http://www.semrush.com/bot.html)"
85.208.96.197 - - [15/Jan/2025:23:26:52 -0500] "GET /product/nyehdhivfbvt69982?id=274719 HTTP/1.1" 404 28466 "-" "Mozilla/5.0 (compatible; SemrushBot/7~bl; +http://www.semrush.com/bot.html)"
185.191.171.14 - - [15/Jan/2025:23:26:59 -0500] "GET /wp-includes/block-editor.php HTTP/1.1" 403 1242 "-" "Mozilla/5.0 (compatible; SemrushBot/7~bl; +http://www.semrush.com/bot.html)"
185.191.171.2 - - [15/Jan/2025:23:27:23 -0500] "GET /product/scnknfivfydf69982?id=245557 HTTP/1.1" 404 28461 "-" "Mozilla/5.0 (compatible; SemrushBot/7~bl; +http://www.semrush.com/bot.html)"
185.191.171.13 - - [15/Jan/2025:23:27:29 -0500] "GET /product/ssqgihivfela71912?id=82110 HTTP/1.1" 404 28456 "-" "Mozilla/5.0 (compatible; SemrushBot/7~bl; +http://www.semrush.com/bot.html)"
162.213.251.239 - - [15/Jan/2025:23:27:53 -0500] "POST /wp-cron.php?doing_wp_cron=1737001673.4817180633544921875000 HTTP/1.1" 403 1242 "-" "WordPress/6.6; https://visionsynchomeimprovement.com"
18.117.192.205 - - [15/Jan/2025:23:27:51 -0500] "GET /robots.txt HTTP/1.1" 200 108 "-" "Mozilla/5.0 AppleWebKit/537.36 (KHTML, like Gecko; compatible; ClaudeBot/1.0; +claudebot@anthropic.com)"
18.117.192.205 - - [15/Jan/2025:23:27:53 -0500] "GET /wp-includes/js/tinymce/plugins/colorpicker/plugin.min.js HTTP/1.1" 200 589 "-" "Mozilla/5.0 AppleWebKit/537.36 (KHTML, like Gecko; compatible; ClaudeBot/1.0; +claudebot@anthropic.com)"
85.208.96.200 - - [15/Jan/2025:23:28:19 -0500] "GET /product/aivfvqe41189?id=211630 HTTP/1.1" 404 28458 "-" "Mozilla/5.0 (compatible; SemrushBot/7~bl; +http://www.semrush.com/bot.html)"
85.208.96.211 - - [15/Jan/2025:23:28:30 -0500] "GET /product/pthgseivfslx69982?id=181175 HTTP/1.1" 404 28461 "-" "Mozilla/5.0 (compatible; SemrushBot/7~bl; +http://www.semrush.com/bot.html)"
162.213.251.239 - - [15/Jan/2025:23:29:15 -0500] "POST /wp-cron.php?doing_wp_cron=1737001755.1272799968719482421875 HTTP/1.1" 403 1242 "-" "WordPress/6.6; https://visionsynchomeimprovement.com"
85.208.96.209 - - [15/Jan/2025:23:29:12 -0500] "GET /product/isogmgivfnec42339?id=65822 HTTP/1.1" 404 28459 "-" "Mozilla/5.0 (compatible; SemrushBot/7~bl; +http://www.semrush.com/bot.html)"
85.208.96.205 - - [15/Jan/2025:23:29:18 -0500] "GET /product/aivfgfw93695?id=320522 HTTP/1.1" 404 28460 "-" "Mozilla/5.0 (compatible; SemrushBot/7~bl; +http://www.semrush.com/bot.html)"
185.191.171.3 - - [15/Jan/2025:23:29:24 -0500] "GET /product/aaiajhivfryf69982?id=177605 HTTP/1.1" 404 28462 "-" "Mozilla/5.0 (compatible; SemrushBot/7~bl; +http://www.semrush.com/bot.html)"
185.191.171.19 - - [15/Jan/2025:23:29:30 -0500] "GET /product/epliljivfdsu52700?id=299620 HTTP/1.1" 404 28462 "-" "Mozilla/5.0 (compatible; SemrushBot/7~bl; +http://www.semrush.com/bot.html)"
3.147.103.33 - - [15/Jan/2025:23:29:40 -0500] "GET /wp-includes/js/tinymce/plugins/compat3x/plugin.js HTTP/1.1" 200 2620 "-" "Mozilla/5.0 AppleWebKit/537.36 (KHTML, like Gecko; compatible; ClaudeBot/1.0; +claudebot@anthropic.com)"
3.15.182.217 - - [15/Jan/2025:23:29:43 -0500] "GET /wp-includes/js/tinymce/plugins/lists/plugin.js HTTP/1.1" 200 14268 "-" "Mozilla/5.0 AppleWebKit/537.36 (KHTML, like Gecko; compatible; ClaudeBot/1.0; +claudebot@anthropic.com)"
185.191.171.17 - - [15/Jan/2025:23:29:41 -0500] "GET /product/snpqieivfqsa52700?id=42440 HTTP/1.1" 404 28462 "-" "Mozilla/5.0 (compatible; SemrushBot/7~bl; +http://www.semrush.com/bot.html)"
85.208.96.197 - - [15/Jan/2025:23:29:49 -0500] "GET /product/usnsaiivfwdv63233?id=225599 HTTP/1.1" 404 28465 "-" "Mozilla/5.0 (compatible; SemrushBot/7~bl; +http://www.semrush.com/bot.html)"
85.208.96.199 - - [15/Jan/2025:23:29:55 -0500] "GET /product/aivfyjl80272?id=246163 HTTP/1.1" 404 28464 "-" "Mozilla/5.0 (compatible; SemrushBot/7~bl; +http://www.semrush.com/bot.html)"
85.208.96.199 - - [15/Jan/2025:23:30:10 -0500] "GET /product/ovjidfivfqpw42617?id=169374 HTTP/1.1" 404 28459 "-" "Mozilla/5.0 (compatible; SemrushBot/7~bl; +http://www.semrush.com/bot.html)"
162.213.251.239 - - [15/Jan/2025:23:30:18 -0500] "POST /wp-cron.php?doing_wp_cron=1737001818.8345470428466796875000 HTTP/1.1" 403 1242 "-" "WordPress/6.6; https://visionsynchomeimprovement.com"
85.208.96.193 - - [15/Jan/2025:23:30:16 -0500] "GET /product/aivfspy80272?id=186776 HTTP/1.1" 404 28461 "-" "Mozilla/5.0 (compatible; SemrushBot/7~bl; +http://www.semrush.com/bot.html)"
85.208.96.205 - - [15/Jan/2025:23:30:22 -0500] "GET /product/pqixjhivfohe18359?id=143382 HTTP/1.1" 404 28461 "-" "Mozilla/5.0 (compatible; SemrushBot/7~bl; +http://www.semrush.com/bot.html)"
185.191.171.9 - - [15/Jan/2025:23:30:37 -0500] "GET /product/bgjivgivfxmb42617?id=23641 HTTP/1.1" 404 28461 "-" "Mozilla/5.0 (compatible; SemrushBot/7~bl; +http://www.semrush.com/bot.html)"
85.208.96.200 - - [15/Jan/2025:23:30:44 -0500] "GET /product/pdtuajivfpvc69982?id=154702 HTTP/1.1" 404 28461 "-" "Mozilla/5.0 (compatible; SemrushBot/7~bl; +http://www.semrush.com/bot.html)"
85.208.96.203 - - [15/Jan/2025:23:30:49 -0500] "GET /product/dedxpaivfama63233?id=263878 HTTP/1.1" 404 28478 "-" "Mozilla/5.0 (compatible; SemrushBot/7~bl; +http://www.semrush.com/bot.html)"
3.15.10.117 - - [15/Jan/2025:23:31:06 -0500] "GET /wp-includes/js/tinymce/plugins/paste/plugin.js HTTP/1.1" 200 17110 "-" "Mozilla/5.0 AppleWebKit/537.36 (KHTML, like Gecko; compatible; ClaudeBot/1.0; +claudebot@anthropic.com)"
185.191.171.17 - - [15/Jan/2025:23:31:08 -0500] "GET /product/txwspfivfznx18359?id=253975 HTTP/1.1" 404 28463 "-" "Mozilla/5.0 (compatible; SemrushBot/7~bl; +http://www.semrush.com/bot.html)"
185.191.171.12 - - [15/Jan/2025:23:31:14 -0500] "GET /product/iftuzdivfvmj42339?id=216461 HTTP/1.1" 404 28462 "-" "Mozilla/5.0 (compatible; SemrushBot/7~bl; +http://www.semrush.com/bot.html)"
185.191.171.14 - - [15/Jan/2025:23:31:37 -0500] "GET /wp-includes/class-wp-locale-switcher.php HTTP/1.1" 403 1242 "-" "Mozilla/5.0 (compatible; SemrushBot/7~bl; +http://www.semrush.com/bot.html)"
162.213.251.239 - - [15/Jan/2025:23:31:46 -0500] "POST /wp-cron.php?doing_wp_cron=1737001906.7303540706634521484375 HTTP/1.1" 403 1242 "-" "WordPress/6.6; https://visionsynchomeimprovement.com"
85.208.96.211 - - [15/Jan/2025:23:31:44 -0500] "GET /product/ymfkucivfzxd18359?id=252303 HTTP/1.1" 404 28462 "-" "Mozilla/5.0 (compatible; SemrushBot/7~bl; +http://www.semrush.com/bot.html)"
185.191.171.14 - - [15/Jan/2025:23:32:16 -0500] "GET /product/ukmayfivfrmq42339?id=179016 HTTP/1.1" 404 28463 "-" "Mozilla/5.0 (compatible; SemrushBot/7~bl; +http://www.semrush.com/bot.html)"
3.135.212.80 - - [15/Jan/2025:23:32:24 -0500] "GET /wp-includes/js/tinymce/plugins/media/plugin.js HTTP/1.1" 200 8570 "-" "Mozilla/5.0 AppleWebKit/537.36 (KHTML, like Gecko; compatible; ClaudeBot/1.0; +claudebot@anthropic.com)"
3.133.149.244 - - [15/Jan/2025:23:33:03 -0500] "GET /wp-includes/js/tinymce/plugins/wpgallery/plugin.js HTTP/1.1" 200 1074 "-" "Mozilla/5.0 AppleWebKit/537.36 (KHTML, like Gecko; compatible; ClaudeBot/1.0; +claudebot@anthropic.com)"
162.213.251.239 - - [15/Jan/2025:23:33:19 -0500] "POST /wp-cron.php?doing_wp_cron=1737001999.9334580898284912109375 HTTP/1.1" 403 1242 "-" "WordPress/6.6; https://visionsynchomeimprovement.com"
85.208.96.208 - - [15/Jan/2025:23:33:17 -0500] "GET /product/baafkbivfudc63233?id=72552 HTTP/1.1" 404 28460 "-" "Mozilla/5.0 (compatible; SemrushBot/7~bl; +http://www.semrush.com/bot.html)"
85.208.96.207 - - [15/Jan/2025:23:33:23 -0500] "GET /product/rolkbhivfsqe42339?id=70944 HTTP/1.1" 404 28461 "-" "Mozilla/5.0 (compatible; SemrushBot/7~bl; +http://www.semrush.com/bot.html)"
85.208.96.203 - - [15/Jan/2025:23:33:27 -0500] "GET /product/killljivfocf52700?id=142883 HTTP/1.1" 404 28460 "-" "Mozilla/5.0 (compatible; SemrushBot/7~bl; +http://www.semrush.com/bot.html)"
85.208.96.208 - - [15/Jan/2025:23:33:32 -0500] "GET /product/szusfbivfod63233?id=1429 HTTP/1.1" 404 28461 "-" "Mozilla/5.0 (compatible; SemrushBot/7~bl; +http://www.semrush.com/bot.html)"
85.208.96.208 - - [15/Jan/2025:23:33:37 -0500] "GET /product/riwikgivfqqp63233?id=169467 HTTP/1.1" 404 28461 "-" "Mozilla/5.0 (compatible; SemrushBot/7~bl; +http://www.semrush.com/bot.html)"
185.191.171.16 - - [15/Jan/2025:23:33:42 -0500] "GET /product/ntovpiivfmqj52700?id=38429 HTTP/1.1" 404 28457 "-" "Mozilla/5.0 (compatible; SemrushBot/7~bl; +http://www.semrush.com/bot.html)"
185.191.171.5 - - [15/Jan/2025:23:33:50 -0500] "GET /product/llnzbeivfqfu18359?id=165772 HTTP/1.1" 404 28457 "-" "Mozilla/5.0 (compatible; SemrushBot/7~bl; +http://www.semrush.com/bot.html)"
85.208.96.198 - - [15/Jan/2025:23:33:55 -0500] "GET /product/jqkrmcivfuxg42339?id=72756 HTTP/1.1" 404 28461 "-" "Mozilla/5.0 (compatible; SemrushBot/7~bl; +http://www.semrush.com/bot.html)"
185.191.171.8 - - [15/Jan/2025:23:34:06 -0500] "GET /product/kdrptbivfowh42339?id=40487 HTTP/1.1" 404 28461 "-" "Mozilla/5.0 (compatible; SemrushBot/7~bl; +http://www.semrush.com/bot.html)"
85.208.96.211 - - [15/Jan/2025:23:34:12 -0500] "GET /product/aivfsri93695?id=186960 HTTP/1.1" 404 28460 "-" "Mozilla/5.0 (compatible; SemrushBot/7~bl; +http://www.semrush.com/bot.html)"
162.213.251.239 - - [15/Jan/2025:23:34:20 -0500] "POST /wp-cron.php?doing_wp_cron=1737002060.0325300693511962890625 HTTP/1.1" 403 1242 "-" "WordPress/6.6; https://visionsynchomeimprovement.com"
85.208.96.210 - - [15/Jan/2025:23:34:18 -0500] "GET /product/samswfivfrph42617?id=171585 HTTP/1.1" 404 28462 "-" "Mozilla/5.0 (compatible; SemrushBot/7~bl; +http://www.semrush.com/bot.html)"
185.191.171.5 - - [15/Jan/2025:23:34:23 -0500] "GET /product/ytybphivfwgw18359?id=223248 HTTP/1.1" 404 28461 "-" "Mozilla/5.0 (compatible; SemrushBot/7~bl; +http://www.semrush.com/bot.html)"
85.208.96.196 - - [15/Jan/2025:23:34:28 -0500] "GET /product/aivfinr93695?id=343995 HTTP/1.1" 404 28458 "-" "Mozilla/5.0 (compatible; SemrushBot/7~bl; +http://www.semrush.com/bot.html)"
85.208.96.208 - - [15/Jan/2025:23:34:53 -0500] "GET /product/aivftuh41189?id=194633 HTTP/1.1" 404 28463 "-" "Mozilla/5.0 (compatible; SemrushBot/7~bl; +http://www.semrush.com/bot.html)"
185.191.171.1 - - [15/Jan/2025:23:35:06 -0500] "GET /product/iyqtpdivfuj69982?id=9861 HTTP/1.1" 404 28462 "-" "Mozilla/5.0 (compatible; SemrushBot/7~bl; +http://www.semrush.com/bot.html)"
162.213.251.239 - - [15/Jan/2025:23:35:27 -0500] "POST /wp-cron.php?doing_wp_cron=1737002127.9362809658050537109375 HTTP/1.1" 403 1242 "-" "WordPress/6.6; https://visionsynchomeimprovement.com"
85.208.96.199 - - [15/Jan/2025:23:35:26 -0500] "GET /product/ksxopjivfcjq52700?id=286142 HTTP/1.1" 404 28461 "-" "Mozilla/5.0 (compatible; SemrushBot/7~bl; +http://www.semrush.com/bot.html)"
185.191.171.14 - - [15/Jan/2025:23:35:36 -0500] "GET /product/lxngygivfuda18359?id=46550 HTTP/1.1" 404 28458 "-" "Mozilla/5.0 (compatible; SemrushBot/7~bl; +http://www.semrush.com/bot.html)"
18.118.138.113 - - [15/Jan/2025:23:35:43 -0500] "GET /wp-includes/js/tinymce/plugins/compat3x/plugin.min.js HTTP/1.1" 200 1664 "-" "Mozilla/5.0 AppleWebKit/537.36 (KHTML, like Gecko; compatible; ClaudeBot/1.0; +claudebot@anthropic.com)"
3.137.162.107 - - [15/Jan/2025:23:35:56 -0500] "GET /wp-includes/js/tinymce/plugins/wptextpattern/plugin.min.js HTTP/1.1" 200 1291 "-" "Mozilla/5.0 AppleWebKit/537.36 (KHTML, like Gecko; compatible; ClaudeBot/1.0; +claudebot@anthropic.com)"
185.191.171.4 - - [15/Jan/2025:23:36:05 -0500] "GET /product/aivfdmj41189?id=291287 HTTP/1.1" 404 28463 "-" "Mozilla/5.0 (compatible; SemrushBot/7~bl; +http://www.semrush.com/bot.html)"
162.213.251.239 - - [15/Jan/2025:23:36:28 -0500] "POST /wp-cron.php?doing_wp_cron=1737002188.2339100837707519531250 HTTP/1.1" 403 1242 "-" "WordPress/6.6; https://visionsynchomeimprovement.com"
35.95.116.38 - - [15/Jan/2025:23:36:26 -0500] "GET /wp-login.php HTTP/1.1" 200 2149 "-" "GRequests/0.10"
85.208.96.210 - - [15/Jan/2025:23:36:25 -0500] "GET /product/aivfeox93695?id=304049 HTTP/1.1" 404 28463 "-" "Mozilla/5.0 (compatible; SemrushBot/7~bl; +http://www.semrush.com/bot.html)"
35.95.116.38 - - [15/Jan/2025:23:36:28 -0500] "POST /wp-login.php HTTP/1.1" 200 2310 "-" "GRequests/0.10"
18.188.106.47 - - [15/Jan/2025:23:36:31 -0500] "GET /wp-includes/js/tinymce/plugins/hr/plugin.js HTTP/1.1" 200 322 "-" "Mozilla/5.0 AppleWebKit/537.36 (KHTML, like Gecko; compatible; ClaudeBot/1.0; +claudebot@anthropic.com)"
85.208.96.199 - - [15/Jan/2025:23:36:46 -0500] "GET /product/rptsebivfdhl52700?id=293389 HTTP/1.1" 404 28459 "-" "Mozilla/5.0 (compatible; SemrushBot/7~bl; +http://www.semrush.com/bot.html)"
185.191.171.5 - - [15/Jan/2025:23:36:52 -0500] "GET /product/yoaiaaivfkya71912?id=102478 HTTP/1.1" 404 28462 "-" "Mozilla/5.0 (compatible; SemrushBot/7~bl; +http://www.semrush.com/bot.html)"
85.208.96.204 - - [15/Jan/2025:23:36:57 -0500] "GET /product/ezoahbivfejh63233?id=30097 HTTP/1.1" 404 28458 "-" "Mozilla/5.0 (compatible; SemrushBot/7~bl; +http://www.semrush.com/bot.html)"
13.59.195.78 - - [15/Jan/2025:23:37:08 -0500] "GET /wp-includes/js/tinymce/plugins/hr/plugin.min.js HTTP/1.1" 200 231 "-" "Mozilla/5.0 AppleWebKit/537.36 (KHTML, like Gecko; compatible; ClaudeBot/1.0; +claudebot@anthropic.com)"
162.213.251.239 - - [15/Jan/2025:23:37:28 -0500] "POST /wp-cron.php?doing_wp_cron=1737002248.3418290615081787109375 HTTP/1.1" 403 1242 "-" "WordPress/6.6; https://visionsynchomeimprovement.com"
185.191.171.7 - - [15/Jan/2025:23:37:26 -0500] "GET /product/aivfatz80272?id=261925 HTTP/1.1" 404 28460 "-" "Mozilla/5.0 (compatible; SemrushBot/7~bl; +http://www.semrush.com/bot.html)"
185.191.171.16 - - [15/Jan/2025:23:37:32 -0500] "GET /product/aivfqag80272?id=68526 HTTP/1.1" 404 28461 "-" "Mozilla/5.0 (compatible; SemrushBot/7~bl; +http://www.semrush.com/bot.html)"
85.208.96.203 - - [15/Jan/2025:23:37:36 -0500] "GET /product/uhueebivffgs42339?id=315818 HTTP/1.1" 404 28462 "-" "Mozilla/5.0 (compatible; SemrushBot/7~bl; +http://www.semrush.com/bot.html)"
3.137.185.202 - - [15/Jan/2025:23:37:44 -0500] "GET /wp-includes/js/tinymce/plugins/wordpress/plugin.js HTTP/1.1" 200 9397 "-" "Mozilla/5.0 AppleWebKit/537.36 (KHTML, like Gecko; compatible; ClaudeBot/1.0; +claudebot@anthropic.com)"
185.191.171.10 - - [15/Jan/2025:23:37:43 -0500] "GET /product/aivfuad80272?id=46783 HTTP/1.1" 404 28462 "-" "Mozilla/5.0 (compatible; SemrushBot/7~bl; +http://www.semrush.com/bot.html)"
185.191.171.19 - - [15/Jan/2025:23:37:56 -0500] "GET /product/aivfvfs41189?id=213196 HTTP/1.1" 404 28460 "-" "Mozilla/5.0 (compatible; SemrushBot/7~bl; +http://www.semrush.com/bot.html)"
185.191.171.4 - - [15/Jan/2025:23:38:03 -0500] "GET /product/snlhadivfpgg71912?id=158406 HTTP/1.1" 404 28461 "-" "Mozilla/5.0 (compatible; SemrushBot/7~bl; +http://www.semrush.com/bot.html)"
85.208.96.206 - - [15/Jan/2025:23:38:08 -0500] "GET /product/aivfzjr41189?id=256143 HTTP/1.1" 404 28459 "-" "Mozilla/5.0 (compatible; SemrushBot/7~bl; +http://www.semrush.com/bot.html)"
185.191.171.5 - - [15/Jan/2025:23:38:14 -0500] "GET /product/fhwdiiivfavt18359?id=262119 HTTP/1.1" 404 28460 "-" "Mozilla/5.0 (compatible; SemrushBot/7~bl; +http://www.semrush.com/bot.html)"
185.191.171.1 - - [15/Jan/2025:23:38:19 -0500] "GET /product/etrcgaivfrce52700?id=172856 HTTP/1.1" 404 28462 "-" "Mozilla/5.0 (compatible; SemrushBot/7~bl; +http://www.semrush.com/bot.html)"
162.213.251.239 - - [15/Jan/2025:23:38:39 -0500] "POST /wp-cron.php?doing_wp_cron=1737002318.9438838958740234375000 HTTP/1.1" 403 1242 "-" "WordPress/6.6; https://visionsynchomeimprovement.com"
185.191.171.17 - - [15/Jan/2025:23:38:37 -0500] "GET /product/igrqohivfpqy52700?id=156824 HTTP/1.1" 404 28462 "-" "Mozilla/5.0 (compatible; SemrushBot/7~bl; +http://www.semrush.com/bot.html)"
18.225.72.181 - - [15/Jan/2025:23:38:55 -0500] "GET /wp-includes/js/tinymce/plugins/textcolor/plugin.min.js HTTP/1.1" 200 1831 "-" "Mozilla/5.0 AppleWebKit/537.36 (KHTML, like Gecko; compatible; ClaudeBot/1.0; +claudebot@anthropic.com)"
85.208.96.200 - - [15/Jan/2025:23:39:10 -0500] "GET /product/aivfghs93695?id=325996 HTTP/1.1" 404 28460 "-" "Mozilla/5.0 (compatible; SemrushBot/7~bl; +http://www.semrush.com/bot.html)"
185.191.171.4 - - [15/Jan/2025:23:39:25 -0500] "GET /product/aivfkqu80272?id=104298 HTTP/1.1" 404 28463 "-" "Mozilla/5.0 (compatible; SemrushBot/7~bl; +http://www.semrush.com/bot.html)"
185.191.171.4 - - [15/Jan/2025:23:39:35 -0500] "GET /product/aivfasn93695?id=269691 HTTP/1.1" 404 28462 "-" "Mozilla/5.0 (compatible; SemrushBot/7~bl; +http://www.semrush.com/bot.html)"
162.213.251.239 - - [15/Jan/2025:23:39:55 -0500] "POST /wp-cron.php?doing_wp_cron=1737002395.7337400913238525390625 HTTP/1.1" 403 1242 "-" "WordPress/6.6; https://visionsynchomeimprovement.com"
185.191.171.19 - - [15/Jan/2025:23:39:53 -0500] "GET /product/aivfzhe93695?id=250730 HTTP/1.1" 404 28461 "-" "Mozilla/5.0 (compatible; SemrushBot/7~bl; +http://www.semrush.com/bot.html)"
85.208.96.205 - - [15/Jan/2025:23:40:27 -0500] "GET /product/aivfxuj93695?id=49209 HTTP/1.1" 404 28461 "-" "Mozilla/5.0 (compatible; SemrushBot/7~bl; +http://www.semrush.com/bot.html)"
3.129.70.138 - - [15/Jan/2025:23:40:39 -0500] "GET /wp-includes/js/tinymce/plugins/tabfocus/plugin.min.js HTTP/1.1" 200 734 "-" "Mozilla/5.0 AppleWebKit/537.36 (KHTML, like Gecko; compatible; ClaudeBot/1.0; +claudebot@anthropic.com)"
18.119.157.233 - - [15/Jan/2025:23:40:42 -0500] "GET /wp-includes/js/tinymce/plugins/charmap/plugin.min.js HTTP/1.1" 200 3017 "-" "Mozilla/5.0 AppleWebKit/537.36 (KHTML, like Gecko; compatible; ClaudeBot/1.0; +claudebot@anthropic.com)"
162.213.251.239 - - [15/Jan/2025:23:41:14 -0500] "POST /wp-cron.php?doing_wp_cron=1737002474.4437220096588134765625 HTTP/1.1" 403 1242 "-" "WordPress/6.6; https://visionsynchomeimprovement.com"
185.191.171.13 - - [15/Jan/2025:23:41:11 -0500] "GET /product/aivfpje80272?id=150982 HTTP/1.1" 404 28459 "-" "Mozilla/5.0 (compatible; SemrushBot/7~bl; +http://www.semrush.com/bot.html)"
185.191.171.19 - - [15/Jan/2025:23:41:17 -0500] "GET /product/terjvjivflcd52700?id=11023 HTTP/1.1" 404 28460 "-" "Mozilla/5.0 (compatible; SemrushBot/7~bl; +http://www.semrush.com/bot.html)"
185.191.171.13 - - [15/Jan/2025:23:41:23 -0500] "GET /product/tzaiscivfxia63233?id=238626 HTTP/1.1" 404 28463 "-" "Mozilla/5.0 (compatible; SemrushBot/7~bl; +http://www.semrush.com/bot.html)"
85.208.96.194 - - [15/Jan/2025:23:41:31 -0500] "GET /product/aivfizc80272?id=34252 HTTP/1.1" 404 28459 "-" "Mozilla/5.0 (compatible; SemrushBot/7~bl; +http://www.semrush.com/bot.html)"
185.191.171.17 - - [15/Jan/2025:23:41:43 -0500] "GET /product/inuhbcivfptz71912?id=159751 HTTP/1.1" 404 28394 "-" "Mozilla/5.0 (compatible; SemrushBot/7~bl; +http://www.semrush.com/bot.html)"
18.118.207.143 - - [15/Jan/2025:23:41:48 -0500] "GET /wp-includes/js/tinymce/plugins/wpeditimage/plugin.min.js HTTP/1.1" 200 4220 "-" "Mozilla/5.0 AppleWebKit/537.36 (KHTML, like Gecko; compatible; ClaudeBot/1.0; +claudebot@anthropic.com)"
85.208.96.210 - - [15/Jan/2025:23:41:56 -0500] "GET /product/dnkcpdivfnbi71912?id=13278 HTTP/1.1" 404 28461 "-" "Mozilla/5.0 (compatible; SemrushBot/7~bl; +http://www.semrush.com/bot.html)"
18.220.217.228 - - [15/Jan/2025:23:42:03 -0500] "GET /wp-includes/js/tinymce/plugins/media/plugin.min.js HTTP/1.1" 200 5650 "-" "Mozilla/5.0 AppleWebKit/537.36 (KHTML, like Gecko; compatible; ClaudeBot/1.0; +claudebot@anthropic.com)"
185.191.171.11 - - [15/Jan/2025:23:42:03 -0500] "GET /product/bruajcivfabe69982?id=267956 HTTP/1.1" 404 28461 "-" "Mozilla/5.0 (compatible; SemrushBot/7~bl; +http://www.semrush.com/bot.html)"
85.208.96.210 - - [15/Jan/2025:23:42:09 -0500] "GET /product/mimthhivfwek69982?id=228262 HTTP/1.1" 404 28463 "-" "Mozilla/5.0 (compatible; SemrushBot/7~bl; +http://www.semrush.com/bot.html)"
162.213.251.239 - - [15/Jan/2025:23:42:17 -0500] "POST /wp-cron.php?doing_wp_cron=1737002537.3429861068725585937500 HTTP/1.1" 403 1242 "-" "WordPress/6.6; https://visionsynchomeimprovement.com"
85.208.96.211 - - [15/Jan/2025:23:42:15 -0500] "GET /product/usseifivfcla69982?id=286352 HTTP/1.1" 404 28461 "-" "Mozilla/5.0 (compatible; SemrushBot/7~bl; +http://www.semrush.com/bot.html)"
85.208.96.205 - - [15/Jan/2025:23:42:21 -0500] "GET /product/mipzviivfghf69982?id=58595 HTTP/1.1" 404 28462 "-" "Mozilla/5.0 (compatible; SemrushBot/7~bl; +http://www.semrush.com/bot.html)"
185.191.171.13 - - [15/Jan/2025:23:42:27 -0500] "GET /product/zkxcagivfrtx18359?id=174575 HTTP/1.1" 404 28458 "-" "Mozilla/5.0 (compatible; SemrushBot/7~bl; +http://www.semrush.com/bot.html)"
