185.191.171.14 - - [15/Jan/2025:12:13:53 -0500] "GET /product/cbkexdivfojp42617?id=146141 HTTP/1.1" 404 28468 "-" "Mozilla/5.0 (compatible; SemrushBot/7~bl; +http://www.semrush.com/bot.html)"
85.208.96.206 - - [15/Jan/2025:12:13:58 -0500] "GET /product/hpbscaivfwfq18359?id=225716 HTTP/1.1" 404 28462 "-" "Mozilla/5.0 (compatible; SemrushBot/7~bl; +http://www.semrush.com/bot.html)"
85.208.96.211 - - [15/Jan/2025:12:14:03 -0500] "GET /product/qzeshjivfmhc52700?id=128528 HTTP/1.1" 404 28463 "-" "Mozilla/5.0 (compatible; SemrushBot/7~bl; +http://www.semrush.com/bot.html)"
85.208.96.200 - - [15/Jan/2025:12:14:08 -0500] "GET /product/aivfquc41189?id=167254 HTTP/1.1" 404 28464 "-" "Mozilla/5.0 (compatible; SemrushBot/7~bl; +http://www.semrush.com/bot.html)"
185.191.171.15 - - [15/Jan/2025:12:14:14 -0500] "GET /product/gyuenaivfcj42617?id=8035 HTTP/1.1" 404 28466 "-" "Mozilla/5.0 (compatible; SemrushBot/7~bl; +http://www.semrush.com/bot.html)"
185.191.171.2 - - [15/Jan/2025:12:14:18 -0500] "GET /product/sfflpgivfxjy52700?id=233576 HTTP/1.1" 404 28464 "-" "Mozilla/5.0 (compatible; SemrushBot/7~bl; +http://www.semrush.com/bot.html)"
85.208.96.204 - - [15/Jan/2025:12:14:24 -0500] "GET /product/aivfqfx41189?id=163123 HTTP/1.1" 404 28464 "-" "Mozilla/5.0 (compatible; SemrushBot/7~bl; +http://www.semrush.com/bot.html)"
85.208.96.206 - - [15/Jan/2025:12:16:31 -0500] "GET /product/tqagueivfhj42339?id=8535 HTTP/1.1" 404 28467 "-" "Mozilla/5.0 (compatible; SemrushBot/7~bl; +http://www.semrush.com/bot.html)"
162.213.251.239 - - [15/Jan/2025:12:16:45 -0500] "POST /wp-cron.php?doing_wp_cron=1736961404.6375548839569091796875 HTTP/1.1" 403 1242 "-" "WordPress/6.6; https://visionsynchomeimprovement.com"
85.208.96.200 - - [15/Jan/2025:12:16:49 -0500] "GET /product/aivfltb41189?id=111979 HTTP/1.1" 404 28488 "-" "Mozilla/5.0 (compatible; SemrushBot/7~bl; +http://www.semrush.com/bot.html)"
185.191.171.15 - - [15/Jan/2025:12:16:56 -0500] "GET /product/rfukicivfrvi69982?id=172108 HTTP/1.1" 404 28463 "-" "Mozilla/5.0 (compatible; SemrushBot/7~bl; +http://www.semrush.com/bot.html)"
87.251.78.46 - - [15/Jan/2025:12:17:01 -0500] "GET /phpinfo.php HTTP/1.1" 404 28465 "-" "Mozilla/5.0 (Windows NT 10.0; Win64; x64) AppleWebKit/537.36 (KHTML, like Gecko) Chrome/118.0.0.0 Safari/537.36"
85.208.96.211 - - [15/Jan/2025:12:17:02 -0500] "GET /product/aivfidf93695?id=60035 HTTP/1.1" 404 28464 "-" "Mozilla/5.0 (compatible; SemrushBot/7~bl; +http://www.semrush.com/bot.html)"
87.251.78.46 - - [15/Jan/2025:12:17:09 -0500] "GET /info.php HTTP/1.1" 404 28466 "-" "Mozilla/5.0 (Windows NT 10.0; Win64; x64) AppleWebKit/537.36 (KHTML, like Gecko) Chrome/118.0.0.0 Safari/537.36"
185.191.171.12 - - [15/Jan/2025:12:17:11 -0500] "GET /product/rqmamhivfdbj42339?id=290187 HTTP/1.1" 404 28465 "-" "Mozilla/5.0 (compatible; SemrushBot/7~bl; +http://www.semrush.com/bot.html)"
87.251.78.46 - - [15/Jan/2025:12:17:18 -0500] "GET /phpinfo HTTP/1.1" 404 28463 "-" "Mozilla/5.0 (Windows NT 10.0; Win64; x64) AppleWebKit/537.36 (KHTML, like Gecko) Chrome/118.0.0.0 Safari/537.36"
85.208.96.203 - - [15/Jan/2025:12:17:19 -0500] "GET /product/ggcbrcivfwhw71912?id=220722 HTTP/1.1" 404 28461 "-" "Mozilla/5.0 (compatible; SemrushBot/7~bl; +http://www.semrush.com/bot.html)"
185.191.171.5 - - [15/Jan/2025:12:17:28 -0500] "GET /product/luolxiivfsmh69982?id=181285 HTTP/1.1" 404 28462 "-" "Mozilla/5.0 (compatible; SemrushBot/7~bl; +http://www.semrush.com/bot.html)"
87.251.78.46 - - [15/Jan/2025:12:17:31 -0500] "GET /aws.yml HTTP/1.1" 404 28466 "-" "Mozilla/5.0 (Windows NT 10.0; Win64; x64) AppleWebKit/537.36 (KHTML, like Gecko) Chrome/118.0.0.0 Safari/537.36"
185.191.171.1 - - [15/Jan/2025:12:17:37 -0500] "GET /product/aivfurd41189?id=72693 HTTP/1.1" 404 28467 "-" "Mozilla/5.0 (compatible; SemrushBot/7~bl; +http://www.semrush.com/bot.html)"
87.251.78.46 - - [15/Jan/2025:12:17:44 -0500] "GET /.aws/credentials HTTP/1.1" 404 28467 "-" "Mozilla/5.0 (Windows NT 10.0; Win64; x64) AppleWebKit/537.36 (KHTML, like Gecko) Chrome/118.0.0.0 Safari/537.36"
85.208.96.207 - - [15/Jan/2025:12:17:46 -0500] "GET /product/cwyzadivfyrb18359?id=241701 HTTP/1.1" 404 28465 "-" "Mozilla/5.0 (compatible; SemrushBot/7~bl; +http://www.semrush.com/bot.html)"
162.213.251.239 - - [15/Jan/2025:12:17:53 -0500] "POST /wp-cron.php?doing_wp_cron=1736961466.1266388893127441406250 HTTP/1.1" 200 0 "-" "WordPress/6.6; https://visionsynchomeimprovement.com"
85.208.96.206 - - [15/Jan/2025:12:17:58 -0500] "GET /product/kbwccivfhrf63233?id=85955 HTTP/1.1" 404 28465 "-" "Mozilla/5.0 (compatible; SemrushBot/7~bl; +http://www.semrush.com/bot.html)"
87.251.78.46 - - [15/Jan/2025:12:18:01 -0500] "GET /_profiler/phpinfo HTTP/1.1" 404 28465 "-" "Mozilla/5.0 (Windows NT 10.0; Win64; x64) AppleWebKit/537.36 (KHTML, like Gecko) Chrome/118.0.0.0 Safari/537.36"
185.191.171.16 - - [15/Jan/2025:12:18:07 -0500] "GET /product/fsvpyhivfplb71912?id=151153 HTTP/1.1" 404 28466 "-" "Mozilla/5.0 (compatible; SemrushBot/7~bl; +http://www.semrush.com/bot.html)"
87.251.78.46 - - [15/Jan/2025:12:18:10 -0500] "GET /test.php HTTP/1.1" 404 28463 "-" "Mozilla/5.0 (Windows NT 10.0; Win64; x64) AppleWebKit/537.36 (KHTML, like Gecko) Chrome/118.0.0.0 Safari/537.36"
85.208.96.200 - - [15/Jan/2025:12:18:14 -0500] "GET /product/mwpxqdivfafd18359?id=26053 HTTP/1.1" 404 28467 "-" "Mozilla/5.0 (compatible; SemrushBot/7~bl; +http://www.semrush.com/bot.html)"
87.251.78.46 - - [15/Jan/2025:12:18:16 -0500] "GET /.env.bak HTTP/1.1" 404 28463 "-" "Mozilla/5.0 (Windows NT 10.0; Win64; x64) AppleWebKit/537.36 (KHTML, like Gecko) Chrome/118.0.0.0 Safari/537.36"
185.191.171.15 - - [15/Jan/2025:12:18:21 -0500] "GET /product/qnsvvgivfkfa52700?id=36310 HTTP/1.1" 404 28466 "-" "Mozilla/5.0 (compatible; SemrushBot/7~bl; +http://www.semrush.com/bot.html)"
85.208.96.206 - - [15/Jan/2025:12:18:29 -0500] "GET /product/lsoehjivfhbd42617?id=85533 HTTP/1.1" 404 28462 "-" "Mozilla/5.0 (compatible; SemrushBot/7~bl; +http://www.semrush.com/bot.html)"
185.191.171.1 - - [15/Jan/2025:12:18:37 -0500] "GET /product/aivfene93695?id=82914 HTTP/1.1" 404 28466 "-" "Mozilla/5.0 (compatible; SemrushBot/7~bl; +http://www.semrush.com/bot.html)"
162.213.251.239 - - [15/Jan/2025:12:18:47 -0500] "POST /wp-cron.php?doing_wp_cron=1736961526.8759150505065917968750 HTTP/1.1" 403 0 "-" "WordPress/6.6; https://visionsynchomeimprovement.com"
85.208.96.212 - - [15/Jan/2025:12:18:44 -0500] "GET /product/aivfcpv41189?id=289373 HTTP/1.1" 404 28465 "-" "Mozilla/5.0 (compatible; SemrushBot/7~bl; +http://www.semrush.com/bot.html)"
85.208.96.209 - - [15/Jan/2025:12:18:53 -0500] "GET /product/aivfhek80272?id=338236 HTTP/1.1" 404 28468 "-" "Mozilla/5.0 (compatible; SemrushBot/7~bl; +http://www.semrush.com/bot.html)"
185.191.171.15 - - [15/Jan/2025:12:19:01 -0500] "GET /product/aivfnuf93695?id=134657 HTTP/1.1" 404 28466 "-" "Mozilla/5.0 (compatible; SemrushBot/7~bl; +http://www.semrush.com/bot.html)"
85.208.96.209 - - [15/Jan/2025:12:19:08 -0500] "GET /product/oxfnxbivfmkt71912?id=128819 HTTP/1.1" 404 28462 "-" "Mozilla/5.0 (compatible; SemrushBot/7~bl; +http://www.semrush.com/bot.html)"
85.208.96.203 - - [15/Jan/2025:12:19:24 -0500] "GET /product/aivfeuc80272?id=304680 HTTP/1.1" 404 28465 "-" "Mozilla/5.0 (compatible; SemrushBot/7~bl; +http://www.semrush.com/bot.html)"
162.213.251.239 - - [15/Jan/2025:12:21:59 -0500] "POST /wp-cron.php?doing_wp_cron=1736961719.0351700782775878906250 HTTP/1.1" 403 1242 "-" "WordPress/6.6; https://visionsynchomeimprovement.com"
85.208.96.209 - - [15/Jan/2025:12:21:45 -0500] "GET /product/aivfywo93695?id=247466 HTTP/1.1" 404 28464 "-" "Mozilla/5.0 (compatible; SemrushBot/7~bl; +http://www.semrush.com/bot.html)"
185.191.171.15 - - [15/Jan/2025:12:22:04 -0500] "GET /product/aivflrh80272?id=63957 HTTP/1.1" 404 28465 "-" "Mozilla/5.0 (compatible; SemrushBot/7~bl; +http://www.semrush.com/bot.html)"
185.191.171.6 - - [15/Jan/2025:12:22:11 -0500] "GET /product/krmltfivfxda52700?id=75550 HTTP/1.1" 404 28464 "-" "Mozilla/5.0 (compatible; SemrushBot/7~bl; +http://www.semrush.com/bot.html)"
185.191.171.7 - - [15/Jan/2025:12:22:16 -0500] "GET /product/sybavjivffji63233?id=31098 HTTP/1.1" 404 28467 "-" "Mozilla/5.0 (compatible; SemrushBot/7~bl; +http://www.semrush.com/bot.html)"
85.208.96.202 - - [15/Jan/2025:12:22:21 -0500] "GET /product/aivflfc41189?id=11052 HTTP/1.1" 404 28464 "-" "Mozilla/5.0 (compatible; SemrushBot/7~bl; +http://www.semrush.com/bot.html)"
185.191.171.12 - - [15/Jan/2025:12:22:27 -0500] "GET /product/nodxedivfaac71912?id=78002 HTTP/1.1" 404 28464 "-" "Mozilla/5.0 (compatible; SemrushBot/7~bl; +http://www.semrush.com/bot.html)"
185.191.171.7 - - [15/Jan/2025:12:22:33 -0500] "GET /product/aivfni41189?id=3908 HTTP/1.1" 404 28466 "-" "Mozilla/5.0 (compatible; SemrushBot/7~bl; +http://www.semrush.com/bot.html)"
85.208.96.197 - - [15/Jan/2025:12:22:39 -0500] "GET /product/aivfjpb80272?id=87931 HTTP/1.1" 404 28463 "-" "Mozilla/5.0 (compatible; SemrushBot/7~bl; +http://www.semrush.com/bot.html)"
85.208.96.197 - - [15/Jan/2025:12:22:45 -0500] "GET /product/mimngaivfkza52700?id=36510 HTTP/1.1" 404 28468 "-" "Mozilla/5.0 (compatible; SemrushBot/7~bl; +http://www.semrush.com/bot.html)"
85.208.96.203 - - [15/Jan/2025:12:22:50 -0500] "GET /product/rbppbjivfnze52700?id=137756 HTTP/1.1" 404 28464 "-" "Mozilla/5.0 (compatible; SemrushBot/7~bl; +http://www.semrush.com/bot.html)"
185.191.171.12 - - [15/Jan/2025:12:22:56 -0500] "GET /product/byqaogivfala71912?id=52890 HTTP/1.1" 404 28466 "-" "Mozilla/5.0 (compatible; SemrushBot/7~bl; +http://www.semrush.com/bot.html)"
162.213.251.239 - - [15/Jan/2025:12:23:04 -0500] "POST /wp-cron.php?doing_wp_cron=1736961784.4672729969024658203125 HTTP/1.1" 403 1242 "-" "WordPress/6.6; https://visionsynchomeimprovement.com"
185.191.171.4 - - [15/Jan/2025:12:23:02 -0500] "GET /product/aivffks93695?id=318818 HTTP/1.1" 404 28467 "-" "Mozilla/5.0 (compatible; SemrushBot/7~bl; +http://www.semrush.com/bot.html)"
185.191.171.5 - - [15/Jan/2025:12:23:08 -0500] "GET /product/ldnhajivfwxe42339?id=227530 HTTP/1.1" 404 28463 "-" "Mozilla/5.0 (compatible; SemrushBot/7~bl; +http://www.semrush.com/bot.html)"
85.208.96.207 - - [15/Jan/2025:12:23:14 -0500] "GET /product/aivfyrj80272?id=249587 HTTP/1.1" 404 28468 "-" "Mozilla/5.0 (compatible; SemrushBot/7~bl; +http://www.semrush.com/bot.html)"
185.191.171.13 - - [15/Jan/2025:12:23:21 -0500] "GET /product/lkfopdivfblf52700?id=53115 HTTP/1.1" 404 28466 "-" "Mozilla/5.0 (compatible; SemrushBot/7~bl; +http://www.semrush.com/bot.html)"
185.191.171.4 - - [15/Jan/2025:12:23:26 -0500] "GET /product/tqhstdivfsvz42617?id=187377 HTTP/1.1" 404 28467 "-" "Mozilla/5.0 (compatible; SemrushBot/7~bl; +http://www.semrush.com/bot.html)"
185.191.171.19 - - [15/Jan/2025:12:23:45 -0500] "GET /wp-includes/canonical.php HTTP/1.1" 403 1242 "-" "Mozilla/5.0 (compatible; SemrushBot/7~bl; +http://www.semrush.com/bot.html)"
162.213.251.239 - - [15/Jan/2025:12:25:06 -0500] "POST /wp-cron.php?doing_wp_cron=1736961905.7329919338226318359375 HTTP/1.1" 403 1242 "-" "WordPress/6.6; https://visionsynchomeimprovement.com"
85.208.96.212 - - [15/Jan/2025:12:24:56 -0500] "GET /product/pjsiucivfdyw63233?id=295074 HTTP/1.1" 404 28465 "-" "Mozilla/5.0 (compatible; SemrushBot/7~bl; +http://www.semrush.com/bot.html)"
185.191.171.10 - - [15/Jan/2025:12:25:10 -0500] "GET /product/aivfoqq80272?id=149416 HTTP/1.1" 404 28462 "-" "Mozilla/5.0 (compatible; SemrushBot/7~bl; +http://www.semrush.com/bot.html)"
185.191.171.6 - - [15/Jan/2025:12:25:16 -0500] "GET /product/bolpjhivflpm71912?id=116790 HTTP/1.1" 404 28467 "-" "Mozilla/5.0 (compatible; SemrushBot/7~bl; +http://www.semrush.com/bot.html)"
85.208.96.194 - - [15/Jan/2025:12:25:23 -0500] "GET /product/rloqeaivfldi42617?id=63558 HTTP/1.1" 404 28467 "-" "Mozilla/5.0 (compatible; SemrushBot/7~bl; +http://www.semrush.com/bot.html)"
161.97.161.81 - - [15/Jan/2025:12:25:30 -0500] "POST /?rDV=UbmV HTTP/1.1" 200 102 "http://visionsynchomeimprovement.com/" "Mozilla/5.0 (Windows NT 10.0; Win64; x64) AppleWebKit/537.36 (KHTML, like Gecko) Chrome/126.0.0.0 Safari/537.36"
185.191.171.19 - - [15/Jan/2025:12:25:32 -0500] "GET /product/yvfxvfivfbqc42339?id=27682 HTTP/1.1" 404 28466 "-" "Mozilla/5.0 (compatible; SemrushBot/7~bl; +http://www.semrush.com/bot.html)"
185.191.171.9 - - [15/Jan/2025:12:25:38 -0500] "GET /product/inrcpaivfqyf18359?id=165031 HTTP/1.1" 404 28464 "-" "Mozilla/5.0 (compatible; SemrushBot/7~bl; +http://www.semrush.com/bot.html)"
185.191.171.19 - - [15/Jan/2025:12:25:44 -0500] "GET /product/aivfgpc93695?id=32152 HTTP/1.1" 404 28467 "-" "Mozilla/5.0 (compatible; SemrushBot/7~bl; +http://www.semrush.com/bot.html)"
185.191.171.2 - - [15/Jan/2025:12:25:50 -0500] "GET /robots.txt HTTP/1.1" 200 122 "-" "Mozilla/5.0 (compatible; SemrushBot/7~bl; +http://www.semrush.com/bot.html)"
85.208.96.204 - - [15/Jan/2025:12:25:52 -0500] "GET /product/rzmnqcivfepz63233?id=306777 HTTP/1.1" 404 28461 "-" "Mozilla/5.0 (compatible; SemrushBot/7~bl; +http://www.semrush.com/bot.html)"
162.213.251.239 - - [15/Jan/2025:12:26:15 -0500] "POST /wp-cron.php?doing_wp_cron=1736961975.4465279579162597656250 HTTP/1.1" 403 1242 "-" "WordPress/6.6; https://visionsynchomeimprovement.com"
185.191.171.2 - - [15/Jan/2025:12:26:13 -0500] "GET /product/aivfucg41189?id=20286 HTTP/1.1" 404 28466 "-" "Mozilla/5.0 (compatible; SemrushBot/7~bl; +http://www.semrush.com/bot.html)"
185.191.171.9 - - [15/Jan/2025:12:26:27 -0500] "GET /product/ubueefivfrlu52700?id=173746 HTTP/1.1" 404 28464 "-" "Mozilla/5.0 (compatible; SemrushBot/7~bl; +http://www.semrush.com/bot.html)"
162.213.251.239 - - [15/Jan/2025:12:28:48 -0500] "POST /wp-cron.php?doing_wp_cron=1736962128.3566501140594482421875 HTTP/1.1" 403 1242 "-" "WordPress/6.6; https://visionsynchomeimprovement.com"
185.191.171.14 - - [15/Jan/2025:12:28:39 -0500] "GET /product/aivfsup80272?id=187293 HTTP/1.1" 404 28465 "-" "Mozilla/5.0 (compatible; SemrushBot/7~bl; +http://www.semrush.com/bot.html)"
85.208.96.194 - - [15/Jan/2025:12:28:52 -0500] "GET /product/aivfiac93695?id=342628 HTTP/1.1" 404 28467 "-" "Mozilla/5.0 (compatible; SemrushBot/7~bl; +http://www.semrush.com/bot.html)"
85.208.96.204 - - [15/Jan/2025:12:28:56 -0500] "GET /product/aivftkx41189?id=191049 HTTP/1.1" 404 28468 "-" "Mozilla/5.0 (compatible; SemrushBot/7~bl; +http://www.semrush.com/bot.html)"
185.191.171.12 - - [15/Jan/2025:12:29:03 -0500] "GET /product/aivfcko41189?id=286214 HTTP/1.1" 404 28466 "-" "Mozilla/5.0 (compatible; SemrushBot/7~bl; +http://www.semrush.com/bot.html)"
85.208.96.206 - - [15/Jan/2025:12:29:08 -0500] "GET /product/neaofbivfeyz42617?id=302451 HTTP/1.1" 404 28465 "-" "Mozilla/5.0 (compatible; SemrushBot/7~bl; +http://www.semrush.com/bot.html)"
185.191.171.14 - - [15/Jan/2025:12:29:13 -0500] "GET /product/aivfwcv80272?id=228047 HTTP/1.1" 404 28466 "-" "Mozilla/5.0 (compatible; SemrushBot/7~bl; +http://www.semrush.com/bot.html)"
185.191.171.14 - - [15/Jan/2025:12:29:19 -0500] "GET /product/sggcehivfcgc42617?id=28842 HTTP/1.1" 404 28463 "-" "Mozilla/5.0 (compatible; SemrushBot/7~bl; +http://www.semrush.com/bot.html)"
85.208.96.193 - - [15/Jan/2025:12:29:23 -0500] "GET /product/taugehivfbmk71912?id=279062 HTTP/1.1" 404 28466 "-" "Mozilla/5.0 (compatible; SemrushBot/7~bl; +http://www.semrush.com/bot.html)"
185.191.171.14 - - [15/Jan/2025:12:29:28 -0500] "GET /product/otulpaivfeab42339?id=302601 HTTP/1.1" 404 28462 "-" "Mozilla/5.0 (compatible; SemrushBot/7~bl; +http://www.semrush.com/bot.html)"
85.208.96.194 - - [15/Jan/2025:12:29:33 -0500] "GET /product/aivfgjb93695?id=323527 HTTP/1.1" 404 28467 "-" "Mozilla/5.0 (compatible; SemrushBot/7~bl; +http://www.semrush.com/bot.html)"
185.191.171.15 - - [15/Jan/2025:12:29:40 -0500] "GET /product/aivfhdj80272?id=33039 HTTP/1.1" 404 28463 "-" "Mozilla/5.0 (compatible; SemrushBot/7~bl; +http://www.semrush.com/bot.html)"
85.208.96.194 - - [15/Jan/2025:12:29:45 -0500] "GET /product/nhokocivfnfn52700?id=138339 HTTP/1.1" 404 28465 "-" "Mozilla/5.0 (compatible; SemrushBot/7~bl; +http://www.semrush.com/bot.html)"
162.213.251.239 - - [15/Jan/2025:12:29:51 -0500] "POST /wp-cron.php?doing_wp_cron=1736962191.7464931011199951171875 HTTP/1.1" 403 1242 "-" "WordPress/6.6; https://visionsynchomeimprovement.com"
185.191.171.6 - - [15/Jan/2025:12:29:49 -0500] "GET /product/aivftzf93695?id=19255 HTTP/1.1" 404 28462 "-" "Mozilla/5.0 (compatible; SemrushBot/7~bl; +http://www.semrush.com/bot.html)"
85.208.96.206 - - [15/Jan/2025:12:29:57 -0500] "GET /product/aivfgmf41189?id=32905 HTTP/1.1" 404 28464 "-" "Mozilla/5.0 (compatible; SemrushBot/7~bl; +http://www.semrush.com/bot.html)"
185.191.171.17 - - [15/Jan/2025:12:30:10 -0500] "GET /product/xwwiaaivfwdv42339?id=228173 HTTP/1.1" 404 28461 "-" "Mozilla/5.0 (compatible; SemrushBot/7~bl; +http://www.semrush.com/bot.html)"
185.191.171.7 - - [15/Jan/2025:12:30:27 -0500] "GET /product/aivfanf41189?id=261357 HTTP/1.1" 404 28466 "-" "Mozilla/5.0 (compatible; SemrushBot/7~bl; +http://www.semrush.com/bot.html)"
85.208.96.212 - - [15/Jan/2025:12:30:41 -0500] "GET /product/aivfnue93695?id=132082 HTTP/1.1" 404 28465 "-" "Mozilla/5.0 (compatible; SemrushBot/7~bl; +http://www.semrush.com/bot.html)"
85.208.96.199 - - [15/Jan/2025:12:30:46 -0500] "GET /category/2636-4118901215.html HTTP/1.1" 404 28467 "-" "Mozilla/5.0 (compatible; SemrushBot/7~bl; +http://www.semrush.com/bot.html)"
85.208.96.208 - - [15/Jan/2025:12:31:09 -0500] "GET /wp-includes/sodium_compat/ HTTP/1.1" 200 1369 "-" "Mozilla/5.0 (compatible; SemrushBot/7~bl; +http://www.semrush.com/bot.html)"
162.213.251.239 - - [15/Jan/2025:12:31:13 -0500] "POST /wp-cron.php?doing_wp_cron=1736962273.8712298870086669921875 HTTP/1.1" 403 1242 "-" "WordPress/6.6; https://visionsynchomeimprovement.com"
185.191.171.17 - - [15/Jan/2025:12:31:12 -0500] "GET /product/wxxnbaivfpes71912?id=153018 HTTP/1.1" 404 28465 "-" "Mozilla/5.0 (compatible; SemrushBot/7~bl; +http://www.semrush.com/bot.html)"
185.191.171.15 - - [15/Jan/2025:12:31:21 -0500] "GET /product/ymrtehivfqtw42339?id=167122 HTTP/1.1" 404 28463 "-" "Mozilla/5.0 (compatible; SemrushBot/7~bl; +http://www.semrush.com/bot.html)"
85.208.96.199 - - [15/Jan/2025:12:31:26 -0500] "GET /product/aivfqck80272?id=162888 HTTP/1.1" 404 28465 "-" "Mozilla/5.0 (compatible; SemrushBot/7~bl; +http://www.semrush.com/bot.html)"
185.191.171.5 - - [15/Jan/2025:12:31:36 -0500] "GET /product/izuxmfivfbyv42339?id=272447 HTTP/1.1" 404 28466 "-" "Mozilla/5.0 (compatible; SemrushBot/7~bl; +http://www.semrush.com/bot.html)"
85.208.96.200 - - [15/Jan/2025:12:32:04 -0500] "GET /wp-includes/class-wp-block-bindings-registry.php HTTP/1.1" 403 1242 "-" "Mozilla/5.0 (compatible; SemrushBot/7~bl; +http://www.semrush.com/bot.html)"
162.213.251.239 - - [15/Jan/2025:12:32:52 -0500] "POST /wp-cron.php?doing_wp_cron=1736962372.3584349155426025390625 HTTP/1.1" 403 1242 "-" "WordPress/6.6; https://visionsynchomeimprovement.com"
85.208.96.194 - - [15/Jan/2025:12:32:50 -0500] "GET /product/nqprmhivfzlm52700?id=251190 HTTP/1.1" 404 28468 "-" "Mozilla/5.0 (compatible; SemrushBot/7~bl; +http://www.semrush.com/bot.html)"
185.191.171.12 - - [15/Jan/2025:12:33:16 -0500] "GET /product/wgddyiivfvyw71912?id=217674 HTTP/1.1" 404 28466 "-" "Mozilla/5.0 (compatible; SemrushBot/7~bl; +http://www.semrush.com/bot.html)"
85.208.96.198 - - [15/Jan/2025:12:33:20 -0500] "GET /wp-includes/class-wp-styles.php HTTP/1.1" 403 1242 "-" "Mozilla/5.0 (compatible; SemrushBot/7~bl; +http://www.semrush.com/bot.html)"
85.208.96.206 - - [15/Jan/2025:12:33:27 -0500] "GET /product/aivfqqc80272?id=42422 HTTP/1.1" 404 28467 "-" "Mozilla/5.0 (compatible; SemrushBot/7~bl; +http://www.semrush.com/bot.html)"
185.191.171.6 - - [15/Jan/2025:12:33:32 -0500] "GET /product/aivfsht93695?id=180771 HTTP/1.1" 404 28466 "-" "Mozilla/5.0 (compatible; SemrushBot/7~bl; +http://www.semrush.com/bot.html)"
185.191.171.19 - - [15/Jan/2025:12:33:38 -0500] "GET /product/hbvnzeivfazl18359?id=265137 HTTP/1.1" 404 28466 "-" "Mozilla/5.0 (compatible; SemrushBot/7~bl; +http://www.semrush.com/bot.html)"
185.191.171.6 - - [15/Jan/2025:12:33:43 -0500] "GET /product/uhekrcivfxvy42339?id=237324 HTTP/1.1" 404 28466 "-" "Mozilla/5.0 (compatible; SemrushBot/7~bl; +http://www.semrush.com/bot.html)"
162.213.251.239 - - [15/Jan/2025:12:34:27 -0500] "POST /wp-cron.php?doing_wp_cron=1736962467.7702898979187011718750 HTTP/1.1" 403 1242 "-" "WordPress/6.6; https://visionsynchomeimprovement.com"
85.208.96.212 - - [15/Jan/2025:12:34:26 -0500] "GET /product/aivflaw41189?id=110048 HTTP/1.1" 404 28465 "-" "Mozilla/5.0 (compatible; SemrushBot/7~bl; +http://www.semrush.com/bot.html)"
85.208.96.203 - - [15/Jan/2025:12:34:33 -0500] "GET /product/cnxsghivffva42617?id=314752 HTTP/1.1" 404 28467 "-" "Mozilla/5.0 (compatible; SemrushBot/7~bl; +http://www.semrush.com/bot.html)"
185.191.171.17 - - [15/Jan/2025:12:34:49 -0500] "GET /product/cbawhiivftdp52700?id=192993 HTTP/1.1" 404 28466 "-" "Mozilla/5.0 (compatible; SemrushBot/7~bl; +http://www.semrush.com/bot.html)"
185.191.171.18 - - [15/Jan/2025:12:34:54 -0500] "GET /product/eazbcfivfcfd63233?id=54573 HTTP/1.1" 404 28468 "-" "Mozilla/5.0 (compatible; SemrushBot/7~bl; +http://www.semrush.com/bot.html)"
85.208.96.202 - - [15/Jan/2025:12:35:00 -0500] "GET /product/aivfcjr41189?id=283595 HTTP/1.1" 404 28462 "-" "Mozilla/5.0 (compatible; SemrushBot/7~bl; +http://www.semrush.com/bot.html)"
185.191.171.8 - - [15/Jan/2025:12:35:06 -0500] "GET /product/iczktdivfkyy63233?id=102476 HTTP/1.1" 404 28467 "-" "Mozilla/5.0 (compatible; SemrushBot/7~bl; +http://www.semrush.com/bot.html)"
85.208.96.209 - - [15/Jan/2025:12:35:12 -0500] "GET /wp-includes/post-template.php HTTP/1.1" 403 1242 "-" "Mozilla/5.0 (compatible; SemrushBot/7~bl; +http://www.semrush.com/bot.html)"
185.191.171.18 - - [15/Jan/2025:12:35:16 -0500] "GET /product/ekpakfivfedb69982?id=82031 HTTP/1.1" 404 28465 "-" "Mozilla/5.0 (compatible; SemrushBot/7~bl; +http://www.semrush.com/bot.html)"
185.191.171.16 - - [15/Jan/2025:12:35:25 -0500] "GET /product/aivfhnh80272?id=59397 HTTP/1.1" 404 28468 "-" "Mozilla/5.0 (compatible; SemrushBot/7~bl; +http://www.semrush.com/bot.html)"
162.213.251.239 - - [15/Jan/2025:12:35:32 -0500] "POST /wp-cron.php?doing_wp_cron=1736962532.3340470790863037109375 HTTP/1.1" 403 1242 "-" "WordPress/6.6; https://visionsynchomeimprovement.com"
185.191.171.11 - - [15/Jan/2025:12:35:30 -0500] "GET /product/spovbeivfcyd69982?id=80503 HTTP/1.1" 404 28465 "-" "Mozilla/5.0 (compatible; SemrushBot/7~bl; +http://www.semrush.com/bot.html)"
185.191.171.7 - - [15/Jan/2025:12:35:41 -0500] "GET /product/aivfuw80272?id=7248 HTTP/1.1" 404 28467 "-" "Mozilla/5.0 (compatible; SemrushBot/7~bl; +http://www.semrush.com/bot.html)"
162.213.251.239 - - [15/Jan/2025:12:38:02 -0500] "POST /wp-cron.php?doing_wp_cron=1736962681.7992250919342041015625 HTTP/1.1" 403 1242 "-" "WordPress/6.6; https://visionsynchomeimprovement.com"
85.208.96.197 - - [15/Jan/2025:12:37:52 -0500] "GET /product/aivflbk41189?id=110136 HTTP/1.1" 404 28467 "-" "Mozilla/5.0 (compatible; SemrushBot/7~bl; +http://www.semrush.com/bot.html)"
185.191.171.2 - - [15/Jan/2025:12:38:08 -0500] "GET /category/2636-4118901044.html HTTP/1.1" 404 28464 "-" "Mozilla/5.0 (compatible; SemrushBot/7~bl; +http://www.semrush.com/bot.html)"
85.208.96.207 - - [15/Jan/2025:12:38:14 -0500] "GET /wp-includes/ms-functions.php HTTP/1.1" 403 1242 "-" "Mozilla/5.0 (compatible; SemrushBot/7~bl; +http://www.semrush.com/bot.html)"
185.191.171.8 - - [15/Jan/2025:12:38:17 -0500] "GET /product/aivfdtu93695?id=297172 HTTP/1.1" 404 28465 "-" "Mozilla/5.0 (compatible; SemrushBot/7~bl; +http://www.semrush.com/bot.html)"
185.191.171.10 - - [15/Jan/2025:12:38:24 -0500] "GET /product/kohofhivfsyt71912?id=187697 HTTP/1.1" 404 28465 "-" "Mozilla/5.0 (compatible; SemrushBot/7~bl; +http://www.semrush.com/bot.html)"
185.191.171.7 - - [15/Jan/2025:12:38:32 -0500] "GET /product/aivfcbv80272?id=285399 HTTP/1.1" 404 28466 "-" "Mozilla/5.0 (compatible; SemrushBot/7~bl; +http://www.semrush.com/bot.html)"
185.191.171.8 - - [15/Jan/2025:12:38:40 -0500] "GET /product/rmzdijivfilc42339?id=34892 HTTP/1.1" 404 28464 "-" "Mozilla/5.0 (compatible; SemrushBot/7~bl; +http://www.semrush.com/bot.html)"
185.191.171.1 - - [15/Jan/2025:12:38:46 -0500] "GET /product/gtqsycivftpx71912?id=199375 HTTP/1.1" 404 28466 "-" "Mozilla/5.0 (compatible; SemrushBot/7~bl; +http://www.semrush.com/bot.html)"
185.191.171.1 - - [15/Jan/2025:12:38:53 -0500] "GET /product/ubadriivfasc63233?id=269680 HTTP/1.1" 404 28463 "-" "Mozilla/5.0 (compatible; SemrushBot/7~bl; +http://www.semrush.com/bot.html)"
185.191.171.14 - - [15/Jan/2025:12:38:59 -0500] "GET /product/ncvyhdivfvoe18359?id=99144 HTTP/1.1" 404 28469 "-" "Mozilla/5.0 (compatible; SemrushBot/7~bl; +http://www.semrush.com/bot.html)"
162.213.251.239 - - [15/Jan/2025:12:39:07 -0500] "POST /wp-cron.php?doing_wp_cron=1736962746.5486280918121337890625 HTTP/1.1" 403 1242 "-" "WordPress/6.6; https://visionsynchomeimprovement.com"
85.208.96.207 - - [15/Jan/2025:12:39:04 -0500] "GET /product/aivfwlb93695?id=22631 HTTP/1.1" 404 28467 "-" "Mozilla/5.0 (compatible; SemrushBot/7~bl; +http://www.semrush.com/bot.html)"
85.208.96.207 - - [15/Jan/2025:12:39:10 -0500] "GET /product/jzolxbivfvva52700?id=99470 HTTP/1.1" 404 28465 "-" "Mozilla/5.0 (compatible; SemrushBot/7~bl; +http://www.semrush.com/bot.html)"
85.208.96.201 - - [15/Jan/2025:12:39:15 -0500] "GET /product/ikxbziivfkfd69982?id=88053 HTTP/1.1" 404 28464 "-" "Mozilla/5.0 (compatible; SemrushBot/7~bl; +http://www.semrush.com/bot.html)"
85.208.96.206 - - [15/Jan/2025:12:39:20 -0500] "GET /product/lgmjjgivfkn52700?id=8865 HTTP/1.1" 404 28488 "-" "Mozilla/5.0 (compatible; SemrushBot/7~bl; +http://www.semrush.com/bot.html)"
185.191.171.14 - - [15/Jan/2025:12:39:27 -0500] "GET /product/aivfuzj80272?id=46779 HTTP/1.1" 404 28466 "-" "Mozilla/5.0 (compatible; SemrushBot/7~bl; +http://www.semrush.com/bot.html)"
85.208.96.195 - - [15/Jan/2025:12:39:33 -0500] "GET /product/zuovziivfmkc69982?id=123602 HTTP/1.1" 404 28467 "-" "Mozilla/5.0 (compatible; SemrushBot/7~bl; +http://www.semrush.com/bot.html)"
85.208.96.207 - - [15/Jan/2025:12:39:39 -0500] "GET /product/aivfcxd41189?id=284955 HTTP/1.1" 404 28466 "-" "Mozilla/5.0 (compatible; SemrushBot/7~bl; +http://www.semrush.com/bot.html)"
85.208.96.206 - - [15/Jan/2025:12:39:44 -0500] "GET /product/aivfkrn80272?id=104339 HTTP/1.1" 404 28466 "-" "Mozilla/5.0 (compatible; SemrushBot/7~bl; +http://www.semrush.com/bot.html)"
162.213.251.239 - - [15/Jan/2025:12:40:45 -0500] "POST /wp-cron.php?doing_wp_cron=1736962844.6653199195861816406250 HTTP/1.1" 403 1242 "-" "WordPress/6.6; https://visionsynchomeimprovement.com"
185.191.171.19 - - [15/Jan/2025:12:40:41 -0500] "GET /product/opukmjivfmas52700?id=125296 HTTP/1.1" 404 28466 "-" "Mozilla/5.0 (compatible; SemrushBot/7~bl; +http://www.semrush.com/bot.html)"
85.208.96.201 - - [15/Jan/2025:12:41:14 -0500] "GET /product/slvzocivfoma52700?id=14120 HTTP/1.1" 404 28467 "-" "Mozilla/5.0 (compatible; SemrushBot/7~bl; +http://www.semrush.com/bot.html)"
185.191.171.11 - - [15/Jan/2025:12:41:31 -0500] "GET /wp-includes/block-bindings.php HTTP/1.1" 403 1242 "-" "Mozilla/5.0 (compatible; SemrushBot/7~bl; +http://www.semrush.com/bot.html)"
185.191.171.7 - - [15/Jan/2025:12:41:34 -0500] "GET /product/yrgtoiivfzpf63233?id=51675 HTTP/1.1" 404 28467 "-" "Mozilla/5.0 (compatible; SemrushBot/7~bl; +http://www.semrush.com/bot.html)"
162.213.251.239 - - [15/Jan/2025:12:41:46 -0500] "POST /wp-cron.php?doing_wp_cron=1736962906.0495049953460693359375 HTTP/1.1" 403 1242 "-" "WordPress/6.6; https://visionsynchomeimprovement.com"
185.191.171.1 - - [15/Jan/2025:12:41:44 -0500] "GET /product/aivfevi80272?id=309986 HTTP/1.1" 404 28466 "-" "Mozilla/5.0 (compatible; SemrushBot/7~bl; +http://www.semrush.com/bot.html)"
185.191.171.3 - - [15/Jan/2025:12:41:58 -0500] "GET /product/jazdtgivfzkj52700?id=77889 HTTP/1.1" 404 28467 "-" "Mozilla/5.0 (compatible; SemrushBot/7~bl; +http://www.semrush.com/bot.html)"
162.213.251.239 - - [15/Jan/2025:12:42:46 -0500] "POST /wp-cron.php?doing_wp_cron=1736962966.8086750507354736328125 HTTP/1.1" 403 1242 "-" "WordPress/6.6; https://visionsynchomeimprovement.com"
85.208.96.194 - - [15/Jan/2025:12:42:44 -0500] "GET /product/xnwhugivfqgd69982?id=165855 HTTP/1.1" 404 28470 "-" "Mozilla/5.0 (compatible; SemrushBot/7~bl; +http://www.semrush.com/bot.html)"
85.208.96.199 - - [15/Jan/2025:12:42:52 -0500] "GET /product/koscfaivfvph63233?id=216707 HTTP/1.1" 404 28466 "-" "Mozilla/5.0 (compatible; SemrushBot/7~bl; +http://www.semrush.com/bot.html)"
85.208.96.195 - - [15/Jan/2025:12:42:58 -0500] "GET /product/aivfjhe93695?id=35854 HTTP/1.1" 404 28468 "-" "Mozilla/5.0 (compatible; SemrushBot/7~bl; +http://www.semrush.com/bot.html)"
85.208.96.202 - - [15/Jan/2025:12:43:15 -0500] "GET /product/aivfema41189?id=30120 HTTP/1.1" 404 28463 "-" "Mozilla/5.0 (compatible; SemrushBot/7~bl; +http://www.semrush.com/bot.html)"
185.191.171.10 - - [15/Jan/2025:12:43:20 -0500] "GET /product/aivfrad93695?id=69003 HTTP/1.1" 404 28469 "-" "Mozilla/5.0 (compatible; SemrushBot/7~bl; +http://www.semrush.com/bot.html)"
85.208.96.211 - - [15/Jan/2025:12:43:23 -0500] "GET /product/nvbjgdivfwso69982?id=229692 HTTP/1.1" 404 28464 "-" "Mozilla/5.0 (compatible; SemrushBot/7~bl; +http://www.semrush.com/bot.html)"
85.208.96.201 - - [15/Jan/2025:12:43:27 -0500] "GET /product/kquckeivfegt18359?id=300671 HTTP/1.1" 404 28467 "-" "Mozilla/5.0 (compatible; SemrushBot/7~bl; +http://www.semrush.com/bot.html)"
185.191.171.18 - - [15/Jan/2025:12:43:30 -0500] "GET /product/wxgmgaivftnc42617?id=199128 HTTP/1.1" 404 28468 "-" "Mozilla/5.0 (compatible; SemrushBot/7~bl; +http://www.semrush.com/bot.html)"
85.208.96.199 - - [15/Jan/2025:12:43:34 -0500] "GET /product/tfbspjivfxzd71912?id=75773 HTTP/1.1" 404 28466 "-" "Mozilla/5.0 (compatible; SemrushBot/7~bl; +http://www.semrush.com/bot.html)"
85.208.96.203 - - [15/Jan/2025:12:43:38 -0500] "GET /wp-includes/class-wp-recovery-mode-email-service.php HTTP/1.1" 403 1242 "-" "Mozilla/5.0 (compatible; SemrushBot/7~bl; +http://www.semrush.com/bot.html)"
185.191.171.13 - - [15/Jan/2025:12:43:42 -0500] "GET /product/tqmoujivfdum18359?id=292064 HTTP/1.1" 404 28465 "-" "Mozilla/5.0 (compatible; SemrushBot/7~bl; +http://www.semrush.com/bot.html)"
162.213.251.239 - - [15/Jan/2025:12:43:51 -0500] "POST /wp-cron.php?doing_wp_cron=1736963030.8465979099273681640625 HTTP/1.1" 403 0 "-" "WordPress/6.6; https://visionsynchomeimprovement.com"
85.208.96.204 - - [15/Jan/2025:12:43:49 -0500] "GET /product/uadcqgivfojo18359?id=140992 HTTP/1.1" 404 28469 "-" "Mozilla/5.0 (compatible; SemrushBot/7~bl; +http://www.semrush.com/bot.html)"
162.213.251.239 - - [15/Jan/2025:12:44:52 -0500] "POST /wp-cron.php?doing_wp_cron=1736963091.4226779937744140625000 HTTP/1.1" 200 0 "-" "WordPress/6.6; https://visionsynchomeimprovement.com"
85.208.96.193 - - [15/Jan/2025:12:44:48 -0500] "GET /product/smaxjgivfsiw71912?id=183448 HTTP/1.1" 404 28465 "-" "Mozilla/5.0 (compatible; SemrushBot/7~bl; +http://www.semrush.com/bot.html)"
162.213.251.239 - - [15/Jan/2025:12:45:55 -0500] "POST /wp-cron.php?doing_wp_cron=1736963155.7325000762939453125000 HTTP/1.1" 403 1242 "-" "WordPress/6.6; https://visionsynchomeimprovement.com"
185.191.171.7 - - [15/Jan/2025:12:45:54 -0500] "GET /product/ouxwagivfwar71912?id=225243 HTTP/1.1" 404 28467 "-" "Mozilla/5.0 (compatible; SemrushBot/7~bl; +http://www.semrush.com/bot.html)"
185.191.171.9 - - [15/Jan/2025:12:45:59 -0500] "GET /product/hjiocdivfzai69982?id=252660 HTTP/1.1" 404 28464 "-" "Mozilla/5.0 (compatible; SemrushBot/7~bl; +http://www.semrush.com/bot.html)"
85.208.96.210 - - [15/Jan/2025:12:46:03 -0500] "GET /category/3786-4233900260.html HTTP/1.1" 404 28467 "-" "Mozilla/5.0 (compatible; SemrushBot/7~bl; +http://www.semrush.com/bot.html)"
185.191.171.10 - - [15/Jan/2025:12:46:08 -0500] "GET /product/hmgpjcivflck42339?id=112836 HTTP/1.1" 404 28484 "-" "Mozilla/5.0 (compatible; SemrushBot/7~bl; +http://www.semrush.com/bot.html)"
185.191.171.1 - - [15/Jan/2025:12:46:13 -0500] "GET /product/ouncgjivflez18359?id=115677 HTTP/1.1" 404 28466 "-" "Mozilla/5.0 (compatible; SemrushBot/7~bl; +http://www.semrush.com/bot.html)"
85.208.96.200 - - [15/Jan/2025:12:46:19 -0500] "GET /product/euinkfivfzra71912?id=259500 HTTP/1.1" 404 28467 "-" "Mozilla/5.0 (compatible; SemrushBot/7~bl; +http://www.semrush.com/bot.html)"
162.213.251.239 - - [15/Jan/2025:12:46:57 -0500] "POST /wp-cron.php?doing_wp_cron=1736963216.8529651165008544921875 HTTP/1.1" 200 0 "-" "WordPress/6.6; https://visionsynchomeimprovement.com"
185.191.171.19 - - [15/Jan/2025:12:46:55 -0500] "GET /product/yuizyeivfocn42339?id=145439 HTTP/1.1" 404 28466 "-" "Mozilla/5.0 (compatible; SemrushBot/7~bl; +http://www.semrush.com/bot.html)"
185.191.171.12 - - [15/Jan/2025:12:47:10 -0500] "GET /product/wljlgiivfsrb69982?id=184379 HTTP/1.1" 404 28464 "-" "Mozilla/5.0 (compatible; SemrushBot/7~bl; +http://www.semrush.com/bot.html)"
185.191.171.11 - - [15/Jan/2025:12:47:25 -0500] "GET /product/fxhsphivfnqw71912?id=136848 HTTP/1.1" 404 28466 "-" "Mozilla/5.0 (compatible; SemrushBot/7~bl; +http://www.semrush.com/bot.html)"
85.208.96.212 - - [15/Jan/2025:12:47:29 -0500] "GET /product/aivfyni41189?id=249160 HTTP/1.1" 404 28489 "-" "Mozilla/5.0 (compatible; SemrushBot/7~bl; +http://www.semrush.com/bot.html)"
185.191.171.16 - - [15/Jan/2025:12:47:35 -0500] "GET /product/aivfrbf80272?id=172783 HTTP/1.1" 404 28466 "-" "Mozilla/5.0 (compatible; SemrushBot/7~bl; +http://www.semrush.com/bot.html)"
185.191.171.7 - - [15/Jan/2025:12:47:39 -0500] "GET /product/yybhdfivfvmo71912?id=219092 HTTP/1.1" 404 28464 "-" "Mozilla/5.0 (compatible; SemrushBot/7~bl; +http://www.semrush.com/bot.html)"
185.191.171.11 - - [15/Jan/2025:12:47:45 -0500] "GET /product/ybbjxiivfadh71912?id=260333 HTTP/1.1" 404 28465 "-" "Mozilla/5.0 (compatible; SemrushBot/7~bl; +http://www.semrush.com/bot.html)"
85.208.96.196 - - [15/Jan/2025:12:47:48 -0500] "GET /product/wtlavbivfsnf42617?id=18135 HTTP/1.1" 404 28466 "-" "Mozilla/5.0 (compatible; SemrushBot/7~bl; +http://www.semrush.com/bot.html)"
85.208.96.196 - - [15/Jan/2025:12:47:52 -0500] "GET /product/acsaeeivfdol52700?id=294037 HTTP/1.1" 404 28468 "-" "Mozilla/5.0 (compatible; SemrushBot/7~bl; +http://www.semrush.com/bot.html)"
85.208.96.202 - - [15/Jan/2025:12:47:55 -0500] "GET /product/swoqddivfazb42617?id=26511 HTTP/1.1" 404 28465 "-" "Mozilla/5.0 (compatible; SemrushBot/7~bl; +http://www.semrush.com/bot.html)"
162.213.251.239 - - [15/Jan/2025:12:48:01 -0500] "POST /wp-cron.php?doing_wp_cron=1736963280.9414110183715820312500 HTTP/1.1" 403 1242 "-" "WordPress/6.6; https://visionsynchomeimprovement.com"
85.208.96.206 - - [15/Jan/2025:12:47:59 -0500] "GET /product/zeisdiivfdeo52700?id=295666 HTTP/1.1" 404 28465 "-" "Mozilla/5.0 (compatible; SemrushBot/7~bl; +http://www.semrush.com/bot.html)"
162.213.251.239 - - [15/Jan/2025:12:49:01 -0500] "POST /wp-cron.php?doing_wp_cron=1736963341.8016729354858398437500 HTTP/1.1" 403 1242 "-" "WordPress/6.6; https://visionsynchomeimprovement.com"
85.208.96.200 - - [15/Jan/2025:12:49:00 -0500] "GET /product/zjpwcgivfga69982?id=8400 HTTP/1.1" 404 28466 "-" "Mozilla/5.0 (compatible; SemrushBot/7~bl; +http://www.semrush.com/bot.html)"
57.141.5.5 - - [15/Jan/2025:12:49:05 -0500] "GET /team/cris-brown/ HTTP/1.1" 200 1512 "-" "meta-externalagent/1.1 (+https://developers.facebook.com/docs/sharing/webmasters/crawler)"
85.208.96.199 - - [15/Jan/2025:12:49:15 -0500] "GET /robots.txt HTTP/1.1" 200 122 "-" "Mozilla/5.0 (compatible; SemrushBot/7~bl; +http://www.semrush.com/bot.html)"
185.191.171.19 - - [15/Jan/2025:12:49:17 -0500] "GET /product/aivfqgi93695?id=94328 HTTP/1.1" 404 28465 "-" "Mozilla/5.0 (compatible; SemrushBot/7~bl; +http://www.semrush.com/bot.html)"
185.191.171.19 - - [15/Jan/2025:12:49:21 -0500] "GET /product/pgedgcivfacy63233?id=262850 HTTP/1.1" 404 28461 "-" "Mozilla/5.0 (compatible; SemrushBot/7~bl; +http://www.semrush.com/bot.html)"
85.208.96.206 - - [15/Jan/2025:12:49:30 -0500] "GET /product/arqsydivfulg71912?id=203784 HTTP/1.1" 404 28466 "-" "Mozilla/5.0 (compatible; SemrushBot/7~bl; +http://www.semrush.com/bot.html)"
85.208.96.211 - - [15/Jan/2025:12:49:43 -0500] "GET /product/aivfycy41189?id=245424 HTTP/1.1" 404 28468 "-" "Mozilla/5.0 (compatible; SemrushBot/7~bl; +http://www.semrush.com/bot.html)"
162.213.251.239 - - [15/Jan/2025:12:50:11 -0500] "POST /wp-cron.php?doing_wp_cron=1736963411.4132709503173828125000 HTTP/1.1" 403 1242 "-" "WordPress/6.6; https://visionsynchomeimprovement.com"
185.191.171.9 - - [15/Jan/2025:12:50:09 -0500] "GET /product/kpicbdivfbsv63233?id=279647 HTTP/1.1" 404 28467 "-" "Mozilla/5.0 (compatible; SemrushBot/7~bl; +http://www.semrush.com/bot.html)"
85.208.96.202 - - [15/Jan/2025:12:50:25 -0500] "GET /product/aivfdnt80272?id=291319 HTTP/1.1" 404 28467 "-" "Mozilla/5.0 (compatible; SemrushBot/7~bl; +http://www.semrush.com/bot.html)"
85.208.96.195 - - [15/Jan/2025:12:50:59 -0500] "GET /product/pspfjeivfsyt42617?id=187645 HTTP/1.1" 404 28466 "-" "Mozilla/5.0 (compatible; SemrushBot/7~bl; +http://www.semrush.com/bot.html)"
162.213.251.239 - - [15/Jan/2025:12:51:12 -0500] "POST /wp-cron.php?doing_wp_cron=1736963472.2579450607299804687500 HTTP/1.1" 403 1242 "-" "WordPress/6.6; https://visionsynchomeimprovement.com"
185.191.171.16 - - [15/Jan/2025:12:51:10 -0500] "GET /product/aivfhwb41189?id=59741 HTTP/1.1" 404 28464 "-" "Mozilla/5.0 (compatible; SemrushBot/7~bl; +http://www.semrush.com/bot.html)"
85.208.96.197 - - [15/Jan/2025:12:51:15 -0500] "GET /product/tyxeeiivfbsf71912?id=277005 HTTP/1.1" 404 28462 "-" "Mozilla/5.0 (compatible; SemrushBot/7~bl; +http://www.semrush.com/bot.html)"
85.208.96.210 - - [15/Jan/2025:12:51:21 -0500] "GET /product/qowzigivfqhq52700?id=163342 HTTP/1.1" 404 28465 "-" "Mozilla/5.0 (compatible; SemrushBot/7~bl; +http://www.semrush.com/bot.html)"
85.208.96.202 - - [15/Jan/2025:12:51:24 -0500] "GET /product/aivfsud93695?id=70983 HTTP/1.1" 404 28466 "-" "Mozilla/5.0 (compatible; SemrushBot/7~bl; +http://www.semrush.com/bot.html)"
185.191.171.8 - - [15/Jan/2025:12:51:29 -0500] "GET /product/aivfiya93695?id=86760 HTTP/1.1" 404 28466 "-" "Mozilla/5.0 (compatible; SemrushBot/7~bl; +http://www.semrush.com/bot.html)"
185.191.171.8 - - [15/Jan/2025:12:51:33 -0500] "GET /product/aivfdcz93695?id=292877 HTTP/1.1" 404 28463 "-" "Mozilla/5.0 (compatible; SemrushBot/7~bl; +http://www.semrush.com/bot.html)"
185.191.171.19 - - [15/Jan/2025:12:51:37 -0500] "GET /product/dayiyaivfqyh42617?id=162433 HTTP/1.1" 404 28464 "-" "Mozilla/5.0 (compatible; SemrushBot/7~bl; +http://www.semrush.com/bot.html)"
85.208.96.202 - - [15/Jan/2025:12:51:47 -0500] "GET /product/ticaaaivfdcs69982?id=295470 HTTP/1.1" 404 28463 "-" "Mozilla/5.0 (compatible; SemrushBot/7~bl; +http://www.semrush.com/bot.html)"
162.213.251.239 - - [15/Jan/2025:12:52:23 -0500] "POST /wp-cron.php?doing_wp_cron=1736963543.2339329719543457031250 HTTP/1.1" 403 1242 "-" "WordPress/6.6; https://visionsynchomeimprovement.com"
185.191.171.16 - - [15/Jan/2025:12:52:21 -0500] "GET /product/quogrdivfaav71912?id=265273 HTTP/1.1" 404 28466 "-" "Mozilla/5.0 (compatible; SemrushBot/7~bl; +http://www.semrush.com/bot.html)"
85.208.96.209 - - [15/Jan/2025:12:52:27 -0500] "GET /product/aivfsgl93695?id=183211 HTTP/1.1" 404 28464 "-" "Mozilla/5.0 (compatible; SemrushBot/7~bl; +http://www.semrush.com/bot.html)"
162.213.251.239 - - [15/Jan/2025:12:53:24 -0500] "POST /wp-cron.php?doing_wp_cron=1736963604.0766239166259765625000 HTTP/1.1" 403 1242 "-" "WordPress/6.6; https://visionsynchomeimprovement.com"
185.191.171.6 - - [15/Jan/2025:12:53:22 -0500] "GET /product/ohqpqhivfstc42617?id=181902 HTTP/1.1" 404 28464 "-" "Mozilla/5.0 (compatible; SemrushBot/7~bl; +http://www.semrush.com/bot.html)"
185.191.171.11 - - [15/Jan/2025:12:53:39 -0500] "GET /product/aivflev41189?id=118299 HTTP/1.1" 404 28468 "-" "Mozilla/5.0 (compatible; SemrushBot/7~bl; +http://www.semrush.com/bot.html)"
85.208.96.201 - - [15/Jan/2025:12:53:45 -0500] "GET /product/fcxoreivfbjg42617?id=278758 HTTP/1.1" 404 28467 "-" "Mozilla/5.0 (compatible; SemrushBot/7~bl; +http://www.semrush.com/bot.html)"
85.208.96.195 - - [15/Jan/2025:12:53:50 -0500] "GET /product/znlipdivfkjb71912?id=100927 HTTP/1.1" 404 28458 "-" "Mozilla/5.0 (compatible; SemrushBot/7~bl; +http://www.semrush.com/bot.html)"
185.191.171.5 - - [15/Jan/2025:12:54:12 -0500] "GET /product/suygtaivfoag18359?id=40006 HTTP/1.1" 404 28465 "-" "Mozilla/5.0 (compatible; SemrushBot/7~bl; +http://www.semrush.com/bot.html)"
162.213.251.239 - - [15/Jan/2025:12:54:32 -0500] "POST /wp-cron.php?doing_wp_cron=1736963672.1476519107818603515625 HTTP/1.1" 403 1242 "-" "WordPress/6.6; https://visionsynchomeimprovement.com"
85.208.96.208 - - [15/Jan/2025:12:54:30 -0500] "GET /category/4064-4261700046.html HTTP/1.1" 404 28467 "-" "Mozilla/5.0 (compatible; SemrushBot/7~bl; +http://www.semrush.com/bot.html)"
85.208.96.210 - - [15/Jan/2025:12:55:13 -0500] "GET /product/qnulsbivfbma52700?id=27120 HTTP/1.1" 404 28466 "-" "Mozilla/5.0 (compatible; SemrushBot/7~bl; +http://www.semrush.com/bot.html)"
85.208.96.194 - - [15/Jan/2025:12:55:18 -0500] "GET /product/aivfpli93695?id=15118 HTTP/1.1" 404 28466 "-" "Mozilla/5.0 (compatible; SemrushBot/7~bl; +http://www.semrush.com/bot.html)"
185.191.171.5 - - [15/Jan/2025:12:55:22 -0500] "GET /product/ypzlmgivfhdg42617?id=33816 HTTP/1.1" 404 28465 "-" "Mozilla/5.0 (compatible; SemrushBot/7~bl; +http://www.semrush.com/bot.html)"
85.208.96.199 - - [15/Jan/2025:12:55:26 -0500] "GET /product/aivfuot80272?id=204045 HTTP/1.1" 404 28465 "-" "Mozilla/5.0 (compatible; SemrushBot/7~bl; +http://www.semrush.com/bot.html)"
85.208.96.208 - - [15/Jan/2025:12:55:31 -0500] "GET /product/uwnfbjivfnod63233?id=134029 HTTP/1.1" 404 28463 "-" "Mozilla/5.0 (compatible; SemrushBot/7~bl; +http://www.semrush.com/bot.html)"
162.213.251.239 - - [15/Jan/2025:12:55:36 -0500] "POST /wp-cron.php?doing_wp_cron=1736963736.1505970954895019531250 HTTP/1.1" 403 1242 "-" "WordPress/6.6; https://visionsynchomeimprovement.com"
85.208.96.198 - - [15/Jan/2025:12:55:34 -0500] "GET /product/drpbraivfdfh69982?id=29317 HTTP/1.1" 404 28465 "-" "Mozilla/5.0 (compatible; SemrushBot/7~bl; +http://www.semrush.com/bot.html)"
185.191.171.11 - - [15/Jan/2025:12:55:41 -0500] "GET /product/qxgyjiivfttc63233?id=45972 HTTP/1.1" 404 28468 "-" "Mozilla/5.0 (compatible; SemrushBot/7~bl; +http://www.semrush.com/bot.html)"
85.208.96.204 - - [15/Jan/2025:12:55:46 -0500] "GET /product/aivfkrs93695?id=109570 HTTP/1.1" 404 28464 "-" "Mozilla/5.0 (compatible; SemrushBot/7~bl; +http://www.semrush.com/bot.html)"
85.208.96.209 - - [15/Jan/2025:12:55:52 -0500] "GET /product/aivfqcn80272?id=162813 HTTP/1.1" 404 28465 "-" "Mozilla/5.0 (compatible; SemrushBot/7~bl; +http://www.semrush.com/bot.html)"
88.210.10.79 - - [15/Jan/2025:12:56:06 -0500] "GET / HTTP/1.1" 200 33453 "https://www.visionsynchi.com/" "Mozilla/5.0 (Windows NT 10.0; Win64; x64) AppleWebKit/537.36 (KHTML, like Gecko) Chrome/120.0.0.0 Safari/537.36"
185.191.171.17 - - [15/Jan/2025:12:56:07 -0500] "GET /product/iyosgbivfieb69982?id=86821 HTTP/1.1" 404 28467 "-" "Mozilla/5.0 (compatible; SemrushBot/7~bl; +http://www.semrush.com/bot.html)"
103.84.166.47 - - [15/Jan/2025:12:56:11 -0500] "POST / HTTP/1.1" 200 33568 "-" "Mozilla/5.0 (Windows NT 10.0; Win64; x64) AppleWebKit/537.36 (KHTML, like Gecko) Chrome/120.0.0.0 Safari/537.36"
185.191.171.8 - - [15/Jan/2025:12:56:13 -0500] "GET /product/ajgphfivfxuw42617?id=239874 HTTP/1.1" 404 28466 "-" "Mozilla/5.0 (compatible; SemrushBot/7~bl; +http://www.semrush.com/bot.html)"
103.84.166.47 - - [15/Jan/2025:12:56:17 -0500] "POST / HTTP/1.1" 200 33441 "-" "Mozilla/5.0 (Windows NT 10.0; Win64; x64) AppleWebKit/537.36 (KHTML, like Gecko) Chrome/120.0.0.0 Safari/537.36"
103.84.166.47 - - [15/Jan/2025:12:56:24 -0500] "POST / HTTP/1.1" 200 33667 "-" "Mozilla/5.0 (Windows NT 10.0; Win64; x64) AppleWebKit/537.36 (KHTML, like Gecko) Chrome/120.0.0.0 Safari/537.36"
103.84.166.47 - - [15/Jan/2025:12:56:30 -0500] "POST / HTTP/1.1" 200 33450 "-" "Mozilla/5.0 (Windows NT 10.0; Win64; x64) AppleWebKit/537.36 (KHTML, like Gecko) Chrome/120.0.0.0 Safari/537.36"
88.210.10.79 - - [15/Jan/2025:12:56:34 -0500] "GET /comments/feed/ HTTP/1.1" 200 1166 "-" "Mozilla/5.0 (Windows NT 10.0; Win64; x64) AppleWebKit/537.36 (KHTML, like Gecko) Chrome/120.0.0.0 Safari/537.36"
162.213.251.239 - - [15/Jan/2025:12:56:38 -0500] "POST /wp-cron.php?doing_wp_cron=1736963798.3483209609985351562500 HTTP/1.1" 403 1242 "-" "WordPress/6.6; https://visionsynchomeimprovement.com"
88.210.10.79 - - [15/Jan/2025:12:56:36 -0500] "GET /blog/ HTTP/1.1" 200 29862 "-" "Mozilla/5.0 (Windows NT 10.0; Win64; x64) AppleWebKit/537.36 (KHTML, like Gecko) Chrome/120.0.0.0 Safari/537.36"
103.84.166.47 - - [15/Jan/2025:12:56:42 -0500] "POST /blog/ HTTP/1.1" 200 30060 "-" "Mozilla/5.0 (Windows NT 10.0; Win64; x64) AppleWebKit/537.36 (KHTML, like Gecko) Chrome/120.0.0.0 Safari/537.36"
103.84.166.47 - - [15/Jan/2025:12:56:48 -0500] "POST /blog/ HTTP/1.1" 200 29809 "-" "Mozilla/5.0 (Windows NT 10.0; Win64; x64) AppleWebKit/537.36 (KHTML, like Gecko) Chrome/120.0.0.0 Safari/537.36"
185.191.171.16 - - [15/Jan/2025:12:56:52 -0500] "GET /product/snbcbdivfzpe69982?id=25674 HTTP/1.1" 404 28464 "-" "Mozilla/5.0 (compatible; SemrushBot/7~bl; +http://www.semrush.com/bot.html)"
88.210.10.79 - - [15/Jan/2025:12:56:52 -0500] "GET /contact/ HTTP/1.1" 200 29680 "-" "Mozilla/5.0 (Windows NT 10.0; Win64; x64) AppleWebKit/537.36 (KHTML, like Gecko) Chrome/120.0.0.0 Safari/537.36"
103.84.166.47 - - [15/Jan/2025:12:56:58 -0500] "POST /contact/ HTTP/1.1" 200 29720 "-" "Mozilla/5.0 (Windows NT 10.0; Win64; x64) AppleWebKit/537.36 (KHTML, like Gecko) Chrome/120.0.0.0 Safari/537.36"
185.191.171.17 - - [15/Jan/2025:12:57:01 -0500] "GET /product/aivfgom93695?id=329238 HTTP/1.1" 404 28465 "-" "Mozilla/5.0 (compatible; SemrushBot/7~bl; +http://www.semrush.com/bot.html)"
103.84.166.47 - - [15/Jan/2025:12:57:04 -0500] "POST /contact/ HTTP/1.1" 200 29632 "-" "Mozilla/5.0 (Windows NT 10.0; Win64; x64) AppleWebKit/537.36 (KHTML, like Gecko) Chrome/120.0.0.0 Safari/537.36"
103.84.166.47 - - [15/Jan/2025:12:57:09 -0500] "POST /contact/ HTTP/1.1" 200 29856 "-" "Mozilla/5.0 (Windows NT 10.0; Win64; x64) AppleWebKit/537.36 (KHTML, like Gecko) Chrome/120.0.0.0 Safari/537.36"
103.84.166.47 - - [15/Jan/2025:12:57:14 -0500] "POST /contact/ HTTP/1.1" 200 29632 "-" "Mozilla/5.0 (Windows NT 10.0; Win64; x64) AppleWebKit/537.36 (KHTML, like Gecko) Chrome/120.0.0.0 Safari/537.36"
88.210.10.79 - - [15/Jan/2025:12:57:19 -0500] "GET /blog/ HTTP/1.1" 200 29858 "https://www.visionsynchi.com/blog/" "Mozilla/5.0 (Windows NT 10.0; Win64; x64) AppleWebKit/537.36 (KHTML, like Gecko) Chrome/120.0.0.0 Safari/537.36"
114.119.159.152 - - [15/Jan/2025:12:57:22 -0500] "GET /product-category/cabinet-fronts/ HTTP/1.1" 200 32223 "https://visionsynchomeimprovement.com/product/cabinet-wood-2/" "Mozilla/5.0 (Linux; Android 7.0;) AppleWebKit/537.36 (KHTML, like Gecko) Mobile Safari/537.36 (compatible; PetalBot;+https://webmaster.petalsearch.com/site/petalbot)"
103.84.166.47 - - [15/Jan/2025:12:57:26 -0500] "POST /blog/ HTTP/1.1" 200 30059 "-" "Mozilla/5.0 (Windows NT 10.0; Win64; x64) AppleWebKit/537.36 (KHTML, like Gecko) Chrome/120.0.0.0 Safari/537.36"
103.84.166.47 - - [15/Jan/2025:12:57:32 -0500] "POST /blog/ HTTP/1.1" 200 29811 "-" "Mozilla/5.0 (Windows NT 10.0; Win64; x64) AppleWebKit/537.36 (KHTML, like Gecko) Chrome/120.0.0.0 Safari/537.36"
162.213.251.239 - - [15/Jan/2025:12:57:41 -0500] "POST /wp-cron.php?doing_wp_cron=1736963861.3515050411224365234375 HTTP/1.1" 403 1242 "-" "WordPress/6.6; https://visionsynchomeimprovement.com"
85.208.96.205 - - [15/Jan/2025:12:57:39 -0500] "GET /product/yyhcpdivfpgv18359?id=158499 HTTP/1.1" 404 28467 "-" "Mozilla/5.0 (compatible; SemrushBot/7~bl; +http://www.semrush.com/bot.html)"
85.208.96.197 - - [15/Jan/2025:12:57:44 -0500] "GET /product/aivfuie93695?id=206056 HTTP/1.1" 404 28467 "-" "Mozilla/5.0 (compatible; SemrushBot/7~bl; +http://www.semrush.com/bot.html)"
85.208.96.194 - - [15/Jan/2025:12:57:51 -0500] "GET /product/iqhpzhivfdvv18359?id=294721 HTTP/1.1" 404 28465 "-" "Mozilla/5.0 (compatible; SemrushBot/7~bl; +http://www.semrush.com/bot.html)"
85.208.96.210 - - [15/Jan/2025:12:57:56 -0500] "GET /product/lghwkjivfpxd71912?id=154955 HTTP/1.1" 404 28466 "-" "Mozilla/5.0 (compatible; SemrushBot/7~bl; +http://www.semrush.com/bot.html)"
85.208.96.201 - - [15/Jan/2025:12:58:05 -0500] "GET /product/eetvhiivfqbo18359?id=167992 HTTP/1.1" 404 28488 "-" "Mozilla/5.0 (compatible; SemrushBot/7~bl; +http://www.semrush.com/bot.html)"
85.208.96.212 - - [15/Jan/2025:12:58:20 -0500] "GET /product/hgoedfivfngj42617?id=91589 HTTP/1.1" 404 28463 "-" "Mozilla/5.0 (compatible; SemrushBot/7~bl; +http://www.semrush.com/bot.html)"
185.191.171.14 - - [15/Jan/2025:12:58:26 -0500] "GET /product/kozjdcivfysb63233?id=247001 HTTP/1.1" 404 28467 "-" "Mozilla/5.0 (compatible; SemrushBot/7~bl; +http://www.semrush.com/bot.html)"
162.213.251.239 - - [15/Jan/2025:12:59:02 -0500] "POST /wp-cron.php?doing_wp_cron=1736963942.7306840419769287109375 HTTP/1.1" 403 1242 "-" "WordPress/6.6; https://visionsynchomeimprovement.com"
85.208.96.204 - - [15/Jan/2025:12:59:01 -0500] "GET /product/yufowgivfbkg71912?id=53366 HTTP/1.1" 404 28462 "-" "Mozilla/5.0 (compatible; SemrushBot/7~bl; +http://www.semrush.com/bot.html)"
185.191.171.14 - - [15/Jan/2025:12:59:07 -0500] "GET /product/aivfzby80272?id=255376 HTTP/1.1" 404 28466 "-" "Mozilla/5.0 (compatible; SemrushBot/7~bl; +http://www.semrush.com/bot.html)"
85.208.96.204 - - [15/Jan/2025:12:59:32 -0500] "GET /product/ohsjsaivfviy71912?id=216024 HTTP/1.1" 404 28466 "-" "Mozilla/5.0 (compatible; SemrushBot/7~bl; +http://www.semrush.com/bot.html)"
185.191.171.15 - - [15/Jan/2025:12:59:37 -0500] "GET /product/aivftsb93695?id=45701 HTTP/1.1" 404 28466 "-" "Mozilla/5.0 (compatible; SemrushBot/7~bl; +http://www.semrush.com/bot.html)"
