150.136.69.140 - - [15/Jan/2025:07:37:17 -0500] "GET /wp-includes/IXR/about.php HTTP/1.1" 404 116156 "-" "-"
150.136.69.140 - - [15/Jan/2025:07:37:19 -0500] "GET /wp-admin/js/about.php HTTP/1.1" 404 116156 "-" "-"
150.136.69.140 - - [15/Jan/2025:07:37:21 -0500] "GET /.well-known/pki-validation/about.php HTTP/1.1" 404 1251 "-" "-"
150.136.69.140 - - [15/Jan/2025:07:37:21 -0500] "GET /wp-includes/pomo/about.php HTTP/1.1" 404 116156 "-" "-"
150.136.69.140 - - [15/Jan/2025:07:37:24 -0500] "GET /wp-includes/block-patterns/about.php HTTP/1.1" 404 116156 "-" "-"
150.136.69.140 - - [15/Jan/2025:07:37:26 -0500] "GET /wp-content/updraft/about.php HTTP/1.1" 404 116156 "-" "-"
150.136.69.140 - - [15/Jan/2025:07:37:28 -0500] "GET /wp-content/upgrade-temp-backup/about.php HTTP/1.1" 404 116156 "-" "-"
150.136.69.140 - - [15/Jan/2025:07:37:30 -0500] "GET /wp-content/themes/about.php HTTP/1.1" 404 116156 "-" "-"
150.136.69.140 - - [15/Jan/2025:07:37:33 -0500] "GET /wp-admin/includes/about.php HTTP/1.1" 404 116159 "-" "-"
85.208.96.195 - - [15/Jan/2025:07:37:34 -0500] "GET /product/aivfou41189?id=6672 HTTP/1.1" 404 28466 "-" "Mozilla/5.0 (compatible; SemrushBot/7~bl; +http://www.semrush.com/bot.html)"
150.136.69.140 - - [15/Jan/2025:07:37:37 -0500] "GET /images/about.php HTTP/1.1" 404 116096 "-" "-"
47.128.111.173 - - [15/Jan/2025:07:37:40 -0500] "GET / HTTP/1.1" 200 27780 "-" "Mozilla/5.0 (Linux; Android 5.0) AppleWebKit/537.36 (KHTML, like Gecko) Mobile Safari/537.36 (compatible; Bytespider; spider-feedback@bytedance.com)"
150.136.69.140 - - [15/Jan/2025:07:37:40 -0500] "GET /wp-content/blogs.dir/about.php HTTP/1.1" 404 116159 "-" "-"
47.128.111.173 - - [15/Jan/2025:07:37:42 -0500] "GET /wp-content/plugins/my_woocomerce_image_mapper/css/frontend/image_mapper.css?ver=6.6 HTTP/1.1" 200 3694 "https://visionsynchomeimprovement.com/" "Mozilla/5.0 (Linux; Android 5.0) AppleWebKit/537.36 (KHTML, like Gecko) Mobile Safari/537.36 (compatible; Bytespider; spider-feedback@bytedance.com)"
47.128.111.173 - - [15/Jan/2025:07:37:42 -0500] "GET /wp-content/plugins/my_woocomerce_image_mapper/css/frontend/my_slider.css?ver=6.6 HTTP/1.1" 200 702 "https://visionsynchomeimprovement.com/" "Mozilla/5.0 (Linux; Android 5.0) AppleWebKit/537.36 (KHTML, like Gecko) Mobile Safari/537.36 (compatible; Bytespider; spider-feedback@bytedance.com)"
47.128.111.173 - - [15/Jan/2025:07:37:42 -0500] "GET /wp-content/plugins/my_woocomerce_image_mapper/font-awesome/css/font-awesome.css?ver=6.6 HTTP/1.1" 200 3710 "https://visionsynchomeimprovement.com/" "Mozilla/5.0 (Linux; Android 5.0) AppleWebKit/537.36 (KHTML, like Gecko) Mobile Safari/537.36 (compatible; Bytespider; spider-feedback@bytedance.com)"
47.128.111.173 - - [15/Jan/2025:07:37:42 -0500] "GET /wp-content/plugins/my_woocomerce_image_mapper/css/frontend/prettyPhoto.css?ver=6.6 HTTP/1.1" 200 2578 "https://visionsynchomeimprovement.com/" "Mozilla/5.0 (Linux; Android 5.0) AppleWebKit/537.36 (KHTML, like Gecko) Mobile Safari/537.36 (compatible; Bytespider; spider-feedback@bytedance.com)"
47.128.111.173 - - [15/Jan/2025:07:37:42 -0500] "GET /wp-content/plugins/my_woocomerce_image_mapper/css/frontend/jquery.mCustomScrollbar.css?ver=6.6 HTTP/1.1" 200 5376 "https://visionsynchomeimprovement.com/" "Mozilla/5.0 (Linux; Android 5.0) AppleWebKit/537.36 (KHTML, like Gecko) Mobile Safari/537.36 (compatible; Bytespider; spider-feedback@bytedance.com)"
47.128.111.173 - - [15/Jan/2025:07:37:42 -0500] "GET /wp-content/plugins/booked/dist/booked.css?ver=2.4.4 HTTP/1.1" 200 8206 "https://visionsynchomeimprovement.com/" "Mozilla/5.0 (Linux; Android 5.0) AppleWebKit/537.36 (KHTML, like Gecko) Mobile Safari/537.36 (compatible; Bytespider; spider-feedback@bytedance.com)"
47.128.111.173 - - [15/Jan/2025:07:37:42 -0500] "GET /wp-content/plugins/booked/assets/js/tooltipster/css/themes/tooltipster-light.css?ver=3.3.0 HTTP/1.1" 200 165 "https://visionsynchomeimprovement.com/" "Mozilla/5.0 (Linux; Android 5.0) AppleWebKit/537.36 (KHTML, like Gecko) Mobile Safari/537.36 (compatible; Bytespider; spider-feedback@bytedance.com)"
47.128.111.173 - - [15/Jan/2025:07:37:42 -0500] "GET /wp-content/plugins/woocommerce/assets/css/prettyPhoto.css?ver=3.1.6 HTTP/1.1" 200 1806 "https://visionsynchomeimprovement.com/" "Mozilla/5.0 (Linux; Android 5.0) AppleWebKit/537.36 (KHTML, like Gecko) Mobile Safari/537.36 (compatible; Bytespider; spider-feedback@bytedance.com)"
47.128.111.173 - - [15/Jan/2025:07:37:42 -0500] "GET /wp-content/plugins/contact-form-7/includes/css/styles.css?ver=5.9.3 HTTP/1.1" 200 890 "https://visionsynchomeimprovement.com/" "Mozilla/5.0 (Linux; Android 5.0) AppleWebKit/537.36 (KHTML, like Gecko) Mobile Safari/537.36 (compatible; Bytespider; spider-feedback@bytedance.com)"
47.128.111.173 - - [15/Jan/2025:07:37:42 -0500] "GET /wp-content/plugins/booked/assets/js/tooltipster/css/tooltipster.css?ver=3.3.0 HTTP/1.1" 200 1505 "https://visionsynchomeimprovement.com/" "Mozilla/5.0 (Linux; Android 5.0) AppleWebKit/537.36 (KHTML, like Gecko) Mobile Safari/537.36 (compatible; Bytespider; spider-feedback@bytedance.com)"
47.128.111.173 - - [15/Jan/2025:07:37:42 -0500] "GET /wp-content/plugins/booked/assets/css/animations.css?ver=2.4.4 HTTP/1.1" 200 432 "https://visionsynchomeimprovement.com/" "Mozilla/5.0 (Linux; Android 5.0) AppleWebKit/537.36 (KHTML, like Gecko) Mobile Safari/537.36 (compatible; Bytespider; spider-feedback@bytedance.com)"
47.128.111.173 - - [15/Jan/2025:07:37:42 -0500] "GET /wp-content/plugins/yith-woocommerce-wishlist-premium/assets/css/jquery.selectBox.css?ver=1.2.0 HTTP/1.1" 200 670 "https://visionsynchomeimprovement.com/" "Mozilla/5.0 (Linux; Android 5.0) AppleWebKit/537.36 (KHTML, like Gecko) Mobile Safari/537.36 (compatible; Bytespider; spider-feedback@bytedance.com)"
47.128.111.173 - - [15/Jan/2025:07:37:42 -0500] "GET /wp-content/plugins/yith-woocommerce-wishlist-premium/assets/css/style.css?ver=3.31.0 HTTP/1.1" 200 4611 "https://visionsynchomeimprovement.com/" "Mozilla/5.0 (Linux; Android 5.0) AppleWebKit/537.36 (KHTML, like Gecko) Mobile Safari/537.36 (compatible; Bytespider; spider-feedback@bytedance.com)"
47.128.111.173 - - [15/Jan/2025:07:37:42 -0500] "GET /wp-content/plugins/my_woocomerce_image_mapper/mapper_icons/style.css?ver=6.6 HTTP/1.1" 200 378 "https://visionsynchomeimprovement.com/" "Mozilla/5.0 (Linux; Android 5.0) AppleWebKit/537.36 (KHTML, like Gecko) Mobile Safari/537.36 (compatible; Bytespider; spider-feedback@bytedance.com)"
47.128.111.173 - - [15/Jan/2025:07:37:42 -0500] "GET /wp-content/plugins/wp-store-locator/css/styles.min.css?ver=2.2.241 HTTP/1.1" 200 3174 "https://visionsynchomeimprovement.com/" "Mozilla/5.0 (Linux; Android 5.0) AppleWebKit/537.36 (KHTML, like Gecko) Mobile Safari/537.36 (compatible; Bytespider; spider-feedback@bytedance.com)"
47.128.111.173 - - [15/Jan/2025:07:37:42 -0500] "GET /wp-content/plugins/zilla-likes/styles/zilla-likes.css?ver=6.6 HTTP/1.1" 200 260 "https://visionsynchomeimprovement.com/" "Mozilla/5.0 (Linux; Android 5.0) AppleWebKit/537.36 (KHTML, like Gecko) Mobile Safari/537.36 (compatible; Bytespider; spider-feedback@bytedance.com)"
47.128.111.173 - - [15/Jan/2025:07:37:42 -0500] "GET /wp-includes/css/dist/block-library/style.min.css?ver=6.6 HTTP/1.1" 200 13908 "https://visionsynchomeimprovement.com/" "Mozilla/5.0 (Linux; Android 5.0) AppleWebKit/537.36 (KHTML, like Gecko) Mobile Safari/537.36 (compatible; Bytespider; spider-feedback@bytedance.com)"
47.128.111.173 - - [15/Jan/2025:07:37:42 -0500] "GET /wp-content/plugins/yith-woocommerce-wishlist-premium/assets/css/font-awesome.css?ver=4.7.0 HTTP/1.1" 200 6581 "https://visionsynchomeimprovement.com/" "Mozilla/5.0 (Linux; Android 5.0) AppleWebKit/537.36 (KHTML, like Gecko) Mobile Safari/537.36 (compatible; Bytespider; spider-feedback@bytedance.com)"
47.128.111.173 - - [15/Jan/2025:07:37:42 -0500] "GET /wp-content/themes/kitgreen/assets/css/linearicons.css?ver=6.6 HTTP/1.1" 200 1505 "https://visionsynchomeimprovement.com/" "Mozilla/5.0 (Linux; Android 5.0) AppleWebKit/537.36 (KHTML, like Gecko) Mobile Safari/537.36 (compatible; Bytespider; spider-feedback@bytedance.com)"
47.128.111.173 - - [15/Jan/2025:07:37:42 -0500] "GET /wp-content/themes/kitgreen/assets/css/bootstrap.min.css?ver=6.6 HTTP/1.1" 200 16827 "https://visionsynchomeimprovement.com/" "Mozilla/5.0 (Linux; Android 5.0) AppleWebKit/537.36 (KHTML, like Gecko) Mobile Safari/537.36 (compatible; Bytespider; spider-feedback@bytedance.com)"
47.128.111.173 - - [15/Jan/2025:07:37:42 -0500] "GET /wp-content/themes/kitgreen/assets/css/ionicons.min.css?ver=6.6 HTTP/1.1" 200 7689 "https://visionsynchomeimprovement.com/" "Mozilla/5.0 (Linux; Android 5.0) AppleWebKit/537.36 (KHTML, like Gecko) Mobile Safari/537.36 (compatible; Bytespider; spider-feedback@bytedance.com)"
47.128.111.173 - - [15/Jan/2025:07:37:42 -0500] "GET /wp-content/themes/kitgreen/assets/css/presets/default.css?ver=6.6 HTTP/1.1" 200 38035 "https://visionsynchomeimprovement.com/" "Mozilla/5.0 (Linux; Android 5.0) AppleWebKit/537.36 (KHTML, like Gecko) Mobile Safari/537.36 (compatible; Bytespider; spider-feedback@bytedance.com)"
47.128.111.173 - - [15/Jan/2025:07:37:43 -0500] "GET /wp-content/themes/kitgreen/assets/css/slick.css?ver=6.6 HTTP/1.1" 200 385 "https://visionsynchomeimprovement.com/" "Mozilla/5.0 (Linux; Android 5.0) AppleWebKit/537.36 (KHTML, like Gecko) Mobile Safari/537.36 (compatible; Bytespider; spider-feedback@bytedance.com)"
47.128.111.173 - - [15/Jan/2025:07:37:43 -0500] "GET /wp-content/uploads/2024/04/WhatsApp-Image-2024-04-29-at-5.01.13-AM-6-600x626.jpeg HTTP/1.1" 206 500 "https://visionsynchomeimprovement.com/" "Mozilla/5.0 (Linux; Android 5.0) AppleWebKit/537.36 (KHTML, like Gecko) Mobile Safari/537.36 (compatible; Bytespider; spider-feedback@bytedance.com)"
47.128.111.173 - - [15/Jan/2025:07:37:43 -0500] "GET /wp-content/themes/kitgreen/assets/css/css_jws/animate.css?ver=6.6 HTTP/1.1" 200 3175 "https://visionsynchomeimprovement.com/" "Mozilla/5.0 (Linux; Android 5.0) AppleWebKit/537.36 (KHTML, like Gecko) Mobile Safari/537.36 (compatible; Bytespider; spider-feedback@bytedance.com)"
47.128.111.173 - - [15/Jan/2025:07:37:43 -0500] "GET /wp-content/themes/kitgreen-child/style.css?ver=6.6 HTTP/1.1" 200 874 "https://visionsynchomeimprovement.com/" "Mozilla/5.0 (Linux; Android 5.0) AppleWebKit/537.36 (KHTML, like Gecko) Mobile Safari/537.36 (compatible; Bytespider; spider-feedback@bytedance.com)"
47.128.111.173 - - [15/Jan/2025:07:37:43 -0500] "GET /wp-content/plugins/variation-swatches-for-woocommerce/assets/css/frontend.css?ver=2.2.2 HTTP/1.1" 200 6201 "https://visionsynchomeimprovement.com/" "Mozilla/5.0 (Linux; Android 5.0) AppleWebKit/537.36 (KHTML, like Gecko) Mobile Safari/537.36 (compatible; Bytespider; spider-feedback@bytedance.com)"
47.128.111.173 - - [15/Jan/2025:07:37:43 -0500] "GET /wp-content/plugins/booked/includes/add-ons/woocommerce-payments//css/frontend-style.css?ver=6.6 HTTP/1.1" 200 268 "https://visionsynchomeimprovement.com/" "Mozilla/5.0 (Linux; Android 5.0) AppleWebKit/537.36 (KHTML, like Gecko) Mobile Safari/537.36 (compatible; Bytespider; spider-feedback@bytedance.com)"
47.128.111.173 - - [15/Jan/2025:07:37:43 -0500] "GET /wp-content/plugins/js_composer/assets/css/js_composer.min.css?ver=7.6 HTTP/1.1" 200 40965 "https://visionsynchomeimprovement.com/" "Mozilla/5.0 (Linux; Android 5.0) AppleWebKit/537.36 (KHTML, like Gecko) Mobile Safari/537.36 (compatible; Bytespider; spider-feedback@bytedance.com)"
47.128.111.173 - - [15/Jan/2025:07:37:43 -0500] "GET /wp-content/plugins/woocommerce/assets/client/blocks/wc-blocks.css?ver=wc-8.8.5 HTTP/1.1" 200 2316 "https://visionsynchomeimprovement.com/" "Mozilla/5.0 (Linux; Android 5.0) AppleWebKit/537.36 (KHTML, like Gecko) Mobile Safari/537.36 (compatible; Bytespider; spider-feedback@bytedance.com)"
47.128.111.173 - - [15/Jan/2025:07:37:44 -0500] "GET /wp-content/plugins/revslider/sr6/assets/css/rs6.css?ver=6.7.7 HTTP/1.1" 200 11961 "https://visionsynchomeimprovement.com/" "Mozilla/5.0 (Linux; Android 5.0) AppleWebKit/537.36 (KHTML, like Gecko) Mobile Safari/537.36 (compatible; Bytespider; spider-feedback@bytedance.com)"
47.128.111.173 - - [15/Jan/2025:07:37:44 -0500] "GET /wp-content/plugins/js_composer/assets/lib/bower/animate-css/animate.min.css?ver=7.6 HTTP/1.1" 200 2248 "https://visionsynchomeimprovement.com/" "Mozilla/5.0 (Linux; Android 5.0) AppleWebKit/537.36 (KHTML, like Gecko) Mobile Safari/537.36 (compatible; Bytespider; spider-feedback@bytedance.com)"
47.128.111.173 - - [15/Jan/2025:07:37:44 -0500] "GET /wp-content/uploads/2024/05/logo.png HTTP/1.1" 206 500 "https://visionsynchomeimprovement.com/" "Mozilla/5.0 (Linux; Android 5.0) AppleWebKit/537.36 (KHTML, like Gecko) Mobile Safari/537.36 (compatible; Bytespider; spider-feedback@bytedance.com)"
47.128.111.173 - - [15/Jan/2025:07:37:44 -0500] "GET /wp-content/uploads/2018/01/line-title.png HTTP/1.1" 206 240 "https://visionsynchomeimprovement.com/" "Mozilla/5.0 (Linux; Android 5.0) AppleWebKit/537.36 (KHTML, like Gecko) Mobile Safari/537.36 (compatible; Bytespider; spider-feedback@bytedance.com)"
47.128.111.173 - - [15/Jan/2025:07:37:44 -0500] "GET /wp-content/uploads/2024/05/phone-call.png HTTP/1.1" 206 500 "https://visionsynchomeimprovement.com/" "Mozilla/5.0 (Linux; Android 5.0) AppleWebKit/537.36 (KHTML, like Gecko) Mobile Safari/537.36 (compatible; Bytespider; spider-feedback@bytedance.com)"
47.128.111.173 - - [15/Jan/2025:07:37:44 -0500] "GET /wp-content/uploads/2024/05/email.png HTTP/1.1" 206 500 "https://visionsynchomeimprovement.com/" "Mozilla/5.0 (Linux; Android 5.0) AppleWebKit/537.36 (KHTML, like Gecko) Mobile Safari/537.36 (compatible; Bytespider; spider-feedback@bytedance.com)"
47.128.111.173 - - [15/Jan/2025:07:37:44 -0500] "GET /wp-content/uploads/2024/04/screencapture-visionsynchomeimprovement-2024-04-24-23_30_21-600x110.png HTTP/1.1" 206 500 "https://visionsynchomeimprovement.com/" "Mozilla/5.0 (Linux; Android 5.0) AppleWebKit/537.36 (KHTML, like Gecko) Mobile Safari/537.36 (compatible; Bytespider; spider-feedback@bytedance.com)"
47.128.111.173 - - [15/Jan/2025:07:37:44 -0500] "GET /wp-content/plugins/my_woocomerce_image_mapper/images/addtocartanim2.png HTTP/1.1" 206 500 "https://visionsynchomeimprovement.com/" "Mozilla/5.0 (Linux; Android 5.0) AppleWebKit/537.36 (KHTML, like Gecko) Mobile Safari/537.36 (compatible; Bytespider; spider-feedback@bytedance.com)"
47.128.111.173 - - [15/Jan/2025:07:37:44 -0500] "GET /wp-content/uploads/2024/04/WhatsApp-Image-2024-04-29-at-5.01.14-AM-1.jpeg?id=2177 HTTP/1.1" 206 500 "https://visionsynchomeimprovement.com/" "Mozilla/5.0 (Linux; Android 5.0) AppleWebKit/537.36 (KHTML, like Gecko) Mobile Safari/537.36 (compatible; Bytespider; spider-feedback@bytedance.com)"
47.128.111.173 - - [15/Jan/2025:07:37:44 -0500] "GET /wp-content/uploads/2024/05/header.jpg?id=2406 HTTP/1.1" 206 500 "https://visionsynchomeimprovement.com/" "Mozilla/5.0 (Linux; Android 5.0) AppleWebKit/537.36 (KHTML, like Gecko) Mobile Safari/537.36 (compatible; Bytespider; spider-feedback@bytedance.com)"
150.136.69.140 - - [15/Jan/2025:07:37:43 -0500] "GET /wp-includes/images/about.php HTTP/1.1" 404 116159 "-" "-"
85.208.96.209 - - [15/Jan/2025:07:37:44 -0500] "GET /product/khkhabivfcho52700?id=288540 HTTP/1.1" 404 28467 "-" "Mozilla/5.0 (compatible; SemrushBot/7~bl; +http://www.semrush.com/bot.html)"
150.136.69.140 - - [15/Jan/2025:07:37:46 -0500] "GET /wp-includes/about.php HTTP/1.1" 404 116096 "-" "-"
85.208.96.198 - - [15/Jan/2025:07:37:47 -0500] "GET /product/laudgbivfoms42617?id=149070 HTTP/1.1" 404 28467 "-" "Mozilla/5.0 (compatible; SemrushBot/7~bl; +http://www.semrush.com/bot.html)"
150.136.69.140 - - [15/Jan/2025:07:37:48 -0500] "GET /cgi-bin/about.php HTTP/1.1" 404 116096 "-" "-"
162.213.251.239 - - [15/Jan/2025:07:37:51 -0500] "POST /wp-cron.php?doing_wp_cron=1736944670.9709460735321044921875 HTTP/1.1" 403 1242 "-" "WordPress/6.6; https://visionsynchomeimprovement.com"
150.136.69.140 - - [15/Jan/2025:07:37:50 -0500] "GET /wp-content/gallery/about.php HTTP/1.1" 404 116156 "-" "-"
85.208.96.202 - - [15/Jan/2025:07:37:51 -0500] "GET /product/aivfgur80272?id=329869 HTTP/1.1" 404 28465 "-" "Mozilla/5.0 (compatible; SemrushBot/7~bl; +http://www.semrush.com/bot.html)"
150.136.69.140 - - [15/Jan/2025:07:37:52 -0500] "GET /wp-includes/blocks/about.php HTTP/1.1" 404 116159 "-" "-"
150.136.69.140 - - [15/Jan/2025:07:37:54 -0500] "GET /wp-admin/css/about.php HTTP/1.1" 404 116156 "-" "-"
150.136.69.140 - - [15/Jan/2025:07:37:56 -0500] "GET /wp-admin/images/about.php HTTP/1.1" 404 116159 "-" "-"
150.136.69.140 - - [15/Jan/2025:07:37:58 -0500] "GET /.well-known/pki-validation/cloud.php HTTP/1.1" 404 1251 "-" "-"
150.136.69.140 - - [15/Jan/2025:07:37:58 -0500] "GET /.well-known/acme-challenge/cloud.php HTTP/1.1" 404 116159 "-" "-"
185.191.171.10 - - [15/Jan/2025:07:38:00 -0500] "GET /product/orguzaivfodj42339?id=40819 HTTP/1.1" 404 28464 "-" "Mozilla/5.0 (compatible; SemrushBot/7~bl; +http://www.semrush.com/bot.html)"
150.136.69.140 - - [15/Jan/2025:07:38:02 -0500] "GET /wp-admin/network/cloud.php HTTP/1.1" 404 116156 "-" "-"
150.136.69.140 - - [15/Jan/2025:07:38:05 -0500] "GET /cloud.php HTTP/1.1" 404 116090 "-" "-"
150.136.69.140 - - [15/Jan/2025:07:38:09 -0500] "GET /cgi-bin/cloud.php HTTP/1.1" 404 116093 "-" "-"
150.136.69.140 - - [15/Jan/2025:07:38:12 -0500] "GET /wp-content/updates.php HTTP/1.1" 404 116093 "-" "-"
150.136.69.140 - - [15/Jan/2025:07:38:16 -0500] "GET /css/cloud.php HTTP/1.1" 404 116093 "-" "-"
150.136.69.140 - - [15/Jan/2025:07:38:19 -0500] "GET /wp-admin/user/cloud.php HTTP/1.1" 404 116156 "-" "-"
85.208.96.202 - - [15/Jan/2025:07:38:19 -0500] "GET /product/hegqohivfnnh63233?id=136507 HTTP/1.1" 404 28465 "-" "Mozilla/5.0 (compatible; SemrushBot/7~bl; +http://www.semrush.com/bot.html)"
150.136.69.140 - - [15/Jan/2025:07:38:22 -0500] "GET /img/cloud.php HTTP/1.1" 404 116096 "-" "-"
150.136.69.140 - - [15/Jan/2025:07:38:24 -0500] "GET /wp-admin/css/colors/coffee/cloud.php HTTP/1.1" 404 116159 "-" "-"
150.136.69.140 - - [15/Jan/2025:07:38:27 -0500] "GET /wp-admin/images/cloud.php HTTP/1.1" 404 116159 "-" "-"
150.136.69.140 - - [15/Jan/2025:07:38:29 -0500] "GET /avaa.php HTTP/1.1" 404 116093 "-" "-"
150.136.69.140 - - [15/Jan/2025:07:38:31 -0500] "GET /images/cloud.php HTTP/1.1" 404 116093 "-" "-"
150.136.69.140 - - [15/Jan/2025:07:38:33 -0500] "GET /wp-admin/js/widgets/cloud.php HTTP/1.1" 404 116156 "-" "-"
150.136.69.140 - - [15/Jan/2025:07:38:35 -0500] "GET /wp-includes/Requests/Text/admin.php HTTP/1.1" 404 116159 "-" "-"
185.191.171.11 - - [15/Jan/2025:07:38:38 -0500] "GET /product/nyjqseivfvlf18359?id=216357 HTTP/1.1" 404 28467 "-" "Mozilla/5.0 (compatible; SemrushBot/7~bl; +http://www.semrush.com/bot.html)"
150.136.69.140 - - [15/Jan/2025:07:38:38 -0500] "GET /wp-admin/css/colors/cloud.php HTTP/1.1" 404 116159 "-" "-"
85.208.96.207 - - [15/Jan/2025:07:38:42 -0500] "GET /product/lrzsrgivfxfj42339?id=233135 HTTP/1.1" 404 28462 "-" "Mozilla/5.0 (compatible; SemrushBot/7~bl; +http://www.semrush.com/bot.html)"
150.136.69.140 - - [15/Jan/2025:07:38:41 -0500] "GET /wp-admin/includes/cloud.php HTTP/1.1" 404 116156 "-" "-"
150.136.69.140 - - [15/Jan/2025:07:38:44 -0500] "GET /wp-admin/css/colors/blue/cloud.php HTTP/1.1" 404 116159 "-" "-"
85.208.96.208 - - [15/Jan/2025:07:38:46 -0500] "GET /product/rrrpkbivfkun18359?id=104639 HTTP/1.1" 404 28465 "-" "Mozilla/5.0 (compatible; SemrushBot/7~bl; +http://www.semrush.com/bot.html)"
150.136.69.140 - - [15/Jan/2025:07:38:46 -0500] "GET /wp-admin/cloud.php HTTP/1.1" 404 116096 "-" "-"
150.136.69.140 - - [15/Jan/2025:07:38:48 -0500] "GET /updates.php HTTP/1.1" 404 116093 "-" "-"
162.213.251.239 - - [15/Jan/2025:07:38:51 -0500] "POST /wp-cron.php?doing_wp_cron=1736944731.3540070056915283203125 HTTP/1.1" 403 1242 "-" "WordPress/6.6; https://visionsynchomeimprovement.com"
162.213.251.239 - - [15/Jan/2025:07:38:51 -0500] "POST /wp-cron.php?doing_wp_cron=1736944731.7785859107971191406250 HTTP/1.1" 403 1242 "-" "WordPress/6.6; https://visionsynchomeimprovement.com"
150.136.69.140 - - [15/Jan/2025:07:38:50 -0500] "GET /libraries/legacy/updates.php HTTP/1.1" 404 116159 "-" "-"
85.208.96.200 - - [15/Jan/2025:07:38:50 -0500] "GET /product/aivfxqv41189?id=231647 HTTP/1.1" 404 28467 "-" "Mozilla/5.0 (compatible; SemrushBot/7~bl; +http://www.semrush.com/bot.html)"
150.136.69.140 - - [15/Jan/2025:07:38:53 -0500] "GET /libraries/phpmailer/updates.php HTTP/1.1" 404 116156 "-" "-"
150.136.69.140 - - [15/Jan/2025:07:38:57 -0500] "GET /libraries/vendor/updates.php HTTP/1.1" 404 116159 "-" "-"
150.136.69.140 - - [15/Jan/2025:07:39:03 -0500] "GET /alfa-rex.php7 HTTP/1.1" 404 116093 "-" "-"
150.136.69.140 - - [15/Jan/2025:07:39:08 -0500] "GET /alfanew.php HTTP/1.1" 404 116093 "-" "-"
150.136.69.140 - - [15/Jan/2025:07:39:11 -0500] "GET /wp-content/plugins/Cache/Cache.php HTTP/1.1" 404 116153 "-" "-"
150.136.69.140 - - [15/Jan/2025:07:39:15 -0500] "GET /wp-admin/js/widgets/about.php7 HTTP/1.1" 404 116159 "-" "-"
150.136.69.140 - - [15/Jan/2025:07:39:17 -0500] "GET /wp-p.php7 HTTP/1.1" 404 116096 "-" "-"
150.136.69.140 - - [15/Jan/2025:07:39:20 -0500] "GET /wp-admin/repeater.php HTTP/1.1" 404 116096 "-" "-"
185.191.171.10 - - [15/Jan/2025:07:39:22 -0500] "GET /product/aivflrq80272?id=111716 HTTP/1.1" 404 28459 "-" "Mozilla/5.0 (compatible; SemrushBot/7~bl; +http://www.semrush.com/bot.html)"
150.136.69.140 - - [15/Jan/2025:07:39:24 -0500] "GET /wp-includes/repeater.php HTTP/1.1" 404 116096 "-" "-"
150.136.69.140 - - [15/Jan/2025:07:39:27 -0500] "GET /wp-content/repeater.php HTTP/1.1" 404 116093 "-" "-"
150.136.69.140 - - [15/Jan/2025:07:39:31 -0500] "GET /wsoyanz.php HTTP/1.1" 404 116093 "-" "-"
150.136.69.140 - - [15/Jan/2025:07:39:35 -0500] "GET /yanz.php HTTP/1.1" 404 116096 "-" "-"
150.136.69.140 - - [15/Jan/2025:07:39:37 -0500] "GET /wp-admin/js/about.php HTTP/1.1" 404 116159 "-" "-"
85.208.96.207 - - [15/Jan/2025:07:39:39 -0500] "GET /product/akcauhivfqsf42617?id=94705 HTTP/1.1" 404 28464 "-" "Mozilla/5.0 (compatible; SemrushBot/7~bl; +http://www.semrush.com/bot.html)"
150.136.69.140 - - [15/Jan/2025:07:39:39 -0500] "GET /wp-content/plugins/seoo/wsoyanz.php HTTP/1.1" 404 116159 "-" "-"
150.136.69.140 - - [15/Jan/2025:07:39:44 -0500] "GET /wp-content/plugins/seoo/wsoyanz1.php HTTP/1.1" 404 116159 "-" "-"
150.136.69.140 - - [15/Jan/2025:07:39:47 -0500] "GET /cache-compat.php HTTP/1.1" 404 116096 "-" "-"
162.213.251.239 - - [15/Jan/2025:07:39:52 -0500] "POST /wp-cron.php?doing_wp_cron=1736944791.9234380722045898437500 HTTP/1.1" 403 1242 "-" "WordPress/6.6; https://visionsynchomeimprovement.com"
150.136.69.140 - - [15/Jan/2025:07:39:50 -0500] "GET /ajax-actions.php HTTP/1.1" 404 116096 "-" "-"
85.208.96.195 - - [15/Jan/2025:07:39:52 -0500] "GET /product/aivfaio93695?id=266040 HTTP/1.1" 404 28464 "-" "Mozilla/5.0 (compatible; SemrushBot/7~bl; +http://www.semrush.com/bot.html)"
150.136.69.140 - - [15/Jan/2025:07:39:55 -0500] "GET /wp-admin/ajax-actions.php HTTP/1.1" 404 116096 "-" "-"
150.136.69.140 - - [15/Jan/2025:07:40:00 -0500] "GET /wp-consar.php HTTP/1.1" 404 116096 "-" "-"
185.191.171.18 - - [15/Jan/2025:07:40:04 -0500] "GET /product/aivfoxq80272?id=144916 HTTP/1.1" 404 28465 "-" "Mozilla/5.0 (compatible; SemrushBot/7~bl; +http://www.semrush.com/bot.html)"
150.136.69.140 - - [15/Jan/2025:07:40:08 -0500] "GET /repeater.php HTTP/1.1" 404 116090 "-" "-"
85.208.96.201 - - [15/Jan/2025:07:40:13 -0500] "GET /product/ahqteiivfjhe71912?id=35074 HTTP/1.1" 404 28467 "-" "Mozilla/5.0 (compatible; SemrushBot/7~bl; +http://www.semrush.com/bot.html)"
150.136.69.140 - - [15/Jan/2025:07:40:14 -0500] "GET /admin-post.php HTTP/1.1" 404 116096 "-" "-"
150.136.69.140 - - [15/Jan/2025:07:40:18 -0500] "GET /wp-admin/maint/maint/ajax-actions.php HTTP/1.1" 404 116156 "-" "-"
150.136.69.140 - - [15/Jan/2025:07:40:21 -0500] "GET /wp-admin/dropdown.php HTTP/1.1" 404 116096 "-" "-"
150.136.69.140 - - [15/Jan/2025:07:40:24 -0500] "GET /wp-admin/css/index.php HTTP/1.1" 301 0 "-" "-"
150.136.69.140 - - [15/Jan/2025:07:40:27 -0500] "GET /wp-admin/css/ HTTP/1.1" 200 29282 "-" "-"
150.136.69.140 - - [15/Jan/2025:07:40:29 -0500] "GET /dropdown.php HTTP/1.1" 404 116096 "-" "-"
150.136.69.140 - - [15/Jan/2025:07:40:33 -0500] "GET /about.php HTTP/1.1" 404 116093 "-" "-"
150.136.69.140 - - [15/Jan/2025:07:40:36 -0500] "GET /admin.php HTTP/1.1" 404 116093 "-" "-"
85.208.96.205 - - [15/Jan/2025:07:40:38 -0500] "GET /product/moytwiivfyor63233?id=246695 HTTP/1.1" 404 28466 "-" "Mozilla/5.0 (compatible; SemrushBot/7~bl; +http://www.semrush.com/bot.html)"
150.136.69.140 - - [15/Jan/2025:07:40:39 -0500] "GET /about.php7 HTTP/1.1" 404 116096 "-" "-"
150.136.69.140 - - [15/Jan/2025:07:40:42 -0500] "GET /alfanew.php7 HTTP/1.1" 404 116096 "-" "-"
85.208.96.199 - - [15/Jan/2025:07:40:45 -0500] "GET /product/aivfwni93695?id=22398 HTTP/1.1" 404 28466 "-" "Mozilla/5.0 (compatible; SemrushBot/7~bl; +http://www.semrush.com/bot.html)"
150.136.69.140 - - [15/Jan/2025:07:40:46 -0500] "GET /adminfuns.php7 HTTP/1.1" 404 116093 "-" "-"
150.136.69.140 - - [15/Jan/2025:07:40:49 -0500] "GET /ebs.php7 HTTP/1.1" 404 116096 "-" "-"
162.213.251.239 - - [15/Jan/2025:07:40:53 -0500] "POST /wp-cron.php?doing_wp_cron=1736944852.6771039962768554687500 HTTP/1.1" 403 1242 "-" "WordPress/6.6; https://visionsynchomeimprovement.com"
150.136.69.140 - - [15/Jan/2025:07:40:51 -0500] "GET /ws.php7 HTTP/1.1" 404 116096 "-" "-"
150.136.69.140 - - [15/Jan/2025:07:40:54 -0500] "GET /alfanew2.php7 HTTP/1.1" 404 116096 "-" "-"
150.136.69.140 - - [15/Jan/2025:07:40:57 -0500] "GET /alfa-rex2.php7 HTTP/1.1" 404 116093 "-" "-"
150.136.69.140 - - [15/Jan/2025:07:41:00 -0500] "GET /.well-known/acme-challenge/cloud.php HTTP/1.1" 404 116156 "-" "-"
150.136.69.140 - - [15/Jan/2025:07:41:03 -0500] "GET /wp-admin/images/index.php HTTP/1.1" 301 0 "-" "-"
150.136.69.140 - - [15/Jan/2025:07:41:05 -0500] "GET /wp-admin/images/ HTTP/1.1" 200 22386 "-" "-"
150.136.69.140 - - [15/Jan/2025:07:41:06 -0500] "GET /wp-admin/css/colors/index.php HTTP/1.1" 301 0 "-" "-"
150.136.69.140 - - [15/Jan/2025:07:41:08 -0500] "GET /wp-admin/css/colors/ HTTP/1.1" 200 4729 "-" "-"
185.191.171.3 - - [15/Jan/2025:07:41:09 -0500] "GET /product/lcsnihivfxid18359?id=75863 HTTP/1.1" 404 28466 "-" "Mozilla/5.0 (compatible; SemrushBot/7~bl; +http://www.semrush.com/bot.html)"
150.136.69.140 - - [15/Jan/2025:07:41:10 -0500] "GET /wp-content/themes/pridmag/db.php?u HTTP/1.1" 404 116159 "-" "-"
150.136.69.140 - - [15/Jan/2025:07:41:14 -0500] "GET /wp-content/themes/seotheme/mar.php HTTP/1.1" 404 116159 "-" "-"
150.136.69.140 - - [15/Jan/2025:07:41:18 -0500] "GET /wp-content/plugins/linkpreview/db.php?u HTTP/1.1" 404 116156 "-" "-"
150.136.69.140 - - [15/Jan/2025:07:41:22 -0500] "GET /wp-content/themes/seotheme/db.php?u HTTP/1.1" 404 116159 "-" "-"
150.136.69.140 - - [15/Jan/2025:07:41:25 -0500] "GET /wp-content/plugins/seoplugins/db.php?u HTTP/1.1" 404 116156 "-" "-"
185.191.171.12 - - [15/Jan/2025:07:41:26 -0500] "GET /product/pojhhgivfbqi42617?id=274234 HTTP/1.1" 404 28466 "-" "Mozilla/5.0 (compatible; SemrushBot/7~bl; +http://www.semrush.com/bot.html)"
150.136.69.140 - - [15/Jan/2025:07:41:29 -0500] "GET /wp-content/plugins/seoplugins/mar.php HTTP/1.1" 404 116159 "-" "-"
150.136.69.140 - - [15/Jan/2025:07:41:34 -0500] "GET /.well-known/pki-validation/xmrlpc.php?p= HTTP/1.1" 404 1251 "-" "-"
185.191.171.14 - - [15/Jan/2025:07:41:33 -0500] "GET /product/fsqfacivfnxa71912?id=65750 HTTP/1.1" 404 28464 "-" "Mozilla/5.0 (compatible; SemrushBot/7~bl; +http://www.semrush.com/bot.html)"
150.136.69.140 - - [15/Jan/2025:07:41:37 -0500] "GET /.well-known/acme-challenge/xmrlpc.php?p= HTTP/1.1" 301 0 "-" "-"
150.136.69.140 - - [15/Jan/2025:07:41:39 -0500] "GET /.well-known/acme-challenge/xmrlpc.php HTTP/1.1" 404 116159 "-" "-"
185.191.171.18 - - [15/Jan/2025:07:41:42 -0500] "GET /product/sctvleivfsya52700?id=187626 HTTP/1.1" 404 28464 "-" "Mozilla/5.0 (compatible; SemrushBot/7~bl; +http://www.semrush.com/bot.html)"
150.136.69.140 - - [15/Jan/2025:07:41:45 -0500] "GET /wp-admin/network/xmrlpc.php?p= HTTP/1.1" 301 0 "-" "-"
150.136.69.140 - - [15/Jan/2025:07:41:47 -0500] "GET /wp-admin/network/xmrlpc.php HTTP/1.1" 404 116159 "-" "-"
162.213.251.239 - - [15/Jan/2025:07:41:53 -0500] "POST /wp-cron.php?doing_wp_cron=1736944912.8017048835754394531250 HTTP/1.1" 403 0 "-" "WordPress/6.6; https://visionsynchomeimprovement.com"
150.136.69.140 - - [15/Jan/2025:07:41:51 -0500] "GET /xmrlpc.php?p= HTTP/1.1" 301 0 "-" "-"
150.136.69.140 - - [15/Jan/2025:07:41:55 -0500] "GET /xmrlpc.php HTTP/1.1" 404 116096 "-" "-"
185.191.171.18 - - [15/Jan/2025:07:41:55 -0500] "GET /product/snahlcivfppc42339?id=154154 HTTP/1.1" 404 28472 "-" "Mozilla/5.0 (compatible; SemrushBot/7~bl; +http://www.semrush.com/bot.html)"
150.136.69.140 - - [15/Jan/2025:07:41:59 -0500] "GET /cgi-bin/xmrlpc.php?p= HTTP/1.1" 301 0 "-" "-"
150.136.69.140 - - [15/Jan/2025:07:42:02 -0500] "GET /cgi-bin/xmrlpc.php HTTP/1.1" 404 116096 "-" "-"
150.136.69.140 - - [15/Jan/2025:07:42:07 -0500] "GET /css/xmrlpc.php?p= HTTP/1.1" 301 0 "-" "-"
150.136.69.140 - - [15/Jan/2025:07:42:10 -0500] "GET /css/xmrlpc.php HTTP/1.1" 404 116096 "-" "-"
85.208.96.201 - - [15/Jan/2025:07:42:10 -0500] "GET /product/oskwqjivfwjc42617?id=220902 HTTP/1.1" 404 28466 "-" "Mozilla/5.0 (compatible; SemrushBot/7~bl; +http://www.semrush.com/bot.html)"
150.136.69.140 - - [15/Jan/2025:07:42:14 -0500] "GET /wp-admin/user/xmrlpc.php?p= HTTP/1.1" 301 0 "-" "-"
150.136.69.140 - - [15/Jan/2025:07:42:16 -0500] "GET /wp-admin/user/xmrlpc.php HTTP/1.1" 404 116159 "-" "-"
150.136.69.140 - - [15/Jan/2025:07:42:19 -0500] "GET /img/xmrlpc.php?p= HTTP/1.1" 301 0 "-" "-"
150.136.69.140 - - [15/Jan/2025:07:42:21 -0500] "GET /img/xmrlpc.php HTTP/1.1" 404 116093 "-" "-"
150.136.69.140 - - [15/Jan/2025:07:42:23 -0500] "GET /wp-admin/css/colors/coffee/xmrlpc.php?p= HTTP/1.1" 301 0 "-" "-"
85.208.96.210 - - [15/Jan/2025:07:42:24 -0500] "GET /product/aivflah41189?id=115207 HTTP/1.1" 404 28468 "-" "Mozilla/5.0 (compatible; SemrushBot/7~bl; +http://www.semrush.com/bot.html)"
150.136.69.140 - - [15/Jan/2025:07:42:25 -0500] "GET /wp-admin/css/colors/coffee/xmrlpc.php HTTP/1.1" 404 116159 "-" "-"
150.136.69.140 - - [15/Jan/2025:07:42:29 -0500] "GET /wp-admin/images/xmrlpc.php?p= HTTP/1.1" 301 0 "-" "-"
150.136.69.140 - - [15/Jan/2025:07:42:31 -0500] "GET /wp-admin/images/xmrlpc.php HTTP/1.1" 404 116159 "-" "-"
85.208.96.204 - - [15/Jan/2025:07:42:34 -0500] "GET /product/gzdwwcivfspj63233?id=96939 HTTP/1.1" 404 28464 "-" "Mozilla/5.0 (compatible; SemrushBot/7~bl; +http://www.semrush.com/bot.html)"
150.136.69.140 - - [15/Jan/2025:07:42:36 -0500] "GET /images/xmrlpc.php?p= HTTP/1.1" 301 0 "-" "-"
150.136.69.140 - - [15/Jan/2025:07:42:38 -0500] "GET /images/xmrlpc.php HTTP/1.1" 404 116093 "-" "-"
150.136.69.140 - - [15/Jan/2025:07:42:42 -0500] "GET /wp-admin/js/widgets/xmrlpc.php?p= HTTP/1.1" 301 0 "-" "-"
150.136.69.140 - - [15/Jan/2025:07:42:44 -0500] "GET /wp-admin/js/widgets/xmrlpc.php HTTP/1.1" 404 116159 "-" "-"
85.208.96.199 - - [15/Jan/2025:07:42:46 -0500] "GET /product-category/cabinet-fronts/ HTTP/1.1" 200 32215 "-" "Mozilla/5.0 (compatible; SemrushBot/7~bl; +http://www.semrush.com/bot.html)"
150.136.69.140 - - [15/Jan/2025:07:42:48 -0500] "GET /wp-admin/css/colors/xmrlpc.php?p= HTTP/1.1" 301 0 "-" "-"
150.136.69.140 - - [15/Jan/2025:07:42:50 -0500] "GET /wp-admin/css/colors/xmrlpc.php HTTP/1.1" 404 116159 "-" "-"
185.191.171.7 - - [15/Jan/2025:07:42:50 -0500] "GET /product/aivfmqc80272?id=129402 HTTP/1.1" 404 28465 "-" "Mozilla/5.0 (compatible; SemrushBot/7~bl; +http://www.semrush.com/bot.html)"
162.213.251.239 - - [15/Jan/2025:07:42:53 -0500] "POST /wp-cron.php?doing_wp_cron=1736944973.5809390544891357421875 HTTP/1.1" 403 1242 "-" "WordPress/6.6; https://visionsynchomeimprovement.com"
150.136.69.140 - - [15/Jan/2025:07:42:52 -0500] "GET /wp-admin/includes/xmrlpc.php?p= HTTP/1.1" 301 0 "-" "-"
85.208.96.208 - - [15/Jan/2025:07:42:54 -0500] "GET /product/fefjjbivfzhe71912?id=253356 HTTP/1.1" 404 28468 "-" "Mozilla/5.0 (compatible; SemrushBot/7~bl; +http://www.semrush.com/bot.html)"
150.136.69.140 - - [15/Jan/2025:07:42:54 -0500] "GET /wp-admin/includes/xmrlpc.php HTTP/1.1" 404 116156 "-" "-"
35.180.120.254 - - [15/Jan/2025:07:42:58 -0500] "GET /sftp-config.json HTTP/1.1" 404 28467 "-" "Mozilla/5.0 (Macintosh; Intel Mac OS X 10.15; rv:77.0) Gecko/20100101 Firefox/77.0"
150.136.69.140 - - [15/Jan/2025:07:42:58 -0500] "GET /wp-admin/css/colors/blue/xmrlpc.php?p= HTTP/1.1" 301 0 "-" "-"
150.136.69.140 - - [15/Jan/2025:07:43:02 -0500] "GET /wp-admin/css/colors/blue/xmrlpc.php HTTP/1.1" 404 116156 "-" "-"
35.180.120.254 - - [15/Jan/2025:07:43:02 -0500] "GET /.vscode/sftp.json HTTP/1.1" 404 28465 "-" "Mozilla/5.0 (Macintosh; Intel Mac OS X 10.15; rv:77.0) Gecko/20100101 Firefox/77.0"
85.208.96.201 - - [15/Jan/2025:07:43:03 -0500] "GET /product/iurmebivfbtt63233?id=279745 HTTP/1.1" 404 28463 "-" "Mozilla/5.0 (compatible; SemrushBot/7~bl; +http://www.semrush.com/bot.html)"
150.136.69.140 - - [15/Jan/2025:07:43:06 -0500] "GET /wp-admin/xmrlpc.php?p= HTTP/1.1" 301 0 "-" "-"
150.136.69.140 - - [15/Jan/2025:07:43:09 -0500] "GET /wp-admin/xmrlpc.php HTTP/1.1" 404 116093 "-" "-"
85.208.96.206 - - [15/Jan/2025:07:43:45 -0500] "GET /product/zbjusaivfbmh42339?id=27647 HTTP/1.1" 404 28465 "-" "Mozilla/5.0 (compatible; SemrushBot/7~bl; +http://www.semrush.com/bot.html)"
162.213.251.239 - - [15/Jan/2025:07:43:57 -0500] "POST /wp-cron.php?doing_wp_cron=1736945037.4142959117889404296875 HTTP/1.1" 403 1242 "-" "WordPress/6.6; https://visionsynchomeimprovement.com"
185.191.171.13 - - [15/Jan/2025:07:43:56 -0500] "GET /product/uoqcxdivfmvy52700?id=124750 HTTP/1.1" 404 28466 "-" "Mozilla/5.0 (compatible; SemrushBot/7~bl; +http://www.semrush.com/bot.html)"
85.208.96.201 - - [15/Jan/2025:07:44:15 -0500] "GET /product/qpuhggivfyod63233?id=244029 HTTP/1.1" 404 28464 "-" "Mozilla/5.0 (compatible; SemrushBot/7~bl; +http://www.semrush.com/bot.html)"
185.191.171.3 - - [15/Jan/2025:07:44:24 -0500] "GET /product/aivfusw93695?id=207048 HTTP/1.1" 404 28466 "-" "Mozilla/5.0 (compatible; SemrushBot/7~bl; +http://www.semrush.com/bot.html)"
85.208.96.210 - - [15/Jan/2025:07:44:29 -0500] "GET /product/aivfdtz80272?id=299751 HTTP/1.1" 404 28465 "-" "Mozilla/5.0 (compatible; SemrushBot/7~bl; +http://www.semrush.com/bot.html)"
185.191.171.7 - - [15/Jan/2025:07:44:33 -0500] "GET /product/kljqahivfxrz52700?id=231751 HTTP/1.1" 404 28465 "-" "Mozilla/5.0 (compatible; SemrushBot/7~bl; +http://www.semrush.com/bot.html)"
85.208.96.199 - - [15/Jan/2025:07:44:39 -0500] "GET /product/aivfnjd93695?id=133581 HTTP/1.1" 404 28464 "-" "Mozilla/5.0 (compatible; SemrushBot/7~bl; +http://www.semrush.com/bot.html)"
162.213.251.239 - - [15/Jan/2025:07:45:27 -0500] "POST /wp-cron.php?doing_wp_cron=1736945127.0598449707031250000000 HTTP/1.1" 403 1242 "-" "WordPress/6.6; https://visionsynchomeimprovement.com"
185.191.171.3 - - [15/Jan/2025:07:45:23 -0500] "GET /product/aivfdvg93695?id=29216 HTTP/1.1" 404 28467 "-" "Mozilla/5.0 (compatible; SemrushBot/7~bl; +http://www.semrush.com/bot.html)"
162.213.251.239 - - [15/Jan/2025:07:47:54 -0500] "POST /wp-cron.php?doing_wp_cron=1736945272.7997779846191406250000 HTTP/1.1" 200 0 "-" "WordPress/6.6; https://visionsynchomeimprovement.com"
85.208.96.210 - - [15/Jan/2025:07:47:46 -0500] "GET /product/aivfjh80272?id=6133 HTTP/1.1" 404 28464 "-" "Mozilla/5.0 (compatible; SemrushBot/7~bl; +http://www.semrush.com/bot.html)"
185.191.171.5 - - [15/Jan/2025:07:47:59 -0500] "GET /product/aivfgv93695?id=8499 HTTP/1.1" 404 28486 "-" "Mozilla/5.0 (compatible; SemrushBot/7~bl; +http://www.semrush.com/bot.html)"
85.208.96.206 - - [15/Jan/2025:07:48:05 -0500] "GET /product/lljdpaivflla69982?id=113726 HTTP/1.1" 404 28466 "-" "Mozilla/5.0 (compatible; SemrushBot/7~bl; +http://www.semrush.com/bot.html)"
185.191.171.5 - - [15/Jan/2025:07:48:09 -0500] "GET /product/uypvicivfnua42339?id=91460 HTTP/1.1" 404 28463 "-" "Mozilla/5.0 (compatible; SemrushBot/7~bl; +http://www.semrush.com/bot.html)"
85.208.96.208 - - [15/Jan/2025:07:48:14 -0500] "GET /product/bdohaeivflub63233?id=119853 HTTP/1.1" 404 28466 "-" "Mozilla/5.0 (compatible; SemrushBot/7~bl; +http://www.semrush.com/bot.html)"
185.191.171.3 - - [15/Jan/2025:07:48:19 -0500] "GET /product/aivfctw41189?id=281922 HTTP/1.1" 404 28464 "-" "Mozilla/5.0 (compatible; SemrushBot/7~bl; +http://www.semrush.com/bot.html)"
85.208.96.197 - - [15/Jan/2025:07:48:24 -0500] "GET /product/mueytjivfoln18359?id=143739 HTTP/1.1" 404 28464 "-" "Mozilla/5.0 (compatible; SemrushBot/7~bl; +http://www.semrush.com/bot.html)"
185.191.171.5 - - [15/Jan/2025:07:48:29 -0500] "GET /product/nuinpeivfksw69982?id=104448 HTTP/1.1" 404 28466 "-" "Mozilla/5.0 (compatible; SemrushBot/7~bl; +http://www.semrush.com/bot.html)"
185.191.171.11 - - [15/Jan/2025:07:48:33 -0500] "GET /product/aivfmdc93695?id=122928 HTTP/1.1" 404 28466 "-" "Mozilla/5.0 (compatible; SemrushBot/7~bl; +http://www.semrush.com/bot.html)"
85.208.96.209 - - [15/Jan/2025:07:48:37 -0500] "GET /product/aivfnjm93695?id=136112 HTTP/1.1" 404 28466 "-" "Mozilla/5.0 (compatible; SemrushBot/7~bl; +http://www.semrush.com/bot.html)"
85.208.96.196 - - [15/Jan/2025:07:48:41 -0500] "GET /product/kpxxvbivfmmy63233?id=121250 HTTP/1.1" 404 28463 "-" "Mozilla/5.0 (compatible; SemrushBot/7~bl; +http://www.semrush.com/bot.html)"
85.208.96.212 - - [15/Jan/2025:07:48:45 -0500] "GET /product/khvhmeivfzsp42339?id=254493 HTTP/1.1" 404 28465 "-" "Mozilla/5.0 (compatible; SemrushBot/7~bl; +http://www.semrush.com/bot.html)"
85.208.96.212 - - [15/Jan/2025:07:48:48 -0500] "GET /product/kxruraivfesp42339?id=307041 HTTP/1.1" 404 28467 "-" "Mozilla/5.0 (compatible; SemrushBot/7~bl; +http://www.semrush.com/bot.html)"
162.213.251.239 - - [15/Jan/2025:07:48:54 -0500] "POST /wp-cron.php?doing_wp_cron=1736945334.2436571121215820312500 HTTP/1.1" 403 1242 "-" "WordPress/6.6; https://visionsynchomeimprovement.com"
85.208.96.209 - - [15/Jan/2025:07:48:53 -0500] "GET /product/pofdodivfxhb52700?id=233353 HTTP/1.1" 404 28464 "-" "Mozilla/5.0 (compatible; SemrushBot/7~bl; +http://www.semrush.com/bot.html)"
162.213.251.239 - - [15/Jan/2025:07:53:13 -0500] "POST /wp-cron.php?doing_wp_cron=1736945591.9614720344543457031250 HTTP/1.1" 200 0 "-" "WordPress/6.6; https://visionsynchomeimprovement.com"
85.208.96.199 - - [15/Jan/2025:07:53:04 -0500] "GET /product/xumerhivfzbz42339?id=250125 HTTP/1.1" 404 28462 "-" "Mozilla/5.0 (compatible; SemrushBot/7~bl; +http://www.semrush.com/bot.html)"
85.208.96.206 - - [15/Jan/2025:07:53:20 -0500] "GET /product/aivfrxh80272?id=174985 HTTP/1.1" 404 28467 "-" "Mozilla/5.0 (compatible; SemrushBot/7~bl; +http://www.semrush.com/bot.html)"
85.208.96.210 - - [15/Jan/2025:07:53:27 -0500] "GET /product/ljvlehivfxis71912?id=236070 HTTP/1.1" 404 28466 "-" "Mozilla/5.0 (compatible; SemrushBot/7~bl; +http://www.semrush.com/bot.html)"
185.191.171.7 - - [15/Jan/2025:07:53:34 -0500] "GET /product/ttpxlhivfswx52700?id=187475 HTTP/1.1" 404 28466 "-" "Mozilla/5.0 (compatible; SemrushBot/7~bl; +http://www.semrush.com/bot.html)"
85.208.96.206 - - [15/Jan/2025:07:53:41 -0500] "GET /product/vuhtygivfqim63233?id=163412 HTTP/1.1" 404 28456 "-" "Mozilla/5.0 (compatible; SemrushBot/7~bl; +http://www.semrush.com/bot.html)"
85.208.96.206 - - [15/Jan/2025:07:53:49 -0500] "GET /product/ldvideivfulx63233?id=203775 HTTP/1.1" 404 28465 "-" "Mozilla/5.0 (compatible; SemrushBot/7~bl; +http://www.semrush.com/bot.html)"
85.208.96.195 - - [15/Jan/2025:07:53:54 -0500] "GET /product/vfpgxbivfbbz18359?id=272777 HTTP/1.1" 404 28467 "-" "Mozilla/5.0 (compatible; SemrushBot/7~bl; +http://www.semrush.com/bot.html)"
85.208.96.210 - - [15/Jan/2025:07:54:00 -0500] "GET /product/jkodndivfqpi63233?id=161560 HTTP/1.1" 404 28464 "-" "Mozilla/5.0 (compatible; SemrushBot/7~bl; +http://www.semrush.com/bot.html)"
185.191.171.11 - - [15/Jan/2025:07:54:05 -0500] "GET /product/irysufivfbjb42339?id=79611 HTTP/1.1" 404 28464 "-" "Mozilla/5.0 (compatible; SemrushBot/7~bl; +http://www.semrush.com/bot.html)"
162.213.251.239 - - [15/Jan/2025:07:54:14 -0500] "POST /wp-cron.php?doing_wp_cron=1736945652.9785609245300292968750 HTTP/1.1" 200 0 "-" "WordPress/6.6; https://visionsynchomeimprovement.com"
85.208.96.195 - - [15/Jan/2025:07:54:11 -0500] "GET /product/loexliivftis63233?id=193444 HTTP/1.1" 404 28462 "-" "Mozilla/5.0 (compatible; SemrushBot/7~bl; +http://www.semrush.com/bot.html)"
51.8.102.112 - - [15/Jan/2025:07:54:15 -0500] "GET /robots.txt HTTP/1.1" 200 108 "-" "Mozilla/5.0 AppleWebKit/537.36 (KHTML, like Gecko); compatible; OAI-SearchBot/1.0; +https://openai.com/searchbot"
85.208.96.210 - - [15/Jan/2025:07:54:17 -0500] "GET /product/gvoubgivftor42339?id=191417 HTTP/1.1" 404 28466 "-" "Mozilla/5.0 (compatible; SemrushBot/7~bl; +http://www.semrush.com/bot.html)"
185.191.171.11 - - [15/Jan/2025:07:54:24 -0500] "GET /product/aivfial80272?id=340011 HTTP/1.1" 404 28465 "-" "Mozilla/5.0 (compatible; SemrushBot/7~bl; +http://www.semrush.com/bot.html)"
85.208.96.203 - - [15/Jan/2025:07:54:29 -0500] "GET /product/mrqcabivfvkc18359?id=99882 HTTP/1.1" 404 28463 "-" "Mozilla/5.0 (compatible; SemrushBot/7~bl; +http://www.semrush.com/bot.html)"
85.208.96.205 - - [15/Jan/2025:07:54:34 -0500] "GET /product/aivftga80272?id=198426 HTTP/1.1" 404 28466 "-" "Mozilla/5.0 (compatible; SemrushBot/7~bl; +http://www.semrush.com/bot.html)"
185.191.171.3 - - [15/Jan/2025:07:54:39 -0500] "GET /wp-includes/js/tinymce/plugins/fullscreen/ HTTP/1.1" 200 826 "-" "Mozilla/5.0 (compatible; SemrushBot/7~bl; +http://www.semrush.com/bot.html)"
185.191.171.7 - - [15/Jan/2025:07:54:42 -0500] "GET /product/hahtijivfccd42617?id=285455 HTTP/1.1" 404 28463 "-" "Mozilla/5.0 (compatible; SemrushBot/7~bl; +http://www.semrush.com/bot.html)"
185.191.171.4 - - [15/Jan/2025:07:54:47 -0500] "GET /product/aqegraivfyli42617?id=248960 HTTP/1.1" 404 28462 "-" "Mozilla/5.0 (compatible; SemrushBot/7~bl; +http://www.semrush.com/bot.html)"
185.191.171.7 - - [15/Jan/2025:07:54:52 -0500] "GET /product/aivfqmc93695?id=68122 HTTP/1.1" 404 28460 "-" "Mozilla/5.0 (compatible; SemrushBot/7~bl; +http://www.semrush.com/bot.html)"
85.208.96.209 - - [15/Jan/2025:07:54:57 -0500] "GET /product/dnqsyfivfzjo71912?id=250966 HTTP/1.1" 404 28466 "-" "Mozilla/5.0 (compatible; SemrushBot/7~bl; +http://www.semrush.com/bot.html)"
85.208.96.208 - - [15/Jan/2025:07:55:02 -0500] "GET /product/aivfqht80272?id=168519 HTTP/1.1" 404 28464 "-" "Mozilla/5.0 (compatible; SemrushBot/7~bl; +http://www.semrush.com/bot.html)"
185.191.171.3 - - [15/Jan/2025:07:55:08 -0500] "GET /product/aivfvzw80272?id=212522 HTTP/1.1" 404 28464 "-" "Mozilla/5.0 (compatible; SemrushBot/7~bl; +http://www.semrush.com/bot.html)"
162.213.251.239 - - [15/Jan/2025:07:55:16 -0500] "POST /wp-cron.php?doing_wp_cron=1736945715.5338640213012695312500 HTTP/1.1" 200 0 "-" "WordPress/6.6; https://visionsynchomeimprovement.com"
85.208.96.198 - - [15/Jan/2025:07:55:14 -0500] "GET /product/aivfgid80272?id=32863 HTTP/1.1" 404 28470 "-" "Mozilla/5.0 (compatible; SemrushBot/7~bl; +http://www.semrush.com/bot.html)"
85.208.96.206 - - [15/Jan/2025:07:55:20 -0500] "GET /product/aivfja41189?id=6152 HTTP/1.1" 404 28466 "-" "Mozilla/5.0 (compatible; SemrushBot/7~bl; +http://www.semrush.com/bot.html)"
85.208.96.200 - - [15/Jan/2025:07:55:30 -0500] "GET /product/mevnpdivfddh18359?id=55037 HTTP/1.1" 404 28464 "-" "Mozilla/5.0 (compatible; SemrushBot/7~bl; +http://www.semrush.com/bot.html)"
85.208.96.206 - - [15/Jan/2025:07:55:36 -0500] "GET /product/nupvqhivflcm71912?id=112890 HTTP/1.1" 404 28465 "-" "Mozilla/5.0 (compatible; SemrushBot/7~bl; +http://www.semrush.com/bot.html)"
85.208.96.206 - - [15/Jan/2025:07:55:41 -0500] "GET /product/chcktcivfucs52700?id=205418 HTTP/1.1" 404 28466 "-" "Mozilla/5.0 (compatible; SemrushBot/7~bl; +http://www.semrush.com/bot.html)"
185.191.171.6 - - [15/Jan/2025:07:55:49 -0500] "GET /product/aivfoij80272?id=40869 HTTP/1.1" 404 28462 "-" "Mozilla/5.0 (compatible; SemrushBot/7~bl; +http://www.semrush.com/bot.html)"
185.191.171.16 - - [15/Jan/2025:07:55:57 -0500] "GET /product/dvkbhfivftbb71912?id=197979 HTTP/1.1" 404 28464 "-" "Mozilla/5.0 (compatible; SemrushBot/7~bl; +http://www.semrush.com/bot.html)"
85.208.96.206 - - [15/Jan/2025:07:56:03 -0500] "GET /product/scrbahivfdfi42617?id=298386 HTTP/1.1" 404 28465 "-" "Mozilla/5.0 (compatible; SemrushBot/7~bl; +http://www.semrush.com/bot.html)"
185.191.171.14 - - [15/Jan/2025:07:56:08 -0500] "GET /product/fadsdgivfdqk18359?id=291688 HTTP/1.1" 404 28466 "-" "Mozilla/5.0 (compatible; SemrushBot/7~bl; +http://www.semrush.com/bot.html)"
162.213.251.239 - - [15/Jan/2025:07:56:17 -0500] "POST /wp-cron.php?doing_wp_cron=1736945776.6745669841766357421875 HTTP/1.1" 200 0 "-" "WordPress/6.6; https://visionsynchomeimprovement.com"
85.208.96.206 - - [15/Jan/2025:07:56:15 -0500] "GET /product/aivfrsb41189?id=17181 HTTP/1.1" 404 28467 "-" "Mozilla/5.0 (compatible; SemrushBot/7~bl; +http://www.semrush.com/bot.html)"
185.191.171.7 - - [15/Jan/2025:07:56:22 -0500] "GET /wp-includes/shortcodes.php HTTP/1.1" 403 1242 "-" "Mozilla/5.0 (compatible; SemrushBot/7~bl; +http://www.semrush.com/bot.html)"
85.208.96.195 - - [15/Jan/2025:07:56:39 -0500] "GET /robots.txt HTTP/1.1" 200 122 "-" "Mozilla/5.0 (compatible; SemrushBot/7~bl; +http://www.semrush.com/bot.html)"
85.208.96.203 - - [15/Jan/2025:07:56:41 -0500] "GET /wp-includes/user.php HTTP/1.1" 403 1242 "-" "Mozilla/5.0 (compatible; SemrushBot/7~bl; +http://www.semrush.com/bot.html)"
185.191.171.3 - - [15/Jan/2025:07:56:48 -0500] "GET /product/qtmbcdivfzih18359?id=258607 HTTP/1.1" 404 28467 "-" "Mozilla/5.0 (compatible; SemrushBot/7~bl; +http://www.semrush.com/bot.html)"
185.191.171.11 - - [15/Jan/2025:07:56:54 -0500] "GET /product/sxysziivfqhl69982?id=168511 HTTP/1.1" 404 28466 "-" "Mozilla/5.0 (compatible; SemrushBot/7~bl; +http://www.semrush.com/bot.html)"
185.191.171.11 - - [15/Jan/2025:07:57:00 -0500] "GET /product/opxmjbivflaf69982?id=117857 HTTP/1.1" 404 28468 "-" "Mozilla/5.0 (compatible; SemrushBot/7~bl; +http://www.semrush.com/bot.html)"
85.208.96.209 - - [15/Jan/2025:07:57:04 -0500] "GET /wp-includes/php-compat/readonly.php HTTP/1.1" 403 1242 "-" "Mozilla/5.0 (compatible; SemrushBot/7~bl; +http://www.semrush.com/bot.html)"
162.213.251.239 - - [15/Jan/2025:07:57:23 -0500] "POST /wp-cron.php?doing_wp_cron=1736945843.1495480537414550781250 HTTP/1.1" 403 1242 "-" "WordPress/6.6; https://visionsynchomeimprovement.com"
85.208.96.199 - - [15/Jan/2025:07:57:22 -0500] "GET /product/aivfwnb93695?id=223901 HTTP/1.1" 404 28465 "-" "Mozilla/5.0 (compatible; SemrushBot/7~bl; +http://www.semrush.com/bot.html)"
85.208.96.201 - - [15/Jan/2025:07:57:54 -0500] "GET /product/aivfgfk93695?id=328336 HTTP/1.1" 404 28465 "-" "Mozilla/5.0 (compatible; SemrushBot/7~bl; +http://www.semrush.com/bot.html)"
85.208.96.200 - - [15/Jan/2025:07:58:10 -0500] "GET /product/kpeqlfivfzmh71912?id=25907 HTTP/1.1" 404 28467 "-" "Mozilla/5.0 (compatible; SemrushBot/7~bl; +http://www.semrush.com/bot.html)"
185.252.235.251 - - [15/Jan/2025:07:58:19 -0500] "GET / HTTP/1.1" 200 33493 "-" "Mozilla/5.0 (Windows NT 10.0; Win64; x64; rv:109.0) Gecko/20100101 Firefox/117.0"
162.213.251.239 - - [15/Jan/2025:07:58:25 -0500] "POST /wp-cron.php?doing_wp_cron=1736945903.8366370201110839843750 HTTP/1.1" 200 0 "-" "WordPress/6.6; https://visionsynchomeimprovement.com"
185.252.235.251 - - [15/Jan/2025:07:58:22 -0500] "GET /wp-json HTTP/1.1" 200 1174828 "-" "Mozilla/5.0 (Windows NT 10.0; Win64; x64) AppleWebKit/537.36 (KHTML, like Gecko) Chrome/117.0.0.0 Safari/537.36"
185.252.235.251 - - [15/Jan/2025:07:58:28 -0500] "GET / HTTP/1.1" 200 33460 "-" "Mozilla/5.0 (Windows NT 10.0; Win64; x64) AppleWebKit/537.36 (KHTML, like Gecko) Chrome/117.0.0.0 Safari/537.36"
185.191.171.16 - - [15/Jan/2025:07:58:28 -0500] "GET /product/oiddofivfklj69982?id=101161 HTTP/1.1" 404 28462 "-" "Mozilla/5.0 (compatible; SemrushBot/7~bl; +http://www.semrush.com/bot.html)"
185.252.235.251 - - [15/Jan/2025:07:58:33 -0500] "GET /wp-json HTTP/1.1" 200 1174828 "-" "Mozilla/5.0 (Windows NT 10.0; Win64; x64) AppleWebKit/537.36 (KHTML, like Gecko) Chrome/117.0.0.0 Safari/537.36"
85.208.96.209 - - [15/Jan/2025:07:58:35 -0500] "GET /product/aivfzkk93695?id=253636 HTTP/1.1" 404 28465 "-" "Mozilla/5.0 (compatible; SemrushBot/7~bl; +http://www.semrush.com/bot.html)"
185.252.235.251 - - [15/Jan/2025:07:58:39 -0500] "GET / HTTP/1.1" 200 33482 "-" "Mozilla/5.0 (Macintosh; Intel Mac OS X 10.15; rv:109.0) Gecko/20100101 Firefox/117.0"
185.252.235.251 - - [15/Jan/2025:07:58:43 -0500] "GET /wp-content/plugins/wp-time-capsule/wp-tcapsule-bridge/upload/php/ HTTP/1.1" 404 28485 "-" "Mozilla/5.0 (Windows NT 10.0; Win64; x64) AppleWebKit/537.36 (KHTML, like Gecko) Chrome/117.0.0.0 Safari/537.36"
185.252.235.251 - - [15/Jan/2025:07:58:46 -0500] "GET /wp-json HTTP/1.1" 200 1174828 "-" "Mozilla/5.0 (Macintosh; Intel Mac OS X 10.15; rv:109.0) Gecko/20100101 Firefox/117.0"
185.252.235.251 - - [15/Jan/2025:07:58:51 -0500] "GET /wp-content/plugins/wp-hide-security-enhancer/assets/js/devtools-detect.js HTTP/1.1" 404 28488 "-" "Mozilla/5.0 (Macintosh; Intel Mac OS X 10_15_7) AppleWebKit/605.1.15 (KHTML, like Gecko) Version/16.6 Safari/605.1.15"
85.208.96.201 - - [15/Jan/2025:07:58:51 -0500] "GET /product/aivfean80272?id=305291 HTTP/1.1" 404 28463 "-" "Mozilla/5.0 (compatible; SemrushBot/7~bl; +http://www.semrush.com/bot.html)"
185.252.235.251 - - [15/Jan/2025:07:58:55 -0500] "GET /wp-content/plugins/wp-file-upload/css/wordpress_file_upload_style.css HTTP/1.1" 404 28488 "-" "Mozilla/5.0 (Windows NT 10.0; Win64; x64; rv:109.0) Gecko/20100101 Firefox/118.0"
185.252.235.251 - - [15/Jan/2025:07:58:58 -0500] "GET /wp-content/plugins/wp-database-backup/assets/css/wpdb_admin.css HTTP/1.1" 404 28487 "-" "Mozilla/5.0 (X11; Linux x86_64) AppleWebKit/537.36 (KHTML, like Gecko) Chrome/116.0.0.0 Safari/537.36"
