185.191.171.16 - - [15/Jan/2025:21:03:49 -0500] "GET /product/sbmoxjivfjz52700?id=8725 HTTP/1.1" 404 28460 "-" "Mozilla/5.0 (compatible; SemrushBot/7~bl; +http://www.semrush.com/bot.html)"
162.213.251.239 - - [15/Jan/2025:21:04:20 -0500] "POST /wp-cron.php?doing_wp_cron=1736993060.6488718986511230468750 HTTP/1.1" 403 1242 "-" "WordPress/6.6; https://visionsynchomeimprovement.com"
3.7.94.9 - - [15/Jan/2025:21:04:18 -0500] "HEAD /Wp HTTP/1.1" 404 0 "http://visionsynchomeimprovement.com/Wp" "Mozilla/5.0 (X11; Linux x86_64) AppleWebKit/537.36 (KHTML, like Gecko) Chrome/96.0.4664.45 Safari/537.36"
85.208.96.207 - - [15/Jan/2025:21:04:43 -0500] "GET /product/izbxfhivfbss42617?id=279644 HTTP/1.1" 404 28463 "-" "Mozilla/5.0 (compatible; SemrushBot/7~bl; +http://www.semrush.com/bot.html)"
185.191.171.18 - - [15/Jan/2025:21:04:50 -0500] "GET /product/aivfatr80272?id=269795 HTTP/1.1" 404 28463 "-" "Mozilla/5.0 (compatible; SemrushBot/7~bl; +http://www.semrush.com/bot.html)"
185.191.171.18 - - [15/Jan/2025:21:04:55 -0500] "GET /product/sotoajivfyqv71912?id=246873 HTTP/1.1" 404 28461 "-" "Mozilla/5.0 (compatible; SemrushBot/7~bl; +http://www.semrush.com/bot.html)"
162.213.251.239 - - [15/Jan/2025:21:05:41 -0500] "POST /wp-cron.php?doing_wp_cron=1736993141.4402029514312744140625 HTTP/1.1" 403 1242 "-" "WordPress/6.6; https://visionsynchomeimprovement.com"
185.191.171.1 - - [15/Jan/2025:21:05:38 -0500] "GET /product/aivfltt41189?id=114571 HTTP/1.1" 404 28458 "-" "Mozilla/5.0 (compatible; SemrushBot/7~bl; +http://www.semrush.com/bot.html)"
85.208.96.206 - - [15/Jan/2025:21:05:54 -0500] "GET /product/dsuvpgivfqoo42339?id=161492 HTTP/1.1" 404 28463 "-" "Mozilla/5.0 (compatible; SemrushBot/7~bl; +http://www.semrush.com/bot.html)"
85.208.96.208 - - [15/Jan/2025:21:06:10 -0500] "GET /product/xwxnzdivfolv69982?id=146321 HTTP/1.1" 404 28462 "-" "Mozilla/5.0 (compatible; SemrushBot/7~bl; +http://www.semrush.com/bot.html)"
185.191.171.14 - - [15/Jan/2025:21:06:16 -0500] "GET /product/pmeqzjivfler63233?id=115669 HTTP/1.1" 404 28461 "-" "Mozilla/5.0 (compatible; SemrushBot/7~bl; +http://www.semrush.com/bot.html)"
185.191.171.10 - - [15/Jan/2025:21:06:30 -0500] "GET /product/nilokdivfpdk42617?id=150310 HTTP/1.1" 404 28457 "-" "Mozilla/5.0 (compatible; SemrushBot/7~bl; +http://www.semrush.com/bot.html)"
43.153.58.28 - - [15/Jan/2025:21:06:35 -0500] "GET / HTTP/1.1" 301 0 "http://www.visionsynchomeimprovement.com" "Mozilla/5.0 (iPhone; CPU iPhone OS 13_2_3 like Mac OS X) AppleWebKit/605.1.15 (KHTML, like Gecko) Version/13.0.3 Mobile/15E148 Safari/604.1"
185.191.171.14 - - [15/Jan/2025:21:06:37 -0500] "GET /product/aivfmjc93695?id=123528 HTTP/1.1" 404 28461 "-" "Mozilla/5.0 (compatible; SemrushBot/7~bl; +http://www.semrush.com/bot.html)"
162.213.251.239 - - [15/Jan/2025:21:06:43 -0500] "POST /wp-cron.php?doing_wp_cron=1736993203.0595059394836425781250 HTTP/1.1" 403 1242 "-" "WordPress/6.6; https://visionsynchomeimprovement.com"
43.153.58.28 - - [15/Jan/2025:21:06:40 -0500] "GET / HTTP/1.1" 200 33466 "https://www.visionsynchomeimprovement.com/" "Mozilla/5.0 (iPhone; CPU iPhone OS 13_2_3 like Mac OS X) AppleWebKit/605.1.15 (KHTML, like Gecko) Version/13.0.3 Mobile/15E148 Safari/604.1"
185.191.171.7 - - [15/Jan/2025:21:06:43 -0500] "GET /product/vgnptaivfexb63233?id=304953 HTTP/1.1" 404 28463 "-" "Mozilla/5.0 (compatible; SemrushBot/7~bl; +http://www.semrush.com/bot.html)"
85.208.96.197 - - [15/Jan/2025:21:06:48 -0500] "GET /product/euocnbivfxft52700?id=233119 HTTP/1.1" 404 28459 "-" "Mozilla/5.0 (compatible; SemrushBot/7~bl; +http://www.semrush.com/bot.html)"
185.220.101.142 - - [15/Jan/2025:21:06:54 -0500] "GET / HTTP/1.1" 200 139968 "visionsynchi.com" "Mozilla/5.0 (Windows NT 6.1; Win64; x64) AppleWebKit/537.36 (KHTML, like Gecko) Chrome/88.0.4324.111 YaBrowser/21.2.1.107 Yowser/2.5 Safari/537.36"
185.220.101.142 - - [15/Jan/2025:21:07:02 -0500] "GET / HTTP/1.1" 200 139965 "https://visionsynchomeimprovement.com" "Mozilla/5.0 (Windows NT 6.1; Win64; x64) AppleWebKit/537.36 (KHTML, like Gecko) Chrome/88.0.4324.111 YaBrowser/21.2.1.107 Yowser/2.5 Safari/537.36"
185.220.101.142 - - [15/Jan/2025:21:07:07 -0500] "POST / HTTP/1.1" 200 140198 "https://visionsynchomeimprovement.com/#wpcf7-f678-p201-o1" "Mozilla/5.0 (Windows NT 6.1; Win64; x64) AppleWebKit/537.36 (KHTML, like Gecko) Chrome/88.0.4324.111 YaBrowser/21.2.1.107 Yowser/2.5 Safari/537.36"
185.220.101.142 - - [15/Jan/2025:21:07:12 -0500] "POST / HTTP/1.1" 200 140616 "https://visionsynchomeimprovement.com" "Mozilla/5.0 (Windows NT 6.1; Win64; x64) AppleWebKit/537.36 (KHTML, like Gecko) Chrome/88.0.4324.111 YaBrowser/21.2.1.107 Yowser/2.5 Safari/537.36"
185.220.101.142 - - [15/Jan/2025:21:07:18 -0500] "GET /about-us-1 HTTP/1.1" 404 116096 "https://visionsynchomeimprovement.com/about-us-1" "Mozilla/5.0 (Windows NT 6.1; Win64; x64) AppleWebKit/537.36 (KHTML, like Gecko) Chrome/88.0.4324.111 YaBrowser/21.2.1.107 Yowser/2.5 Safari/537.36"
185.220.101.142 - - [15/Jan/2025:21:07:23 -0500] "GET /bathroom-remodels HTTP/1.1" 301 0 "https://visionsynchomeimprovement.com/bathroom-remodels" "Mozilla/5.0 (Windows NT 6.1; Win64; x64) AppleWebKit/537.36 (KHTML, like Gecko) Chrome/88.0.4324.111 YaBrowser/21.2.1.107 Yowser/2.5 Safari/537.36"
85.208.96.196 - - [15/Jan/2025:21:07:22 -0500] "GET /product/cvvmygivfvfh18359?id=215759 HTTP/1.1" 404 28462 "-" "Mozilla/5.0 (compatible; SemrushBot/7~bl; +http://www.semrush.com/bot.html)"
185.220.101.142 - - [15/Jan/2025:21:07:25 -0500] "GET /bathroom-remodels/ HTTP/1.1" 200 120885 "https://visionsynchomeimprovement.com/bathroom-remodels" "Mozilla/5.0 (Windows NT 6.1; Win64; x64) AppleWebKit/537.36 (KHTML, like Gecko) Chrome/88.0.4324.111 YaBrowser/21.2.1.107 Yowser/2.5 Safari/537.36"
85.208.96.198 - - [15/Jan/2025:21:07:27 -0500] "GET /product/aivflfa93695?id=118352 HTTP/1.1" 404 28460 "-" "Mozilla/5.0 (compatible; SemrushBot/7~bl; +http://www.semrush.com/bot.html)"
185.220.101.142 - - [15/Jan/2025:21:07:30 -0500] "POST / HTTP/1.1" 200 140622 "https://visionsynchomeimprovement.com" "Mozilla/5.0 (Windows NT 6.1; Win64; x64) AppleWebKit/537.36 (KHTML, like Gecko) Chrome/88.0.4324.111 YaBrowser/21.2.1.107 Yowser/2.5 Safari/537.36"
85.208.96.201 - - [15/Jan/2025:21:07:33 -0500] "GET /product/aivfyvs41189?id=249944 HTTP/1.1" 404 28463 "-" "Mozilla/5.0 (compatible; SemrushBot/7~bl; +http://www.semrush.com/bot.html)"
185.220.101.142 - - [15/Jan/2025:21:07:35 -0500] "GET /blog HTTP/1.1" 301 0 "https://visionsynchomeimprovement.com/blog" "Mozilla/5.0 (Windows NT 6.1; Win64; x64) AppleWebKit/537.36 (KHTML, like Gecko) Chrome/88.0.4324.111 YaBrowser/21.2.1.107 Yowser/2.5 Safari/537.36"
185.220.101.142 - - [15/Jan/2025:21:07:38 -0500] "GET /blog/ HTTP/1.1" 200 121540 "https://visionsynchomeimprovement.com/blog" "Mozilla/5.0 (Windows NT 6.1; Win64; x64) AppleWebKit/537.36 (KHTML, like Gecko) Chrome/88.0.4324.111 YaBrowser/21.2.1.107 Yowser/2.5 Safari/537.36"
185.191.171.8 - - [15/Jan/2025:21:07:40 -0500] "GET /product/aivfshu80272?id=183346 HTTP/1.1" 404 28461 "-" "Mozilla/5.0 (compatible; SemrushBot/7~bl; +http://www.semrush.com/bot.html)"
162.213.251.239 - - [15/Jan/2025:21:07:47 -0500] "POST /wp-cron.php?doing_wp_cron=1736993267.1445579528808593750000 HTTP/1.1" 403 1242 "-" "WordPress/6.6; https://visionsynchomeimprovement.com"
162.213.251.239 - - [15/Jan/2025:21:07:49 -0500] "POST /wp-cron.php?doing_wp_cron=1736993269.4286499023437500000000 HTTP/1.1" 403 1242 "-" "WordPress/6.6; https://visionsynchomeimprovement.com"
192.42.116.218 - - [15/Jan/2025:21:07:45 -0500] "POST / HTTP/1.1" 200 140622 "https://visionsynchomeimprovement.com" "Mozilla/5.0 (Windows NT 6.1; Win64; x64) AppleWebKit/537.36 (KHTML, like Gecko) Chrome/88.0.4324.111 YaBrowser/21.2.1.107 Yowser/2.5 Safari/537.36"
185.191.171.16 - - [15/Jan/2025:21:07:46 -0500] "GET /product/aivfwln41189?id=223713 HTTP/1.1" 404 28465 "-" "Mozilla/5.0 (compatible; SemrushBot/7~bl; +http://www.semrush.com/bot.html)"
192.42.116.209 - - [15/Jan/2025:21:07:51 -0500] "GET /comments/feed HTTP/1.1" 301 0 "https://visionsynchomeimprovement.com/comments/feed" "Mozilla/5.0 (Windows NT 6.1; Win64; x64) AppleWebKit/537.36 (KHTML, like Gecko) Chrome/88.0.4324.111 YaBrowser/21.2.1.107 Yowser/2.5 Safari/537.36"
192.42.116.209 - - [15/Jan/2025:21:07:54 -0500] "GET /comments/feed/ HTTP/1.1" 200 5834 "https://visionsynchomeimprovement.com/comments/feed" "Mozilla/5.0 (Windows NT 6.1; Win64; x64) AppleWebKit/537.36 (KHTML, like Gecko) Chrome/88.0.4324.111 YaBrowser/21.2.1.107 Yowser/2.5 Safari/537.36"
185.191.171.8 - - [15/Jan/2025:21:07:53 -0500] "GET /product/swlorcivfuvc71912?id=202154 HTTP/1.1" 404 28462 "-" "Mozilla/5.0 (compatible; SemrushBot/7~bl; +http://www.semrush.com/bot.html)"
192.42.116.209 - - [15/Jan/2025:21:07:58 -0500] "GET /contact HTTP/1.1" 301 0 "https://visionsynchomeimprovement.com/contact" "Mozilla/5.0 (Windows NT 6.1; Win64; x64) AppleWebKit/537.36 (KHTML, like Gecko) Chrome/88.0.4324.111 YaBrowser/21.2.1.107 Yowser/2.5 Safari/537.36"
185.191.171.7 - - [15/Jan/2025:21:07:59 -0500] "GET /product/eqesnaivfxxi63233?id=49758 HTTP/1.1" 404 28461 "-" "Mozilla/5.0 (compatible; SemrushBot/7~bl; +http://www.semrush.com/bot.html)"
192.42.116.209 - - [15/Jan/2025:21:08:00 -0500] "GET /contact/ HTTP/1.1" 200 119544 "https://visionsynchomeimprovement.com/contact" "Mozilla/5.0 (Windows NT 6.1; Win64; x64) AppleWebKit/537.36 (KHTML, like Gecko) Chrome/88.0.4324.111 YaBrowser/21.2.1.107 Yowser/2.5 Safari/537.36"
51.38.225.46 - - [15/Jan/2025:21:08:06 -0500] "POST /contact/ HTTP/1.1" 200 119778 "https://visionsynchomeimprovement.com/contact/#wpcf7-f678-p22-o1" "Mozilla/5.0 (Windows NT 6.1; Win64; x64) AppleWebKit/537.36 (KHTML, like Gecko) Chrome/88.0.4324.111 YaBrowser/21.2.1.107 Yowser/2.5 Safari/537.36"
185.246.188.73 - - [15/Jan/2025:21:08:11 -0500] "POST / HTTP/1.1" 200 140628 "https://visionsynchomeimprovement.com" "Mozilla/5.0 (Windows NT 6.1; Win64; x64) AppleWebKit/537.36 (KHTML, like Gecko) Chrome/88.0.4324.111 YaBrowser/21.2.1.107 Yowser/2.5 Safari/537.36"
185.246.188.73 - - [15/Jan/2025:21:08:16 -0500] "GET /feed HTTP/1.1" 301 0 "https://visionsynchomeimprovement.com/feed" "Mozilla/5.0 (Windows NT 6.1; Win64; x64) AppleWebKit/537.36 (KHTML, like Gecko) Chrome/88.0.4324.111 YaBrowser/21.2.1.107 Yowser/2.5 Safari/537.36"
185.246.188.73 - - [15/Jan/2025:21:08:19 -0500] "GET /feed/ HTTP/1.1" 200 4498 "https://visionsynchomeimprovement.com/feed" "Mozilla/5.0 (Windows NT 6.1; Win64; x64) AppleWebKit/537.36 (KHTML, like Gecko) Chrome/88.0.4324.111 YaBrowser/21.2.1.107 Yowser/2.5 Safari/537.36"
45.84.107.198 - - [15/Jan/2025:21:08:23 -0500] "GET /gallery HTTP/1.1" 301 0 "https://visionsynchomeimprovement.com/gallery" "Mozilla/5.0 (Windows NT 6.1; Win64; x64) AppleWebKit/537.36 (KHTML, like Gecko) Chrome/88.0.4324.111 YaBrowser/21.2.1.107 Yowser/2.5 Safari/537.36"
45.84.107.198 - - [15/Jan/2025:21:08:25 -0500] "GET /gallery/ HTTP/1.1" 200 122615 "https://visionsynchomeimprovement.com/gallery" "Mozilla/5.0 (Windows NT 6.1; Win64; x64) AppleWebKit/537.36 (KHTML, like Gecko) Chrome/88.0.4324.111 YaBrowser/21.2.1.107 Yowser/2.5 Safari/537.36"
45.84.107.198 - - [15/Jan/2025:21:08:31 -0500] "POST / HTTP/1.1" 200 140625 "https://visionsynchomeimprovement.com" "Mozilla/5.0 (Windows NT 6.1; Win64; x64) AppleWebKit/537.36 (KHTML, like Gecko) Chrome/88.0.4324.111 YaBrowser/21.2.1.107 Yowser/2.5 Safari/537.36"
45.84.107.76 - - [15/Jan/2025:21:08:38 -0500] "GET /gallery-full-3-columns HTTP/1.1" 404 116096 "https://visionsynchomeimprovement.com/gallery-full-3-columns" "Mozilla/5.0 (Windows NT 6.1; Win64; x64) AppleWebKit/537.36 (KHTML, like Gecko) Chrome/88.0.4324.111 YaBrowser/21.2.1.107 Yowser/2.5 Safari/537.36"
45.84.107.76 - - [15/Jan/2025:21:08:44 -0500] "GET /home HTTP/1.1" 301 0 "https://visionsynchomeimprovement.com/home" "Mozilla/5.0 (Windows NT 6.1; Win64; x64) AppleWebKit/537.36 (KHTML, like Gecko) Chrome/88.0.4324.111 YaBrowser/21.2.1.107 Yowser/2.5 Safari/537.36"
45.84.107.76 - - [15/Jan/2025:21:08:46 -0500] "GET / HTTP/1.1" 200 139968 "https://visionsynchomeimprovement.com/home" "Mozilla/5.0 (Windows NT 6.1; Win64; x64) AppleWebKit/537.36 (KHTML, like Gecko) Chrome/88.0.4324.111 YaBrowser/21.2.1.107 Yowser/2.5 Safari/537.36"
162.213.251.239 - - [15/Jan/2025:21:08:53 -0500] "POST /wp-cron.php?doing_wp_cron=1736993333.5462009906768798828125 HTTP/1.1" 403 1242 "-" "WordPress/6.6; https://visionsynchomeimprovement.com"
185.100.87.192 - - [15/Jan/2025:21:08:51 -0500] "POST / HTTP/1.1" 200 140202 "https://visionsynchomeimprovement.com/#wpcf7-f678-p201-o1" "Mozilla/5.0 (Windows NT 6.1; Win64; x64) AppleWebKit/537.36 (KHTML, like Gecko) Chrome/88.0.4324.111 YaBrowser/21.2.1.107 Yowser/2.5 Safari/537.36"
185.100.87.192 - - [15/Jan/2025:21:08:57 -0500] "POST / HTTP/1.1" 200 140622 "https://visionsynchomeimprovement.com" "Mozilla/5.0 (Windows NT 6.1; Win64; x64) AppleWebKit/537.36 (KHTML, like Gecko) Chrome/88.0.4324.111 YaBrowser/21.2.1.107 Yowser/2.5 Safari/537.36"
85.208.96.198 - - [15/Jan/2025:21:09:00 -0500] "GET /product/jkejaaivfdcz42339?id=295451 HTTP/1.1" 404 28461 "-" "Mozilla/5.0 (compatible; SemrushBot/7~bl; +http://www.semrush.com/bot.html)"
185.220.101.179 - - [15/Jan/2025:21:09:02 -0500] "GET /recently_completed HTTP/1.1" 301 0 "https://visionsynchomeimprovement.com/recently_completed" "Mozilla/5.0 (Windows NT 6.1; Win64; x64) AppleWebKit/537.36 (KHTML, like Gecko) Chrome/88.0.4324.111 YaBrowser/21.2.1.107 Yowser/2.5 Safari/537.36"
185.220.101.179 - - [15/Jan/2025:21:09:04 -0500] "GET /recently_completed/ HTTP/1.1" 200 123190 "https://visionsynchomeimprovement.com/recently_completed" "Mozilla/5.0 (Windows NT 6.1; Win64; x64) AppleWebKit/537.36 (KHTML, like Gecko) Chrome/88.0.4324.111 YaBrowser/21.2.1.107 Yowser/2.5 Safari/537.36"
185.107.57.64 - - [15/Jan/2025:21:09:10 -0500] "POST / HTTP/1.1" 200 140625 "https://visionsynchomeimprovement.com" "Mozilla/5.0 (Windows NT 6.1; Win64; x64) AppleWebKit/537.36 (KHTML, like Gecko) Chrome/88.0.4324.111 YaBrowser/21.2.1.107 Yowser/2.5 Safari/537.36"
185.107.57.64 - - [15/Jan/2025:21:09:15 -0500] "GET /services HTTP/1.1" 404 116096 "https://visionsynchomeimprovement.com/services" "Mozilla/5.0 (Windows NT 6.1; Win64; x64) AppleWebKit/537.36 (KHTML, like Gecko) Chrome/88.0.4324.111 YaBrowser/21.2.1.107 Yowser/2.5 Safari/537.36"
185.107.57.64 - - [15/Jan/2025:21:09:20 -0500] "GET /shop HTTP/1.1" 301 0 "https://visionsynchomeimprovement.com/shop" "Mozilla/5.0 (Windows NT 6.1; Win64; x64) AppleWebKit/537.36 (KHTML, like Gecko) Chrome/88.0.4324.111 YaBrowser/21.2.1.107 Yowser/2.5 Safari/537.36"
94.136.186.229 - - [15/Jan/2025:21:09:21 -0500] "GET /wp-admin/includes/nav.php HTTP/1.1" 404 28481 "-" "Mozlila/5.0 (Linux; Android 7.0; SM-G892A Bulid/NRD90M; wv) AppleWebKit/537.36 (KHTML, like Gecko) Version/4.0 Chrome/60.0.3112.107 Moblie Safari/537.36"
185.107.57.64 - - [15/Jan/2025:21:09:23 -0500] "GET /shop/ HTTP/1.1" 200 180959 "https://visionsynchomeimprovement.com/shop" "Mozilla/5.0 (Windows NT 6.1; Win64; x64) AppleWebKit/537.36 (KHTML, like Gecko) Chrome/88.0.4324.111 YaBrowser/21.2.1.107 Yowser/2.5 Safari/537.36"
185.107.57.64 - - [15/Jan/2025:21:09:30 -0500] "POST / HTTP/1.1" 200 140625 "https://visionsynchomeimprovement.com" "Mozilla/5.0 (Windows NT 6.1; Win64; x64) AppleWebKit/537.36 (KHTML, like Gecko) Chrome/88.0.4324.111 YaBrowser/21.2.1.107 Yowser/2.5 Safari/537.36"
185.107.57.64 - - [15/Jan/2025:21:09:35 -0500] "POST / HTTP/1.1" 200 140381 "https://visionsynchomeimprovement.com" "Mozilla/5.0 (Windows NT 6.1; Win64; x64) AppleWebKit/537.36 (KHTML, like Gecko) Chrome/88.0.4324.111 YaBrowser/21.2.1.107 Yowser/2.5 Safari/537.36"
185.191.171.13 - - [15/Jan/2025:21:09:37 -0500] "GET /product/opdgdfivfkgx18359?id=103275 HTTP/1.1" 404 28462 "-" "Mozilla/5.0 (compatible; SemrushBot/7~bl; +http://www.semrush.com/bot.html)"
185.220.100.255 - - [15/Jan/2025:21:09:40 -0500] "GET /standalone HTTP/1.1" 301 0 "https://visionsynchomeimprovement.com/standalone" "Mozilla/5.0 (Windows NT 6.1; Win64; x64) AppleWebKit/537.36 (KHTML, like Gecko) Chrome/88.0.4324.111 YaBrowser/21.2.1.107 Yowser/2.5 Safari/537.36"
185.220.100.255 - - [15/Jan/2025:21:09:42 -0500] "GET /standalone/ HTTP/1.1" 200 121054 "https://visionsynchomeimprovement.com/standalone" "Mozilla/5.0 (Windows NT 6.1; Win64; x64) AppleWebKit/537.36 (KHTML, like Gecko) Chrome/88.0.4324.111 YaBrowser/21.2.1.107 Yowser/2.5 Safari/537.36"
94.136.186.229 - - [15/Jan/2025:21:09:47 -0500] "GET /wp-includes/sodium_compat/src/Core32/Curve25519/Ge/Core32.php HTTP/1.1" 404 28483 "-" "Mozlila/5.0 (Linux; Android 7.0; SM-G892A Bulid/NRD90M; wv) AppleWebKit/537.36 (KHTML, like Gecko) Version/4.0 Chrome/60.0.3112.107 Moblie Safari/537.36"
185.220.100.255 - - [15/Jan/2025:21:09:47 -0500] "POST / HTTP/1.1" 200 140628 "https://visionsynchomeimprovement.com" "Mozilla/5.0 (Windows NT 6.1; Win64; x64) AppleWebKit/537.36 (KHTML, like Gecko) Chrome/88.0.4324.111 YaBrowser/21.2.1.107 Yowser/2.5 Safari/537.36"
162.213.251.239 - - [15/Jan/2025:21:09:57 -0500] "POST /wp-cron.php?doing_wp_cron=1736993397.4326269626617431640625 HTTP/1.1" 403 1242 "-" "WordPress/6.6; https://visionsynchomeimprovement.com"
185.220.100.254 - - [15/Jan/2025:21:09:54 -0500] "GET /walk-in-showers HTTP/1.1" 301 0 "https://visionsynchomeimprovement.com/walk-in-showers" "Mozilla/5.0 (Windows NT 6.1; Win64; x64) AppleWebKit/537.36 (KHTML, like Gecko) Chrome/88.0.4324.111 YaBrowser/21.2.1.107 Yowser/2.5 Safari/537.36"
162.213.251.239 - - [15/Jan/2025:21:09:57 -0500] "POST /wp-cron.php?doing_wp_cron=1736993397.6476099491119384765625 HTTP/1.1" 403 1242 "-" "WordPress/6.6; https://visionsynchomeimprovement.com"
85.208.96.196 - - [15/Jan/2025:21:09:55 -0500] "GET /product/aivfxum41189?id=234612 HTTP/1.1" 404 28463 "-" "Mozilla/5.0 (compatible; SemrushBot/7~bl; +http://www.semrush.com/bot.html)"
185.220.100.254 - - [15/Jan/2025:21:10:04 -0500] "GET /walk-in-showers/ HTTP/1.1" 200 120170 "https://visionsynchomeimprovement.com/walk-in-showers" "Mozilla/5.0 (Windows NT 6.1; Win64; x64) AppleWebKit/537.36 (KHTML, like Gecko) Chrome/88.0.4324.111 YaBrowser/21.2.1.107 Yowser/2.5 Safari/537.36"
107.189.30.86 - - [15/Jan/2025:21:10:10 -0500] "POST / HTTP/1.1" 200 140622 "https://visionsynchomeimprovement.com" "Mozilla/5.0 (Windows NT 6.1; Win64; x64) AppleWebKit/537.36 (KHTML, like Gecko) Chrome/88.0.4324.111 YaBrowser/21.2.1.107 Yowser/2.5 Safari/537.36"
85.208.96.211 - - [15/Jan/2025:21:10:12 -0500] "GET /product/weadncivfupo52700?id=201514 HTTP/1.1" 404 28463 "-" "Mozilla/5.0 (compatible; SemrushBot/7~bl; +http://www.semrush.com/bot.html)"
85.208.96.198 - - [15/Jan/2025:21:10:18 -0500] "GET /product/gvvppgivfmok42617?id=124010 HTTP/1.1" 404 28462 "-" "Mozilla/5.0 (compatible; SemrushBot/7~bl; +http://www.semrush.com/bot.html)"
85.208.96.212 - - [15/Jan/2025:21:10:24 -0500] "GET /product/kjqhpfivfxto18359?id=231940 HTTP/1.1" 404 28460 "-" "Mozilla/5.0 (compatible; SemrushBot/7~bl; +http://www.semrush.com/bot.html)"
107.189.30.86 - - [15/Jan/2025:21:10:20 -0500] "GET /wp-json HTTP/1.1" 200 1174828 "https://visionsynchomeimprovement.com/wp-json" "Mozilla/5.0 (Windows NT 6.1; Win64; x64) AppleWebKit/537.36 (KHTML, like Gecko) Chrome/88.0.4324.111 YaBrowser/21.2.1.107 Yowser/2.5 Safari/537.36"
85.208.96.211 - - [15/Jan/2025:21:10:29 -0500] "GET /product/veejriivfclq42339?id=283742 HTTP/1.1" 404 28458 "-" "Mozilla/5.0 (compatible; SemrushBot/7~bl; +http://www.semrush.com/bot.html)"
107.189.30.86 - - [15/Jan/2025:21:10:31 -0500] "GET /wp-json/oembed/1.0/embed?url=https%3A%2F%2Fvisionsynchomeimprovement.com%2F HTTP/1.1" 200 2160 "https://visionsynchomeimprovement.com/wp-json/oembed/1.0/embed?url=https%3A%2F%2Fvisionsynchomeimprovement.com%2F" "Mozilla/5.0 (Windows NT 6.1; Win64; x64) AppleWebKit/537.36 (KHTML, like Gecko) Chrome/88.0.4324.111 YaBrowser/21.2.1.107 Yowser/2.5 Safari/537.36"
107.189.30.86 - - [15/Jan/2025:21:10:40 -0500] "GET /wp-json/oembed/1.0/embed?url=https%3A%2F%2Fvisionsynchomeimprovement.com%2F&format=xml HTTP/1.1" 200 2319 "https://visionsynchomeimprovement.com/wp-json/oembed/1.0/embed?url=https%3A%2F%2Fvisionsynchomeimprovement.com%2F&format=xml" "Mozilla/5.0 (Windows NT 6.1; Win64; x64) AppleWebKit/537.36 (KHTML, like Gecko) Chrome/88.0.4324.111 YaBrowser/21.2.1.107 Yowser/2.5 Safari/537.36"
185.220.100.251 - - [15/Jan/2025:21:10:43 -0500] "GET /wp-json/wp/v2/pages/201 HTTP/1.1" 200 24970 "https://visionsynchomeimprovement.com/wp-json/wp/v2/pages/201" "Mozilla/5.0 (Windows NT 6.1; Win64; x64) AppleWebKit/537.36 (KHTML, like Gecko) Chrome/88.0.4324.111 YaBrowser/21.2.1.107 Yowser/2.5 Safari/537.36"
3.145.75.69 - - [15/Jan/2025:21:10:47 -0500] "GET /wp-includes/sodium_compat/src/Core/Curve25519/H.php HTTP/1.1" 403 1242 "-" "Mozilla/5.0 AppleWebKit/537.36 (KHTML, like Gecko; compatible; ClaudeBot/1.0; +claudebot@anthropic.com)"
185.191.171.8 - - [15/Jan/2025:21:10:46 -0500] "GET /product/qhhjubivfxqv18359?id=231621 HTTP/1.1" 404 28462 "-" "Mozilla/5.0 (compatible; SemrushBot/7~bl; +http://www.semrush.com/bot.html)"
162.213.251.239 - - [15/Jan/2025:21:11:01 -0500] "POST /wp-cron.php?doing_wp_cron=1736993461.6507639884948730468750 HTTP/1.1" 403 1242 "-" "WordPress/6.6; https://visionsynchomeimprovement.com"
85.208.96.193 - - [15/Jan/2025:21:10:59 -0500] "GET /product/ufizqjivfocl52700?id=140263 HTTP/1.1" 404 28460 "-" "Mozilla/5.0 (compatible; SemrushBot/7~bl; +http://www.semrush.com/bot.html)"
185.191.171.2 - - [15/Jan/2025:21:11:03 -0500] "GET /robots.txt HTTP/1.1" 200 122 "-" "Mozilla/5.0 (compatible; SemrushBot/7~bl; +http://www.semrush.com/bot.html)"
185.191.171.13 - - [15/Jan/2025:21:11:06 -0500] "GET /product/qpzlvcivftlp63233?id=191141 HTTP/1.1" 404 28461 "-" "Mozilla/5.0 (compatible; SemrushBot/7~bl; +http://www.semrush.com/bot.html)"
3.7.94.9 - - [15/Jan/2025:21:11:11 -0500] "HEAD /WP HTTP/1.1" 404 0 "http://visionsynchomeimprovement.com/WP" "Mozilla/5.0 (X11; Linux x86_64) AppleWebKit/537.36 (KHTML, like Gecko) Chrome/96.0.4664.45 Safari/537.36"
185.191.171.13 - - [15/Jan/2025:21:11:17 -0500] "GET /product/pcjewdivfphu18359?id=155946 HTTP/1.1" 404 28462 "-" "Mozilla/5.0 (compatible; SemrushBot/7~bl; +http://www.semrush.com/bot.html)"
85.208.96.206 - - [15/Jan/2025:21:11:24 -0500] "GET /product/aivfeab80272?id=300079 HTTP/1.1" 404 28462 "-" "Mozilla/5.0 (compatible; SemrushBot/7~bl; +http://www.semrush.com/bot.html)"
185.191.171.13 - - [15/Jan/2025:21:11:36 -0500] "GET /product/kpcmldivfhtb69982?id=33711 HTTP/1.1" 404 28462 "-" "Mozilla/5.0 (compatible; SemrushBot/7~bl; +http://www.semrush.com/bot.html)"
85.208.96.193 - - [15/Jan/2025:21:11:42 -0500] "GET /product/crzyrgivfaiw69982?id=260874 HTTP/1.1" 404 28460 "-" "Mozilla/5.0 (compatible; SemrushBot/7~bl; +http://www.semrush.com/bot.html)"
185.191.171.12 - - [15/Jan/2025:21:11:56 -0500] "GET /product/aivfdce80272?id=55024 HTTP/1.1" 404 28461 "-" "Mozilla/5.0 (compatible; SemrushBot/7~bl; +http://www.semrush.com/bot.html)"
162.213.251.239 - - [15/Jan/2025:21:12:11 -0500] "POST /wp-cron.php?doing_wp_cron=1736993531.4265100955963134765625 HTTP/1.1" 403 1242 "-" "WordPress/6.6; https://visionsynchomeimprovement.com"
185.191.171.17 - - [15/Jan/2025:21:12:09 -0500] "GET /product/ccbirhivfyhr52700?id=243317 HTTP/1.1" 404 28461 "-" "Mozilla/5.0 (compatible; SemrushBot/7~bl; +http://www.semrush.com/bot.html)"
85.208.96.212 - - [15/Jan/2025:21:12:54 -0500] "GET /product/aivffaa93695?id=57520 HTTP/1.1" 404 28462 "-" "Mozilla/5.0 (compatible; SemrushBot/7~bl; +http://www.semrush.com/bot.html)"
185.191.171.9 - - [15/Jan/2025:21:12:59 -0500] "GET /product/kslsgjivfref18359?id=178257 HTTP/1.1" 404 28455 "-" "Mozilla/5.0 (compatible; SemrushBot/7~bl; +http://www.semrush.com/bot.html)"
162.213.251.239 - - [15/Jan/2025:21:13:13 -0500] "POST /wp-cron.php?doing_wp_cron=1736993593.3353788852691650390625 HTTP/1.1" 403 1242 "-" "WordPress/6.6; https://visionsynchomeimprovement.com"
185.191.171.14 - - [15/Jan/2025:21:13:11 -0500] "GET /product/aivfvdc93695?id=218102 HTTP/1.1" 404 28460 "-" "Mozilla/5.0 (compatible; SemrushBot/7~bl; +http://www.semrush.com/bot.html)"
85.208.96.212 - - [15/Jan/2025:21:13:28 -0500] "GET /product/aivfdth41189?id=291985 HTTP/1.1" 404 28462 "-" "Mozilla/5.0 (compatible; SemrushBot/7~bl; +http://www.semrush.com/bot.html)"
85.208.96.199 - - [15/Jan/2025:21:14:03 -0500] "GET /product/aivfcwe93695?id=287456 HTTP/1.1" 404 28462 "-" "Mozilla/5.0 (compatible; SemrushBot/7~bl; +http://www.semrush.com/bot.html)"
162.213.251.239 - - [15/Jan/2025:21:14:22 -0500] "POST /wp-cron.php?doing_wp_cron=1736993662.2463059425354003906250 HTTP/1.1" 403 1242 "-" "WordPress/6.6; https://visionsynchomeimprovement.com"
185.191.171.2 - - [15/Jan/2025:21:14:20 -0500] "GET /product/osbspbivfswh42617?id=187459 HTTP/1.1" 404 28461 "-" "Mozilla/5.0 (compatible; SemrushBot/7~bl; +http://www.semrush.com/bot.html)"
185.191.171.14 - - [15/Jan/2025:21:14:41 -0500] "GET /product/aivfsvt41189?id=184745 HTTP/1.1" 404 28462 "-" "Mozilla/5.0 (compatible; SemrushBot/7~bl; +http://www.semrush.com/bot.html)"
185.191.171.13 - - [15/Jan/2025:21:14:48 -0500] "GET /product/aivfbre93695?id=53434 HTTP/1.1" 404 28482 "-" "Mozilla/5.0 (compatible; SemrushBot/7~bl; +http://www.semrush.com/bot.html)"
85.208.96.199 - - [15/Jan/2025:21:14:53 -0500] "GET /product/aivfufb93695?id=208353 HTTP/1.1" 404 28461 "-" "Mozilla/5.0 (compatible; SemrushBot/7~bl; +http://www.semrush.com/bot.html)"
185.191.171.5 - - [15/Jan/2025:21:14:59 -0500] "GET /product/ixuoaaivfpas69982?id=152670 HTTP/1.1" 404 28462 "-" "Mozilla/5.0 (compatible; SemrushBot/7~bl; +http://www.semrush.com/bot.html)"
85.208.96.212 - - [15/Jan/2025:21:15:04 -0500] "GET /product/foycacivfufc71912?id=20052 HTTP/1.1" 404 28463 "-" "Mozilla/5.0 (compatible; SemrushBot/7~bl; +http://www.semrush.com/bot.html)"
85.208.96.206 - - [15/Jan/2025:21:15:11 -0500] "GET /product/xodythivfdzl42617?id=297763 HTTP/1.1" 404 28460 "-" "Mozilla/5.0 (compatible; SemrushBot/7~bl; +http://www.semrush.com/bot.html)"
185.191.171.1 - - [15/Jan/2025:21:15:19 -0500] "GET /product/wwxbfaivfcyd69982?id=282455 HTTP/1.1" 404 28462 "-" "Mozilla/5.0 (compatible; SemrushBot/7~bl; +http://www.semrush.com/bot.html)"
162.213.251.239 - - [15/Jan/2025:21:15:28 -0500] "POST /wp-cron.php?doing_wp_cron=1736993728.4298260211944580078125 HTTP/1.1" 403 1242 "-" "WordPress/6.6; https://visionsynchomeimprovement.com"
185.191.171.14 - - [15/Jan/2025:21:15:26 -0500] "GET /product/aivfvez93695?id=218277 HTTP/1.1" 404 28460 "-" "Mozilla/5.0 (compatible; SemrushBot/7~bl; +http://www.semrush.com/bot.html)"
185.191.171.18 - - [15/Jan/2025:21:15:34 -0500] "GET /product/etclxbivfmcj52700?id=90549 HTTP/1.1" 404 28460 "-" "Mozilla/5.0 (compatible; SemrushBot/7~bl; +http://www.semrush.com/bot.html)"
85.208.96.194 - - [15/Jan/2025:21:15:40 -0500] "GET /product/oiuihjivfszl42339?id=185163 HTTP/1.1" 404 28460 "-" "Mozilla/5.0 (compatible; SemrushBot/7~bl; +http://www.semrush.com/bot.html)"
185.191.171.13 - - [15/Jan/2025:21:15:47 -0500] "GET /product/ivubfdivfkvh63233?id=36737 HTTP/1.1" 404 28463 "-" "Mozilla/5.0 (compatible; SemrushBot/7~bl; +http://www.semrush.com/bot.html)"
123.160.223.74 - - [15/Jan/2025:21:15:56 -0500] "GET / HTTP/1.1" 200 33501 "https://www.visionsynchi.com/" "Mozilla/5.0 (Macintosh; Intel Mac OS X 10_15_7) AppleWebKit/537.36 (KHTML, like Gecko) Chrome/96.0.4664.110 Safari/537.36"
123.160.223.75 - - [15/Jan/2025:21:16:03 -0500] "GET / HTTP/1.1" 200 33480 "-" "Mozilla/5.0 (Macintosh; Intel Mac OS X 11_0_0) AppleWebKit/537.36 (KHTML, like Gecko) Chrome/87.0.4280.88 Safari/537.36"
123.160.223.74 - - [15/Jan/2025:21:16:08 -0500] "GET /wp-content/plugins/zilla-likes/scripts/zilla-likes.js?ver=6.6 HTTP/1.1" 200 403 "https://visionsynchomeimprovement.com/" "Mozilla/5.0 (Macintosh; Intel Mac OS X 11_0_0) AppleWebKit/537.36 (KHTML, like Gecko) Chrome/87.0.4280.88 Safari/537.36"
123.160.223.74 - - [15/Jan/2025:21:16:08 -0500] "GET /wp-includes/js/jquery/jquery.min.js?ver=3.7.1 HTTP/1.1" 200 35438 "https://visionsynchomeimprovement.com/" "Mozilla/5.0 (Macintosh; Intel Mac OS X 11_0_0) AppleWebKit/537.36 (KHTML, like Gecko) Chrome/87.0.4280.88 Safari/537.36"
123.160.223.74 - - [15/Jan/2025:21:16:08 -0500] "GET /wp-content/plugins/my_woocomerce_image_mapper/js/frontend/jquery.mCustomScrollbar.min.js?ver=6.6 HTTP/1.1" 200 23387 "https://visionsynchomeimprovement.com/" "Mozilla/5.0 (Macintosh; Intel Mac OS X 11_0_0) AppleWebKit/537.36 (KHTML, like Gecko) Chrome/87.0.4280.88 Safari/537.36"
123.160.223.74 - - [15/Jan/2025:21:16:08 -0500] "GET /wp-content/plugins/woocommerce/assets/js/jquery-blockui/jquery.blockUI.min.js?ver=2.7.0-wc.8.8.5 HTTP/1.1" 200 3810 "https://visionsynchomeimprovement.com/" "Mozilla/5.0 (Macintosh; Intel Mac OS X 11_0_0) AppleWebKit/537.36 (KHTML, like Gecko) Chrome/87.0.4280.88 Safari/537.36"
123.160.223.74 - - [15/Jan/2025:21:16:08 -0500] "GET /wp-content/plugins/woocommerce/assets/js/frontend/add-to-cart.min.js?ver=8.8.5 HTTP/1.1" 200 1184 "https://visionsynchomeimprovement.com/" "Mozilla/5.0 (Macintosh; Intel Mac OS X 11_0_0) AppleWebKit/537.36 (KHTML, like Gecko) Chrome/87.0.4280.88 Safari/537.36"
123.160.223.74 - - [15/Jan/2025:21:16:08 -0500] "GET /wp-content/plugins/my_woocomerce_image_mapper/js/frontend/jquery.image_mapper.js?ver=6.6 HTTP/1.1" 200 43829 "https://visionsynchomeimprovement.com/" "Mozilla/5.0 (Macintosh; Intel Mac OS X 11_0_0) AppleWebKit/537.36 (KHTML, like Gecko) Chrome/87.0.4280.88 Safari/537.36"
123.160.223.75 - - [15/Jan/2025:21:16:08 -0500] "GET /wp-content/plugins/my_woocomerce_image_mapper/js/frontend/jquery.prettyPhoto.js?ver=6.6 HTTP/1.1" 200 6780 "https://visionsynchomeimprovement.com/" "Mozilla/5.0 (Macintosh; Intel Mac OS X 11_0_0) AppleWebKit/537.36 (KHTML, like Gecko) Chrome/87.0.4280.88 Safari/537.36"
123.160.223.75 - - [15/Jan/2025:21:16:08 -0500] "GET /wp-content/plugins/my_woocomerce_image_mapper/js/frontend/my_fotorama_js.js?ver=6.6 HTTP/1.1" 200 7632 "https://visionsynchomeimprovement.com/" "Mozilla/5.0 (Macintosh; Intel Mac OS X 11_0_0) AppleWebKit/537.36 (KHTML, like Gecko) Chrome/87.0.4280.88 Safari/537.36"
123.160.223.75 - - [15/Jan/2025:21:16:08 -0500] "GET /wp-content/plugins/my_woocomerce_image_mapper/js/frontend/jquery.mousewheel.min.js?ver=6.6 HTTP/1.1" 200 734 "https://visionsynchomeimprovement.com/" "Mozilla/5.0 (Macintosh; Intel Mac OS X 11_0_0) AppleWebKit/537.36 (KHTML, like Gecko) Chrome/87.0.4280.88 Safari/537.36"
123.160.223.75 - - [15/Jan/2025:21:16:08 -0500] "GET /wp-content/plugins/my_woocomerce_image_mapper/js/frontend/rollover.js?ver=6.6 HTTP/1.1" 200 478 "https://visionsynchomeimprovement.com/" "Mozilla/5.0 (Macintosh; Intel Mac OS X 11_0_0) AppleWebKit/537.36 (KHTML, like Gecko) Chrome/87.0.4280.88 Safari/537.36"
123.160.223.75 - - [15/Jan/2025:21:16:08 -0500] "GET /wp-includes/js/jquery/jquery-migrate.min.js?ver=3.4.1 HTTP/1.1" 200 5342 "https://visionsynchomeimprovement.com/" "Mozilla/5.0 (Macintosh; Intel Mac OS X 11_0_0) AppleWebKit/537.36 (KHTML, like Gecko) Chrome/87.0.4280.88 Safari/537.36"
123.160.223.74 - - [15/Jan/2025:21:16:08 -0500] "GET /wp-includes/js/wp-util.min.js?ver=6.6 HTTP/1.1" 200 767 "https://visionsynchomeimprovement.com/" "Mozilla/5.0 (Macintosh; Intel Mac OS X 11_0_0) AppleWebKit/537.36 (KHTML, like Gecko) Chrome/87.0.4280.88 Safari/537.36"
123.160.223.74 - - [15/Jan/2025:21:16:08 -0500] "GET /wp-content/plugins/booked/includes/add-ons/woocommerce-payments//js/frontend-functions.js?ver=6.6 HTTP/1.1" 200 2050 "https://visionsynchomeimprovement.com/" "Mozilla/5.0 (Macintosh; Intel Mac OS X 11_0_0) AppleWebKit/537.36 (KHTML, like Gecko) Chrome/87.0.4280.88 Safari/537.36"
123.160.223.75 - - [15/Jan/2025:21:16:08 -0500] "GET /wp-content/plugins/js_composer/assets/js/vendors/woocommerce-add-to-cart.js?ver=7.6 HTTP/1.1" 200 389 "https://visionsynchomeimprovement.com/" "Mozilla/5.0 (Macintosh; Intel Mac OS X 11_0_0) AppleWebKit/537.36 (KHTML, like Gecko) Chrome/87.0.4280.88 Safari/537.36"
123.160.223.75 - - [15/Jan/2025:21:16:08 -0500] "GET /wp-includes/js/underscore.min.js?ver=1.13.4 HTTP/1.1" 200 8067 "https://visionsynchomeimprovement.com/" "Mozilla/5.0 (Macintosh; Intel Mac OS X 11_0_0) AppleWebKit/537.36 (KHTML, like Gecko) Chrome/87.0.4280.88 Safari/537.36"
123.160.223.74 - - [15/Jan/2025:21:16:09 -0500] "GET /wp-content/themes/kitgreen/assets/js/dev/modernizr-2.8.3.min.js?ver=6.6 HTTP/1.1" 200 6806 "https://visionsynchomeimprovement.com/" "Mozilla/5.0 (Macintosh; Intel Mac OS X 11_0_0) AppleWebKit/537.36 (KHTML, like Gecko) Chrome/87.0.4280.88 Safari/537.36"
123.160.223.74 - - [15/Jan/2025:21:16:09 -0500] "GET /wp-content/plugins/booked/assets/js/spin.jquery.js?ver=2.0.1 HTTP/1.1" 200 823 "https://visionsynchomeimprovement.com/" "Mozilla/5.0 (Macintosh; Intel Mac OS X 11_0_0) AppleWebKit/537.36 (KHTML, like Gecko) Chrome/87.0.4280.88 Safari/537.36"
123.160.223.74 - - [15/Jan/2025:21:16:09 -0500] "GET /wp-content/themes/kitgreen/assets/js/dev/main.js?ver=6.6 HTTP/1.1" 200 9116 "https://visionsynchomeimprovement.com/" "Mozilla/5.0 (Macintosh; Intel Mac OS X 11_0_0) AppleWebKit/537.36 (KHTML, like Gecko) Chrome/87.0.4280.88 Safari/537.36"
123.160.223.75 - - [15/Jan/2025:21:16:09 -0500] "GET /wp-includes/js/jquery/ui/datepicker.min.js?ver=1.13.3 HTTP/1.1" 200 12809 "https://visionsynchomeimprovement.com/" "Mozilla/5.0 (Macintosh; Intel Mac OS X 11_0_0) AppleWebKit/537.36 (KHTML, like Gecko) Chrome/87.0.4280.88 Safari/537.36"
123.160.223.74 - - [15/Jan/2025:21:16:09 -0500] "GET /wp-includes/js/jquery/ui/effect-slide.min.js?ver=1.13.3 HTTP/1.1" 200 550 "https://visionsynchomeimprovement.com/" "Mozilla/5.0 (Macintosh; Intel Mac OS X 11_0_0) AppleWebKit/537.36 (KHTML, like Gecko) Chrome/87.0.4280.88 Safari/537.36"
123.160.223.74 - - [15/Jan/2025:21:16:09 -0500] "GET /wp-content/plugins/woocommerce/assets/js/js-cookie/js.cookie.min.js?ver=2.1.4-wc.8.8.5 HTTP/1.1" 200 854 "https://visionsynchomeimprovement.com/" "Mozilla/5.0 (Macintosh; Intel Mac OS X 11_0_0) AppleWebKit/537.36 (KHTML, like Gecko) Chrome/87.0.4280.88 Safari/537.36"
123.160.223.74 - - [15/Jan/2025:21:16:09 -0500] "GET /wp-content/themes/kitgreen/assets/js/dev/packery.js?ver=6.6 HTTP/1.1" 200 4720 "https://visionsynchomeimprovement.com/" "Mozilla/5.0 (Macintosh; Intel Mac OS X 11_0_0) AppleWebKit/537.36 (KHTML, like Gecko) Chrome/87.0.4280.88 Safari/537.36"
123.160.223.74 - - [15/Jan/2025:21:16:09 -0500] "GET /wp-includes/js/jquery/ui/core.min.js?ver=1.13.3 HTTP/1.1" 200 7942 "https://visionsynchomeimprovement.com/" "Mozilla/5.0 (Macintosh; Intel Mac OS X 11_0_0) AppleWebKit/537.36 (KHTML, like Gecko) Chrome/87.0.4280.88 Safari/537.36"
123.160.223.74 - - [15/Jan/2025:21:16:09 -0500] "GET /wp-content/plugins/woocommerce/assets/js/frontend/add-to-cart-variation.min.js?ver=8.8.5 HTTP/1.1" 200 4169 "https://visionsynchomeimprovement.com/" "Mozilla/5.0 (Macintosh; Intel Mac OS X 11_0_0) AppleWebKit/537.36 (KHTML, like Gecko) Chrome/87.0.4280.88 Safari/537.36"
123.160.223.74 - - [15/Jan/2025:21:16:09 -0500] "GET /wp-content/plugins/contact-form-7/includes/swv/js/index.js?ver=5.9.3 HTTP/1.1" 200 3713 "https://visionsynchomeimprovement.com/" "Mozilla/5.0 (Macintosh; Intel Mac OS X 11_0_0) AppleWebKit/537.36 (KHTML, like Gecko) Chrome/87.0.4280.88 Safari/537.36"
123.160.223.74 - - [15/Jan/2025:21:16:09 -0500] "GET /wp-content/plugins/js_composer/assets/lib/vc_waypoints/vc-waypoints.min.js?ver=7.6 HTTP/1.1" 200 3142 "https://visionsynchomeimprovement.com/" "Mozilla/5.0 (Macintosh; Intel Mac OS X 11_0_0) AppleWebKit/537.36 (KHTML, like Gecko) Chrome/87.0.4280.88 Safari/537.36"
123.160.223.74 - - [15/Jan/2025:21:16:09 -0500] "GET /wp-content/plugins/woocommerce/assets/js/frontend/woocommerce.min.js?ver=8.8.5 HTTP/1.1" 200 846 "https://visionsynchomeimprovement.com/" "Mozilla/5.0 (Macintosh; Intel Mac OS X 11_0_0) AppleWebKit/537.36 (KHTML, like Gecko) Chrome/87.0.4280.88 Safari/537.36"
123.160.223.74 - - [15/Jan/2025:21:16:09 -0500] "GET /wp-content/themes/kitgreen/assets/js/dev/waypoints.min.js?ver=6.6 HTTP/1.1" 200 2898 "https://visionsynchomeimprovement.com/" "Mozilla/5.0 (Macintosh; Intel Mac OS X 11_0_0) AppleWebKit/537.36 (KHTML, like Gecko) Chrome/87.0.4280.88 Safari/537.36"
123.160.223.74 - - [15/Jan/2025:21:16:09 -0500] "GET /wp-content/plugins/revslider/sr6/assets/js/rbtools.min.js?ver=6.7.5 HTTP/1.1" 200 70525 "https://visionsynchomeimprovement.com/" "Mozilla/5.0 (Macintosh; Intel Mac OS X 11_0_0) AppleWebKit/537.36 (KHTML, like Gecko) Chrome/87.0.4280.88 Safari/537.36"
123.160.223.74 - - [15/Jan/2025:21:16:09 -0500] "GET /wp-content/plugins/yith-woocommerce-wishlist-premium/assets/js/jquery.selectBox.min.js?ver=1.2.0 HTTP/1.1" 200 4425 "https://visionsynchomeimprovement.com/" "Mozilla/5.0 (Macintosh; Intel Mac OS X 11_0_0) AppleWebKit/537.36 (KHTML, like Gecko) Chrome/87.0.4280.88 Safari/537.36"
123.160.223.74 - - [15/Jan/2025:21:16:09 -0500] "GET /wp-includes/js/masonry.min.js?ver=4.2.2 HTTP/1.1" 200 8545 "https://visionsynchomeimprovement.com/" "Mozilla/5.0 (Macintosh; Intel Mac OS X 11_0_0) AppleWebKit/537.36 (KHTML, like Gecko) Chrome/87.0.4280.88 Safari/537.36"
123.160.223.74 - - [15/Jan/2025:21:16:09 -0500] "GET /wp-content/themes/kitgreen/assets/js/dev/jquery.lazyload.min.js?ver=6.6 HTTP/1.1" 200 1355 "https://visionsynchomeimprovement.com/" "Mozilla/5.0 (Macintosh; Intel Mac OS X 11_0_0) AppleWebKit/537.36 (KHTML, like Gecko) Chrome/87.0.4280.88 Safari/537.36"
123.160.223.74 - - [15/Jan/2025:21:16:09 -0500] "GET /wp-content/plugins/js_composer/assets/js/dist/js_composer_front.min.js?ver=7.6 HTTP/1.1" 200 6596 "https://visionsynchomeimprovement.com/" "Mozilla/5.0 (Macintosh; Intel Mac OS X 11_0_0) AppleWebKit/537.36 (KHTML, like Gecko) Chrome/87.0.4280.88 Safari/537.36"
123.160.223.75 - - [15/Jan/2025:21:16:09 -0500] "GET /wp-content/plugins/contact-form-7/includes/js/index.js?ver=5.9.3 HTTP/1.1" 200 4664 "https://visionsynchomeimprovement.com/" "Mozilla/5.0 (Macintosh; Intel Mac OS X 11_0_0) AppleWebKit/537.36 (KHTML, like Gecko) Chrome/87.0.4280.88 Safari/537.36"
123.160.223.74 - - [15/Jan/2025:21:16:09 -0500] "GET /wp-content/themes/kitgreen/assets/js/dev/instafeed.js?ver=6.6 HTTP/1.1" 200 3338 "https://visionsynchomeimprovement.com/" "Mozilla/5.0 (Macintosh; Intel Mac OS X 11_0_0) AppleWebKit/537.36 (KHTML, like Gecko) Chrome/87.0.4280.88 Safari/537.36"
123.160.223.75 - - [15/Jan/2025:21:16:09 -0500] "GET /wp-content/themes/kitgreen/assets/js/dev/jquery.countdown.min.js?ver=6.6 HTTP/1.1" 200 2480 "https://visionsynchomeimprovement.com/" "Mozilla/5.0 (Macintosh; Intel Mac OS X 11_0_0) AppleWebKit/537.36 (KHTML, like Gecko) Chrome/87.0.4280.88 Safari/537.36"
123.160.223.75 - - [15/Jan/2025:21:16:09 -0500] "GET /wp-includes/js/jquery/ui/effect-scale.min.js?ver=1.13.3 HTTP/1.1" 200 445 "https://visionsynchomeimprovement.com/" "Mozilla/5.0 (Macintosh; Intel Mac OS X 11_0_0) AppleWebKit/537.36 (KHTML, like Gecko) Chrome/87.0.4280.88 Safari/537.36"
123.160.223.74 - - [15/Jan/2025:21:16:09 -0500] "GET /wp-content/themes/kitgreen/assets/js/dev/shortcode_theme.js?ver=6.6 HTTP/1.1" 200 9960 "https://visionsynchomeimprovement.com/" "Mozilla/5.0 (Macintosh; Intel Mac OS X 11_0_0) AppleWebKit/537.36 (KHTML, like Gecko) Chrome/87.0.4280.88 Safari/537.36"
123.160.223.75 - - [15/Jan/2025:21:16:09 -0500] "GET /wp-includes/js/jquery/ui/effect-size.min.js?ver=1.13.3 HTTP/1.1" 200 1040 "https://visionsynchomeimprovement.com/" "Mozilla/5.0 (Macintosh; Intel Mac OS X 11_0_0) AppleWebKit/537.36 (KHTML, like Gecko) Chrome/87.0.4280.88 Safari/537.36"
123.160.223.74 - - [15/Jan/2025:21:16:09 -0500] "GET /wp-content/plugins/variation-swatches-for-woocommerce/assets/js/frontend.js?ver=2.2.2 HTTP/1.1" 200 2431 "https://visionsynchomeimprovement.com/" "Mozilla/5.0 (Macintosh; Intel Mac OS X 11_0_0) AppleWebKit/537.36 (KHTML, like Gecko) Chrome/87.0.4280.88 Safari/537.36"
123.160.223.74 - - [15/Jan/2025:21:16:09 -0500] "GET /wp-content/plugins/woocommerce/assets/js/prettyPhoto/jquery.prettyPhoto.min.js?ver=3.1.6 HTTP/1.1" 200 6630 "https://visionsynchomeimprovement.com/" "Mozilla/5.0 (Macintosh; Intel Mac OS X 11_0_0) AppleWebKit/537.36 (KHTML, like Gecko) Chrome/87.0.4280.88 Safari/537.36"
123.160.223.74 - - [15/Jan/2025:21:16:09 -0500] "GET /wp-content/themes/kitgreen/assets/js/bootstrap.min.js?ver=6.6 HTTP/1.1" 200 10258 "https://visionsynchomeimprovement.com/" "Mozilla/5.0 (Macintosh; Intel Mac OS X 11_0_0) AppleWebKit/537.36 (KHTML, like Gecko) Chrome/87.0.4280.88 Safari/537.36"
123.160.223.75 - - [15/Jan/2025:21:16:09 -0500] "GET /wp-includes/js/jquery/ui/effect.min.js?ver=1.13.3 HTTP/1.1" 200 4247 "https://visionsynchomeimprovement.com/" "Mozilla/5.0 (Macintosh; Intel Mac OS X 11_0_0) AppleWebKit/537.36 (KHTML, like Gecko) Chrome/87.0.4280.88 Safari/537.36"
123.160.223.75 - - [15/Jan/2025:21:16:09 -0500] "GET /wp-content/plugins/mailchimp-for-wp/assets/js/forms.js?ver=4.9.13 HTTP/1.1" 200 2800 "https://visionsynchomeimprovement.com/" "Mozilla/5.0 (Macintosh; Intel Mac OS X 11_0_0) AppleWebKit/537.36 (KHTML, like Gecko) Chrome/87.0.4280.88 Safari/537.36"
123.160.223.75 - - [15/Jan/2025:21:16:09 -0500] "GET /wp-content/themes/kitgreen/assets/js/dev/slick.min.js?ver=6.6 HTTP/1.1" 200 20341 "https://visionsynchomeimprovement.com/" "Mozilla/5.0 (Macintosh; Intel Mac OS X 11_0_0) AppleWebKit/537.36 (KHTML, like Gecko) Chrome/87.0.4280.88 Safari/537.36"
123.160.223.75 - - [15/Jan/2025:21:16:09 -0500] "GET /wp-content/plugins/contact-form-7/modules/recaptcha/index.js?ver=5.9.3 HTTP/1.1" 200 496 "https://visionsynchomeimprovement.com/" "Mozilla/5.0 (Macintosh; Intel Mac OS X 11_0_0) AppleWebKit/537.36 (KHTML, like Gecko) Chrome/87.0.4280.88 Safari/537.36"
123.160.223.75 - - [15/Jan/2025:21:16:09 -0500] "GET /wp-content/plugins/woocommerce/assets/js/frontend/order-attribution.min.js?ver=8.8.5 HTTP/1.1" 200 1099 "https://visionsynchomeimprovement.com/" "Mozilla/5.0 (Macintosh; Intel Mac OS X 11_0_0) AppleWebKit/537.36 (KHTML, like Gecko) Chrome/87.0.4280.88 Safari/537.36"
123.160.223.75 - - [15/Jan/2025:21:16:09 -0500] "GET /wp-content/plugins/revslider/sr6/assets/js/rs6.min.js?ver=6.7.7 HTTP/1.1" 200 131507 "https://visionsynchomeimprovement.com/" "Mozilla/5.0 (Macintosh; Intel Mac OS X 11_0_0) AppleWebKit/537.36 (KHTML, like Gecko) Chrome/87.0.4280.88 Safari/537.36"
123.160.223.75 - - [15/Jan/2025:21:16:09 -0500] "GET /wp-includes/js/dist/vendor/wp-polyfill.min.js?ver=3.15.0 HTTP/1.1" 200 15784 "https://visionsynchomeimprovement.com/" "Mozilla/5.0 (Macintosh; Intel Mac OS X 11_0_0) AppleWebKit/537.36 (KHTML, like Gecko) Chrome/87.0.4280.88 Safari/537.36"
123.160.223.75 - - [15/Jan/2025:21:16:09 -0500] "GET /wp-content/plugins/yith-woocommerce-wishlist-premium/assets/js/jquery.yith-wcwl.min.js?ver=3.31.0 HTTP/1.1" 200 8005 "https://visionsynchomeimprovement.com/" "Mozilla/5.0 (Macintosh; Intel Mac OS X 11_0_0) AppleWebKit/537.36 (KHTML, like Gecko) Chrome/87.0.4280.88 Safari/537.36"
123.160.223.75 - - [15/Jan/2025:21:16:09 -0500] "GET /wp-content/themes/kitgreen/assets/js/dev/woocomerce/ajax_mn_parent.js?ver=6.6 HTTP/1.1" 200 4423 "https://visionsynchomeimprovement.com/" "Mozilla/5.0 (Macintosh; Intel Mac OS X 11_0_0) AppleWebKit/537.36 (KHTML, like Gecko) Chrome/87.0.4280.88 Safari/537.36"
123.160.223.75 - - [15/Jan/2025:21:16:09 -0500] "GET /wp-content/themes/kitgreen/assets/js/dev/woocomerce/ajax_mn_addtocart.min.js?ver=6.6 HTTP/1.1" 200 2050 "https://visionsynchomeimprovement.com/" "Mozilla/5.0 (Macintosh; Intel Mac OS X 11_0_0) AppleWebKit/537.36 (KHTML, like Gecko) Chrome/87.0.4280.88 Safari/537.36"
123.160.223.75 - - [15/Jan/2025:21:16:09 -0500] "GET /wp-includes/js/imagesloaded.min.js?ver=5.0.0 HTTP/1.1" 200 1976 "https://visionsynchomeimprovement.com/" "Mozilla/5.0 (Macintosh; Intel Mac OS X 11_0_0) AppleWebKit/537.36 (KHTML, like Gecko) Chrome/87.0.4280.88 Safari/537.36"
123.160.223.75 - - [15/Jan/2025:21:16:09 -0500] "GET /wp-content/plugins/booked/assets/js/tooltipster/js/jquery.tooltipster.min.js?ver=3.3.0 HTTP/1.1" 200 5609 "https://visionsynchomeimprovement.com/" "Mozilla/5.0 (Macintosh; Intel Mac OS X 11_0_0) AppleWebKit/537.36 (KHTML, like Gecko) Chrome/87.0.4280.88 Safari/537.36"
123.160.223.75 - - [15/Jan/2025:21:16:09 -0500] "GET /wp-content/themes/kitgreen/assets/js/dev/woocomerce/ajax_mn_cart.js?ver=6.6 HTTP/1.1" 200 1067 "https://visionsynchomeimprovement.com/" "Mozilla/5.0 (Macintosh; Intel Mac OS X 11_0_0) AppleWebKit/537.36 (KHTML, like Gecko) Chrome/87.0.4280.88 Safari/537.36"
123.160.223.75 - - [15/Jan/2025:21:16:09 -0500] "GET /wp-content/themes/kitgreen/assets/js/dev/isotope.js?ver=6.6 HTTP/1.1" 200 13274 "https://visionsynchomeimprovement.com/" "Mozilla/5.0 (Macintosh; Intel Mac OS X 11_0_0) AppleWebKit/537.36 (KHTML, like Gecko) Chrome/87.0.4280.88 Safari/537.36"
123.160.223.75 - - [15/Jan/2025:21:16:09 -0500] "GET /wp-content/themes/kitgreen/assets/js/dev/woocomerce/ajax_mn_load-more.js?ver=6.6 HTTP/1.1" 200 2158 "https://visionsynchomeimprovement.com/" "Mozilla/5.0 (Macintosh; Intel Mac OS X 11_0_0) AppleWebKit/537.36 (KHTML, like Gecko) Chrome/87.0.4280.88 Safari/537.36"
123.160.223.75 - - [15/Jan/2025:21:16:09 -0500] "GET /wp-content/themes/kitgreen/assets/js/dev/menu-sticky.js?ver=6.6 HTTP/1.1" 200 3033 "https://visionsynchomeimprovement.com/" "Mozilla/5.0 (Macintosh; Intel Mac OS X 11_0_0) AppleWebKit/537.36 (KHTML, like Gecko) Chrome/87.0.4280.88 Safari/537.36"
123.160.223.75 - - [15/Jan/2025:21:16:09 -0500] "GET /wp-content/plugins/booked/includes/add-ons/frontend-agents/js/functions.js?ver=2.4.4 HTTP/1.1" 200 1328 "https://visionsynchomeimprovement.com/" "Mozilla/5.0 (Macintosh; Intel Mac OS X 11_0_0) AppleWebKit/537.36 (KHTML, like Gecko) Chrome/87.0.4280.88 Safari/537.36"
123.160.223.75 - - [15/Jan/2025:21:16:09 -0500] "GET /wp-content/plugins/booked/assets/js/spin.min.js?ver=2.0.1 HTTP/1.1" 200 2179 "https://visionsynchomeimprovement.com/" "Mozilla/5.0 (Macintosh; Intel Mac OS X 11_0_0) AppleWebKit/537.36 (KHTML, like Gecko) Chrome/87.0.4280.88 Safari/537.36"
123.160.223.75 - - [15/Jan/2025:21:16:09 -0500] "GET /wp-content/themes/kitgreen/assets/js/dev/woocomerce/ajax_mn_single.js?ver=6.6 HTTP/1.1" 200 282 "https://visionsynchomeimprovement.com/" "Mozilla/5.0 (Macintosh; Intel Mac OS X 11_0_0) AppleWebKit/537.36 (KHTML, like Gecko) Chrome/87.0.4280.88 Safari/537.36"
123.160.223.75 - - [15/Jan/2025:21:16:09 -0500] "GET /wp-content/plugins/booked/assets/js/functions.js?ver=2.4.4 HTTP/1.1" 200 11582 "https://visionsynchomeimprovement.com/" "Mozilla/5.0 (Macintosh; Intel Mac OS X 11_0_0) AppleWebKit/537.36 (KHTML, like Gecko) Chrome/87.0.4280.88 Safari/537.36"
123.160.223.75 - - [15/Jan/2025:21:16:09 -0500] "GET /wp-content/plugins/woocommerce/assets/js/sourcebuster/sourcebuster.min.js?ver=8.8.5 HTTP/1.1" 200 5066 "https://visionsynchomeimprovement.com/" "Mozilla/5.0 (Macintosh; Intel Mac OS X 11_0_0) AppleWebKit/537.36 (KHTML, like Gecko) Chrome/87.0.4280.88 Safari/537.36"
123.160.223.74 - - [15/Jan/2025:21:16:10 -0500] "GET /wp-content/themes/kitgreen/assets/js/dev/woocomerce/star_cart.js?ver=6.6 HTTP/1.1" 200 334 "https://visionsynchomeimprovement.com/" "Mozilla/5.0 (Macintosh; Intel Mac OS X 11_0_0) AppleWebKit/537.36 (KHTML, like Gecko) Chrome/87.0.4280.88 Safari/537.36"
123.160.223.75 - - [15/Jan/2025:21:16:11 -0500] "GET /wp-json/contact-form-7/v1/contact-forms/678/refill HTTP/1.1" 200 0 "https://visionsynchomeimprovement.com/" "Mozilla/5.0 (Macintosh; Intel Mac OS X 11_0_0) AppleWebKit/537.36 (KHTML, like Gecko) Chrome/87.0.4280.88 Safari/537.36"
123.160.223.74 - - [15/Jan/2025:21:16:11 -0500] "GET /wp-json/contact-form-7/v1/contact-forms/678/feedback/schema HTTP/1.1" 200 0 "https://visionsynchomeimprovement.com/" "Mozilla/5.0 (Macintosh; Intel Mac OS X 11_0_0) AppleWebKit/537.36 (KHTML, like Gecko) Chrome/87.0.4280.88 Safari/537.36"
123.160.223.74 - - [15/Jan/2025:21:16:14 -0500] "GET /wp-content/uploads/2024/04/Screenshot_2022-10-28_105235.jpg HTTP/1.1" 200 28703 "-" "Mozilla/5.0 (Macintosh; Intel Mac OS X 10_15_7) AppleWebKit/537.36 (KHTML, like Gecko) Chrome/96.0.4664.110 Safari/537.36"
185.191.171.14 - - [15/Jan/2025:21:16:39 -0500] "GET /wp-includes/media-template.php HTTP/1.1" 403 1242 "-" "Mozilla/5.0 (compatible; SemrushBot/7~bl; +http://www.semrush.com/bot.html)"
162.213.251.239 - - [15/Jan/2025:21:16:45 -0500] "POST /wp-cron.php?doing_wp_cron=1736993805.8500130176544189453125 HTTP/1.1" 403 1242 "-" "WordPress/6.6; https://visionsynchomeimprovement.com"
3.7.94.9 - - [15/Jan/2025:21:16:43 -0500] "HEAD /old HTTP/1.1" 404 0 "http://visionsynchomeimprovement.com/old" "Mozilla/5.0 (X11; Linux x86_64) AppleWebKit/537.36 (KHTML, like Gecko) Chrome/96.0.4664.45 Safari/537.36"
18.218.3.204 - - [15/Jan/2025:21:17:15 -0500] "GET /wp-includes/js/tinymce/themes/inlite/theme.min.js HTTP/1.1" 200 40146 "-" "Mozilla/5.0 AppleWebKit/537.36 (KHTML, like Gecko; compatible; ClaudeBot/1.0; +claudebot@anthropic.com)"
85.208.96.202 - - [15/Jan/2025:21:17:18 -0500] "GET /product/aivfefd93695?id=303129 HTTP/1.1" 404 28459 "-" "Mozilla/5.0 (compatible; SemrushBot/7~bl; +http://www.semrush.com/bot.html)"
85.208.96.202 - - [15/Jan/2025:21:17:33 -0500] "GET /product/lwzgkjivfzet71912?id=253097 HTTP/1.1" 404 28462 "-" "Mozilla/5.0 (compatible; SemrushBot/7~bl; +http://www.semrush.com/bot.html)"
162.213.251.239 - - [15/Jan/2025:21:18:00 -0500] "POST /wp-cron.php?doing_wp_cron=1736993880.7482089996337890625000 HTTP/1.1" 403 1242 "-" "WordPress/6.6; https://visionsynchomeimprovement.com"
85.208.96.202 - - [15/Jan/2025:21:17:59 -0500] "GET /product/aivfxia80272?id=230852 HTTP/1.1" 404 28462 "-" "Mozilla/5.0 (compatible; SemrushBot/7~bl; +http://www.semrush.com/bot.html)"
3.145.91.108 - - [15/Jan/2025:21:18:02 -0500] "GET /wp-includes/js/tinymce/themes/inlite/theme.js HTTP/1.1" 200 62071 "-" "Mozilla/5.0 AppleWebKit/537.36 (KHTML, like Gecko; compatible; ClaudeBot/1.0; +claudebot@anthropic.com)"
