%PDF- %PDF-
Direktori : /home/eirtvhdf/access-logs/ |
Current File : /home/eirtvhdf/access-logs/eirtechs.com-ssl_log |
114.119.166.95 - - [15/Jan/2025:07:07:03 -0500] "GET /testbeta/assets/fonts/icomoon/icomoon.ttf HTTP/1.1" 200 307168 "https://eirtechs.com/testbeta/assets/fonts/icomoon/" "Mozilla/5.0 (Linux; Android 7.0;) AppleWebKit/537.36 (KHTML, like Gecko) Mobile Safari/537.36 (compatible; PetalBot;+https://webmaster.petalsearch.com/site/petalbot)"
51.222.253.5 - - [15/Jan/2025:07:08:31 -0500] "GET /root_stripe/stripe/lib/HttpClient/ HTTP/1.1" 200 676 "-" "Mozilla/5.0 (compatible; AhrefsBot/7.0; +http://ahrefs.com/robot/)"
114.119.128.203 - - [15/Jan/2025:07:08:42 -0500] "GET /testbeta/root_stripe/stripe/lib/InvoiceItem.php HTTP/1.1" 200 157 "https://www.eirtechs.com/testbeta/root_stripe/stripe/lib/?MA" "Mozilla/5.0 (Linux; Android 7.0;) AppleWebKit/537.36 (KHTML, like Gecko) Mobile Safari/537.36 (compatible; PetalBot;+https://webmaster.petalsearch.com/site/petalbot)"
51.222.253.14 - - [15/Jan/2025:07:11:01 -0500] "GET /testbeta/assets/fonts/icomoon/?ND HTTP/1.1" 200 701 "-" "Mozilla/5.0 (compatible; AhrefsBot/7.0; +http://ahrefs.com/robot/)"
114.119.145.115 - - [15/Jan/2025:07:12:03 -0500] "GET /testbeta/assets/fonts/flaticon/?SA HTTP/1.1" 200 849 "https://eirtechs.com/testbeta/assets/fonts/flaticon/" "Mozilla/5.0 (Linux; Android 7.0;) AppleWebKit/537.36 (KHTML, like Gecko) Mobile Safari/537.36 (compatible; PetalBot;+https://webmaster.petalsearch.com/site/petalbot)"
51.222.253.4 - - [15/Jan/2025:07:12:24 -0500] "GET /service/mobile-application/ios_application.php HTTP/1.1" 200 10043 "-" "Mozilla/5.0 (compatible; AhrefsBot/7.0; +http://ahrefs.com/robot/)"
51.222.253.5 - - [15/Jan/2025:07:13:36 -0500] "GET /assets/images/portfolio/new1/?NA HTTP/1.1" 200 1254 "-" "Mozilla/5.0 (compatible; AhrefsBot/7.0; +http://ahrefs.com/robot/)"
114.119.128.244 - - [15/Jan/2025:07:13:47 -0500] "GET /testbeta-atif/root_stripe/stripe/tests/data/?SD HTTP/1.1" 200 786 "https://www.eirtechs.com/testbeta-atif/root_stripe/stripe/tests/data/?SA" "Mozilla/5.0 (Linux; Android 7.0;) AppleWebKit/537.36 (KHTML, like Gecko) Mobile Safari/537.36 (compatible; PetalBot;+https://webmaster.petalsearch.com/site/petalbot)"
51.222.253.2 - - [15/Jan/2025:07:14:45 -0500] "GET /testbeta-atif/assets/fonts/ionicons/fonts/?SA HTTP/1.1" 200 731 "-" "Mozilla/5.0 (compatible; AhrefsBot/7.0; +http://ahrefs.com/robot/)"
47.128.33.252 - - [15/Jan/2025:07:15:59 -0500] "GET /testbeta-atif/root_stripe/stripe/tests/Stripe/CouponTest.php HTTP/1.1" 200 148 "-" "Mozilla/5.0 (Linux; Android 5.0) AppleWebKit/537.36 (KHTML, like Gecko) Mobile Safari/537.36 (compatible; Bytespider; spider-feedback@bytedance.com)"
51.222.253.2 - - [15/Jan/2025:07:16:06 -0500] "GET /testbeta/assets/js/?SA HTTP/1.1" 200 1360 "-" "Mozilla/5.0 (compatible; AhrefsBot/7.0; +http://ahrefs.com/robot/)"
114.119.136.199 - - [15/Jan/2025:07:17:03 -0500] "GET /testbeta/assets/fonts/?ND HTTP/1.1" 200 830 "https://eirtechs.com/testbeta/assets/fonts/" "Mozilla/5.0 (Linux; Android 7.0;) AppleWebKit/537.36 (KHTML, like Gecko) Mobile Safari/537.36 (compatible; PetalBot;+https://webmaster.petalsearch.com/site/petalbot)"
51.222.253.4 - - [15/Jan/2025:07:17:30 -0500] "GET /assest/image/logos/?SA HTTP/1.1" 200 626 "-" "Mozilla/5.0 (compatible; AhrefsBot/7.0; +http://ahrefs.com/robot/)"
114.119.166.95 - - [15/Jan/2025:07:18:41 -0500] "GET /testbeta-atif/root_stripe/stripe/phpunit.no_autoload.xml HTTP/1.1" 200 231 "https://www.eirtechs.com/testbeta-atif/root_stripe/stripe/" "Mozilla/5.0 (Linux; Android 7.0;) AppleWebKit/537.36 (KHTML, like Gecko) Mobile Safari/537.36 (compatible; PetalBot;+https://webmaster.petalsearch.com/site/petalbot)"
51.222.253.12 - - [15/Jan/2025:07:18:55 -0500] "GET /assest/image/logos/?MA HTTP/1.1" 200 626 "-" "Mozilla/5.0 (compatible; AhrefsBot/7.0; +http://ahrefs.com/robot/)"
47.128.121.9 - - [15/Jan/2025:07:19:58 -0500] "GET /testbeta/root_stripe/stripe/tests/Stripe/CustomerTest.php HTTP/1.1" 200 146 "-" "Mozilla/5.0 (Linux; Android 5.0) AppleWebKit/537.36 (KHTML, like Gecko) Mobile Safari/537.36 (compatible; Bytespider; spider-feedback@bytedance.com)"
51.222.253.16 - - [15/Jan/2025:07:20:13 -0500] "GET /testbeta/root_stripe/stripe/data/?ND HTTP/1.1" 200 628 "-" "Mozilla/5.0 (compatible; AhrefsBot/7.0; +http://ahrefs.com/robot/)"
114.119.154.65 - - [15/Jan/2025:07:22:02 -0500] "GET /testbeta-atif/services/seo.php HTTP/1.1" 200 5587 "https://eirtechs.com/testbeta-atif/services/" "Mozilla/5.0 (Linux; Android 7.0;) AppleWebKit/537.36 (KHTML, like Gecko) Mobile Safari/537.36 (compatible; PetalBot;+https://webmaster.petalsearch.com/site/petalbot)"
51.222.253.10 - - [15/Jan/2025:07:22:54 -0500] "GET /testbeta/assets/fonts/ionicons/?SA HTTP/1.1" 200 634 "-" "Mozilla/5.0 (compatible; AhrefsBot/7.0; +http://ahrefs.com/robot/)"
114.119.135.120 - - [15/Jan/2025:07:23:46 -0500] "GET /service/digital-marketing/app_marketing.php HTTP/1.1" 200 12430 "https://www.eirtechs.com/service/mobile-application/react_application.php" "Mozilla/5.0 (Linux; Android 7.0;) AppleWebKit/537.36 (KHTML, like Gecko) Mobile Safari/537.36 (compatible; PetalBot;+https://webmaster.petalsearch.com/site/petalbot)"
47.128.54.205 - - [15/Jan/2025:07:23:59 -0500] "GET /testbeta/root_stripe/stripe/tests/Stripe/IssuerFraudRecordTest.php HTTP/1.1" 200 154 "-" "Mozilla/5.0 (Linux; Android 5.0) AppleWebKit/537.36 (KHTML, like Gecko) Mobile Safari/537.36 (compatible; Bytespider; spider-feedback@bytedance.com)"
51.222.253.12 - - [15/Jan/2025:07:24:16 -0500] "GET /testbeta-atif/assets/images/portfolio/branding/ HTTP/1.1" 200 1348 "-" "Mozilla/5.0 (compatible; AhrefsBot/7.0; +http://ahrefs.com/robot/)"
51.222.253.8 - - [15/Jan/2025:07:25:36 -0500] "GET /root_stripe/stripe/lib/IssuerFraudRecord.php HTTP/1.1" 200 142 "-" "Mozilla/5.0 (compatible; AhrefsBot/7.0; +http://ahrefs.com/robot/)"
51.222.253.9 - - [15/Jan/2025:07:27:02 -0500] "GET /admin/scss/?ND HTTP/1.1" 200 1216 "-" "Mozilla/5.0 (compatible; AhrefsBot/7.0; +http://ahrefs.com/robot/)"
114.119.128.203 - - [15/Jan/2025:07:27:06 -0500] "GET /testbeta-atif/services/?ND HTTP/1.1" 200 1237 "https://eirtechs.com/testbeta-atif/services/" "Mozilla/5.0 (Linux; Android 7.0;) AppleWebKit/537.36 (KHTML, like Gecko) Mobile Safari/537.36 (compatible; PetalBot;+https://webmaster.petalsearch.com/site/petalbot)"
47.128.16.207 - - [15/Jan/2025:07:28:01 -0500] "GET /testbeta-atif/root_stripe/stripe/lib/Issuing/Cardholder.php HTTP/1.1" 200 151 "-" "Mozilla/5.0 (Linux; Android 5.0) AppleWebKit/537.36 (KHTML, like Gecko) Mobile Safari/537.36 (compatible; Bytespider; spider-feedback@bytedance.com)"
51.222.253.11 - - [15/Jan/2025:07:28:27 -0500] "GET /testbeta-atif/assets/fonts/ionicons/fonts/?MA HTTP/1.1" 200 743 "-" "Mozilla/5.0 (compatible; AhrefsBot/7.0; +http://ahrefs.com/robot/)"
114.119.145.225 - - [15/Jan/2025:07:28:46 -0500] "GET /root_stripe/stripe/tests/Stripe/Issuing/?MA HTTP/1.1" 200 913 "https://www.eirtechs.com/root_stripe/stripe/tests/Stripe/Issuing/?ND" "Mozilla/5.0 (Linux; Android 7.0;) AppleWebKit/537.36 (KHTML, like Gecko) Mobile Safari/537.36 (compatible; PetalBot;+https://webmaster.petalsearch.com/site/petalbot)"
51.222.253.19 - - [15/Jan/2025:07:29:30 -0500] "GET /testbeta/packages/?MA HTTP/1.1" 200 699 "-" "Mozilla/5.0 (compatible; AhrefsBot/7.0; +http://ahrefs.com/robot/)"
51.222.253.14 - - [15/Jan/2025:07:30:48 -0500] "GET /inc/?NA HTTP/1.1" 200 1221 "-" "Mozilla/5.0 (compatible; AhrefsBot/7.0; +http://ahrefs.com/robot/)"
114.119.154.65 - - [15/Jan/2025:07:32:03 -0500] "GET /testbeta-atif/root_stripe/stripe/?SA HTTP/1.1" 200 1485 "https://eirtechs.com/testbeta-atif/root_stripe/stripe/" "Mozilla/5.0 (Linux; Android 7.0;) AppleWebKit/537.36 (KHTML, like Gecko) Mobile Safari/537.36 (compatible; PetalBot;+https://webmaster.petalsearch.com/site/petalbot)"
51.222.253.4 - - [15/Jan/2025:07:33:29 -0500] "GET /admin/img/?NA HTTP/1.1" 200 631 "-" "Mozilla/5.0 (compatible; AhrefsBot/7.0; +http://ahrefs.com/robot/)"
114.119.166.95 - - [15/Jan/2025:07:33:42 -0500] "GET /root_stripe/stripe/tests/Stripe/HttpClient/CurlClientTest.php HTTP/1.1" 200 156 "https://www.eirtechs.com/root_stripe/stripe/tests/Stripe/HttpClient/?SA" "Mozilla/5.0 (Linux; Android 7.0;) AppleWebKit/537.36 (KHTML, like Gecko) Mobile Safari/537.36 (compatible; PetalBot;+https://webmaster.petalsearch.com/site/petalbot)"
51.222.253.13 - - [15/Jan/2025:07:34:49 -0500] "GET /service/digital-marketing/email_marketing.php HTTP/1.1" 200 9709 "-" "Mozilla/5.0 (compatible; AhrefsBot/7.0; +http://ahrefs.com/robot/)"
51.222.253.18 - - [15/Jan/2025:07:36:12 -0500] "GET /testbeta/root_stripe/stripe/data/?ND HTTP/1.1" 200 632 "-" "Mozilla/5.0 (compatible; AhrefsBot/7.0; +http://ahrefs.com/robot/)"
114.119.128.244 - - [15/Jan/2025:07:37:03 -0500] "GET /testbeta-atif/packages/web.php HTTP/1.1" 200 6120 "https://eirtechs.com/testbeta-atif/packages/?SA" "Mozilla/5.0 (Linux; Android 7.0;) AppleWebKit/537.36 (KHTML, like Gecko) Mobile Safari/537.36 (compatible; PetalBot;+https://webmaster.petalsearch.com/site/petalbot)"
114.119.128.244 - - [15/Jan/2025:07:38:43 -0500] "GET /root_stripe/stripe/tests/Stripe/HttpClient/?ND HTTP/1.1" 200 806 "https://www.eirtechs.com/root_stripe/stripe/tests/Stripe/HttpClient/?NA" "Mozilla/5.0 (Linux; Android 7.0;) AppleWebKit/537.36 (KHTML, like Gecko) Mobile Safari/537.36 (compatible; PetalBot;+https://webmaster.petalsearch.com/site/petalbot)"
51.222.253.13 - - [15/Jan/2025:07:39:06 -0500] "GET /testbeta/assets/css/css/?NA HTTP/1.1" 200 669 "-" "Mozilla/5.0 (compatible; AhrefsBot/7.0; +http://ahrefs.com/robot/)"
51.222.253.10 - - [15/Jan/2025:07:41:56 -0500] "GET /testbeta/root_stripe/stripe/tests/Stripe/Issuing/TransactionTest.php HTTP/1.1" 200 152 "-" "Mozilla/5.0 (compatible; AhrefsBot/7.0; +http://ahrefs.com/robot/)"
114.119.145.115 - - [15/Jan/2025:07:42:05 -0500] "GET /testbeta-atif/mail/jqueryform.com.min.js HTTP/1.1" 200 7589 "https://eirtechs.com/testbeta-atif/mail/" "Mozilla/5.0 (Linux; Android 7.0;) AppleWebKit/537.36 (KHTML, like Gecko) Mobile Safari/537.36 (compatible; PetalBot;+https://webmaster.petalsearch.com/site/petalbot)"
51.222.253.3 - - [15/Jan/2025:07:43:37 -0500] "GET /assest/image/casestudy/?ND HTTP/1.1" 200 674 "-" "Mozilla/5.0 (compatible; AhrefsBot/7.0; +http://ahrefs.com/robot/)"
114.119.128.203 - - [15/Jan/2025:07:43:43 -0500] "GET /root_stripe/stripe/tests/Stripe/HttpClient/?NA HTTP/1.1" 200 806 "https://www.eirtechs.com/root_stripe/stripe/tests/Stripe/HttpClient/?SA" "Mozilla/5.0 (Linux; Android 7.0;) AppleWebKit/537.36 (KHTML, like Gecko) Mobile Safari/537.36 (compatible; PetalBot;+https://webmaster.petalsearch.com/site/petalbot)"
51.222.253.15 - - [15/Jan/2025:07:44:54 -0500] "GET /testbeta/root_stripe/stripe/tests/Stripe/Error/SignatureVerificationTest.php HTTP/1.1" 200 157 "-" "Mozilla/5.0 (compatible; AhrefsBot/7.0; +http://ahrefs.com/robot/)"
114.119.145.225 - - [15/Jan/2025:07:47:05 -0500] "GET /testbeta-atif/mail/?MA HTTP/1.1" 200 1313 "https://eirtechs.com/testbeta-atif/mail/" "Mozilla/5.0 (Linux; Android 7.0;) AppleWebKit/537.36 (KHTML, like Gecko) Mobile Safari/537.36 (compatible; PetalBot;+https://webmaster.petalsearch.com/site/petalbot)"
51.222.253.17 - - [15/Jan/2025:07:47:40 -0500] "GET /assets/js/?ND HTTP/1.1" 200 1386 "-" "Mozilla/5.0 (compatible; AhrefsBot/7.0; +http://ahrefs.com/robot/)"
114.119.145.115 - - [15/Jan/2025:07:48:43 -0500] "GET /root_stripe/stripe/tests/Stripe/FileUploadCreationTest.php HTTP/1.1" 200 157 "https://www.eirtechs.com/root_stripe/stripe/tests/Stripe/?ND" "Mozilla/5.0 (Linux; Android 7.0;) AppleWebKit/537.36 (KHTML, like Gecko) Mobile Safari/537.36 (compatible; PetalBot;+https://webmaster.petalsearch.com/site/petalbot)"
51.222.253.17 - - [15/Jan/2025:07:48:55 -0500] "GET /root_stripe/stripe/tests/Stripe/WebhookTest.php HTTP/1.1" 200 142 "-" "Mozilla/5.0 (compatible; AhrefsBot/7.0; +http://ahrefs.com/robot/)"
47.128.42.94 - - [15/Jan/2025:07:50:18 -0500] "GET /packages/logo-design.php HTTP/1.1" 200 7422 "-" "Mozilla/5.0 (Linux; Android 5.0) AppleWebKit/537.36 (KHTML, like Gecko) Mobile Safari/537.36 (compatible; Bytespider; spider-feedback@bytedance.com)"
47.128.42.94 - - [15/Jan/2025:07:50:20 -0500] "GET /packages/assest/image/logo.png HTTP/1.1" 404 1251 "https://eirtechs.com/packages/logo-design.php" "Mozilla/5.0 (Linux; Android 5.0) AppleWebKit/537.36 (KHTML, like Gecko) Mobile Safari/537.36 (compatible; Bytespider; spider-feedback@bytedance.com)"
47.128.42.94 - - [15/Jan/2025:07:50:21 -0500] "GET /packages/assets/images/phone_icon.svg HTTP/1.1" 404 1251 "https://eirtechs.com/packages/logo-design.php" "Mozilla/5.0 (Linux; Android 5.0) AppleWebKit/537.36 (KHTML, like Gecko) Mobile Safari/537.36 (compatible; Bytespider; spider-feedback@bytedance.com)"
47.128.42.94 - - [15/Jan/2025:07:50:21 -0500] "GET /assets/images/portfolio/logo/2-min.jpg HTTP/1.1" 206 500 "https://eirtechs.com/packages/logo-design.php" "Mozilla/5.0 (Linux; Android 5.0) AppleWebKit/537.36 (KHTML, like Gecko) Mobile Safari/537.36 (compatible; Bytespider; spider-feedback@bytedance.com)"
47.128.42.94 - - [15/Jan/2025:07:50:21 -0500] "GET /assets/images/portfolio/logo/5-min.jpg HTTP/1.1" 206 500 "https://eirtechs.com/packages/logo-design.php" "Mozilla/5.0 (Linux; Android 5.0) AppleWebKit/537.36 (KHTML, like Gecko) Mobile Safari/537.36 (compatible; Bytespider; spider-feedback@bytedance.com)"
47.128.42.94 - - [15/Jan/2025:07:50:21 -0500] "GET /assets/images/portfolio/logo/1-min.jpg HTTP/1.1" 206 500 "https://eirtechs.com/packages/logo-design.php" "Mozilla/5.0 (Linux; Android 5.0) AppleWebKit/537.36 (KHTML, like Gecko) Mobile Safari/537.36 (compatible; Bytespider; spider-feedback@bytedance.com)"
47.128.42.94 - - [15/Jan/2025:07:50:21 -0500] "GET /assets/images/portfolio/logo/3-min.jpg HTTP/1.1" 206 500 "https://eirtechs.com/packages/logo-design.php" "Mozilla/5.0 (Linux; Android 5.0) AppleWebKit/537.36 (KHTML, like Gecko) Mobile Safari/537.36 (compatible; Bytespider; spider-feedback@bytedance.com)"
47.128.42.94 - - [15/Jan/2025:07:50:21 -0500] "GET /assets/images/portfolio/logo/4-min.jpg HTTP/1.1" 206 500 "https://eirtechs.com/packages/logo-design.php" "Mozilla/5.0 (Linux; Android 5.0) AppleWebKit/537.36 (KHTML, like Gecko) Mobile Safari/537.36 (compatible; Bytespider; spider-feedback@bytedance.com)"
47.128.42.94 - - [15/Jan/2025:07:50:21 -0500] "GET /assets/images/portfolio/logo/7-min.jpg HTTP/1.1" 206 500 "https://eirtechs.com/packages/logo-design.php" "Mozilla/5.0 (Linux; Android 5.0) AppleWebKit/537.36 (KHTML, like Gecko) Mobile Safari/537.36 (compatible; Bytespider; spider-feedback@bytedance.com)"
47.128.42.94 - - [15/Jan/2025:07:50:22 -0500] "GET /assets/images/portfolio/logo/6-min.jpg HTTP/1.1" 206 500 "https://eirtechs.com/packages/logo-design.php" "Mozilla/5.0 (Linux; Android 5.0) AppleWebKit/537.36 (KHTML, like Gecko) Mobile Safari/537.36 (compatible; Bytespider; spider-feedback@bytedance.com)"
47.128.42.94 - - [15/Jan/2025:07:50:22 -0500] "GET /assets/css/animate.min.css HTTP/1.1" 200 3727 "https://eirtechs.com/assets/scss/style.css" "Mozilla/5.0 (Linux; Android 5.0) AppleWebKit/537.36 (KHTML, like Gecko) Mobile Safari/537.36 (compatible; Bytespider; spider-feedback@bytedance.com)"
47.128.42.94 - - [15/Jan/2025:07:50:22 -0500] "GET /assets/images/portfolio/logo/9-min.jpg HTTP/1.1" 206 500 "https://eirtechs.com/packages/logo-design.php" "Mozilla/5.0 (Linux; Android 5.0) AppleWebKit/537.36 (KHTML, like Gecko) Mobile Safari/537.36 (compatible; Bytespider; spider-feedback@bytedance.com)"
47.128.42.94 - - [15/Jan/2025:07:50:23 -0500] "GET /assets/images/portfolio/logo/11-min.jpg HTTP/1.1" 206 500 "https://eirtechs.com/packages/logo-design.php" "Mozilla/5.0 (Linux; Android 5.0) AppleWebKit/537.36 (KHTML, like Gecko) Mobile Safari/537.36 (compatible; Bytespider; spider-feedback@bytedance.com)"
47.128.42.94 - - [15/Jan/2025:07:50:23 -0500] "GET /assets/images/portfolio/logo/10-min.jpg HTTP/1.1" 206 500 "https://eirtechs.com/packages/logo-design.php" "Mozilla/5.0 (Linux; Android 5.0) AppleWebKit/537.36 (KHTML, like Gecko) Mobile Safari/537.36 (compatible; Bytespider; spider-feedback@bytedance.com)"
47.128.42.94 - - [15/Jan/2025:07:50:23 -0500] "GET /assets/images/portfolio/logo/13-min.jpg HTTP/1.1" 206 500 "https://eirtechs.com/packages/logo-design.php" "Mozilla/5.0 (Linux; Android 5.0) AppleWebKit/537.36 (KHTML, like Gecko) Mobile Safari/537.36 (compatible; Bytespider; spider-feedback@bytedance.com)"
47.128.42.94 - - [15/Jan/2025:07:50:23 -0500] "GET /assets/images/portfolio/logo/12-min.jpg HTTP/1.1" 206 500 "https://eirtechs.com/packages/logo-design.php" "Mozilla/5.0 (Linux; Android 5.0) AppleWebKit/537.36 (KHTML, like Gecko) Mobile Safari/537.36 (compatible; Bytespider; spider-feedback@bytedance.com)"
47.128.42.94 - - [15/Jan/2025:07:50:23 -0500] "GET /assets/images/portfolio/logo/15-min.jpg HTTP/1.1" 206 500 "https://eirtechs.com/packages/logo-design.php" "Mozilla/5.0 (Linux; Android 5.0) AppleWebKit/537.36 (KHTML, like Gecko) Mobile Safari/537.36 (compatible; Bytespider; spider-feedback@bytedance.com)"
47.128.42.94 - - [15/Jan/2025:07:50:23 -0500] "GET /assets/images/portfolio/logo/14-min.jpg HTTP/1.1" 206 500 "https://eirtechs.com/packages/logo-design.php" "Mozilla/5.0 (Linux; Android 5.0) AppleWebKit/537.36 (KHTML, like Gecko) Mobile Safari/537.36 (compatible; Bytespider; spider-feedback@bytedance.com)"
47.128.42.94 - - [15/Jan/2025:07:50:23 -0500] "GET /assets/images/portfolio/logo/16-min.jpg HTTP/1.1" 206 500 "https://eirtechs.com/packages/logo-design.php" "Mozilla/5.0 (Linux; Android 5.0) AppleWebKit/537.36 (KHTML, like Gecko) Mobile Safari/537.36 (compatible; Bytespider; spider-feedback@bytedance.com)"
47.128.42.94 - - [15/Jan/2025:07:50:24 -0500] "GET /assets/images/portfolio/logo/19-min.jpg HTTP/1.1" 206 500 "https://eirtechs.com/packages/logo-design.php" "Mozilla/5.0 (Linux; Android 5.0) AppleWebKit/537.36 (KHTML, like Gecko) Mobile Safari/537.36 (compatible; Bytespider; spider-feedback@bytedance.com)"
47.128.42.94 - - [15/Jan/2025:07:50:24 -0500] "GET /assets/images/portfolio/logo/18-min.jpg HTTP/1.1" 206 500 "https://eirtechs.com/packages/logo-design.php" "Mozilla/5.0 (Linux; Android 5.0) AppleWebKit/537.36 (KHTML, like Gecko) Mobile Safari/537.36 (compatible; Bytespider; spider-feedback@bytedance.com)"
47.128.42.94 - - [15/Jan/2025:07:50:24 -0500] "GET /assets/images/portfolio/logo/21-min.jpg HTTP/1.1" 206 500 "https://eirtechs.com/packages/logo-design.php" "Mozilla/5.0 (Linux; Android 5.0) AppleWebKit/537.36 (KHTML, like Gecko) Mobile Safari/537.36 (compatible; Bytespider; spider-feedback@bytedance.com)"
47.128.42.94 - - [15/Jan/2025:07:50:24 -0500] "GET /assets/images/portfolio/logo/20-min.jpg HTTP/1.1" 206 500 "https://eirtechs.com/packages/logo-design.php" "Mozilla/5.0 (Linux; Android 5.0) AppleWebKit/537.36 (KHTML, like Gecko) Mobile Safari/537.36 (compatible; Bytespider; spider-feedback@bytedance.com)"
47.128.42.94 - - [15/Jan/2025:07:50:24 -0500] "GET /assets/images/portfolio/logo/23-min.jpg HTTP/1.1" 206 500 "https://eirtechs.com/packages/logo-design.php" "Mozilla/5.0 (Linux; Android 5.0) AppleWebKit/537.36 (KHTML, like Gecko) Mobile Safari/537.36 (compatible; Bytespider; spider-feedback@bytedance.com)"
47.128.42.94 - - [15/Jan/2025:07:50:24 -0500] "GET /assets/images/portfolio/logo/22-min.jpg HTTP/1.1" 206 500 "https://eirtechs.com/packages/logo-design.php" "Mozilla/5.0 (Linux; Android 5.0) AppleWebKit/537.36 (KHTML, like Gecko) Mobile Safari/537.36 (compatible; Bytespider; spider-feedback@bytedance.com)"
47.128.42.94 - - [15/Jan/2025:07:50:24 -0500] "GET /assets/images/portfolio/logo/27-min.jpg HTTP/1.1" 206 500 "https://eirtechs.com/packages/logo-design.php" "Mozilla/5.0 (Linux; Android 5.0) AppleWebKit/537.36 (KHTML, like Gecko) Mobile Safari/537.36 (compatible; Bytespider; spider-feedback@bytedance.com)"
47.128.42.94 - - [15/Jan/2025:07:50:24 -0500] "GET /assets/images/portfolio/logo/25-min.jpg HTTP/1.1" 206 500 "https://eirtechs.com/packages/logo-design.php" "Mozilla/5.0 (Linux; Android 5.0) AppleWebKit/537.36 (KHTML, like Gecko) Mobile Safari/537.36 (compatible; Bytespider; spider-feedback@bytedance.com)"
47.128.42.94 - - [15/Jan/2025:07:50:25 -0500] "GET /assets/images/portfolio/logo/26-min.jpg HTTP/1.1" 206 500 "https://eirtechs.com/packages/logo-design.php" "Mozilla/5.0 (Linux; Android 5.0) AppleWebKit/537.36 (KHTML, like Gecko) Mobile Safari/537.36 (compatible; Bytespider; spider-feedback@bytedance.com)"
47.128.42.94 - - [15/Jan/2025:07:50:25 -0500] "GET /assets/images/portfolio/logo/28-min.jpg HTTP/1.1" 206 500 "https://eirtechs.com/packages/logo-design.php" "Mozilla/5.0 (Linux; Android 5.0) AppleWebKit/537.36 (KHTML, like Gecko) Mobile Safari/537.36 (compatible; Bytespider; spider-feedback@bytedance.com)"
47.128.42.94 - - [15/Jan/2025:07:50:25 -0500] "GET /assets/images/portfolio/logo/31-min.jpg HTTP/1.1" 206 500 "https://eirtechs.com/packages/logo-design.php" "Mozilla/5.0 (Linux; Android 5.0) AppleWebKit/537.36 (KHTML, like Gecko) Mobile Safari/537.36 (compatible; Bytespider; spider-feedback@bytedance.com)"
47.128.42.94 - - [15/Jan/2025:07:50:25 -0500] "GET /assets/images/portfolio/logo/29-min.jpg HTTP/1.1" 206 500 "https://eirtechs.com/packages/logo-design.php" "Mozilla/5.0 (Linux; Android 5.0) AppleWebKit/537.36 (KHTML, like Gecko) Mobile Safari/537.36 (compatible; Bytespider; spider-feedback@bytedance.com)"
47.128.42.94 - - [15/Jan/2025:07:50:26 -0500] "GET /assets/images/portfolio/logo/30-min.jpg HTTP/1.1" 206 500 "https://eirtechs.com/packages/logo-design.php" "Mozilla/5.0 (Linux; Android 5.0) AppleWebKit/537.36 (KHTML, like Gecko) Mobile Safari/537.36 (compatible; Bytespider; spider-feedback@bytedance.com)"
47.128.42.94 - - [15/Jan/2025:07:50:26 -0500] "GET /assets/images/portfolio/logo/33-min.jpg HTTP/1.1" 206 500 "https://eirtechs.com/packages/logo-design.php" "Mozilla/5.0 (Linux; Android 5.0) AppleWebKit/537.36 (KHTML, like Gecko) Mobile Safari/537.36 (compatible; Bytespider; spider-feedback@bytedance.com)"
47.128.42.94 - - [15/Jan/2025:07:50:26 -0500] "GET /assets/images/portfolio/logo/32-min.jpg HTTP/1.1" 206 500 "https://eirtechs.com/packages/logo-design.php" "Mozilla/5.0 (Linux; Android 5.0) AppleWebKit/537.36 (KHTML, like Gecko) Mobile Safari/537.36 (compatible; Bytespider; spider-feedback@bytedance.com)"
47.128.42.94 - - [15/Jan/2025:07:50:26 -0500] "GET /assets/images/portfolio/logo/35-min.jpg HTTP/1.1" 206 500 "https://eirtechs.com/packages/logo-design.php" "Mozilla/5.0 (Linux; Android 5.0) AppleWebKit/537.36 (KHTML, like Gecko) Mobile Safari/537.36 (compatible; Bytespider; spider-feedback@bytedance.com)"
47.128.42.94 - - [15/Jan/2025:07:50:26 -0500] "GET /assets/images/portfolio/logo/34-min.jpg HTTP/1.1" 206 500 "https://eirtechs.com/packages/logo-design.php" "Mozilla/5.0 (Linux; Android 5.0) AppleWebKit/537.36 (KHTML, like Gecko) Mobile Safari/537.36 (compatible; Bytespider; spider-feedback@bytedance.com)"
47.128.42.94 - - [15/Jan/2025:07:50:26 -0500] "GET /assets/images/portfolio/logo/36-min.jpg HTTP/1.1" 206 500 "https://eirtechs.com/packages/logo-design.php" "Mozilla/5.0 (Linux; Android 5.0) AppleWebKit/537.36 (KHTML, like Gecko) Mobile Safari/537.36 (compatible; Bytespider; spider-feedback@bytedance.com)"
47.128.42.94 - - [15/Jan/2025:07:50:26 -0500] "GET /assets/images/portfolio/logo/37-min.jpg HTTP/1.1" 206 500 "https://eirtechs.com/packages/logo-design.php" "Mozilla/5.0 (Linux; Android 5.0) AppleWebKit/537.36 (KHTML, like Gecko) Mobile Safari/537.36 (compatible; Bytespider; spider-feedback@bytedance.com)"
47.128.42.94 - - [15/Jan/2025:07:50:26 -0500] "GET /assets/images/portfolio/logo/39-min.jpg HTTP/1.1" 206 500 "https://eirtechs.com/packages/logo-design.php" "Mozilla/5.0 (Linux; Android 5.0) AppleWebKit/537.36 (KHTML, like Gecko) Mobile Safari/537.36 (compatible; Bytespider; spider-feedback@bytedance.com)"
47.128.42.94 - - [15/Jan/2025:07:50:27 -0500] "GET /assets/images/portfolio/logo/38-min.jpg HTTP/1.1" 206 500 "https://eirtechs.com/packages/logo-design.php" "Mozilla/5.0 (Linux; Android 5.0) AppleWebKit/537.36 (KHTML, like Gecko) Mobile Safari/537.36 (compatible; Bytespider; spider-feedback@bytedance.com)"
47.128.42.94 - - [15/Jan/2025:07:50:27 -0500] "GET /assets/images/portfolio/logo/41-min.jpg HTTP/1.1" 206 500 "https://eirtechs.com/packages/logo-design.php" "Mozilla/5.0 (Linux; Android 5.0) AppleWebKit/537.36 (KHTML, like Gecko) Mobile Safari/537.36 (compatible; Bytespider; spider-feedback@bytedance.com)"
47.128.42.94 - - [15/Jan/2025:07:50:27 -0500] "GET /assets/images/portfolio/logo/40-min.jpg HTTP/1.1" 206 500 "https://eirtechs.com/packages/logo-design.php" "Mozilla/5.0 (Linux; Android 5.0) AppleWebKit/537.36 (KHTML, like Gecko) Mobile Safari/537.36 (compatible; Bytespider; spider-feedback@bytedance.com)"
47.128.42.94 - - [15/Jan/2025:07:50:27 -0500] "GET /assets/images/portfolio/logo/43-min.jpg HTTP/1.1" 206 500 "https://eirtechs.com/packages/logo-design.php" "Mozilla/5.0 (Linux; Android 5.0) AppleWebKit/537.36 (KHTML, like Gecko) Mobile Safari/537.36 (compatible; Bytespider; spider-feedback@bytedance.com)"
47.128.42.94 - - [15/Jan/2025:07:50:28 -0500] "GET /assets/images/portfolio/logo/45-min.jpg HTTP/1.1" 206 500 "https://eirtechs.com/packages/logo-design.php" "Mozilla/5.0 (Linux; Android 5.0) AppleWebKit/537.36 (KHTML, like Gecko) Mobile Safari/537.36 (compatible; Bytespider; spider-feedback@bytedance.com)"
47.128.42.94 - - [15/Jan/2025:07:50:28 -0500] "GET /assets/images/portfolio/logo/44-min.jpg HTTP/1.1" 206 500 "https://eirtechs.com/packages/logo-design.php" "Mozilla/5.0 (Linux; Android 5.0) AppleWebKit/537.36 (KHTML, like Gecko) Mobile Safari/537.36 (compatible; Bytespider; spider-feedback@bytedance.com)"
47.128.42.94 - - [15/Jan/2025:07:50:28 -0500] "GET /assets/images/portfolio/logo/47-min.jpg HTTP/1.1" 206 500 "https://eirtechs.com/packages/logo-design.php" "Mozilla/5.0 (Linux; Android 5.0) AppleWebKit/537.36 (KHTML, like Gecko) Mobile Safari/537.36 (compatible; Bytespider; spider-feedback@bytedance.com)"
47.128.42.94 - - [15/Jan/2025:07:50:28 -0500] "GET /assets/images/portfolio/logo/46-min.jpg HTTP/1.1" 206 500 "https://eirtechs.com/packages/logo-design.php" "Mozilla/5.0 (Linux; Android 5.0) AppleWebKit/537.36 (KHTML, like Gecko) Mobile Safari/537.36 (compatible; Bytespider; spider-feedback@bytedance.com)"
47.128.42.94 - - [15/Jan/2025:07:50:28 -0500] "GET /assets/images/portfolio/logo/48-min.jpg HTTP/1.1" 206 500 "https://eirtechs.com/packages/logo-design.php" "Mozilla/5.0 (Linux; Android 5.0) AppleWebKit/537.36 (KHTML, like Gecko) Mobile Safari/537.36 (compatible; Bytespider; spider-feedback@bytedance.com)"
47.128.42.94 - - [15/Jan/2025:07:50:29 -0500] "GET /assets/images/portfolio/logo/51-min.jpg HTTP/1.1" 206 500 "https://eirtechs.com/packages/logo-design.php" "Mozilla/5.0 (Linux; Android 5.0) AppleWebKit/537.36 (KHTML, like Gecko) Mobile Safari/537.36 (compatible; Bytespider; spider-feedback@bytedance.com)"
47.128.42.94 - - [15/Jan/2025:07:50:29 -0500] "GET /assets/images/portfolio/logo/53-min.jpg HTTP/1.1" 206 500 "https://eirtechs.com/packages/logo-design.php" "Mozilla/5.0 (Linux; Android 5.0) AppleWebKit/537.36 (KHTML, like Gecko) Mobile Safari/537.36 (compatible; Bytespider; spider-feedback@bytedance.com)"
47.128.42.94 - - [15/Jan/2025:07:50:29 -0500] "GET /assets/images/portfolio/logo/52-min.jpg HTTP/1.1" 206 500 "https://eirtechs.com/packages/logo-design.php" "Mozilla/5.0 (Linux; Android 5.0) AppleWebKit/537.36 (KHTML, like Gecko) Mobile Safari/537.36 (compatible; Bytespider; spider-feedback@bytedance.com)"
47.128.42.94 - - [15/Jan/2025:07:50:29 -0500] "GET /assets/images/portfolio/logo/55-min.jpg HTTP/1.1" 206 500 "https://eirtechs.com/packages/logo-design.php" "Mozilla/5.0 (Linux; Android 5.0) AppleWebKit/537.36 (KHTML, like Gecko) Mobile Safari/537.36 (compatible; Bytespider; spider-feedback@bytedance.com)"
47.128.42.94 - - [15/Jan/2025:07:50:29 -0500] "GET /assets/images/portfolio/logo/54-min.jpg HTTP/1.1" 206 500 "https://eirtechs.com/packages/logo-design.php" "Mozilla/5.0 (Linux; Android 5.0) AppleWebKit/537.36 (KHTML, like Gecko) Mobile Safari/537.36 (compatible; Bytespider; spider-feedback@bytedance.com)"
47.128.42.94 - - [15/Jan/2025:07:50:29 -0500] "GET /assets/images/portfolio/logo/56-min.jpg HTTP/1.1" 206 500 "https://eirtechs.com/packages/logo-design.php" "Mozilla/5.0 (Linux; Android 5.0) AppleWebKit/537.36 (KHTML, like Gecko) Mobile Safari/537.36 (compatible; Bytespider; spider-feedback@bytedance.com)"
114.119.145.115 - - [15/Jan/2025:07:52:04 -0500] "GET /testbeta-atif/mail/?MA HTTP/1.1" 200 1313 "https://eirtechs.com/testbeta-atif/mail/" "Mozilla/5.0 (Linux; Android 7.0;) AppleWebKit/537.36 (KHTML, like Gecko) Mobile Safari/537.36 (compatible; PetalBot;+https://webmaster.petalsearch.com/site/petalbot)"
114.119.154.65 - - [15/Jan/2025:07:53:45 -0500] "GET /root_stripe/stripe/tests/Stripe/FileLinkTest.php HTTP/1.1" 200 152 "https://www.eirtechs.com/root_stripe/stripe/tests/Stripe/?SA" "Mozilla/5.0 (Linux; Android 7.0;) AppleWebKit/537.36 (KHTML, like Gecko) Mobile Safari/537.36 (compatible; PetalBot;+https://webmaster.petalsearch.com/site/petalbot)"
47.128.61.0 - - [15/Jan/2025:07:54:19 -0500] "GET /services/web.php HTTP/1.1" 200 6726 "-" "Mozilla/5.0 (Linux; Android 5.0) AppleWebKit/537.36 (KHTML, like Gecko) Mobile Safari/537.36 (compatible; Bytespider; spider-feedback@bytedance.com)"
47.128.61.0 - - [15/Jan/2025:07:54:21 -0500] "GET /services/assest/image/logo.png HTTP/1.1" 404 1251 "https://eirtechs.com/services/web.php" "Mozilla/5.0 (Linux; Android 5.0) AppleWebKit/537.36 (KHTML, like Gecko) Mobile Safari/537.36 (compatible; Bytespider; spider-feedback@bytedance.com)"
47.128.61.0 - - [15/Jan/2025:07:54:21 -0500] "GET /assets/images/portfolio/website/1-min.jpg HTTP/1.1" 206 500 "https://eirtechs.com/services/web.php" "Mozilla/5.0 (Linux; Android 5.0) AppleWebKit/537.36 (KHTML, like Gecko) Mobile Safari/537.36 (compatible; Bytespider; spider-feedback@bytedance.com)"
47.128.61.0 - - [15/Jan/2025:07:54:21 -0500] "GET /assets/images/ban-web.jpg HTTP/1.1" 206 500 "https://eirtechs.com/services/web.php" "Mozilla/5.0 (Linux; Android 5.0) AppleWebKit/537.36 (KHTML, like Gecko) Mobile Safari/537.36 (compatible; Bytespider; spider-feedback@bytedance.com)"
47.128.61.0 - - [15/Jan/2025:07:54:21 -0500] "GET /assets/images/portfolio/website/7-min.jpg HTTP/1.1" 206 500 "https://eirtechs.com/services/web.php" "Mozilla/5.0 (Linux; Android 5.0) AppleWebKit/537.36 (KHTML, like Gecko) Mobile Safari/537.36 (compatible; Bytespider; spider-feedback@bytedance.com)"
47.128.61.0 - - [15/Jan/2025:07:54:21 -0500] "GET /assets/images/portfolio/website/2-min.jpg HTTP/1.1" 206 500 "https://eirtechs.com/services/web.php" "Mozilla/5.0 (Linux; Android 5.0) AppleWebKit/537.36 (KHTML, like Gecko) Mobile Safari/537.36 (compatible; Bytespider; spider-feedback@bytedance.com)"
47.128.61.0 - - [15/Jan/2025:07:54:21 -0500] "GET /assets/images/portfolio/website/5-min.jpg HTTP/1.1" 206 500 "https://eirtechs.com/services/web.php" "Mozilla/5.0 (Linux; Android 5.0) AppleWebKit/537.36 (KHTML, like Gecko) Mobile Safari/537.36 (compatible; Bytespider; spider-feedback@bytedance.com)"
47.128.61.0 - - [15/Jan/2025:07:54:21 -0500] "GET /assets/images/portfolio/website/3-min.jpg HTTP/1.1" 206 500 "https://eirtechs.com/services/web.php" "Mozilla/5.0 (Linux; Android 5.0) AppleWebKit/537.36 (KHTML, like Gecko) Mobile Safari/537.36 (compatible; Bytespider; spider-feedback@bytedance.com)"
47.128.61.0 - - [15/Jan/2025:07:54:21 -0500] "GET /assets/images/portfolio/website/9-min.jpg HTTP/1.1" 206 500 "https://eirtechs.com/services/web.php" "Mozilla/5.0 (Linux; Android 5.0) AppleWebKit/537.36 (KHTML, like Gecko) Mobile Safari/537.36 (compatible; Bytespider; spider-feedback@bytedance.com)"
47.128.61.0 - - [15/Jan/2025:07:54:21 -0500] "GET /assets/images/portfolio/website/8-min.jpg HTTP/1.1" 206 500 "https://eirtechs.com/services/web.php" "Mozilla/5.0 (Linux; Android 5.0) AppleWebKit/537.36 (KHTML, like Gecko) Mobile Safari/537.36 (compatible; Bytespider; spider-feedback@bytedance.com)"
47.128.61.0 - - [15/Jan/2025:07:54:21 -0500] "GET /assets/images/portfolio/website/6-min.jpg HTTP/1.1" 206 500 "https://eirtechs.com/services/web.php" "Mozilla/5.0 (Linux; Android 5.0) AppleWebKit/537.36 (KHTML, like Gecko) Mobile Safari/537.36 (compatible; Bytespider; spider-feedback@bytedance.com)"
47.128.61.0 - - [15/Jan/2025:07:54:21 -0500] "GET /assets/images/portfolio/website/11-min.jpg HTTP/1.1" 206 500 "https://eirtechs.com/services/web.php" "Mozilla/5.0 (Linux; Android 5.0) AppleWebKit/537.36 (KHTML, like Gecko) Mobile Safari/537.36 (compatible; Bytespider; spider-feedback@bytedance.com)"
47.128.61.0 - - [15/Jan/2025:07:54:21 -0500] "GET /assets/images/portfolio/website/13-min.jpg HTTP/1.1" 206 500 "https://eirtechs.com/services/web.php" "Mozilla/5.0 (Linux; Android 5.0) AppleWebKit/537.36 (KHTML, like Gecko) Mobile Safari/537.36 (compatible; Bytespider; spider-feedback@bytedance.com)"
47.128.61.0 - - [15/Jan/2025:07:54:21 -0500] "GET /assets/images/portfolio/website/12-min.jpg HTTP/1.1" 206 500 "https://eirtechs.com/services/web.php" "Mozilla/5.0 (Linux; Android 5.0) AppleWebKit/537.36 (KHTML, like Gecko) Mobile Safari/537.36 (compatible; Bytespider; spider-feedback@bytedance.com)"
47.128.61.0 - - [15/Jan/2025:07:54:21 -0500] "GET /assets/images/portfolio/website/15-min.jpg HTTP/1.1" 206 500 "https://eirtechs.com/services/web.php" "Mozilla/5.0 (Linux; Android 5.0) AppleWebKit/537.36 (KHTML, like Gecko) Mobile Safari/537.36 (compatible; Bytespider; spider-feedback@bytedance.com)"
47.128.61.0 - - [15/Jan/2025:07:54:21 -0500] "GET /assets/images/portfolio/website/14-min.jpg HTTP/1.1" 206 500 "https://eirtechs.com/services/web.php" "Mozilla/5.0 (Linux; Android 5.0) AppleWebKit/537.36 (KHTML, like Gecko) Mobile Safari/537.36 (compatible; Bytespider; spider-feedback@bytedance.com)"
47.128.61.0 - - [15/Jan/2025:07:54:21 -0500] "GET /assets/images/portfolio/website/17-min.jpg HTTP/1.1" 206 500 "https://eirtechs.com/services/web.php" "Mozilla/5.0 (Linux; Android 5.0) AppleWebKit/537.36 (KHTML, like Gecko) Mobile Safari/537.36 (compatible; Bytespider; spider-feedback@bytedance.com)"
47.128.61.0 - - [15/Jan/2025:07:54:21 -0500] "GET /assets/images/portfolio/website/19-min.jpg HTTP/1.1" 206 500 "https://eirtechs.com/services/web.php" "Mozilla/5.0 (Linux; Android 5.0) AppleWebKit/537.36 (KHTML, like Gecko) Mobile Safari/537.36 (compatible; Bytespider; spider-feedback@bytedance.com)"
47.128.61.0 - - [15/Jan/2025:07:54:21 -0500] "GET /assets/images/portfolio/website/20-min.jpg HTTP/1.1" 206 500 "https://eirtechs.com/services/web.php" "Mozilla/5.0 (Linux; Android 5.0) AppleWebKit/537.36 (KHTML, like Gecko) Mobile Safari/537.36 (compatible; Bytespider; spider-feedback@bytedance.com)"
47.128.61.0 - - [15/Jan/2025:07:54:21 -0500] "GET /assets/images/portfolio/website/16-min.jpg HTTP/1.1" 206 500 "https://eirtechs.com/services/web.php" "Mozilla/5.0 (Linux; Android 5.0) AppleWebKit/537.36 (KHTML, like Gecko) Mobile Safari/537.36 (compatible; Bytespider; spider-feedback@bytedance.com)"
47.128.61.0 - - [15/Jan/2025:07:54:21 -0500] "GET /assets/images/portfolio/website/18-min.jpg HTTP/1.1" 206 500 "https://eirtechs.com/services/web.php" "Mozilla/5.0 (Linux; Android 5.0) AppleWebKit/537.36 (KHTML, like Gecko) Mobile Safari/537.36 (compatible; Bytespider; spider-feedback@bytedance.com)"
47.128.61.0 - - [15/Jan/2025:07:54:21 -0500] "GET /services/assets/images/phone_icon.svg HTTP/1.1" 404 1251 "https://eirtechs.com/services/web.php" "Mozilla/5.0 (Linux; Android 5.0) AppleWebKit/537.36 (KHTML, like Gecko) Mobile Safari/537.36 (compatible; Bytespider; spider-feedback@bytedance.com)"
51.222.253.12 - - [15/Jan/2025:07:54:27 -0500] "GET /assets/images/portfolio/topbrands-resize/?ND HTTP/1.1" 200 1073 "-" "Mozilla/5.0 (compatible; AhrefsBot/7.0; +http://ahrefs.com/robot/)"
51.222.253.19 - - [15/Jan/2025:07:56:00 -0500] "GET /assest/image/casestudy/Medusa/?SA HTTP/1.1" 200 747 "-" "Mozilla/5.0 (compatible; AhrefsBot/7.0; +http://ahrefs.com/robot/)"
114.119.166.95 - - [15/Jan/2025:07:57:04 -0500] "GET /admin/vendor/fontawesome-free/svgs/solid/transgender-alt.svg HTTP/1.1" 200 460 "https://www.eirtechs.com/admin/vendor/fontawesome-free/svgs/solid/?SD" "Mozilla/5.0 (Linux; Android 7.0;) AppleWebKit/537.36 (KHTML, like Gecko) Mobile Safari/537.36 (compatible; PetalBot;+https://webmaster.petalsearch.com/site/petalbot)"
51.222.253.13 - - [15/Jan/2025:07:57:28 -0500] "GET /testbeta-atif/assets/css/css/?ND HTTP/1.1" 200 676 "-" "Mozilla/5.0 (compatible; AhrefsBot/7.0; +http://ahrefs.com/robot/)"
47.128.16.102 - - [15/Jan/2025:07:58:19 -0500] "GET /service/corporate_branding.php HTTP/1.1" 200 7835 "-" "Mozilla/5.0 (Linux; Android 5.0) AppleWebKit/537.36 (KHTML, like Gecko) Mobile Safari/537.36 (compatible; Bytespider; spider-feedback@bytedance.com)"
47.128.16.102 - - [15/Jan/2025:07:58:21 -0500] "GET /assest/image/slider/c3.jpg HTTP/1.1" 206 500 "https://eirtechs.com/service/corporate_branding.php" "Mozilla/5.0 (Linux; Android 5.0) AppleWebKit/537.36 (KHTML, like Gecko) Mobile Safari/537.36 (compatible; Bytespider; spider-feedback@bytedance.com)"
47.128.16.102 - - [15/Jan/2025:07:58:22 -0500] "GET /assest/image/slider/c1.jpg HTTP/1.1" 206 500 "https://eirtechs.com/service/corporate_branding.php" "Mozilla/5.0 (Linux; Android 5.0) AppleWebKit/537.36 (KHTML, like Gecko) Mobile Safari/537.36 (compatible; Bytespider; spider-feedback@bytedance.com)"
47.128.16.102 - - [15/Jan/2025:07:58:22 -0500] "GET /assest/image/phone_icon.svg HTTP/1.1" 206 500 "https://eirtechs.com/service/corporate_branding.php" "Mozilla/5.0 (Linux; Android 5.0) AppleWebKit/537.36 (KHTML, like Gecko) Mobile Safari/537.36 (compatible; Bytespider; spider-feedback@bytedance.com)"
47.128.16.102 - - [15/Jan/2025:07:58:22 -0500] "GET /assest/image/card14.jpg HTTP/1.1" 206 500 "https://eirtechs.com/service/corporate_branding.php" "Mozilla/5.0 (Linux; Android 5.0) AppleWebKit/537.36 (KHTML, like Gecko) Mobile Safari/537.36 (compatible; Bytespider; spider-feedback@bytedance.com)"
47.128.16.102 - - [15/Jan/2025:07:58:22 -0500] "GET /assest/image/card15.jpg HTTP/1.1" 206 500 "https://eirtechs.com/service/corporate_branding.php" "Mozilla/5.0 (Linux; Android 5.0) AppleWebKit/537.36 (KHTML, like Gecko) Mobile Safari/537.36 (compatible; Bytespider; spider-feedback@bytedance.com)"
47.128.16.102 - - [15/Jan/2025:07:58:22 -0500] "GET /assest/image/card13.jpg HTTP/1.1" 206 500 "https://eirtechs.com/service/corporate_branding.php" "Mozilla/5.0 (Linux; Android 5.0) AppleWebKit/537.36 (KHTML, like Gecko) Mobile Safari/537.36 (compatible; Bytespider; spider-feedback@bytedance.com)"
47.128.16.102 - - [15/Jan/2025:07:58:22 -0500] "GET /assest/image/slider/c6.jpg HTTP/1.1" 206 500 "https://eirtechs.com/service/corporate_branding.php" "Mozilla/5.0 (Linux; Android 5.0) AppleWebKit/537.36 (KHTML, like Gecko) Mobile Safari/537.36 (compatible; Bytespider; spider-feedback@bytedance.com)"
114.119.128.244 - - [15/Jan/2025:07:58:48 -0500] "GET /root_stripe/stripe/tests/Stripe/FileCreationTest.php HTTP/1.1" 200 152 "https://www.eirtechs.com/root_stripe/stripe/tests/Stripe/?ND" "Mozilla/5.0 (Linux; Android 7.0;) AppleWebKit/537.36 (KHTML, like Gecko) Mobile Safari/537.36 (compatible; PetalBot;+https://webmaster.petalsearch.com/site/petalbot)"
51.222.253.16 - - [15/Jan/2025:08:00:12 -0500] "GET /admin/vendor/bootstrap/scss/utilities/?ND HTTP/1.1" 200 1261 "-" "Mozilla/5.0 (compatible; AhrefsBot/7.0; +http://ahrefs.com/robot/)"
51.222.253.4 - - [15/Jan/2025:08:01:38 -0500] "GET /testbeta-atif/stripe/?ND HTTP/1.1" 200 662 "-" "Mozilla/5.0 (compatible; AhrefsBot/7.0; +http://ahrefs.com/robot/)"
114.119.166.95 - - [15/Jan/2025:08:02:05 -0500] "GET /admin/vendor/fontawesome-free/svgs/brands/shopware.svg HTTP/1.1" 200 406 "https://www.eirtechs.com/admin/vendor/fontawesome-free/svgs/brands/?SD" "Mozilla/5.0 (Linux; Android 7.0;) AppleWebKit/537.36 (KHTML, like Gecko) Mobile Safari/537.36 (compatible; PetalBot;+https://webmaster.petalsearch.com/site/petalbot)"
51.222.253.11 - - [15/Jan/2025:08:03:03 -0500] "GET /testbeta/root_stripe/stripe/tests/Stripe/Error/BaseTest.php HTTP/1.1" 200 148 "-" "Mozilla/5.0 (compatible; AhrefsBot/7.0; +http://ahrefs.com/robot/)"
114.119.128.203 - - [15/Jan/2025:08:03:48 -0500] "GET /root_stripe/stripe/tests/Stripe/ExchangeRateTest.php HTTP/1.1" 200 156 "https://www.eirtechs.com/root_stripe/stripe/tests/Stripe/?ND" "Mozilla/5.0 (Linux; Android 7.0;) AppleWebKit/537.36 (KHTML, like Gecko) Mobile Safari/537.36 (compatible; PetalBot;+https://webmaster.petalsearch.com/site/petalbot)"
51.222.253.14 - - [15/Jan/2025:08:04:30 -0500] "GET /assets/fonts/open-iconic/?ND HTTP/1.1" 200 717 "-" "Mozilla/5.0 (compatible; AhrefsBot/7.0; +http://ahrefs.com/robot/)"
51.222.253.9 - - [15/Jan/2025:08:06:02 -0500] "GET /admin/vendor/fontawesome-free/css/?ND HTTP/1.1" 200 1203 "-" "Mozilla/5.0 (compatible; AhrefsBot/7.0; +http://ahrefs.com/robot/)"
114.119.145.115 - - [15/Jan/2025:08:07:05 -0500] "GET /admin/vendor/fontawesome-free/svgs/brands/goodreads.svg HTTP/1.1" 200 475 "https://www.eirtechs.com/admin/vendor/fontawesome-free/svgs/brands/?SD" "Mozilla/5.0 (Linux; Android 7.0;) AppleWebKit/537.36 (KHTML, like Gecko) Mobile Safari/537.36 (compatible; PetalBot;+https://webmaster.petalsearch.com/site/petalbot)"
51.222.253.6 - - [15/Jan/2025:08:07:32 -0500] "GET /testbeta/assets/scss/?ND HTTP/1.1" 200 715 "-" "Mozilla/5.0 (compatible; AhrefsBot/7.0; +http://ahrefs.com/robot/)"
114.119.136.199 - - [15/Jan/2025:08:08:45 -0500] "GET /root_stripe/stripe/tests/Stripe/EventTest.php HTTP/1.1" 200 149 "https://www.eirtechs.com/root_stripe/stripe/tests/Stripe/?ND" "Mozilla/5.0 (Linux; Android 7.0;) AppleWebKit/537.36 (KHTML, like Gecko) Mobile Safari/537.36 (compatible; PetalBot;+https://webmaster.petalsearch.com/site/petalbot)"
51.222.253.3 - - [15/Jan/2025:08:08:51 -0500] "GET /assest/image/casestudy/Medusa/?MA HTTP/1.1" 200 750 "-" "Mozilla/5.0 (compatible; AhrefsBot/7.0; +http://ahrefs.com/robot/)"
47.128.115.214 - - [15/Jan/2025:08:09:12 -0500] "GET /testbeta/root_stripe/stripe/lib/Issuing/Transaction.php HTTP/1.1" 200 148 "-" "Mozilla/5.0 (Linux; Android 5.0) AppleWebKit/537.36 (KHTML, like Gecko) Mobile Safari/537.36 (compatible; Bytespider; spider-feedback@bytedance.com)"
51.222.253.11 - - [15/Jan/2025:08:10:13 -0500] "GET /assest/image/casestudy/Medusa/?MD HTTP/1.1" 200 746 "-" "Mozilla/5.0 (compatible; AhrefsBot/7.0; +http://ahrefs.com/robot/)"
51.222.253.19 - - [15/Jan/2025:08:11:42 -0500] "GET /testbeta/stripe/?ND HTTP/1.1" 200 656 "-" "Mozilla/5.0 (compatible; AhrefsBot/7.0; +http://ahrefs.com/robot/)"
114.119.145.225 - - [15/Jan/2025:08:12:05 -0500] "GET /admin/vendor/fontawesome-free/svgs/brands/delicious.svg HTTP/1.1" 200 334 "https://www.eirtechs.com/admin/vendor/fontawesome-free/svgs/brands/?SD" "Mozilla/5.0 (Linux; Android 7.0;) AppleWebKit/537.36 (KHTML, like Gecko) Mobile Safari/537.36 (compatible; PetalBot;+https://webmaster.petalsearch.com/site/petalbot)"
47.128.111.80 - - [15/Jan/2025:08:13:12 -0500] "GET /testbeta/root_stripe/stripe/lib/File.php HTTP/1.1" 200 137 "-" "Mozilla/5.0 (Linux; Android 5.0) AppleWebKit/537.36 (KHTML, like Gecko) Mobile Safari/537.36 (compatible; Bytespider; spider-feedback@bytedance.com)"
114.119.166.95 - - [15/Jan/2025:08:13:44 -0500] "GET /root_stripe/stripe/tests/Stripe/Error/SignatureVerificationTest.php HTTP/1.1" 200 163 "https://www.eirtechs.com/root_stripe/stripe/tests/Stripe/Error/?SA" "Mozilla/5.0 (Linux; Android 7.0;) AppleWebKit/537.36 (KHTML, like Gecko) Mobile Safari/537.36 (compatible; PetalBot;+https://webmaster.petalsearch.com/site/petalbot)"
51.222.253.6 - - [15/Jan/2025:08:13:55 -0500] "GET /testbeta/services/seo.php HTTP/1.1" 200 4384 "-" "Mozilla/5.0 (compatible; AhrefsBot/7.0; +http://ahrefs.com/robot/)"
51.222.253.17 - - [15/Jan/2025:08:16:27 -0500] "GET /assets/?ND HTTP/1.1" 200 1003 "-" "Mozilla/5.0 (compatible; AhrefsBot/7.0; +http://ahrefs.com/robot/)"
114.119.135.120 - - [15/Jan/2025:08:17:10 -0500] "GET /testbeta/root_stripe/stripe/tests/data/?NA HTTP/1.1" 200 779 "https://eirtechs.com/testbeta/root_stripe/stripe/tests/data/?SA" "Mozilla/5.0 (Linux; Android 7.0;) AppleWebKit/537.36 (KHTML, like Gecko) Mobile Safari/537.36 (compatible; PetalBot;+https://webmaster.petalsearch.com/site/petalbot)"
47.128.112.254 - - [15/Jan/2025:08:17:12 -0500] "GET /root_stripe/stripe/tests/Stripe/ApplicationFeeTest.php HTTP/1.1" 200 144 "-" "Mozilla/5.0 (Linux; Android 5.0) AppleWebKit/537.36 (KHTML, like Gecko) Mobile Safari/537.36 (compatible; Bytespider; spider-feedback@bytedance.com)"
114.119.145.225 - - [15/Jan/2025:08:18:42 -0500] "GET /root_stripe/stripe/tests/Stripe/Error/BaseTest.php HTTP/1.1" 200 152 "https://www.eirtechs.com/root_stripe/stripe/tests/Stripe/Error/?SA" "Mozilla/5.0 (Linux; Android 7.0;) AppleWebKit/537.36 (KHTML, like Gecko) Mobile Safari/537.36 (compatible; PetalBot;+https://webmaster.petalsearch.com/site/petalbot)"
51.222.253.5 - - [15/Jan/2025:08:20:39 -0500] "GET /root_stripe/stripe/tests/Stripe/HttpClient/?MA HTTP/1.1" 200 656 "-" "Mozilla/5.0 (compatible; AhrefsBot/7.0; +http://ahrefs.com/robot/)"
47.128.99.214 - - [15/Jan/2025:08:21:12 -0500] "GET /root_stripe/stripe/tests/Stripe/HttpClient/CurlClientTest.php HTTP/1.1" 200 146 "-" "Mozilla/5.0 (Linux; Android 5.0) AppleWebKit/537.36 (KHTML, like Gecko) Mobile Safari/537.36 (compatible; Bytespider; spider-feedback@bytedance.com)"
114.119.136.199 - - [15/Jan/2025:08:22:04 -0500] "GET /testbeta/assets/images/portfolio/website/?ND HTTP/1.1" 200 1632 "https://eirtechs.com/testbeta/assets/images/portfolio/website/" "Mozilla/5.0 (Linux; Android 7.0;) AppleWebKit/537.36 (KHTML, like Gecko) Mobile Safari/537.36 (compatible; PetalBot;+https://webmaster.petalsearch.com/site/petalbot)"
77.75.77.109 - - [15/Jan/2025:08:22:20 -0500] "GET /assest/image/socialinsigh.jpg HTTP/1.1" 304 0 "-" "Mozilla/5.0 (compatible; SeznamBot/4.0; +http://napoveda.seznam.cz/seznambot-intro/)"
51.222.253.9 - - [15/Jan/2025:08:22:22 -0500] "GET /testbeta/assets/css/css/?SA HTTP/1.1" 200 677 "-" "Mozilla/5.0 (compatible; AhrefsBot/7.0; +http://ahrefs.com/robot/)"
114.119.166.95 - - [15/Jan/2025:08:23:44 -0500] "GET /testbeta/root_stripe/stripe/tests/Stripe/RecipientTest.php HTTP/1.1" 200 157 "https://www.eirtechs.com/testbeta/root_stripe/stripe/tests/Stripe/" "Mozilla/5.0 (Linux; Android 7.0;) AppleWebKit/537.36 (KHTML, like Gecko) Mobile Safari/537.36 (compatible; PetalBot;+https://webmaster.petalsearch.com/site/petalbot)"
51.222.253.18 - - [15/Jan/2025:08:23:50 -0500] "GET /testbeta/mail/?NA HTTP/1.1" 200 1086 "-" "Mozilla/5.0 (compatible; AhrefsBot/7.0; +http://ahrefs.com/robot/)"
51.222.253.3 - - [15/Jan/2025:08:25:09 -0500] "GET /root_stripe/stripe/tests/Stripe/Terminal/ HTTP/1.1" 200 697 "-" "Mozilla/5.0 (compatible; AhrefsBot/7.0; +http://ahrefs.com/robot/)"
51.222.253.4 - - [15/Jan/2025:08:26:43 -0500] "GET /testbeta-atif/root_stripe/stripe/tests/Stripe/Issuing/CardholderTest.php HTTP/1.1" 200 156 "-" "Mozilla/5.0 (compatible; AhrefsBot/7.0; +http://ahrefs.com/robot/)"
114.119.166.95 - - [15/Jan/2025:08:27:04 -0500] "GET /testbeta-atif/inc/cta.php HTTP/1.1" 200 403 "https://eirtechs.com/testbeta-atif/inc/?MA" "Mozilla/5.0 (Linux; Android 7.0;) AppleWebKit/537.36 (KHTML, like Gecko) Mobile Safari/537.36 (compatible; PetalBot;+https://webmaster.petalsearch.com/site/petalbot)"
51.222.253.15 - - [15/Jan/2025:08:28:23 -0500] "GET /root_stripe/?NA HTTP/1.1" 200 608 "-" "Mozilla/5.0 (compatible; AhrefsBot/7.0; +http://ahrefs.com/robot/)"
35.237.209.240 - - [15/Jan/2025:08:28:45 -0500] "GET /robots.txt HTTP/1.0" 404 1251 "-" "ZoominfoBot (zoominfobot at zoominfo dot com)"
35.237.209.240 - - [15/Jan/2025:08:28:45 -0500] "GET /?SA HTTP/1.0" 200 2189 "-" "ZoominfoBot (zoominfobot at zoominfo dot com)"
114.119.145.225 - - [15/Jan/2025:08:28:46 -0500] "GET /testbeta/root_stripe/stripe/tests/Stripe/CustomerTest.php HTTP/1.1" 200 155 "https://www.eirtechs.com/testbeta/root_stripe/stripe/tests/Stripe/" "Mozilla/5.0 (Linux; Android 7.0;) AppleWebKit/537.36 (KHTML, like Gecko) Mobile Safari/537.36 (compatible; PetalBot;+https://webmaster.petalsearch.com/site/petalbot)"
35.237.209.240 - - [15/Jan/2025:08:28:48 -0500] "GET /cgi-bin/ HTTP/1.0" 403 1242 "-" "ZoominfoBot (zoominfobot at zoominfo dot com)"
51.222.253.9 - - [15/Jan/2025:08:30:00 -0500] "GET /admin/js/demo/?ND HTTP/1.1" 200 686 "-" "Mozilla/5.0 (compatible; AhrefsBot/7.0; +http://ahrefs.com/robot/)"
156.59.198.135 - - [15/Jan/2025:08:30:07 -0500] "GET /assest/image/casestudy/Medusa/medusa-inner-2.jpg HTTP/1.1" 404 1251 "-" "Mozilla/5.0 (Linux; Android 5.0) AppleWebKit/537.36 (KHTML, like Gecko) Mobile Safari/537.36 (compatible; Bytespider; spider-feedback@bytedance.com)"
114.119.136.199 - - [15/Jan/2025:08:32:04 -0500] "GET /testbeta-atif/inc/?SA HTTP/1.1" 200 829 "https://eirtechs.com/testbeta-atif/inc/?MA" "Mozilla/5.0 (Linux; Android 7.0;) AppleWebKit/537.36 (KHTML, like Gecko) Mobile Safari/537.36 (compatible; PetalBot;+https://webmaster.petalsearch.com/site/petalbot)"
51.222.253.14 - - [15/Jan/2025:08:33:16 -0500] "GET /testbeta/assets/images/services/?NA HTTP/1.1" 200 727 "-" "Mozilla/5.0 (compatible; AhrefsBot/7.0; +http://ahrefs.com/robot/)"
114.119.136.199 - - [15/Jan/2025:08:33:43 -0500] "GET /testbeta/assets/scss/bootstrap/_breadcrumb.scss HTTP/1.1" 200 1278 "https://www.eirtechs.com/testbeta/assets/scss/bootstrap/?SD" "Mozilla/5.0 (Linux; Android 7.0;) AppleWebKit/537.36 (KHTML, like Gecko) Mobile Safari/537.36 (compatible; PetalBot;+https://webmaster.petalsearch.com/site/petalbot)"
156.59.198.135 - - [15/Jan/2025:08:34:10 -0500] "GET /assest/image/mobileperspective/digitalmarketing/digital/marketing1.svg HTTP/1.1" 404 1251 "-" "Mozilla/5.0 (Linux; Android 5.0) AppleWebKit/537.36 (KHTML, like Gecko) Mobile Safari/537.36 (compatible; Bytespider; spider-feedback@bytedance.com)"
