51.222.253.3 - - [15/Jan/2025:15:19:20 -0500] "GET /service/mobile-application/?ND HTTP/1.1" 200 1069 "-" "Mozilla/5.0 (compatible; AhrefsBot/7.0; +http://ahrefs.com/robot/)"
51.222.253.16 - - [15/Jan/2025:15:19:30 -0500] "GET /_autoindex/assets/js/tablesort.js HTTP/1.1" 200 2137 "-" "Mozilla/5.0 (compatible; AhrefsBot/7.0; +http://ahrefs.com/robot/)"
51.222.253.9 - - [15/Jan/2025:15:19:31 -0500] "GET /_autoindex/assets/css/autoindex.css HTTP/1.1" 200 1170 "-" "Mozilla/5.0 (compatible; AhrefsBot/7.0; +http://ahrefs.com/robot/)"
51.222.253.13 - - [15/Jan/2025:15:19:31 -0500] "GET /_autoindex/assets/js/tablesort.number.js HTTP/1.1" 200 322 "-" "Mozilla/5.0 (compatible; AhrefsBot/7.0; +http://ahrefs.com/robot/)"
51.222.253.16 - - [15/Jan/2025:15:20:53 -0500] "GET /testbeta/?SD HTTP/1.1" 200 1136 "-" "Mozilla/5.0 (compatible; AhrefsBot/7.0; +http://ahrefs.com/robot/)"
114.119.128.203 - - [15/Jan/2025:15:22:14 -0500] "GET /testbeta-atif/assets/images/portfolio/branding/21-min.jpg HTTP/1.1" 200 53365 "https://eirtechs.com/testbeta-atif/packages/seo.php" "Mozilla/5.0 (Linux; Android 7.0;) AppleWebKit/537.36 (KHTML, like Gecko) Mobile Safari/537.36 (compatible; PetalBot;+https://webmaster.petalsearch.com/site/petalbot)"
51.222.253.20 - - [15/Jan/2025:15:22:26 -0500] "GET /testbeta/?MD HTTP/1.1" 200 1136 "-" "Mozilla/5.0 (compatible; AhrefsBot/7.0; +http://ahrefs.com/robot/)"
47.128.25.189 - - [15/Jan/2025:15:22:50 -0500] "GET /testbeta-atif/root_stripe/stripe/lib/Terminal/ConnectionToken.php HTTP/1.1" 200 153 "-" "Mozilla/5.0 (Linux; Android 5.0) AppleWebKit/537.36 (KHTML, like Gecko) Mobile Safari/537.36 (compatible; Bytespider; spider-feedback@bytedance.com)"
114.119.154.65 - - [15/Jan/2025:15:23:56 -0500] "GET /testbeta-atif/assets/images/portfolio/app/?MD HTTP/1.1" 200 868 "https://www.eirtechs.com/testbeta-atif/assets/images/portfolio/app/?MA" "Mozilla/5.0 (Linux; Android 7.0;) AppleWebKit/537.36 (KHTML, like Gecko) Mobile Safari/537.36 (compatible; PetalBot;+https://webmaster.petalsearch.com/site/petalbot)"
51.222.253.17 - - [15/Jan/2025:15:25:34 -0500] "GET /root_stripe/stripe/lib/Sigma/?NA HTTP/1.1" 200 644 "-" "Mozilla/5.0 (compatible; AhrefsBot/7.0; +http://ahrefs.com/robot/)"
109.107.165.71 - - [15/Jan/2025:15:25:38 -0500] "GET / HTTP/1.0" 200 10800 "https://eirtechs.com/" "Mozilla/5.0 (Windows NT 10.0; Win64; x64) AppleWebKit/537.36 (KHTML, like Gecko) Chrome/130.0.0.0 Safari/537.36 CCleaner/130.0.0.0"
109.107.165.71 - - [15/Jan/2025:15:25:39 -0500] "GET /contact.php HTTP/1.0" 200 43267 "https://eirtechs.com/contact.php" "Mozilla/5.0 (Windows NT 10.0; Win64; x64) AppleWebKit/537.36 (KHTML, like Gecko) Chrome/130.0.0.0 Safari/537.36 CCleaner/130.0.0.0"
109.107.165.71 - - [15/Jan/2025:15:26:18 -0500] "POST /contact.php HTTP/1.0" 200 43603 "https://eirtechs.com/contact.php" "Mozilla/5.0 (Windows NT 10.0; Win64; x64) AppleWebKit/537.36 (KHTML, like Gecko) Chrome/130.0.0.0 Safari/537.36 CCleaner/130.0.0.0"
109.107.165.71 - - [15/Jan/2025:15:26:20 -0500] "GET /contact.php HTTP/1.0" 200 43267 "https://eirtechs.com/contact.php" "Mozilla/5.0 (Windows NT 10.0; Win64; x64) AppleWebKit/537.36 (KHTML, like Gecko) Chrome/130.0.0.0 Safari/537.36 CCleaner/130.0.0.0"
109.107.165.71 - - [15/Jan/2025:15:26:23 -0500] "GET /contact.php HTTP/1.0" 200 43267 "https://eirtechs.com/contact.php" "Mozilla/5.0 (Windows NT 10.0; Win64; x64) AppleWebKit/537.36 (KHTML, like Gecko) Chrome/130.0.0.0 Safari/537.36 CCleaner/130.0.0.0"
51.222.253.15 - - [15/Jan/2025:15:27:00 -0500] "GET /build/img/?ND HTTP/1.1" 200 646 "-" "Mozilla/5.0 (compatible; AhrefsBot/7.0; +http://ahrefs.com/robot/)"
114.119.154.65 - - [15/Jan/2025:15:27:15 -0500] "GET /testbeta-atif/assets/images/portfolio/app/1-min.jpg HTTP/1.1" 200 50808 "https://eirtechs.com/testbeta-atif/packages/eir.php" "Mozilla/5.0 (Linux; Android 7.0;) AppleWebKit/537.36 (KHTML, like Gecko) Mobile Safari/537.36 (compatible; PetalBot;+https://webmaster.petalsearch.com/site/petalbot)"
51.222.253.1 - - [15/Jan/2025:15:28:30 -0500] "GET /root_stripe/stripe/tests/Stripe/Terminal/?NA HTTP/1.1" 200 701 "-" "Mozilla/5.0 (compatible; AhrefsBot/7.0; +http://ahrefs.com/robot/)"
114.119.154.65 - - [15/Jan/2025:15:28:54 -0500] "GET /testbeta-atif/assets/fonts/open-iconic/ HTTP/1.1" 200 908 "https://www.eirtechs.com/testbeta-atif/assets/fonts/?ND" "Mozilla/5.0 (Linux; Android 7.0;) AppleWebKit/537.36 (KHTML, like Gecko) Mobile Safari/537.36 (compatible; PetalBot;+https://webmaster.petalsearch.com/site/petalbot)"
51.222.253.1 - - [15/Jan/2025:15:29:58 -0500] "GET /testbeta-atif/root_stripe/stripe/lib/Util/?MA HTTP/1.1" 200 1143 "-" "Mozilla/5.0 (compatible; AhrefsBot/7.0; +http://ahrefs.com/robot/)"
51.222.253.12 - - [15/Jan/2025:15:31:37 -0500] "GET /service/mobile-application/?ND HTTP/1.1" 200 1073 "-" "Mozilla/5.0 (compatible; AhrefsBot/7.0; +http://ahrefs.com/robot/)"
114.119.166.95 - - [15/Jan/2025:15:32:15 -0500] "GET /testbeta-atif/assets/images/ban-branding.jpg HTTP/1.1" 200 69005 "https://eirtechs.com/testbeta-atif/index%20-%20Copy.php" "Mozilla/5.0 (Linux; Android 7.0;) AppleWebKit/537.36 (KHTML, like Gecko) Mobile Safari/537.36 (compatible; PetalBot;+https://webmaster.petalsearch.com/site/petalbot)"
51.222.253.4 - - [15/Jan/2025:15:33:05 -0500] "GET /testbeta/assets/images/portfolio/website/?SD HTTP/1.1" 200 1324 "-" "Mozilla/5.0 (compatible; AhrefsBot/7.0; +http://ahrefs.com/robot/)"
114.119.166.95 - - [15/Jan/2025:15:33:55 -0500] "GET /testbeta-atif/assets/fonts/ionicons/css/?SD HTTP/1.1" 200 831 "https://www.eirtechs.com/testbeta-atif/assets/fonts/ionicons/css/?SA" "Mozilla/5.0 (Linux; Android 7.0;) AppleWebKit/537.36 (KHTML, like Gecko) Mobile Safari/537.36 (compatible; PetalBot;+https://webmaster.petalsearch.com/site/petalbot)"
51.222.253.16 - - [15/Jan/2025:15:36:06 -0500] "GET /testbeta-atif/root_stripe/stripe/tests/TestCase.php HTTP/1.1" 200 150 "-" "Mozilla/5.0 (compatible; AhrefsBot/7.0; +http://ahrefs.com/robot/)"
114.119.128.203 - - [15/Jan/2025:15:37:15 -0500] "GET /testbeta-atif/assets/images/ HTTP/1.1" 200 2486 "https://eirtechs.com/testbeta-atif/assets/" "Mozilla/5.0 (Linux; Android 7.0;) AppleWebKit/537.36 (KHTML, like Gecko) Mobile Safari/537.36 (compatible; PetalBot;+https://webmaster.petalsearch.com/site/petalbot)"
51.222.253.5 - - [15/Jan/2025:15:37:35 -0500] "GET /testbeta-atif/root_stripe/?NA HTTP/1.1" 200 623 "-" "Mozilla/5.0 (compatible; AhrefsBot/7.0; +http://ahrefs.com/robot/)"
114.119.166.95 - - [15/Jan/2025:15:38:55 -0500] "GET /stripe/checkout.php HTTP/1.1" 200 481 "https://www.eirtechs.com/stripe/?MD" "Mozilla/5.0 (Linux; Android 7.0;) AppleWebKit/537.36 (KHTML, like Gecko) Mobile Safari/537.36 (compatible; PetalBot;+https://webmaster.petalsearch.com/site/petalbot)"
51.222.253.8 - - [15/Jan/2025:15:39:08 -0500] "GET /root_stripe/stripe/tests/Stripe/Error/ HTTP/1.1" 200 669 "-" "Mozilla/5.0 (compatible; AhrefsBot/7.0; +http://ahrefs.com/robot/)"
51.222.253.15 - - [15/Jan/2025:15:40:50 -0500] "GET /testbeta-atif/assets/images/portfolio/website/?SA HTTP/1.1" 200 1306 "-" "Mozilla/5.0 (compatible; AhrefsBot/7.0; +http://ahrefs.com/robot/)"
47.128.51.185 - - [15/Jan/2025:15:42:06 -0500] "GET /pay/make-payment/ HTTP/1.1" 200 9 "-" "Mozilla/5.0 (Linux; Android 5.0) AppleWebKit/537.36 (KHTML, like Gecko) Mobile Safari/537.36 (compatible; Bytespider; spider-feedback@bytedance.com)"
114.119.145.225 - - [15/Jan/2025:15:42:16 -0500] "GET /assest/image/mobile%20perspective/software%20development/software%20development%20EPS%203.svg HTTP/1.1" 200 4467 "https://www.eirtechs.com/assest/image/mobile%20perspective/software%20development/?MD" "Mozilla/5.0 (Linux; Android 7.0;) AppleWebKit/537.36 (KHTML, like Gecko) Mobile Safari/537.36 (compatible; PetalBot;+https://webmaster.petalsearch.com/site/petalbot)"
51.222.253.14 - - [15/Jan/2025:15:42:24 -0500] "GET /testbeta/assets/fonts/ionicons/?NA HTTP/1.1" 200 625 "-" "Mozilla/5.0 (compatible; AhrefsBot/7.0; +http://ahrefs.com/robot/)"
51.222.253.20 - - [15/Jan/2025:15:43:37 -0500] "GET /admin/vendor/bootstrap/js/ HTTP/1.1" 200 1104 "-" "Mozilla/5.0 (compatible; AhrefsBot/7.0; +http://ahrefs.com/robot/)"
114.119.154.65 - - [15/Jan/2025:15:43:57 -0500] "GET /stripe/cart_checkout.php HTTP/1.1" 200 213 "https://www.eirtechs.com/stripe/?MD" "Mozilla/5.0 (Linux; Android 7.0;) AppleWebKit/537.36 (KHTML, like Gecko) Mobile Safari/537.36 (compatible; PetalBot;+https://webmaster.petalsearch.com/site/petalbot)"
51.222.253.20 - - [15/Jan/2025:15:45:04 -0500] "GET /testbeta-atif/root_stripe/stripe/tests/?ND HTTP/1.1" 200 756 "-" "Mozilla/5.0 (compatible; AhrefsBot/7.0; +http://ahrefs.com/robot/)"
114.119.136.199 - - [15/Jan/2025:15:47:16 -0500] "GET /admin/vendor/fontawesome-free/svgs/solid/volume-down.svg HTTP/1.1" 200 329 "https://www.eirtechs.com/admin/vendor/fontawesome-free/svgs/solid/?SA" "Mozilla/5.0 (Linux; Android 7.0;) AppleWebKit/537.36 (KHTML, like Gecko) Mobile Safari/537.36 (compatible; PetalBot;+https://webmaster.petalsearch.com/site/petalbot)"
114.119.136.199 - - [15/Jan/2025:15:48:55 -0500] "GET /testbeta/root_stripe/stripe/tests/?SA HTTP/1.1" 200 921 "https://www.eirtechs.com/testbeta/root_stripe/stripe/tests/?MD" "Mozilla/5.0 (Linux; Android 7.0;) AppleWebKit/537.36 (KHTML, like Gecko) Mobile Safari/537.36 (compatible; PetalBot;+https://webmaster.petalsearch.com/site/petalbot)"
51.222.253.12 - - [15/Jan/2025:15:50:35 -0500] "GET /assets/images/portfolio/branding/?SA HTTP/1.1" 200 1350 "-" "Mozilla/5.0 (compatible; AhrefsBot/7.0; +http://ahrefs.com/robot/)"
51.222.253.20 - - [15/Jan/2025:15:51:44 -0500] "GET /testbeta/assets/css/css/mixins/?MA HTTP/1.1" 200 629 "-" "Mozilla/5.0 (compatible; AhrefsBot/7.0; +http://ahrefs.com/robot/)"
114.119.136.199 - - [15/Jan/2025:15:52:16 -0500] "GET /admin/vendor/fontawesome-free/svgs/solid/ship.svg HTTP/1.1" 200 449 "https://www.eirtechs.com/admin/vendor/fontawesome-free/svgs/solid/?SD" "Mozilla/5.0 (Linux; Android 7.0;) AppleWebKit/537.36 (KHTML, like Gecko) Mobile Safari/537.36 (compatible; PetalBot;+https://webmaster.petalsearch.com/site/petalbot)"
51.222.253.17 - - [15/Jan/2025:15:52:49 -0500] "GET /robots.txt HTTP/1.1" 404 1251 "-" "Mozilla/5.0 (compatible; AhrefsBot/7.0; +http://ahrefs.com/robot/)"
114.119.166.95 - - [15/Jan/2025:15:53:54 -0500] "GET /testbeta/root_stripe/stripe/lib/Source.php HTTP/1.1" 200 152 "https://www.eirtechs.com/testbeta/root_stripe/stripe/lib/?MA" "Mozilla/5.0 (Linux; Android 7.0;) AppleWebKit/537.36 (KHTML, like Gecko) Mobile Safari/537.36 (compatible; PetalBot;+https://webmaster.petalsearch.com/site/petalbot)"
51.222.253.6 - - [15/Jan/2025:15:54:02 -0500] "GET /assets/images/portfolio/topbrands-resize/?SA HTTP/1.1" 200 1071 "-" "Mozilla/5.0 (compatible; AhrefsBot/7.0; +http://ahrefs.com/robot/)"
51.222.253.18 - - [15/Jan/2025:15:55:17 -0500] "GET /service/?SD HTTP/1.1" 200 1215 "-" "Mozilla/5.0 (compatible; AhrefsBot/7.0; +http://ahrefs.com/robot/)"
51.222.253.6 - - [15/Jan/2025:15:56:43 -0500] "GET /packages/?SD HTTP/1.1" 200 1177 "-" "Mozilla/5.0 (compatible; AhrefsBot/7.0; +http://ahrefs.com/robot/)"
114.119.154.65 - - [15/Jan/2025:15:57:19 -0500] "GET /admin/vendor/fontawesome-free/svgs/solid/i-cursor.svg HTTP/1.1" 200 478 "https://www.eirtechs.com/admin/vendor/fontawesome-free/svgs/solid/?SD" "Mozilla/5.0 (Linux; Android 7.0;) AppleWebKit/537.36 (KHTML, like Gecko) Mobile Safari/537.36 (compatible; PetalBot;+https://webmaster.petalsearch.com/site/petalbot)"
114.119.145.225 - - [15/Jan/2025:15:58:56 -0500] "GET /testbeta/root_stripe/stripe/lib/Error/OAuth/InvalidClient.php HTTP/1.1" 200 167 "https://www.eirtechs.com/testbeta/root_stripe/stripe/lib/Error/OAuth/?MA" "Mozilla/5.0 (Linux; Android 7.0;) AppleWebKit/537.36 (KHTML, like Gecko) Mobile Safari/537.36 (compatible; PetalBot;+https://webmaster.petalsearch.com/site/petalbot)"
51.222.253.17 - - [15/Jan/2025:15:59:46 -0500] "GET /assest/?SA HTTP/1.1" 200 669 "-" "Mozilla/5.0 (compatible; AhrefsBot/7.0; +http://ahrefs.com/robot/)"
51.222.253.18 - - [15/Jan/2025:16:01:29 -0500] "GET /root_stripe/stripe/tests/Stripe/Issuing/CardTest.php HTTP/1.1" 200 144 "-" "Mozilla/5.0 (compatible; AhrefsBot/7.0; +http://ahrefs.com/robot/)"
114.119.145.225 - - [15/Jan/2025:16:02:16 -0500] "GET /admin/vendor/fontawesome-free/svgs/regular/folder-open.svg HTTP/1.1" 200 265 "https://www.eirtechs.com/admin/vendor/fontawesome-free/svgs/regular/?MD" "Mozilla/5.0 (Linux; Android 7.0;) AppleWebKit/537.36 (KHTML, like Gecko) Mobile Safari/537.36 (compatible; PetalBot;+https://webmaster.petalsearch.com/site/petalbot)"
51.222.253.7 - - [15/Jan/2025:16:03:20 -0500] "GET /testbeta-atif/stripe/ HTTP/1.1" 200 654 "-" "Mozilla/5.0 (compatible; AhrefsBot/7.0; +http://ahrefs.com/robot/)"
114.119.135.120 - - [15/Jan/2025:16:03:56 -0500] "GET /testbeta/root_stripe/stripe/lib/ApiOperations/NestedResource.php HTTP/1.1" 200 0 "https://www.eirtechs.com/testbeta/root_stripe/stripe/lib/ApiOperations/?MA" "Mozilla/5.0 (Linux; Android 7.0;) AppleWebKit/537.36 (KHTML, like Gecko) Mobile Safari/537.36 (compatible; PetalBot;+https://webmaster.petalsearch.com/site/petalbot)"
51.222.253.20 - - [15/Jan/2025:16:04:51 -0500] "GET /testbeta/root_stripe/stripe/data/?SA HTTP/1.1" 200 635 "-" "Mozilla/5.0 (compatible; AhrefsBot/7.0; +http://ahrefs.com/robot/)"
51.222.253.7 - - [15/Jan/2025:16:06:24 -0500] "GET /about/?SA HTTP/1.1" 200 1089 "-" "Mozilla/5.0 (compatible; AhrefsBot/7.0; +http://ahrefs.com/robot/)"
114.119.154.65 - - [15/Jan/2025:16:07:22 -0500] "GET /admin/vendor/fontawesome-free/svgs/brands/digital-ocean.svg HTTP/1.1" 200 272 "https://www.eirtechs.com/admin/vendor/fontawesome-free/svgs/brands/?SD" "Mozilla/5.0 (Linux; Android 7.0;) AppleWebKit/537.36 (KHTML, like Gecko) Mobile Safari/537.36 (compatible; PetalBot;+https://webmaster.petalsearch.com/site/petalbot)"
114.119.154.65 - - [15/Jan/2025:16:08:56 -0500] "GET /testbeta/assets/scss/bootstrap/_code.scss HTTP/1.1" 200 1065 "https://www.eirtechs.com/testbeta/assets/scss/bootstrap/?SD" "Mozilla/5.0 (Linux; Android 7.0;) AppleWebKit/537.36 (KHTML, like Gecko) Mobile Safari/537.36 (compatible; PetalBot;+https://webmaster.petalsearch.com/site/petalbot)"
51.222.253.7 - - [15/Jan/2025:16:09:51 -0500] "GET /testbeta/assets/fonts/flaticon/license/?MA HTTP/1.1" 200 632 "-" "Mozilla/5.0 (compatible; AhrefsBot/7.0; +http://ahrefs.com/robot/)"
51.222.253.6 - - [15/Jan/2025:16:11:30 -0500] "GET /root_stripe/?SA HTTP/1.1" 200 615 "-" "Mozilla/5.0 (compatible; AhrefsBot/7.0; +http://ahrefs.com/robot/)"
114.119.128.244 - - [15/Jan/2025:16:12:16 -0500] "GET /testbeta/root_stripe/stripe/tests/Stripe/Terminal/ HTTP/1.1" 200 877 "https://eirtechs.com/testbeta/root_stripe/stripe/tests/Stripe/?MA" "Mozilla/5.0 (Linux; Android 7.0;) AppleWebKit/537.36 (KHTML, like Gecko) Mobile Safari/537.36 (compatible; PetalBot;+https://webmaster.petalsearch.com/site/petalbot)"
114.119.145.225 - - [15/Jan/2025:16:13:55 -0500] "GET /testbeta/assets/css/bootstrap/bootstrap-grid.css HTTP/1.1" 200 6530 "https://www.eirtechs.com/testbeta/assets/css/bootstrap/" "Mozilla/5.0 (Linux; Android 7.0;) AppleWebKit/537.36 (KHTML, like Gecko) Mobile Safari/537.36 (compatible; PetalBot;+https://webmaster.petalsearch.com/site/petalbot)"
51.222.253.11 - - [15/Jan/2025:16:13:59 -0500] "GET /root_stripe/stripe/tests/Stripe/Reporting/ HTTP/1.1" 200 671 "-" "Mozilla/5.0 (compatible; AhrefsBot/7.0; +http://ahrefs.com/robot/)"
114.119.135.120 - - [15/Jan/2025:16:17:16 -0500] "GET /testbeta/root_stripe/stripe/lib/HttpClient/ClientInterface.php HTTP/1.1" 200 0 "https://eirtechs.com/testbeta/root_stripe/stripe/lib/HttpClient/?MA" "Mozilla/5.0 (Linux; Android 7.0;) AppleWebKit/537.36 (KHTML, like Gecko) Mobile Safari/537.36 (compatible; PetalBot;+https://webmaster.petalsearch.com/site/petalbot)"
51.222.253.20 - - [15/Jan/2025:16:17:27 -0500] "GET /root_stripe/stripe/tests/Stripe/Reporting/ReportTypeTest.php HTTP/1.1" 200 145 "-" "Mozilla/5.0 (compatible; AhrefsBot/7.0; +http://ahrefs.com/robot/)"
114.119.128.244 - - [15/Jan/2025:16:18:56 -0500] "GET /testbeta-atif/root_stripe/stripe/lib/ApiOperations/?SD HTTP/1.1" 200 1284 "https://www.eirtechs.com/testbeta-atif/root_stripe/stripe/lib/ApiOperations/?SA" "Mozilla/5.0 (Linux; Android 7.0;) AppleWebKit/537.36 (KHTML, like Gecko) Mobile Safari/537.36 (compatible; PetalBot;+https://webmaster.petalsearch.com/site/petalbot)"
51.222.253.10 - - [15/Jan/2025:16:19:10 -0500] "GET /build/js/?ND HTTP/1.1" 200 1063 "-" "Mozilla/5.0 (compatible; AhrefsBot/7.0; +http://ahrefs.com/robot/)"
51.222.253.17 - - [15/Jan/2025:16:20:48 -0500] "GET /service/corporate_branding.php HTTP/1.1" 200 7827 "-" "Mozilla/5.0 (compatible; AhrefsBot/7.0; +http://ahrefs.com/robot/)"
114.119.166.95 - - [15/Jan/2025:16:22:16 -0500] "GET /testbeta/assets/fonts/icomoon/icomoon.svg HTTP/1.1" 200 267228 "https://eirtechs.com/testbeta/assets/fonts/icomoon/" "Mozilla/5.0 (Linux; Android 7.0;) AppleWebKit/537.36 (KHTML, like Gecko) Mobile Safari/537.36 (compatible; PetalBot;+https://webmaster.petalsearch.com/site/petalbot)"
51.222.253.19 - - [15/Jan/2025:16:22:32 -0500] "GET /root_stripe/stripe/lib/Reporting/?NA HTTP/1.1" 200 656 "-" "Mozilla/5.0 (compatible; AhrefsBot/7.0; +http://ahrefs.com/robot/)"
114.119.145.225 - - [15/Jan/2025:16:23:56 -0500] "GET /testbeta-atif/root_stripe/stripe/data/ca-certificates.crt HTTP/1.1" 200 299 "https://www.eirtechs.com/testbeta-atif/root_stripe/stripe/data/?MA" "Mozilla/5.0 (Linux; Android 7.0;) AppleWebKit/537.36 (KHTML, like Gecko) Mobile Safari/537.36 (compatible; PetalBot;+https://webmaster.petalsearch.com/site/petalbot)"
51.222.253.11 - - [15/Jan/2025:16:24:20 -0500] "GET /testbeta/assets/css/css/mixins/?SA HTTP/1.1" 200 631 "-" "Mozilla/5.0 (compatible; AhrefsBot/7.0; +http://ahrefs.com/robot/)"
47.128.111.193 - - [15/Jan/2025:16:24:32 -0500] "GET /testbeta/root_stripe/stripe/lib/Issuing/Transaction.php HTTP/1.1" 200 148 "-" "Mozilla/5.0 (Linux; Android 5.0) AppleWebKit/537.36 (KHTML, like Gecko) Mobile Safari/537.36 (compatible; Bytespider; spider-feedback@bytedance.com)"
51.222.253.6 - - [15/Jan/2025:16:25:56 -0500] "GET /testbeta/assets/fonts/ionicons/?NA HTTP/1.1" 200 632 "-" "Mozilla/5.0 (compatible; AhrefsBot/7.0; +http://ahrefs.com/robot/)"
114.119.135.120 - - [15/Jan/2025:16:27:16 -0500] "GET /testbeta/assets/fonts/flaticon/?MA HTTP/1.1" 200 845 "https://eirtechs.com/testbeta/assets/fonts/flaticon/" "Mozilla/5.0 (Linux; Android 7.0;) AppleWebKit/537.36 (KHTML, like Gecko) Mobile Safari/537.36 (compatible; PetalBot;+https://webmaster.petalsearch.com/site/petalbot)"
51.222.253.18 - - [15/Jan/2025:16:27:45 -0500] "GET /testbeta-atif/root_stripe/ HTTP/1.1" 200 623 "-" "Mozilla/5.0 (compatible; AhrefsBot/7.0; +http://ahrefs.com/robot/)"
47.128.124.241 - - [15/Jan/2025:16:28:33 -0500] "GET /testbeta-atif/root_stripe/stripe/lib/BankAccount.php HTTP/1.1" 200 145 "-" "Mozilla/5.0 (Linux; Android 5.0) AppleWebKit/537.36 (KHTML, like Gecko) Mobile Safari/537.36 (compatible; Bytespider; spider-feedback@bytedance.com)"
114.119.135.120 - - [15/Jan/2025:16:28:56 -0500] "GET /testbeta-atif/assets/images/portfolio/logo/?MA HTTP/1.1" 200 2270 "https://www.eirtechs.com/testbeta-atif/assets/images/portfolio/logo/?NA" "Mozilla/5.0 (Linux; Android 7.0;) AppleWebKit/537.36 (KHTML, like Gecko) Mobile Safari/537.36 (compatible; PetalBot;+https://webmaster.petalsearch.com/site/petalbot)"
51.222.253.12 - - [15/Jan/2025:16:29:31 -0500] "GET /testbeta-atif/root_stripe/stripe/lib/Util/?SA HTTP/1.1" 200 1136 "-" "Mozilla/5.0 (compatible; AhrefsBot/7.0; +http://ahrefs.com/robot/)"
114.119.128.203 - - [15/Jan/2025:16:32:17 -0500] "GET /testbeta-atif/services/bk_logo.php HTTP/1.1" 200 4039 "https://eirtechs.com/testbeta-atif/services/" "Mozilla/5.0 (Linux; Android 7.0;) AppleWebKit/537.36 (KHTML, like Gecko) Mobile Safari/537.36 (compatible; PetalBot;+https://webmaster.petalsearch.com/site/petalbot)"
47.128.55.161 - - [15/Jan/2025:16:32:33 -0500] "GET /testbeta/root_stripe/stripe/lib/TransferReversal.php HTTP/1.1" 200 146 "-" "Mozilla/5.0 (Linux; Android 5.0) AppleWebKit/537.36 (KHTML, like Gecko) Mobile Safari/537.36 (compatible; Bytespider; spider-feedback@bytedance.com)"
223.244.35.77 - - [15/Jan/2025:16:32:38 -0500] "GET / HTTP/1.1" 200 2204 "http://www.eirtechs.com" "Mozilla/5.0 (iPhone; CPU iPhone OS 13_2_3 like Mac OS X) AppleWebKit/605.1.15 (KHTML, like Gecko) Version/13.0.3 Mobile/15E148 Safari/604.1"
114.119.135.120 - - [15/Jan/2025:16:33:58 -0500] "GET /testbeta-atif/assets/images/portfolio/?ND HTTP/1.1" 200 1553 "https://www.eirtechs.com/testbeta-atif/assets/images/portfolio/?NA" "Mozilla/5.0 (Linux; Android 7.0;) AppleWebKit/537.36 (KHTML, like Gecko) Mobile Safari/537.36 (compatible; PetalBot;+https://webmaster.petalsearch.com/site/petalbot)"
114.119.128.244 - - [15/Jan/2025:16:37:18 -0500] "GET /testbeta-atif/root_stripe/?MD HTTP/1.1" 200 769 "https://eirtechs.com/testbeta-atif/root_stripe/?MA" "Mozilla/5.0 (Linux; Android 7.0;) AppleWebKit/537.36 (KHTML, like Gecko) Mobile Safari/537.36 (compatible; PetalBot;+https://webmaster.petalsearch.com/site/petalbot)"
51.222.253.12 - - [15/Jan/2025:16:38:54 -0500] "GET /testbeta-atif/root_stripe/stripe/tests/bootstrap.php HTTP/1.1" 200 93 "-" "Mozilla/5.0 (compatible; AhrefsBot/7.0; +http://ahrefs.com/robot/)"
114.119.145.225 - - [15/Jan/2025:16:38:59 -0500] "GET /testbeta-atif/assets/css/css/mixins/?SD HTTP/1.1" 200 785 "https://www.eirtechs.com/testbeta-atif/assets/css/css/mixins/?SA" "Mozilla/5.0 (Linux; Android 7.0;) AppleWebKit/537.36 (KHTML, like Gecko) Mobile Safari/537.36 (compatible; PetalBot;+https://webmaster.petalsearch.com/site/petalbot)"
51.222.253.12 - - [15/Jan/2025:16:40:37 -0500] "GET /testbeta-atif/?ND HTTP/1.1" 200 1132 "-" "Mozilla/5.0 (compatible; AhrefsBot/7.0; +http://ahrefs.com/robot/)"
51.222.253.8 - - [15/Jan/2025:16:42:06 -0500] "GET /assets/fonts/flaticon/license/?NA HTTP/1.1" 200 620 "-" "Mozilla/5.0 (compatible; AhrefsBot/7.0; +http://ahrefs.com/robot/)"
114.119.136.199 - - [15/Jan/2025:16:42:19 -0500] "GET /testbeta-atif/assets/images/portfolio/logo/19-min.jpg HTTP/1.1" 200 5056 "https://eirtechs.com/testbeta-atif/packages/logo.php" "Mozilla/5.0 (Linux; Android 7.0;) AppleWebKit/537.36 (KHTML, like Gecko) Mobile Safari/537.36 (compatible; PetalBot;+https://webmaster.petalsearch.com/site/petalbot)"
51.222.253.18 - - [15/Jan/2025:16:43:47 -0500] "GET /testbeta-atif/assets/css/ HTTP/1.1" 200 1325 "-" "Mozilla/5.0 (compatible; AhrefsBot/7.0; +http://ahrefs.com/robot/)"
114.119.128.203 - - [15/Jan/2025:16:43:56 -0500] "GET /service/our-work/ HTTP/1.1" 200 7789 "https://www.eirtechs.com/service/mobile-application/react_application.php" "Mozilla/5.0 (Linux; Android 7.0;) AppleWebKit/537.36 (KHTML, like Gecko) Mobile Safari/537.36 (compatible; PetalBot;+https://webmaster.petalsearch.com/site/petalbot)"
51.222.253.20 - - [15/Jan/2025:16:45:25 -0500] "GET /testbeta/assets/fonts/ionicons/fonts/?NA HTTP/1.1" 200 735 "-" "Mozilla/5.0 (compatible; AhrefsBot/7.0; +http://ahrefs.com/robot/)"
51.222.253.20 - - [15/Jan/2025:16:47:05 -0500] "GET /testbeta/assets/fonts/flaticon/font/?MA HTTP/1.1" 200 1077 "-" "Mozilla/5.0 (compatible; AhrefsBot/7.0; +http://ahrefs.com/robot/)"
114.119.145.225 - - [15/Jan/2025:16:47:17 -0500] "GET /testbeta-atif/assets/fonts/ HTTP/1.1" 200 834 "https://eirtechs.com/testbeta-atif/assets/" "Mozilla/5.0 (Linux; Android 7.0;) AppleWebKit/537.36 (KHTML, like Gecko) Mobile Safari/537.36 (compatible; PetalBot;+https://webmaster.petalsearch.com/site/petalbot)"
51.222.253.20 - - [15/Jan/2025:16:48:54 -0500] "GET /testbeta/assets/fonts/flaticon/font/?SA HTTP/1.1" 200 1072 "-" "Mozilla/5.0 (compatible; AhrefsBot/7.0; +http://ahrefs.com/robot/)"
114.119.166.95 - - [15/Jan/2025:16:48:59 -0500] "GET /root_stripe/stripe/tests/Stripe/Terminal/?SD HTTP/1.1" 200 877 "https://www.eirtechs.com/root_stripe/stripe/tests/Stripe/Terminal/?SA" "Mozilla/5.0 (Linux; Android 7.0;) AppleWebKit/537.36 (KHTML, like Gecko) Mobile Safari/537.36 (compatible; PetalBot;+https://webmaster.petalsearch.com/site/petalbot)"
64.124.8.116 - - [15/Jan/2025:16:49:54 -0500] "GET /robots.txt HTTP/1.1" 404 1251 "-" "Mozilla/5.0 (compatible; ImagesiftBot; +imagesift.com)"
64.124.8.116 - - [15/Jan/2025:16:49:54 -0500] "GET /admin/404.html HTTP/1.1" 304 0 "-" "Mozilla/5.0 (compatible; ImagesiftBot; +imagesift.com)"
64.124.8.116 - - [15/Jan/2025:16:50:20 -0500] "GET /testbeta-atif/root_stripe/stripe/composer.json HTTP/1.1" 200 732 "-" "Mozilla/5.0 (compatible; ImagesiftBot; +imagesift.com)"
64.124.8.116 - - [15/Jan/2025:16:50:51 -0500] "GET /testbeta/root_stripe/stripe/tests/Stripe/StripeTest.php HTTP/1.1" 200 142 "-" "Mozilla/5.0 (compatible; ImagesiftBot; +imagesift.com)"
51.222.253.6 - - [15/Jan/2025:16:50:52 -0500] "GET /paynow/?SD HTTP/1.1" 200 691 "-" "Mozilla/5.0 (compatible; AhrefsBot/7.0; +http://ahrefs.com/robot/)"
64.124.8.116 - - [15/Jan/2025:16:51:32 -0500] "GET /testbeta-atif/root_stripe/stripe/VERSION HTTP/1.1" 304 0 "-" "Mozilla/5.0 (compatible; ImagesiftBot; +imagesift.com)"
114.119.166.95 - - [15/Jan/2025:16:52:21 -0500] "GET /testbeta-atif/assets/css/ HTTP/1.1" 200 1564 "https://eirtechs.com/testbeta-atif/assets/" "Mozilla/5.0 (Linux; Android 7.0;) AppleWebKit/537.36 (KHTML, like Gecko) Mobile Safari/537.36 (compatible; PetalBot;+https://webmaster.petalsearch.com/site/petalbot)"
114.119.145.115 - - [15/Jan/2025:16:53:56 -0500] "GET /root_stripe/stripe/phpunit.no_autoload.xml HTTP/1.1" 200 233 "https://www.eirtechs.com/root_stripe/stripe/?SA" "Mozilla/5.0 (Linux; Android 7.0;) AppleWebKit/537.36 (KHTML, like Gecko) Mobile Safari/537.36 (compatible; PetalBot;+https://webmaster.petalsearch.com/site/petalbot)"
51.222.253.16 - - [15/Jan/2025:16:54:25 -0500] "GET /assest/image/mobile%20perspective/ HTTP/1.1" 200 1133 "-" "Mozilla/5.0 (compatible; AhrefsBot/7.0; +http://ahrefs.com/robot/)"
64.124.8.116 - - [15/Jan/2025:16:54:47 -0500] "GET /testbeta-atif/assets/scss/bootstrap/mixins/_table-row.scss HTTP/1.1" 200 647 "-" "Mozilla/5.0 (compatible; ImagesiftBot; +imagesift.com)"
51.222.253.8 - - [15/Jan/2025:16:56:12 -0500] "GET /admin/css/?MA HTTP/1.1" 200 681 "-" "Mozilla/5.0 (compatible; AhrefsBot/7.0; +http://ahrefs.com/robot/)"
64.124.8.116 - - [15/Jan/2025:16:56:47 -0500] "GET /testbeta/index.html HTTP/1.1" 404 1251 "-" "Mozilla/5.0 (compatible; ImagesiftBot; +imagesift.com)"
64.124.8.116 - - [15/Jan/2025:16:57:11 -0500] "GET /assets/scss/bootstrap/mixins/_size.scss HTTP/1.1" 200 98 "-" "Mozilla/5.0 (compatible; ImagesiftBot; +imagesift.com)"
114.119.166.95 - - [15/Jan/2025:16:57:16 -0500] "GET /testbeta-atif/assets/?SA HTTP/1.1" 200 826 "https://eirtechs.com/testbeta-atif/assets/" "Mozilla/5.0 (Linux; Android 7.0;) AppleWebKit/537.36 (KHTML, like Gecko) Mobile Safari/537.36 (compatible; PetalBot;+https://webmaster.petalsearch.com/site/petalbot)"
51.222.253.18 - - [15/Jan/2025:16:57:51 -0500] "GET /root_stripe/stripe/tests/Stripe/HttpClient/ HTTP/1.1" 200 647 "-" "Mozilla/5.0 (compatible; AhrefsBot/7.0; +http://ahrefs.com/robot/)"
64.124.8.116 - - [15/Jan/2025:16:57:57 -0500] "GET /testbeta/root_stripe/stripe/tests/Stripe/HttpClient/ HTTP/1.1" 200 654 "-" "Mozilla/5.0 (compatible; ImagesiftBot; +imagesift.com)"
64.124.8.116 - - [15/Jan/2025:16:58:25 -0500] "GET /testbeta-atif/root_stripe/stripe/lib/Error/ApiConnection.php HTTP/1.1" 200 148 "-" "Mozilla/5.0 (compatible; ImagesiftBot; +imagesift.com)"
64.124.8.116 - - [15/Jan/2025:16:58:36 -0500] "GET /assets/scss/bootstrap/utilities/_flex.scss HTTP/1.1" 200 2769 "-" "Mozilla/5.0 (compatible; ImagesiftBot; +imagesift.com)"
77.75.77.109 - - [15/Jan/2025:16:58:58 -0500] "GET /robots.txt HTTP/1.1" 404 1251 "-" "Mozilla/5.0 (compatible; SeznamBot/4.0; +http://napoveda.seznam.cz/seznambot-intro/)"
77.75.77.109 - - [15/Jan/2025:16:58:58 -0500] "GET /assest/image/happyemployee-pano_14576.jpg HTTP/1.1" 304 0 "-" "Mozilla/5.0 (compatible; SeznamBot/4.0; +http://napoveda.seznam.cz/seznambot-intro/)"
114.119.136.199 - - [15/Jan/2025:16:59:02 -0500] "GET /root_stripe/stripe/lib/Util/Set.php HTTP/1.1" 200 0 "https://www.eirtechs.com/root_stripe/stripe/lib/Util/?NA" "Mozilla/5.0 (Linux; Android 7.0;) AppleWebKit/537.36 (KHTML, like Gecko) Mobile Safari/537.36 (compatible; PetalBot;+https://webmaster.petalsearch.com/site/petalbot)"
51.222.253.3 - - [15/Jan/2025:16:59:44 -0500] "GET /assest/image/mobile%20perspective/digital%20marketing/?ND HTTP/1.1" 200 1036 "-" "Mozilla/5.0 (compatible; AhrefsBot/7.0; +http://ahrefs.com/robot/)"
64.124.8.116 - - [15/Jan/2025:16:59:47 -0500] "GET /root_stripe/stripe/lib/Issuing/Transaction.php HTTP/1.1" 200 143 "-" "Mozilla/5.0 (compatible; ImagesiftBot; +imagesift.com)"
64.124.8.116 - - [15/Jan/2025:16:59:54 -0500] "GET /testbeta/ HTTP/1.1" 200 1124 "-" "Mozilla/5.0 (compatible; ImagesiftBot; +imagesift.com)"
64.124.8.116 - - [15/Jan/2025:17:01:07 -0500] "GET /testbeta-atif/root_stripe/stripe/tests/Stripe/OrderTest.php HTTP/1.1" 200 148 "-" "Mozilla/5.0 (compatible; ImagesiftBot; +imagesift.com)"
114.119.135.120 - - [15/Jan/2025:17:02:18 -0500] "GET /admin/vendor/fontawesome-free/svgs/solid/sign-out-alt.svg HTTP/1.1" 200 267 "https://www.eirtechs.com/admin/vendor/fontawesome-free/svgs/solid/?SA" "Mozilla/5.0 (Linux; Android 7.0;) AppleWebKit/537.36 (KHTML, like Gecko) Mobile Safari/537.36 (compatible; PetalBot;+https://webmaster.petalsearch.com/site/petalbot)"
64.124.8.116 - - [15/Jan/2025:17:02:21 -0500] "GET /testbeta-atif/root_stripe/stripe/lib/Util/RequestOptions.php HTTP/1.1" 200 0 "-" "Mozilla/5.0 (compatible; ImagesiftBot; +imagesift.com)"
64.124.8.116 - - [15/Jan/2025:17:02:25 -0500] "GET /testbeta-atif/root_stripe/stripe/phpunit.no_autoload.xml HTTP/1.1" 304 0 "-" "Mozilla/5.0 (compatible; ImagesiftBot; +imagesift.com)"
47.128.113.73 - - [15/Jan/2025:17:03:06 -0500] "GET /testbeta/root_stripe/stripe/tests/Stripe/Issuing/CardholderTest.php HTTP/1.1" 200 152 "-" "Mozilla/5.0 (Linux; Android 5.0) AppleWebKit/537.36 (KHTML, like Gecko) Mobile Safari/537.36 (compatible; Bytespider; spider-feedback@bytedance.com)"
137.226.113.44 - - [15/Jan/2025:17:03:39 -0500] "GET / HTTP/1.1" 200 2204 "-" "Mozilla/5.0 researchscan.comsys.rwth-aachen.de"
114.119.135.120 - - [15/Jan/2025:17:04:00 -0500] "GET /root_stripe/stripe/lib/Util/RandomGenerator.php HTTP/1.1" 200 0 "https://www.eirtechs.com/root_stripe/stripe/lib/Util/?NA" "Mozilla/5.0 (Linux; Android 7.0;) AppleWebKit/537.36 (KHTML, like Gecko) Mobile Safari/537.36 (compatible; PetalBot;+https://webmaster.petalsearch.com/site/petalbot)"
64.124.8.116 - - [15/Jan/2025:17:05:31 -0500] "GET /root_stripe/stripe/lib/Error/Authentication.php HTTP/1.1" 200 143 "-" "Mozilla/5.0 (compatible; ImagesiftBot; +imagesift.com)"
51.222.253.10 - - [15/Jan/2025:17:06:36 -0500] "GET /testbeta-atif/assets/fonts/ionicons/css/ HTTP/1.1" 200 666 "-" "Mozilla/5.0 (compatible; AhrefsBot/7.0; +http://ahrefs.com/robot/)"
47.128.122.237 - - [15/Jan/2025:17:07:06 -0500] "GET /testbeta/root_stripe/stripe/lib/Issuing/Cardholder.php HTTP/1.1" 200 148 "-" "Mozilla/5.0 (Linux; Android 5.0) AppleWebKit/537.36 (KHTML, like Gecko) Mobile Safari/537.36 (compatible; Bytespider; spider-feedback@bytedance.com)"
64.124.8.116 - - [15/Jan/2025:17:07:10 -0500] "GET /testbeta-atif/root_stripe/stripe/tests/Stripe/OAuthTest.php HTTP/1.1" 200 149 "-" "Mozilla/5.0 (compatible; ImagesiftBot; +imagesift.com)"
114.119.154.65 - - [15/Jan/2025:17:07:22 -0500] "GET /admin/vendor/fontawesome-free/svgs/solid/hotdog.svg HTTP/1.1" 200 529 "https://www.eirtechs.com/admin/vendor/fontawesome-free/svgs/solid/?SD" "Mozilla/5.0 (Linux; Android 7.0;) AppleWebKit/537.36 (KHTML, like Gecko) Mobile Safari/537.36 (compatible; PetalBot;+https://webmaster.petalsearch.com/site/petalbot)"
64.124.8.116 - - [15/Jan/2025:17:08:16 -0500] "GET /testbeta-atif/root_stripe/stripe/lib/Terminal/Reader.php HTTP/1.1" 200 149 "-" "Mozilla/5.0 (compatible; ImagesiftBot; +imagesift.com)"
51.222.253.20 - - [15/Jan/2025:17:08:32 -0500] "GET /expertise/?ND HTTP/1.1" 200 718 "-" "Mozilla/5.0 (compatible; AhrefsBot/7.0; +http://ahrefs.com/robot/)"
114.119.145.225 - - [15/Jan/2025:17:09:00 -0500] "GET /testbeta/root_stripe/stripe/tests/Stripe/Reporting/ReportTypeTest.php HTTP/1.1" 200 161 "https://www.eirtechs.com/testbeta/root_stripe/stripe/tests/Stripe/Reporting/?SA" "Mozilla/5.0 (Linux; Android 7.0;) AppleWebKit/537.36 (KHTML, like Gecko) Mobile Safari/537.36 (compatible; PetalBot;+https://webmaster.petalsearch.com/site/petalbot)"
64.124.8.116 - - [15/Jan/2025:17:09:56 -0500] "GET /service/software-development/bussiness_automation.php HTTP/1.1" 200 9752 "-" "Mozilla/5.0 (compatible; ImagesiftBot; +imagesift.com)"
47.128.61.183 - - [15/Jan/2025:17:11:07 -0500] "GET /robots.txt HTTP/1.1" 404 1251 "-" "Mozilla/5.0 (Linux; Android 5.0) AppleWebKit/537.36 (KHTML, like Gecko) Mobile Safari/537.36 (compatible; Bytespider; spider-feedback@bytedance.com)"
64.124.8.116 - - [15/Jan/2025:17:11:09 -0500] "GET /admin/login.php HTTP/1.1" 200 1084 "-" "Mozilla/5.0 (compatible; ImagesiftBot; +imagesift.com)"
51.222.253.1 - - [15/Jan/2025:17:12:04 -0500] "GET /testbeta-atif/?SD HTTP/1.1" 200 1132 "-" "Mozilla/5.0 (compatible; AhrefsBot/7.0; +http://ahrefs.com/robot/)"
114.119.128.203 - - [15/Jan/2025:17:12:29 -0500] "GET /admin/vendor/fontawesome-free/svgs/solid/grin-hearts.svg HTTP/1.1" 200 420 "https://www.eirtechs.com/admin/vendor/fontawesome-free/svgs/solid/?SD" "Mozilla/5.0 (Linux; Android 7.0;) AppleWebKit/537.36 (KHTML, like Gecko) Mobile Safari/537.36 (compatible; PetalBot;+https://webmaster.petalsearch.com/site/petalbot)"
51.222.253.2 - - [15/Jan/2025:17:13:57 -0500] "GET /assets/images/services/?NA HTTP/1.1" 200 1105 "-" "Mozilla/5.0 (compatible; AhrefsBot/7.0; +http://ahrefs.com/robot/)"
114.119.128.244 - - [15/Jan/2025:17:13:58 -0500] "GET /testbeta/root_stripe/stripe/lib/Issuing/Card.php HTTP/1.1" 200 158 "https://www.eirtechs.com/testbeta/root_stripe/stripe/lib/Issuing/?MD" "Mozilla/5.0 (Linux; Android 7.0;) AppleWebKit/537.36 (KHTML, like Gecko) Mobile Safari/537.36 (compatible; PetalBot;+https://webmaster.petalsearch.com/site/petalbot)"
64.124.8.116 - - [15/Jan/2025:17:14:04 -0500] "GET /testbeta/assets/scss/bootstrap/_pagination.scss HTTP/1.1" 200 1874 "-" "Mozilla/5.0 (compatible; ImagesiftBot; +imagesift.com)"
47.128.126.238 - - [15/Jan/2025:17:15:07 -0500] "GET /robots.txt HTTP/1.1" 404 1251 "-" "Mozilla/5.0 (Linux; Android 5.0) AppleWebKit/537.36 (KHTML, like Gecko) Mobile Safari/537.36 (compatible; Bytespider; spider-feedback@bytedance.com)"
114.119.145.225 - - [15/Jan/2025:17:17:19 -0500] "GET /testbeta/root_stripe/stripe/tests/Stripe/SourceTest.php HTTP/1.1" 200 154 "https://eirtechs.com/testbeta/root_stripe/stripe/tests/Stripe/?MA" "Mozilla/5.0 (Linux; Android 7.0;) AppleWebKit/537.36 (KHTML, like Gecko) Mobile Safari/537.36 (compatible; PetalBot;+https://webmaster.petalsearch.com/site/petalbot)"
51.222.253.7 - - [15/Jan/2025:17:17:31 -0500] "GET /testbeta/?ND HTTP/1.1" 200 1132 "-" "Mozilla/5.0 (compatible; AhrefsBot/7.0; +http://ahrefs.com/robot/)"
47.128.29.44 - - [15/Jan/2025:17:19:07 -0500] "GET /robots.txt HTTP/1.1" 404 1251 "-" "Mozilla/5.0 (Linux; Android 5.0) AppleWebKit/537.36 (KHTML, like Gecko) Mobile Safari/537.36 (compatible; Bytespider; spider-feedback@bytedance.com)"
114.119.145.115 - - [15/Jan/2025:17:19:08 -0500] "GET /testbeta/root_stripe/stripe/lib/HttpClient/CurlClient.php HTTP/1.1" 200 163 "https://www.eirtechs.com/testbeta/root_stripe/stripe/lib/HttpClient/" "Mozilla/5.0 (Linux; Android 7.0;) AppleWebKit/537.36 (KHTML, like Gecko) Mobile Safari/537.36 (compatible; PetalBot;+https://webmaster.petalsearch.com/site/petalbot)"
64.124.8.116 - - [15/Jan/2025:17:20:03 -0500] "GET /assets/scss/bootstrap/utilities/_borders.scss HTTP/1.1" 200 1551 "-" "Mozilla/5.0 (compatible; ImagesiftBot; +imagesift.com)"
64.124.8.116 - - [15/Jan/2025:17:20:18 -0500] "GET /testbeta/assets/fonts/ionicons/css/ HTTP/1.1" 200 665 "-" "Mozilla/5.0 (compatible; ImagesiftBot; +imagesift.com)"
64.124.8.116 - - [15/Jan/2025:17:20:58 -0500] "GET /assets/scss/bootstrap/utilities/_spacing.scss HTTP/1.1" 200 1406 "-" "Mozilla/5.0 (compatible; ImagesiftBot; +imagesift.com)"
114.119.145.225 - - [15/Jan/2025:17:22:20 -0500] "GET /testbeta/root_stripe/stripe/lib/Error/OAuth/?SA HTTP/1.1" 200 1297 "https://eirtechs.com/testbeta/root_stripe/stripe/lib/Error/OAuth/" "Mozilla/5.0 (Linux; Android 7.0;) AppleWebKit/537.36 (KHTML, like Gecko) Mobile Safari/537.36 (compatible; PetalBot;+https://webmaster.petalsearch.com/site/petalbot)"
51.222.253.8 - - [15/Jan/2025:17:22:20 -0500] "GET /admin/vendor/bootstrap/js/?SA HTTP/1.1" 200 1093 "-" "Mozilla/5.0 (compatible; AhrefsBot/7.0; +http://ahrefs.com/robot/)"
94.25.174.0 - - [15/Jan/2025:17:22:27 -0500] "GET / HTTP/1.0" 200 10800 "https://eirtechs.com/" "Mozilla/5.0 (Windows NT 10.0; Win64; x64; ) AppleWebKit/537.36 (KHTML, like Gecko) Chrome/124.0.6367.61 Chrome/124.0.6367.61 Not-A.Brand/99 Safari/537.36"
94.25.174.0 - - [15/Jan/2025:17:22:29 -0500] "GET /contact.php HTTP/1.0" 200 43266 "https://eirtechs.com/contact.php" "Mozilla/5.0 (Windows NT 10.0; Win64; x64; ) AppleWebKit/537.36 (KHTML, like Gecko) Chrome/124.0.6367.61 Chrome/124.0.6367.61 Not-A.Brand/99 Safari/537.36"
47.128.114.37 - - [15/Jan/2025:17:23:08 -0500] "GET /robots.txt HTTP/1.1" 404 1251 "-" "Mozilla/5.0 (Linux; Android 5.0) AppleWebKit/537.36 (KHTML, like Gecko) Mobile Safari/537.36 (compatible; Bytespider; spider-feedback@bytedance.com)"
64.124.8.116 - - [15/Jan/2025:17:23:17 -0500] "GET /testbeta-atif/root_stripe/stripe/lib/ApiOperations/Create.php HTTP/1.1" 200 0 "-" "Mozilla/5.0 (compatible; ImagesiftBot; +imagesift.com)"
64.124.8.116 - - [15/Jan/2025:17:23:44 -0500] "GET /testbeta-atif/root_stripe/stripe/tests/Stripe/TopupTest.php HTTP/1.1" 200 148 "-" "Mozilla/5.0 (compatible; ImagesiftBot; +imagesift.com)"
114.119.136.199 - - [15/Jan/2025:17:24:00 -0500] "GET /testbeta/assets/scss/bootstrap/_input-group.scss HTTP/1.1" 200 4862 "https://www.eirtechs.com/testbeta/assets/scss/bootstrap/?SD" "Mozilla/5.0 (Linux; Android 7.0;) AppleWebKit/537.36 (KHTML, like Gecko) Mobile Safari/537.36 (compatible; PetalBot;+https://webmaster.petalsearch.com/site/petalbot)"
64.124.8.116 - - [15/Jan/2025:17:24:14 -0500] "GET /root_stripe/stripe/lib/ApiOperations/Create.php HTTP/1.1" 200 0 "-" "Mozilla/5.0 (compatible; ImagesiftBot; +imagesift.com)"
64.124.8.116 - - [15/Jan/2025:17:24:41 -0500] "GET /testbeta/assets/fonts/open-iconic/open-iconic.ttf HTTP/1.1" 200 28028 "-" "Mozilla/5.0 (compatible; ImagesiftBot; +imagesift.com)"
64.124.8.116 - - [15/Jan/2025:17:25:09 -0500] "GET /testbeta/assets/scss/bootstrap/_custom-forms.scss HTTP/1.1" 200 11377 "-" "Mozilla/5.0 (compatible; ImagesiftBot; +imagesift.com)"
51.222.253.4 - - [15/Jan/2025:17:25:22 -0500] "GET /testbeta/root_stripe/stripe/data/?SD HTTP/1.1" 200 634 "-" "Mozilla/5.0 (compatible; AhrefsBot/7.0; +http://ahrefs.com/robot/)"
64.124.8.116 - - [15/Jan/2025:17:25:36 -0500] "GET /testbeta-atif/root_stripe/stripe/tests/Stripe/BalanceTest.php HTTP/1.1" 200 149 "-" "Mozilla/5.0 (compatible; ImagesiftBot; +imagesift.com)"
64.124.8.116 - - [15/Jan/2025:17:26:07 -0500] "GET /testbeta-atif/root_stripe/stripe/tests/Stripe/StripeObjectTest.php HTTP/1.1" 200 148 "-" "Mozilla/5.0 (compatible; ImagesiftBot; +imagesift.com)"
64.124.8.116 - - [15/Jan/2025:17:26:36 -0500] "GET /payment.php HTTP/1.1" 200 0 "-" "Mozilla/5.0 (compatible; ImagesiftBot; +imagesift.com)"
51.222.253.1 - - [15/Jan/2025:17:26:51 -0500] "GET /testbeta/assets/fonts/?NA HTTP/1.1" 200 662 "-" "Mozilla/5.0 (compatible; AhrefsBot/7.0; +http://ahrefs.com/robot/)"
64.124.8.116 - - [15/Jan/2025:17:27:09 -0500] "GET /testbeta-atif/root_stripe/stripe/tests/Stripe/FileCreationTest.php HTTP/1.1" 200 153 "-" "Mozilla/5.0 (compatible; ImagesiftBot; +imagesift.com)"
114.119.154.65 - - [15/Jan/2025:17:27:19 -0500] "GET /testbeta/root_stripe/stripe/lib/Error/Card.php HTTP/1.1" 200 152 "https://eirtechs.com/testbeta/root_stripe/stripe/lib/Error/?NA" "Mozilla/5.0 (Linux; Android 7.0;) AppleWebKit/537.36 (KHTML, like Gecko) Mobile Safari/537.36 (compatible; PetalBot;+https://webmaster.petalsearch.com/site/petalbot)"
64.124.8.116 - - [15/Jan/2025:17:27:44 -0500] "GET /testbeta-atif/root_stripe/stripe/tests/Stripe/FileLinkTest.php HTTP/1.1" 200 151 "-" "Mozilla/5.0 (compatible; ImagesiftBot; +imagesift.com)"
64.124.8.116 - - [15/Jan/2025:17:28:19 -0500] "GET /testbeta-atif/ HTTP/1.1" 200 1123 "-" "Mozilla/5.0 (compatible; ImagesiftBot; +imagesift.com)"
64.124.8.116 - - [15/Jan/2025:17:28:54 -0500] "GET /assets/fonts/flaticon/font/Flaticon.ttf HTTP/1.1" 200 3700 "-" "Mozilla/5.0 (compatible; ImagesiftBot; +imagesift.com)"
114.119.128.244 - - [15/Jan/2025:17:29:00 -0500] "GET /testbeta/assets/images/portfolio/logo/?MA HTTP/1.1" 200 2265 "https://www.eirtechs.com/testbeta/assets/images/portfolio/logo/?MD" "Mozilla/5.0 (Linux; Android 7.0;) AppleWebKit/537.36 (KHTML, like Gecko) Mobile Safari/537.36 (compatible; PetalBot;+https://webmaster.petalsearch.com/site/petalbot)"
64.124.8.116 - - [15/Jan/2025:17:29:32 -0500] "GET /testbeta/root_stripe/stripe/lib/Issuing/Card.php HTTP/1.1" 200 144 "-" "Mozilla/5.0 (compatible; ImagesiftBot; +imagesift.com)"
51.222.253.10 - - [15/Jan/2025:17:29:57 -0500] "GET /testbeta-atif/?MD HTTP/1.1" 200 1134 "-" "Mozilla/5.0 (compatible; AhrefsBot/7.0; +http://ahrefs.com/robot/)"
64.124.8.116 - - [15/Jan/2025:17:30:10 -0500] "GET /testbeta/root_stripe/stripe/tests/Stripe/InvoiceTest.php HTTP/1.1" 200 146 "-" "Mozilla/5.0 (compatible; ImagesiftBot; +imagesift.com)"
64.124.8.116 - - [15/Jan/2025:17:30:47 -0500] "GET /testbeta-atif/root_stripe/stripe/tests/Stripe/SKUTest.php HTTP/1.1" 200 147 "-" "Mozilla/5.0 (compatible; ImagesiftBot; +imagesift.com)"
64.124.8.116 - - [15/Jan/2025:17:31:25 -0500] "GET /testbeta-atif/assets/scss/bootstrap/mixins/_forms.scss HTTP/1.1" 200 3201 "-" "Mozilla/5.0 (compatible; ImagesiftBot; +imagesift.com)"
64.124.8.116 - - [15/Jan/2025:17:32:06 -0500] "GET /testbeta/assets/fonts/icomoon/icomoon.ttf HTTP/1.1" 200 307168 "-" "Mozilla/5.0 (compatible; ImagesiftBot; +imagesift.com)"
114.119.166.95 - - [15/Jan/2025:17:32:21 -0500] "GET /testbeta/root_stripe/stripe/examples/?SA HTTP/1.1" 200 787 "https://eirtechs.com/testbeta/root_stripe/stripe/examples/?ND" "Mozilla/5.0 (Linux; Android 7.0;) AppleWebKit/537.36 (KHTML, like Gecko) Mobile Safari/537.36 (compatible; PetalBot;+https://webmaster.petalsearch.com/site/petalbot)"
64.124.8.116 - - [15/Jan/2025:17:32:47 -0500] "GET /testbeta/assets/scss/bootstrap/_button-group.scss HTTP/1.1" 200 3740 "-" "Mozilla/5.0 (compatible; ImagesiftBot; +imagesift.com)"
51.222.253.9 - - [15/Jan/2025:17:32:53 -0500] "GET /testbeta/assets/fonts/ionicons/fonts/?MA HTTP/1.1" 200 740 "-" "Mozilla/5.0 (compatible; AhrefsBot/7.0; +http://ahrefs.com/robot/)"
64.124.8.116 - - [15/Jan/2025:17:33:31 -0500] "GET /service/software-development/ecommerce_solutions.php HTTP/1.1" 200 0 "-" "Mozilla/5.0 (compatible; ImagesiftBot; +imagesift.com)"
114.119.135.120 - - [15/Jan/2025:17:33:59 -0500] "GET /testbeta/assets/fonts/open-iconic/?SD HTTP/1.1" 200 905 "https://www.eirtechs.com/testbeta/assets/fonts/open-iconic/?SA" "Mozilla/5.0 (Linux; Android 7.0;) AppleWebKit/537.36 (KHTML, like Gecko) Mobile Safari/537.36 (compatible; PetalBot;+https://webmaster.petalsearch.com/site/petalbot)"
64.124.8.116 - - [15/Jan/2025:17:34:16 -0500] "GET /service/mobile-application/hybrid_application.php HTTP/1.1" 200 0 "-" "Mozilla/5.0 (compatible; ImagesiftBot; +imagesift.com)"
64.124.8.116 - - [15/Jan/2025:17:35:02 -0500] "GET /testbeta/assets/scss/bootstrap/_alert.scss HTTP/1.1" 200 1150 "-" "Mozilla/5.0 (compatible; ImagesiftBot; +imagesift.com)"
51.222.253.18 - - [15/Jan/2025:17:35:45 -0500] "GET /testbeta/assets/images/ HTTP/1.1" 200 2115 "-" "Mozilla/5.0 (compatible; AhrefsBot/7.0; +http://ahrefs.com/robot/)"
64.124.8.116 - - [15/Jan/2025:17:35:49 -0500] "GET /packages/programming-training.php HTTP/1.1" 200 0 "-" "Mozilla/5.0 (compatible; ImagesiftBot; +imagesift.com)"
47.128.34.108 - - [15/Jan/2025:17:36:18 -0500] "GET /testbeta-atif/root_stripe/stripe/tests/Stripe/Util/DefaultLoggerTest.php HTTP/1.1" 200 158 "-" "Mozilla/5.0 (Linux; Android 5.0) AppleWebKit/537.36 (KHTML, like Gecko) Mobile Safari/537.36 (compatible; Bytespider; spider-feedback@bytedance.com)"
64.124.8.116 - - [15/Jan/2025:17:36:37 -0500] "GET /testbeta/root_stripe/stripe/tests/Stripe/ThreeDSecureTest.php HTTP/1.1" 200 148 "-" "Mozilla/5.0 (compatible; ImagesiftBot; +imagesift.com)"
51.222.253.6 - - [15/Jan/2025:17:37:08 -0500] "GET /root_stripe/stripe/tests/Stripe/Util/?NA HTTP/1.1" 200 709 "-" "Mozilla/5.0 (compatible; AhrefsBot/7.0; +http://ahrefs.com/robot/)"
114.119.166.95 - - [15/Jan/2025:17:37:24 -0500] "GET /testbeta/root_stripe/stripe/examples/?NA HTTP/1.1" 200 784 "https://eirtechs.com/testbeta/root_stripe/stripe/examples/?ND" "Mozilla/5.0 (Linux; Android 7.0;) AppleWebKit/537.36 (KHTML, like Gecko) Mobile Safari/537.36 (compatible; PetalBot;+https://webmaster.petalsearch.com/site/petalbot)"
64.124.8.116 - - [15/Jan/2025:17:37:28 -0500] "GET /assets/scss/bootstrap/utilities/_sizing.scss HTTP/1.1" 200 298 "-" "Mozilla/5.0 (compatible; ImagesiftBot; +imagesift.com)"
64.124.8.116 - - [15/Jan/2025:17:38:19 -0500] "GET /admin/vendor/fontawesome-free/svgs/ HTTP/1.1" 200 663 "-" "Mozilla/5.0 (compatible; ImagesiftBot; +imagesift.com)"
51.222.253.13 - - [15/Jan/2025:17:38:36 -0500] "GET /expertise/?MD HTTP/1.1" 200 724 "-" "Mozilla/5.0 (compatible; AhrefsBot/7.0; +http://ahrefs.com/robot/)"
114.119.154.65 - - [15/Jan/2025:17:39:06 -0500] "GET /testbeta/assets/fonts/ HTTP/1.1" 200 834 "https://www.eirtechs.com/testbeta/assets/fonts/open-iconic/?SA" "Mozilla/5.0 (Linux; Android 7.0;) AppleWebKit/537.36 (KHTML, like Gecko) Mobile Safari/537.36 (compatible; PetalBot;+https://webmaster.petalsearch.com/site/petalbot)"
64.124.8.116 - - [15/Jan/2025:17:39:15 -0500] "GET /testbeta/root_stripe/stripe/init.php HTTP/1.1" 200 0 "-" "Mozilla/5.0 (compatible; ImagesiftBot; +imagesift.com)"
64.124.8.116 - - [15/Jan/2025:17:40:16 -0500] "GET /testbeta/root_stripe/stripe/tests/Stripe/IssuerFraudRecordTest.php HTTP/1.1" 200 0 "-" "Mozilla/5.0 (compatible; ImagesiftBot; +imagesift.com)"
47.128.24.60 - - [15/Jan/2025:17:40:19 -0500] "GET /testbeta/root_stripe/stripe/lib/Error/SignatureVerification.php HTTP/1.1" 200 151 "-" "Mozilla/5.0 (Linux; Android 5.0) AppleWebKit/537.36 (KHTML, like Gecko) Mobile Safari/537.36 (compatible; Bytespider; spider-feedback@bytedance.com)"
64.124.8.116 - - [15/Jan/2025:17:41:23 -0500] "GET /testbeta-atif/root_stripe/stripe/lib/Util/RandomGenerator.php HTTP/1.1" 200 0 "-" "Mozilla/5.0 (compatible; ImagesiftBot; +imagesift.com)"
114.119.136.199 - - [15/Jan/2025:17:42:22 -0500] "GET /testbeta/inc/?MD HTTP/1.1" 200 820 "https://eirtechs.com/testbeta/inc/?MA" "Mozilla/5.0 (Linux; Android 7.0;) AppleWebKit/537.36 (KHTML, like Gecko) Mobile Safari/537.36 (compatible; PetalBot;+https://webmaster.petalsearch.com/site/petalbot)"
64.124.8.116 - - [15/Jan/2025:17:42:35 -0500] "GET /admin/index.html HTTP/1.1" 404 1251 "-" "Mozilla/5.0 (compatible; ImagesiftBot; +imagesift.com)"
64.124.8.116 - - [15/Jan/2025:17:43:51 -0500] "GET /testbeta-atif/root_stripe/stripe/tests/Stripe/InvoiceItemTest.php HTTP/1.1" 200 0 "-" "Mozilla/5.0 (compatible; ImagesiftBot; +imagesift.com)"
114.119.136.199 - - [15/Jan/2025:17:43:58 -0500] "GET /testbeta-atif/root_stripe/stripe/lib/Terminal/?ND HTTP/1.1" 200 862 "https://www.eirtechs.com/testbeta-atif/root_stripe/stripe/lib/Terminal/" "Mozilla/5.0 (Linux; Android 7.0;) AppleWebKit/537.36 (KHTML, like Gecko) Mobile Safari/537.36 (compatible; PetalBot;+https://webmaster.petalsearch.com/site/petalbot)"
51.222.253.17 - - [15/Jan/2025:17:44:28 -0500] "GET /testbeta/assets/css/?NA HTTP/1.1" 200 1322 "-" "Mozilla/5.0 (compatible; AhrefsBot/7.0; +http://ahrefs.com/robot/)"
64.124.8.116 - - [15/Jan/2025:17:45:16 -0500] "GET /root_stripe/stripe/tests/bootstrap.php HTTP/1.1" 200 0 "-" "Mozilla/5.0 (compatible; ImagesiftBot; +imagesift.com)"
64.124.8.116 - - [15/Jan/2025:17:46:45 -0500] "GET /testbeta-atif/assets/scss/bootstrap/utilities/_visibility.scss HTTP/1.1" 200 121 "-" "Mozilla/5.0 (compatible; ImagesiftBot; +imagesift.com)"
51.222.253.12 - - [15/Jan/2025:17:47:14 -0500] "GET /testbeta/root_stripe/stripe/data/?MD HTTP/1.1" 200 638 "-" "Mozilla/5.0 (compatible; AhrefsBot/7.0; +http://ahrefs.com/robot/)"
114.119.128.244 - - [15/Jan/2025:17:47:20 -0500] "GET /testbeta/assets/images/portfolio/website/?SA HTTP/1.1" 200 1610 "https://eirtechs.com/testbeta/assets/images/portfolio/website/" "Mozilla/5.0 (Linux; Android 7.0;) AppleWebKit/537.36 (KHTML, like Gecko) Mobile Safari/537.36 (compatible; PetalBot;+https://webmaster.petalsearch.com/site/petalbot)"
64.124.8.116 - - [15/Jan/2025:17:48:26 -0500] "GET /testbeta-atif/root_stripe/stripe/tests/Stripe/SourceTest.php HTTP/1.1" 200 0 "-" "Mozilla/5.0 (compatible; ImagesiftBot; +imagesift.com)"
51.222.253.1 - - [15/Jan/2025:17:48:30 -0500] "GET /root_stripe/stripe/tests/Stripe/Issuing/?ND HTTP/1.1" 200 753 "-" "Mozilla/5.0 (compatible; AhrefsBot/7.0; +http://ahrefs.com/robot/)"
114.119.128.203 - - [15/Jan/2025:17:49:05 -0500] "GET /testbeta-atif/root_stripe/stripe/examples/?ND HTTP/1.1" 200 792 "https://www.eirtechs.com/testbeta-atif/root_stripe/stripe/examples/" "Mozilla/5.0 (Linux; Android 7.0;) AppleWebKit/537.36 (KHTML, like Gecko) Mobile Safari/537.36 (compatible; PetalBot;+https://webmaster.petalsearch.com/site/petalbot)"
51.222.253.4 - - [15/Jan/2025:17:50:05 -0500] "GET /assets/fonts/ionicons/fonts/?NA HTTP/1.1" 200 720 "-" "Mozilla/5.0 (compatible; AhrefsBot/7.0; +http://ahrefs.com/robot/)"
64.124.8.116 - - [15/Jan/2025:17:50:19 -0500] "GET /admin/users.php HTTP/1.1" 200 0 "-" "Mozilla/5.0 (compatible; ImagesiftBot; +imagesift.com)"
