114.119.128.244 - - [15/Jan/2025:11:47:13 -0500] "GET /testbeta-atif/assets/images/portfolio/app/4-min.jpg HTTP/1.1" 200 56197 "https://eirtechs.com/testbeta-atif/packages/eir.php" "Mozilla/5.0 (Linux; Android 7.0;) AppleWebKit/537.36 (KHTML, like Gecko) Mobile Safari/537.36 (compatible; PetalBot;+https://webmaster.petalsearch.com/site/petalbot)"
51.222.253.3 - - [15/Jan/2025:11:48:27 -0500] "GET /root_stripe/stripe/tests/Stripe/CountrySpecTest.php HTTP/1.1" 200 143 "-" "Mozilla/5.0 (compatible; AhrefsBot/7.0; +http://ahrefs.com/robot/)"
114.119.128.244 - - [15/Jan/2025:11:48:50 -0500] "GET /testbeta-atif/assets/images/portfolio/branding/?SA HTTP/1.1" 200 1731 "https://www.eirtechs.com/testbeta-atif/assets/images/portfolio/branding/?SD" "Mozilla/5.0 (Linux; Android 7.0;) AppleWebKit/537.36 (KHTML, like Gecko) Mobile Safari/537.36 (compatible; PetalBot;+https://webmaster.petalsearch.com/site/petalbot)"
51.222.253.2 - - [15/Jan/2025:11:50:07 -0500] "GET /testbeta-atif/root_stripe/stripe/lib/Issuing/Card.php HTTP/1.1" 200 146 "-" "Mozilla/5.0 (compatible; AhrefsBot/7.0; +http://ahrefs.com/robot/)"
114.119.136.199 - - [15/Jan/2025:11:52:10 -0500] "GET /testbeta-atif/assets/images/portfolio/app/3-min.jpg HTTP/1.1" 200 59028 "https://eirtechs.com/testbeta-atif/packages/eir.php" "Mozilla/5.0 (Linux; Android 7.0;) AppleWebKit/537.36 (KHTML, like Gecko) Mobile Safari/537.36 (compatible; PetalBot;+https://webmaster.petalsearch.com/site/petalbot)"
114.119.145.225 - - [15/Jan/2025:11:53:48 -0500] "GET /root_stripe/stripe/tests/Stripe/ApplicationFeeTest.php HTTP/1.1" 200 155 "https://www.eirtechs.com/root_stripe/stripe/tests/Stripe/?ND" "Mozilla/5.0 (Linux; Android 7.0;) AppleWebKit/537.36 (KHTML, like Gecko) Mobile Safari/537.36 (compatible; PetalBot;+https://webmaster.petalsearch.com/site/petalbot)"
51.222.253.15 - - [15/Jan/2025:11:56:57 -0500] "GET /testbeta-atif/assets/css/bootstrap/?SA HTTP/1.1" 200 664 "-" "Mozilla/5.0 (compatible; AhrefsBot/7.0; +http://ahrefs.com/robot/)"
114.119.145.225 - - [15/Jan/2025:11:57:09 -0500] "GET /paynow/create/ HTTP/1.1" 302 23 "https://www.eirtechs.com/paynow/?SA" "Mozilla/5.0 (Linux; Android 7.0;) AppleWebKit/537.36 (KHTML, like Gecko) Mobile Safari/537.36 (compatible; PetalBot;+https://webmaster.petalsearch.com/site/petalbot)"
51.222.253.11 - - [15/Jan/2025:11:58:47 -0500] "GET /assets/images/portfolio/topbrands/?MA HTTP/1.1" 200 1230 "-" "Mozilla/5.0 (compatible; AhrefsBot/7.0; +http://ahrefs.com/robot/)"
114.119.128.244 - - [15/Jan/2025:11:58:48 -0500] "GET /root_stripe/stripe/tests/Stripe/ApplePayDomainTest.php HTTP/1.1" 200 157 "https://www.eirtechs.com/root_stripe/stripe/tests/Stripe/?SA" "Mozilla/5.0 (Linux; Android 7.0;) AppleWebKit/537.36 (KHTML, like Gecko) Mobile Safari/537.36 (compatible; PetalBot;+https://webmaster.petalsearch.com/site/petalbot)"
51.222.253.20 - - [15/Jan/2025:12:00:20 -0500] "GET /testbeta/assets/css/bootstrap/?MA HTTP/1.1" 200 659 "-" "Mozilla/5.0 (compatible; AhrefsBot/7.0; +http://ahrefs.com/robot/)"
51.222.253.10 - - [15/Jan/2025:12:02:05 -0500] "GET /testbeta-atif/assets/css/bootstrap/?MA HTTP/1.1" 200 665 "-" "Mozilla/5.0 (compatible; AhrefsBot/7.0; +http://ahrefs.com/robot/)"
114.119.128.244 - - [15/Jan/2025:12:02:09 -0500] "GET /admin/vendor/fontawesome-free/svgs/solid/vihara.svg HTTP/1.1" 200 372 "https://www.eirtechs.com/admin/vendor/fontawesome-free/svgs/solid/?SD" "Mozilla/5.0 (Linux; Android 7.0;) AppleWebKit/537.36 (KHTML, like Gecko) Mobile Safari/537.36 (compatible; PetalBot;+https://webmaster.petalsearch.com/site/petalbot)"
114.119.154.65 - - [15/Jan/2025:12:03:49 -0500] "GET /root_stripe/stripe/tests/Stripe/ApiRequestorTest.php HTTP/1.1" 200 154 "https://www.eirtechs.com/root_stripe/stripe/tests/Stripe/?ND" "Mozilla/5.0 (Linux; Android 7.0;) AppleWebKit/537.36 (KHTML, like Gecko) Mobile Safari/537.36 (compatible; PetalBot;+https://webmaster.petalsearch.com/site/petalbot)"
51.222.253.15 - - [15/Jan/2025:12:03:54 -0500] "GET /testbeta/assets/fonts/flaticon/license/?SA HTTP/1.1" 200 631 "-" "Mozilla/5.0 (compatible; AhrefsBot/7.0; +http://ahrefs.com/robot/)"
51.222.253.13 - - [15/Jan/2025:12:05:31 -0500] "GET /testbeta/assets/images/portfolio/topbrands/?ND HTTP/1.1" 200 1084 "-" "Mozilla/5.0 (compatible; AhrefsBot/7.0; +http://ahrefs.com/robot/)"
43.135.186.135 - - [15/Jan/2025:12:06:11 -0500] "GET / HTTP/1.1" 200 2200 "http://eirtechs.com" "Mozilla/5.0 (iPhone; CPU iPhone OS 13_2_3 like Mac OS X) AppleWebKit/605.1.15 (KHTML, like Gecko) Version/13.0.3 Mobile/15E148 Safari/604.1"
114.119.166.95 - - [15/Jan/2025:12:07:10 -0500] "GET /admin/vendor/fontawesome-free/svgs/solid/toilet.svg HTTP/1.1" 200 343 "https://www.eirtechs.com/admin/vendor/fontawesome-free/svgs/solid/?SA" "Mozilla/5.0 (Linux; Android 7.0;) AppleWebKit/537.36 (KHTML, like Gecko) Mobile Safari/537.36 (compatible; PetalBot;+https://webmaster.petalsearch.com/site/petalbot)"
51.222.253.15 - - [15/Jan/2025:12:08:39 -0500] "GET /testbeta/root_stripe/stripe/data/?MA HTTP/1.1" 200 632 "-" "Mozilla/5.0 (compatible; AhrefsBot/7.0; +http://ahrefs.com/robot/)"
114.119.128.244 - - [15/Jan/2025:12:08:49 -0500] "GET /root_stripe/stripe/tests/Stripe/?MA HTTP/1.1" 200 2633 "https://www.eirtechs.com/root_stripe/stripe/tests/Stripe/?SA" "Mozilla/5.0 (Linux; Android 7.0;) AppleWebKit/537.36 (KHTML, like Gecko) Mobile Safari/537.36 (compatible; PetalBot;+https://webmaster.petalsearch.com/site/petalbot)"
51.222.253.11 - - [15/Jan/2025:12:11:41 -0500] "GET /root_stripe/stripe/tests/Stripe/Reporting/ReportRunTest.php HTTP/1.1" 200 145 "-" "Mozilla/5.0 (compatible; AhrefsBot/7.0; +http://ahrefs.com/robot/)"
114.119.128.203 - - [15/Jan/2025:12:12:15 -0500] "GET /admin/vendor/fontawesome-free/svgs/solid/play.svg HTTP/1.1" 200 191 "https://www.eirtechs.com/admin/vendor/fontawesome-free/svgs/solid/?SA" "Mozilla/5.0 (Linux; Android 7.0;) AppleWebKit/537.36 (KHTML, like Gecko) Mobile Safari/537.36 (compatible; PetalBot;+https://webmaster.petalsearch.com/site/petalbot)"
51.222.253.16 - - [15/Jan/2025:12:13:30 -0500] "GET /testbeta-atif/assets/images/portfolio/app/ HTTP/1.1" 200 690 "-" "Mozilla/5.0 (compatible; AhrefsBot/7.0; +http://ahrefs.com/robot/)"
114.119.135.120 - - [15/Jan/2025:12:13:51 -0500] "GET /testbeta/assets/images/portfolio/website/?MD HTTP/1.1" 200 1644 "https://www.eirtechs.com/testbeta/assets/images/portfolio/website/?MA" "Mozilla/5.0 (Linux; Android 7.0;) AppleWebKit/537.36 (KHTML, like Gecko) Mobile Safari/537.36 (compatible; PetalBot;+https://webmaster.petalsearch.com/site/petalbot)"
80.71.159.24 - - [15/Jan/2025:12:14:03 -0500] "GET / HTTP/1.1" 200 10800 "-" "Mozilla/5.0 (Windows NT 10.0; Win64; x64; rv:133.0) Gecko/20100101 Firefox/133.0"
185.191.171.4 - - [15/Jan/2025:12:14:39 -0500] "GET /robots.txt HTTP/1.1" 404 1251 "-" "Mozilla/5.0 (compatible; SemrushBot/7~bl; +http://www.semrush.com/bot.html)"
85.208.96.207 - - [15/Jan/2025:12:14:40 -0500] "GET /service/digital-marketing/social_media_marketing.php HTTP/1.1" 200 12696 "-" "Mozilla/5.0 (compatible; SemrushBot/7~bl; +http://www.semrush.com/bot.html)"
35.237.209.240 - - [15/Jan/2025:12:15:00 -0500] "GET /cgi-bin/ HTTP/1.0" 403 1242 "-" "ZoominfoBot (zoominfobot at zoominfo dot com)"
51.222.253.11 - - [15/Jan/2025:12:15:03 -0500] "GET /testbeta-atif/mail/form.html HTTP/1.1" 200 1998 "-" "Mozilla/5.0 (compatible; AhrefsBot/7.0; +http://ahrefs.com/robot/)"
51.222.253.15 - - [15/Jan/2025:12:16:35 -0500] "GET /admin/vendor/fontawesome-free/js/?MA HTTP/1.1" 200 1206 "-" "Mozilla/5.0 (compatible; AhrefsBot/7.0; +http://ahrefs.com/robot/)"
114.119.136.199 - - [15/Jan/2025:12:17:20 -0500] "GET /admin/vendor/fontawesome-free/svgs/solid/place-of-worship.svg HTTP/1.1" 200 336 "https://www.eirtechs.com/admin/vendor/fontawesome-free/svgs/solid/?SA" "Mozilla/5.0 (Linux; Android 7.0;) AppleWebKit/537.36 (KHTML, like Gecko) Mobile Safari/537.36 (compatible; PetalBot;+https://webmaster.petalsearch.com/site/petalbot)"
51.222.253.13 - - [15/Jan/2025:12:18:29 -0500] "GET /assets/fonts/?ND HTTP/1.1" 200 660 "-" "Mozilla/5.0 (compatible; AhrefsBot/7.0; +http://ahrefs.com/robot/)"
114.119.145.115 - - [15/Jan/2025:12:19:01 -0500] "GET /testbeta/assets/images/?SA HTTP/1.1" 200 2478 "https://www.eirtechs.com/testbeta/assets/images/?ND" "Mozilla/5.0 (Linux; Android 7.0;) AppleWebKit/537.36 (KHTML, like Gecko) Mobile Safari/537.36 (compatible; PetalBot;+https://webmaster.petalsearch.com/site/petalbot)"
114.119.128.203 - - [15/Jan/2025:12:22:15 -0500] "GET /admin/vendor/fontawesome-free/svgs/solid/hand-spock.svg HTTP/1.1" 200 360 "https://www.eirtechs.com/admin/vendor/fontawesome-free/svgs/solid/?SD" "Mozilla/5.0 (Linux; Android 7.0;) AppleWebKit/537.36 (KHTML, like Gecko) Mobile Safari/537.36 (compatible; PetalBot;+https://webmaster.petalsearch.com/site/petalbot)"
114.119.166.95 - - [15/Jan/2025:12:23:52 -0500] "GET /testbeta/assets/css/bootstrap/bootstrap-reboot.css HTTP/1.1" 200 1864 "https://www.eirtechs.com/testbeta/assets/css/bootstrap/" "Mozilla/5.0 (Linux; Android 7.0;) AppleWebKit/537.36 (KHTML, like Gecko) Mobile Safari/537.36 (compatible; PetalBot;+https://webmaster.petalsearch.com/site/petalbot)"
51.222.253.4 - - [15/Jan/2025:12:23:59 -0500] "GET /testbeta-atif/assets/fonts/flaticon/font/?SA HTTP/1.1" 200 1070 "-" "Mozilla/5.0 (compatible; AhrefsBot/7.0; +http://ahrefs.com/robot/)"
35.237.209.240 - - [15/Jan/2025:12:25:15 -0500] "GET /build/ HTTP/1.0" 200 782 "-" "ZoominfoBot (zoominfobot at zoominfo dot com)"
114.119.154.65 - - [15/Jan/2025:12:27:13 -0500] "GET /admin/vendor/fontawesome-free/svgs/regular/meh-rolling-eyes.svg HTTP/1.1" 200 378 "https://www.eirtechs.com/admin/vendor/fontawesome-free/svgs/regular/?MD" "Mozilla/5.0 (Linux; Android 7.0;) AppleWebKit/537.36 (KHTML, like Gecko) Mobile Safari/537.36 (compatible; PetalBot;+https://webmaster.petalsearch.com/site/petalbot)"
114.119.145.225 - - [15/Jan/2025:12:28:49 -0500] "GET /testbeta/?ND HTTP/1.1" 200 1342 "https://www.eirtechs.com/testbeta/" "Mozilla/5.0 (Linux; Android 7.0;) AppleWebKit/537.36 (KHTML, like Gecko) Mobile Safari/537.36 (compatible; PetalBot;+https://webmaster.petalsearch.com/site/petalbot)"
51.222.253.16 - - [15/Jan/2025:12:29:59 -0500] "GET /testbeta/assets/?SA HTTP/1.1" 200 665 "-" "Mozilla/5.0 (compatible; AhrefsBot/7.0; +http://ahrefs.com/robot/)"
114.119.135.120 - - [15/Jan/2025:12:32:12 -0500] "GET /admin/vendor/fontawesome-free/svgs/regular/hand-point-down.svg HTTP/1.1" 200 643 "https://www.eirtechs.com/admin/vendor/fontawesome-free/svgs/regular/?MD" "Mozilla/5.0 (Linux; Android 7.0;) AppleWebKit/537.36 (KHTML, like Gecko) Mobile Safari/537.36 (compatible; PetalBot;+https://webmaster.petalsearch.com/site/petalbot)"
51.222.253.11 - - [15/Jan/2025:12:32:14 -0500] "GET /assest/image/mobile%20perspective/?MA HTTP/1.1" 200 1139 "-" "Mozilla/5.0 (compatible; AhrefsBot/7.0; +http://ahrefs.com/robot/)"
114.119.128.244 - - [15/Jan/2025:12:33:49 -0500] "GET /testbeta-atif/root_stripe/stripe/lib/Sigma/ HTTP/1.1" 200 812 "https://www.eirtechs.com/testbeta-atif/root_stripe/stripe/lib/?MD" "Mozilla/5.0 (Linux; Android 7.0;) AppleWebKit/537.36 (KHTML, like Gecko) Mobile Safari/537.36 (compatible; PetalBot;+https://webmaster.petalsearch.com/site/petalbot)"
51.222.253.1 - - [15/Jan/2025:12:34:14 -0500] "GET /root_stripe/stripe/tests/Stripe/Issuing/CardholderTest.php HTTP/1.1" 200 148 "-" "Mozilla/5.0 (compatible; AhrefsBot/7.0; +http://ahrefs.com/robot/)"
47.128.112.139 - - [15/Jan/2025:12:34:57 -0500] "GET /root_stripe/stripe/lib/Error/Base.php HTTP/1.1" 200 0 "-" "Mozilla/5.0 (Linux; Android 5.0) AppleWebKit/537.36 (KHTML, like Gecko) Mobile Safari/537.36 (compatible; Bytespider; spider-feedback@bytedance.com)"
114.119.145.115 - - [15/Jan/2025:12:37:11 -0500] "GET /admin/vendor/fontawesome-free/svgs/brands/ember.svg HTTP/1.1" 200 953 "https://www.eirtechs.com/admin/vendor/fontawesome-free/svgs/brands/?SD" "Mozilla/5.0 (Linux; Android 7.0;) AppleWebKit/537.36 (KHTML, like Gecko) Mobile Safari/537.36 (compatible; PetalBot;+https://webmaster.petalsearch.com/site/petalbot)"
51.222.253.15 - - [15/Jan/2025:12:38:29 -0500] "GET /build/js/?ND HTTP/1.1" 200 1057 "-" "Mozilla/5.0 (compatible; AhrefsBot/7.0; +http://ahrefs.com/robot/)"
114.119.166.95 - - [15/Jan/2025:12:38:49 -0500] "GET /testbeta-atif/inc/header.php HTTP/1.1" 200 1245 "https://www.eirtechs.com/testbeta-atif/inc/?SA" "Mozilla/5.0 (Linux; Android 7.0;) AppleWebKit/537.36 (KHTML, like Gecko) Mobile Safari/537.36 (compatible; PetalBot;+https://webmaster.petalsearch.com/site/petalbot)"
47.128.54.215 - - [15/Jan/2025:12:38:57 -0500] "GET /testbeta-atif/mail/form.lib.php HTTP/1.1" 200 0 "-" "Mozilla/5.0 (Linux; Android 5.0) AppleWebKit/537.36 (KHTML, like Gecko) Mobile Safari/537.36 (compatible; Bytespider; spider-feedback@bytedance.com)"
51.222.253.10 - - [15/Jan/2025:12:41:11 -0500] "GET /admin/vendor/fontawesome-free/scss/?SA HTTP/1.1" 200 1302 "-" "Mozilla/5.0 (compatible; AhrefsBot/7.0; +http://ahrefs.com/robot/)"
114.119.128.203 - - [15/Jan/2025:12:42:12 -0500] "GET /admin/vendor/fontawesome-free/scss/_shims.scss HTTP/1.1" 200 65172 "https://www.eirtechs.com/admin/vendor/fontawesome-free/scss/?ND" "Mozilla/5.0 (Linux; Android 7.0;) AppleWebKit/537.36 (KHTML, like Gecko) Mobile Safari/537.36 (compatible; PetalBot;+https://webmaster.petalsearch.com/site/petalbot)"
47.128.37.65 - - [15/Jan/2025:12:42:58 -0500] "GET /testbeta/mail/admin.php HTTP/1.1" 200 1362 "-" "Mozilla/5.0 (Linux; Android 5.0) AppleWebKit/537.36 (KHTML, like Gecko) Mobile Safari/537.36 (compatible; Bytespider; spider-feedback@bytedance.com)"
51.222.253.4 - - [15/Jan/2025:12:43:49 -0500] "GET /testbeta/root_stripe/stripe/tests/data/?NA HTTP/1.1" 200 629 "-" "Mozilla/5.0 (compatible; AhrefsBot/7.0; +http://ahrefs.com/robot/)"
114.119.135.120 - - [15/Jan/2025:12:43:52 -0500] "GET /testbeta-atif/assets/scss/bootstrap/mixins/_breakpoints.scss HTTP/1.1" 200 4468 "https://www.eirtechs.com/testbeta-atif/assets/scss/bootstrap/mixins/?MD" "Mozilla/5.0 (Linux; Android 7.0;) AppleWebKit/537.36 (KHTML, like Gecko) Mobile Safari/537.36 (compatible; PetalBot;+https://webmaster.petalsearch.com/site/petalbot)"
51.222.253.3 - - [15/Jan/2025:12:46:52 -0500] "GET /root_stripe/stripe/tests/?SA HTTP/1.1" 200 743 "-" "Mozilla/5.0 (compatible; AhrefsBot/7.0; +http://ahrefs.com/robot/)"
47.128.46.190 - - [15/Jan/2025:12:46:59 -0500] "GET /testbeta/root_stripe/stripe/lib/ApiOperations/All.php HTTP/1.1" 200 0 "-" "Mozilla/5.0 (Linux; Android 5.0) AppleWebKit/537.36 (KHTML, like Gecko) Mobile Safari/537.36 (compatible; Bytespider; spider-feedback@bytedance.com)"
114.119.154.65 - - [15/Jan/2025:12:47:11 -0500] "GET /testbeta/root_stripe/stripe/tests/Stripe/TokenTest.php HTTP/1.1" 200 154 "https://eirtechs.com/testbeta/root_stripe/stripe/tests/Stripe/?MA" "Mozilla/5.0 (Linux; Android 7.0;) AppleWebKit/537.36 (KHTML, like Gecko) Mobile Safari/537.36 (compatible; PetalBot;+https://webmaster.petalsearch.com/site/petalbot)"
114.119.135.120 - - [15/Jan/2025:12:48:51 -0500] "GET /testbeta-atif/assets/scss/?MA HTTP/1.1" 200 898 "https://www.eirtechs.com/testbeta-atif/assets/scss/?NA" "Mozilla/5.0 (Linux; Android 7.0;) AppleWebKit/537.36 (KHTML, like Gecko) Mobile Safari/537.36 (compatible; PetalBot;+https://webmaster.petalsearch.com/site/petalbot)"
51.222.253.12 - - [15/Jan/2025:12:49:52 -0500] "GET /testbeta-atif/assets/js/?SA HTTP/1.1" 200 1355 "-" "Mozilla/5.0 (compatible; AhrefsBot/7.0; +http://ahrefs.com/robot/)"
114.119.136.199 - - [15/Jan/2025:12:52:11 -0500] "GET /testbeta/assets/images/services/?SD HTTP/1.1" 200 893 "https://eirtechs.com/testbeta/assets/images/services/?SA" "Mozilla/5.0 (Linux; Android 7.0;) AppleWebKit/537.36 (KHTML, like Gecko) Mobile Safari/537.36 (compatible; PetalBot;+https://webmaster.petalsearch.com/site/petalbot)"
114.119.154.65 - - [15/Jan/2025:12:53:50 -0500] "GET /testbeta-atif/assets/fonts/ionicons/css/?MD HTTP/1.1" 200 830 "https://www.eirtechs.com/testbeta-atif/assets/fonts/ionicons/css/?MA" "Mozilla/5.0 (Linux; Android 7.0;) AppleWebKit/537.36 (KHTML, like Gecko) Mobile Safari/537.36 (compatible; PetalBot;+https://webmaster.petalsearch.com/site/petalbot)"
51.222.253.14 - - [15/Jan/2025:12:54:08 -0500] "GET /testbeta/assets/fonts/flaticon/?SA HTTP/1.1" 200 690 "-" "Mozilla/5.0 (compatible; AhrefsBot/7.0; +http://ahrefs.com/robot/)"
51.222.253.5 - - [15/Jan/2025:12:55:42 -0500] "GET /testbeta-atif/assets/?MA HTTP/1.1" 200 666 "-" "Mozilla/5.0 (compatible; AhrefsBot/7.0; +http://ahrefs.com/robot/)"
114.119.128.244 - - [15/Jan/2025:12:57:11 -0500] "GET /testbeta/assets/fonts/?NA HTTP/1.1" 200 830 "https://eirtechs.com/testbeta/assets/fonts/?SA" "Mozilla/5.0 (Linux; Android 7.0;) AppleWebKit/537.36 (KHTML, like Gecko) Mobile Safari/537.36 (compatible; PetalBot;+https://webmaster.petalsearch.com/site/petalbot)"
51.222.253.5 - - [15/Jan/2025:12:57:34 -0500] "GET /testbeta-atif/root_stripe/stripe/lib/Terminal/Reader.php HTTP/1.1" 200 149 "-" "Mozilla/5.0 (compatible; AhrefsBot/7.0; +http://ahrefs.com/robot/)"
114.119.145.225 - - [15/Jan/2025:12:58:49 -0500] "GET /testbeta-atif/assets/fonts/?ND HTTP/1.1" 200 840 "https://www.eirtechs.com/testbeta-atif/assets/fonts/?NA" "Mozilla/5.0 (Linux; Android 7.0;) AppleWebKit/537.36 (KHTML, like Gecko) Mobile Safari/537.36 (compatible; PetalBot;+https://webmaster.petalsearch.com/site/petalbot)"
51.222.253.12 - - [15/Jan/2025:12:59:20 -0500] "GET /testbeta-atif/assets/images/portfolio/?SD HTTP/1.1" 200 1304 "-" "Mozilla/5.0 (compatible; AhrefsBot/7.0; +http://ahrefs.com/robot/)"
194.38.23.16 - - [15/Jan/2025:13:00:22 -0500] "GET /wp-content/themes/SqueezeTheme/style.css HTTP/1.1" 404 1251 "-" "ALittle Client"
114.119.135.120 - - [15/Jan/2025:13:02:20 -0500] "GET /testbeta-atif/root_stripe/stripe/VERSION HTTP/1.1" 200 7 "https://eirtechs.com/testbeta-atif/root_stripe/stripe/" "Mozilla/5.0 (Linux; Android 7.0;) AppleWebKit/537.36 (KHTML, like Gecko) Mobile Safari/537.36 (compatible; PetalBot;+https://webmaster.petalsearch.com/site/petalbot)"
114.119.135.120 - - [15/Jan/2025:13:03:50 -0500] "GET /testbeta-atif/assets/css/bootstrap/?MA HTTP/1.1" 200 824 "https://www.eirtechs.com/testbeta-atif/assets/css/bootstrap/?ND" "Mozilla/5.0 (Linux; Android 7.0;) AppleWebKit/537.36 (KHTML, like Gecko) Mobile Safari/537.36 (compatible; PetalBot;+https://webmaster.petalsearch.com/site/petalbot)"
51.222.253.11 - - [15/Jan/2025:13:06:14 -0500] "GET /services/?ND HTTP/1.1" 200 1149 "-" "Mozilla/5.0 (compatible; AhrefsBot/7.0; +http://ahrefs.com/robot/)"
114.119.128.203 - - [15/Jan/2025:13:07:13 -0500] "GET /testbeta-atif/packages/?SD HTTP/1.1" 200 884 "https://eirtechs.com/testbeta-atif/packages/?SA" "Mozilla/5.0 (Linux; Android 7.0;) AppleWebKit/537.36 (KHTML, like Gecko) Mobile Safari/537.36 (compatible; PetalBot;+https://webmaster.petalsearch.com/site/petalbot)"
114.119.128.244 - - [15/Jan/2025:13:08:50 -0500] "GET /service/software-development/workflows.php HTTP/1.1" 200 12397 "https://www.eirtechs.com/service/software-development/?SA" "Mozilla/5.0 (Linux; Android 7.0;) AppleWebKit/537.36 (KHTML, like Gecko) Mobile Safari/537.36 (compatible; PetalBot;+https://webmaster.petalsearch.com/site/petalbot)"
51.222.253.7 - - [15/Jan/2025:13:09:52 -0500] "GET /assest/image/icons/?ND HTTP/1.1" 200 961 "-" "Mozilla/5.0 (compatible; AhrefsBot/7.0; +http://ahrefs.com/robot/)"
51.222.253.13 - - [15/Jan/2025:13:11:31 -0500] "GET /testbeta/root_stripe/stripe/examples/?SA HTTP/1.1" 200 638 "-" "Mozilla/5.0 (compatible; AhrefsBot/7.0; +http://ahrefs.com/robot/)"
114.119.166.95 - - [15/Jan/2025:13:12:12 -0500] "GET /testbeta-atif/assets/images/portfolio/logo/14-min.jpg HTTP/1.1" 200 5732 "https://eirtechs.com/testbeta-atif/packages/logo.php" "Mozilla/5.0 (Linux; Android 7.0;) AppleWebKit/537.36 (KHTML, like Gecko) Mobile Safari/537.36 (compatible; PetalBot;+https://webmaster.petalsearch.com/site/petalbot)"
114.119.145.115 - - [15/Jan/2025:13:13:50 -0500] "GET /root_stripe/stripe/tests/data/?MD HTTP/1.1" 200 778 "https://www.eirtechs.com/root_stripe/stripe/tests/data/?MA" "Mozilla/5.0 (Linux; Android 7.0;) AppleWebKit/537.36 (KHTML, like Gecko) Mobile Safari/537.36 (compatible; PetalBot;+https://webmaster.petalsearch.com/site/petalbot)"
51.222.253.13 - - [15/Jan/2025:13:14:51 -0500] "GET /root_stripe/stripe/lib/HttpClient/ClientInterface.php HTTP/1.1" 200 0 "-" "Mozilla/5.0 (compatible; AhrefsBot/7.0; +http://ahrefs.com/robot/)"
51.222.253.3 - - [15/Jan/2025:13:16:12 -0500] "GET /testbeta-atif/assets/fonts/flaticon/?NA HTTP/1.1" 200 692 "-" "Mozilla/5.0 (compatible; AhrefsBot/7.0; +http://ahrefs.com/robot/)"
114.119.145.225 - - [15/Jan/2025:13:17:13 -0500] "GET /admin/vendor/fontawesome-free/svgs/solid/stream.svg HTTP/1.1" 200 200 "https://www.eirtechs.com/admin/vendor/fontawesome-free/svgs/solid/?SA" "Mozilla/5.0 (Linux; Android 7.0;) AppleWebKit/537.36 (KHTML, like Gecko) Mobile Safari/537.36 (compatible; PetalBot;+https://webmaster.petalsearch.com/site/petalbot)"
114.119.128.203 - - [15/Jan/2025:13:18:51 -0500] "GET /root_stripe/stripe/tests/Stripe/ HTTP/1.1" 200 2597 "https://www.eirtechs.com/root_stripe/stripe/tests/Stripe/Util/?SA" "Mozilla/5.0 (Linux; Android 7.0;) AppleWebKit/537.36 (KHTML, like Gecko) Mobile Safari/537.36 (compatible; PetalBot;+https://webmaster.petalsearch.com/site/petalbot)"
51.222.253.7 - - [15/Jan/2025:13:19:45 -0500] "GET /admin/js/demo/?SA HTTP/1.1" 200 697 "-" "Mozilla/5.0 (compatible; AhrefsBot/7.0; +http://ahrefs.com/robot/)"
114.119.166.95 - - [15/Jan/2025:13:22:12 -0500] "GET /admin/vendor/fontawesome-free/svgs/solid/spinner.svg HTTP/1.1" 200 245 "https://www.eirtechs.com/admin/vendor/fontawesome-free/svgs/solid/?SD" "Mozilla/5.0 (Linux; Android 7.0;) AppleWebKit/537.36 (KHTML, like Gecko) Mobile Safari/537.36 (compatible; PetalBot;+https://webmaster.petalsearch.com/site/petalbot)"
51.222.253.20 - - [15/Jan/2025:13:23:25 -0500] "GET /admin/vendor/bootstrap/scss/?MD HTTP/1.1" 200 1857 "-" "Mozilla/5.0 (compatible; AhrefsBot/7.0; +http://ahrefs.com/robot/)"
114.119.166.95 - - [15/Jan/2025:13:23:53 -0500] "GET /root_stripe/stripe/phpunit.xml HTTP/1.1" 200 225 "https://www.eirtechs.com/root_stripe/stripe/?NA" "Mozilla/5.0 (Linux; Android 7.0;) AppleWebKit/537.36 (KHTML, like Gecko) Mobile Safari/537.36 (compatible; PetalBot;+https://webmaster.petalsearch.com/site/petalbot)"
51.222.253.2 - - [15/Jan/2025:13:25:10 -0500] "GET /testbeta/assets/css/bootstrap/?SA HTTP/1.1" 200 658 "-" "Mozilla/5.0 (compatible; AhrefsBot/7.0; +http://ahrefs.com/robot/)"
51.222.253.15 - - [15/Jan/2025:13:26:55 -0500] "GET /root_stripe/stripe/tests/Stripe/BankAccountTest.php HTTP/1.1" 200 144 "-" "Mozilla/5.0 (compatible; AhrefsBot/7.0; +http://ahrefs.com/robot/)"
114.119.145.115 - - [15/Jan/2025:13:27:14 -0500] "GET /admin/vendor/fontawesome-free/svgs/solid/skating.svg HTTP/1.1" 200 479 "https://www.eirtechs.com/admin/vendor/fontawesome-free/svgs/solid/?SD" "Mozilla/5.0 (Linux; Android 7.0;) AppleWebKit/537.36 (KHTML, like Gecko) Mobile Safari/537.36 (compatible; PetalBot;+https://webmaster.petalsearch.com/site/petalbot)"
114.119.128.244 - - [15/Jan/2025:13:28:57 -0500] "GET /thankyou/ HTTP/1.1" 200 919 "https://www.eirtechs.com/?NA" "Mozilla/5.0 (Linux; Android 7.0;) AppleWebKit/537.36 (KHTML, like Gecko) Mobile Safari/537.36 (compatible; PetalBot;+https://webmaster.petalsearch.com/site/petalbot)"
51.222.253.20 - - [15/Jan/2025:13:28:58 -0500] "GET /root_stripe/stripe/tests/data/?MA HTTP/1.1" 200 629 "-" "Mozilla/5.0 (compatible; AhrefsBot/7.0; +http://ahrefs.com/robot/)"
51.222.253.17 - - [15/Jan/2025:13:30:56 -0500] "GET /admin/includes/?MA HTTP/1.1" 200 735 "-" "Mozilla/5.0 (compatible; AhrefsBot/7.0; +http://ahrefs.com/robot/)"
114.119.166.95 - - [15/Jan/2025:13:32:12 -0500] "GET /admin/vendor/fontawesome-free/svgs/solid/print.svg HTTP/1.1" 200 319 "https://www.eirtechs.com/admin/vendor/fontawesome-free/svgs/solid/?SA" "Mozilla/5.0 (Linux; Android 7.0;) AppleWebKit/537.36 (KHTML, like Gecko) Mobile Safari/537.36 (compatible; PetalBot;+https://webmaster.petalsearch.com/site/petalbot)"
114.119.128.203 - - [15/Jan/2025:13:33:55 -0500] "GET /testbeta/root_stripe/stripe/lib/Util/RandomGenerator.php HTTP/1.1" 200 0 "https://www.eirtechs.com/testbeta/root_stripe/stripe/lib/Util/?SA" "Mozilla/5.0 (Linux; Android 7.0;) AppleWebKit/537.36 (KHTML, like Gecko) Mobile Safari/537.36 (compatible; PetalBot;+https://webmaster.petalsearch.com/site/petalbot)"
51.222.253.4 - - [15/Jan/2025:13:34:03 -0500] "GET /testbeta/root_stripe/stripe/tests/?NA HTTP/1.1" 200 740 "-" "Mozilla/5.0 (compatible; AhrefsBot/7.0; +http://ahrefs.com/robot/)"
51.222.253.17 - - [15/Jan/2025:13:37:11 -0500] "GET /testbeta-atif/root_stripe/stripe/tests/bootstrap.no_autoload.php HTTP/1.1" 200 93 "-" "Mozilla/5.0 (compatible; AhrefsBot/7.0; +http://ahrefs.com/robot/)"
114.119.145.115 - - [15/Jan/2025:13:37:14 -0500] "GET /admin/vendor/fontawesome-free/svgs/solid/helicopter.svg HTTP/1.1" 200 415 "https://www.eirtechs.com/admin/vendor/fontawesome-free/svgs/solid/?SD" "Mozilla/5.0 (Linux; Android 7.0;) AppleWebKit/537.36 (KHTML, like Gecko) Mobile Safari/537.36 (compatible; PetalBot;+https://webmaster.petalsearch.com/site/petalbot)"
51.222.253.6 - - [15/Jan/2025:13:38:48 -0500] "GET /root_stripe/stripe/tests/data/?SA HTTP/1.1" 200 628 "-" "Mozilla/5.0 (compatible; AhrefsBot/7.0; +http://ahrefs.com/robot/)"
47.128.31.76 - - [15/Jan/2025:13:38:48 -0500] "GET /testbeta/root_stripe/stripe/lib/Token.php HTTP/1.1" 200 138 "-" "Mozilla/5.0 (Linux; Android 5.0) AppleWebKit/537.36 (KHTML, like Gecko) Mobile Safari/537.36 (compatible; Bytespider; spider-feedback@bytedance.com)"
114.119.154.65 - - [15/Jan/2025:13:38:52 -0500] "GET /testbeta/assets/scss/?NA HTTP/1.1" 200 892 "https://www.eirtechs.com/testbeta/assets/scss/?ND" "Mozilla/5.0 (Linux; Android 7.0;) AppleWebKit/537.36 (KHTML, like Gecko) Mobile Safari/537.36 (compatible; PetalBot;+https://webmaster.petalsearch.com/site/petalbot)"
51.222.253.4 - - [15/Jan/2025:13:40:18 -0500] "GET /testbeta/root_stripe/stripe/examples/?NA HTTP/1.1" 200 629 "-" "Mozilla/5.0 (compatible; AhrefsBot/7.0; +http://ahrefs.com/robot/)"
114.119.145.225 - - [15/Jan/2025:13:42:13 -0500] "GET /admin/vendor/fontawesome-free/svgs/solid/fax.svg HTTP/1.1" 200 314 "https://www.eirtechs.com/admin/vendor/fontawesome-free/svgs/solid/?SD" "Mozilla/5.0 (Linux; Android 7.0;) AppleWebKit/537.36 (KHTML, like Gecko) Mobile Safari/537.36 (compatible; PetalBot;+https://webmaster.petalsearch.com/site/petalbot)"
51.222.253.17 - - [15/Jan/2025:13:42:17 -0500] "GET /testbeta-atif/root_stripe/stripe/tests/data/ HTTP/1.1" 200 636 "-" "Mozilla/5.0 (compatible; AhrefsBot/7.0; +http://ahrefs.com/robot/)"
114.119.136.199 - - [15/Jan/2025:13:43:57 -0500] "GET /testbeta/assets/fonts/?NA HTTP/1.1" 200 834 "https://www.eirtechs.com/testbeta/assets/fonts/?MD" "Mozilla/5.0 (Linux; Android 7.0;) AppleWebKit/537.36 (KHTML, like Gecko) Mobile Safari/537.36 (compatible; PetalBot;+https://webmaster.petalsearch.com/site/petalbot)"
51.222.253.13 - - [15/Jan/2025:13:44:04 -0500] "GET /root_stripe/stripe/tests/Stripe/Sigma/?NA HTTP/1.1" 200 653 "-" "Mozilla/5.0 (compatible; AhrefsBot/7.0; +http://ahrefs.com/robot/)"
51.222.253.18 - - [15/Jan/2025:13:45:38 -0500] "GET /thankyou/?ND HTTP/1.1" 200 750 "-" "Mozilla/5.0 (compatible; AhrefsBot/7.0; +http://ahrefs.com/robot/)"
47.128.42.160 - - [15/Jan/2025:13:46:49 -0500] "GET /testbeta/root_stripe/stripe/lib/Terminal/Location.php HTTP/1.1" 200 144 "-" "Mozilla/5.0 (Linux; Android 5.0) AppleWebKit/537.36 (KHTML, like Gecko) Mobile Safari/537.36 (compatible; Bytespider; spider-feedback@bytedance.com)"
114.119.145.115 - - [15/Jan/2025:13:47:13 -0500] "GET /admin/vendor/fontawesome-free/svgs/brands/google-wallet.svg HTTP/1.1" 200 374 "https://www.eirtechs.com/admin/vendor/fontawesome-free/svgs/brands/?SD" "Mozilla/5.0 (Linux; Android 7.0;) AppleWebKit/537.36 (KHTML, like Gecko) Mobile Safari/537.36 (compatible; PetalBot;+https://webmaster.petalsearch.com/site/petalbot)"
51.222.253.11 - - [15/Jan/2025:13:47:18 -0500] "GET /testbeta-atif/assets/images/portfolio/website/?MA HTTP/1.1" 200 1314 "-" "Mozilla/5.0 (compatible; AhrefsBot/7.0; +http://ahrefs.com/robot/)"
114.119.128.203 - - [15/Jan/2025:13:48:53 -0500] "GET /testbeta/assets/css/aos.css HTTP/1.1" 200 2968 "https://www.eirtechs.com/testbeta/assets/css/?SD" "Mozilla/5.0 (Linux; Android 7.0;) AppleWebKit/537.36 (KHTML, like Gecko) Mobile Safari/537.36 (compatible; PetalBot;+https://webmaster.petalsearch.com/site/petalbot)"
47.128.42.64 - - [15/Jan/2025:13:50:49 -0500] "GET /testbeta-atif/root_stripe/stripe/lib/Transfer.php HTTP/1.1" 200 142 "-" "Mozilla/5.0 (Linux; Android 5.0) AppleWebKit/537.36 (KHTML, like Gecko) Mobile Safari/537.36 (compatible; Bytespider; spider-feedback@bytedance.com)"
51.222.253.15 - - [15/Jan/2025:13:51:04 -0500] "GET /build/img/?ND HTTP/1.1" 200 651 "-" "Mozilla/5.0 (compatible; AhrefsBot/7.0; +http://ahrefs.com/robot/)"
114.119.145.225 - - [15/Jan/2025:13:52:12 -0500] "GET /admin/vendor/fontawesome-free/svgs/brands/dyalog.svg HTTP/1.1" 200 260 "https://www.eirtechs.com/admin/vendor/fontawesome-free/svgs/brands/?SD" "Mozilla/5.0 (Linux; Android 7.0;) AppleWebKit/537.36 (KHTML, like Gecko) Mobile Safari/537.36 (compatible; PetalBot;+https://webmaster.petalsearch.com/site/petalbot)"
114.119.128.244 - - [15/Jan/2025:13:53:52 -0500] "GET /testbeta/?SD HTTP/1.1" 200 1349 "https://www.eirtechs.com/testbeta/?SA" "Mozilla/5.0 (Linux; Android 7.0;) AppleWebKit/537.36 (KHTML, like Gecko) Mobile Safari/537.36 (compatible; PetalBot;+https://webmaster.petalsearch.com/site/petalbot)"
114.119.145.115 - - [15/Jan/2025:13:57:13 -0500] "GET /testbeta/root_stripe/stripe/tests/Stripe/FileCreationTest.php HTTP/1.1" 200 157 "https://eirtechs.com/testbeta/root_stripe/stripe/tests/Stripe/?MA" "Mozilla/5.0 (Linux; Android 7.0;) AppleWebKit/537.36 (KHTML, like Gecko) Mobile Safari/537.36 (compatible; PetalBot;+https://webmaster.petalsearch.com/site/petalbot)"
114.119.128.244 - - [15/Jan/2025:13:58:52 -0500] "GET /testbeta-atif/services/logo.php HTTP/1.1" 200 6590 "https://www.eirtechs.com/testbeta-atif/services/?NA" "Mozilla/5.0 (Linux; Android 7.0;) AppleWebKit/537.36 (KHTML, like Gecko) Mobile Safari/537.36 (compatible; PetalBot;+https://webmaster.petalsearch.com/site/petalbot)"
51.222.253.12 - - [15/Jan/2025:13:58:54 -0500] "GET /testbeta-atif/root_stripe/stripe/tests/Stripe/Util/DefaultLoggerTest.php HTTP/1.1" 200 158 "-" "Mozilla/5.0 (compatible; AhrefsBot/7.0; +http://ahrefs.com/robot/)"
51.222.253.19 - - [15/Jan/2025:14:00:45 -0500] "GET /assest/javascript/?ND HTTP/1.1" 200 622 "-" "Mozilla/5.0 (compatible; AhrefsBot/7.0; +http://ahrefs.com/robot/)"
114.119.145.115 - - [15/Jan/2025:14:02:14 -0500] "GET /testbeta/root_stripe/stripe/tests/Stripe/?ND HTTP/1.1" 200 2603 "https://eirtechs.com/testbeta/root_stripe/stripe/tests/Stripe/" "Mozilla/5.0 (Linux; Android 7.0;) AppleWebKit/537.36 (KHTML, like Gecko) Mobile Safari/537.36 (compatible; PetalBot;+https://webmaster.petalsearch.com/site/petalbot)"
51.222.253.11 - - [15/Jan/2025:14:02:17 -0500] "GET /root_stripe/stripe/tests/Stripe/Sigma/ScheduledQueryRunTest.php HTTP/1.1" 200 153 "-" "Mozilla/5.0 (compatible; AhrefsBot/7.0; +http://ahrefs.com/robot/)"
47.128.36.104 - - [15/Jan/2025:14:03:04 -0500] "GET /root_stripe/stripe/lib/Util/CaseInsensitiveArray.php HTTP/1.1" 200 0 "-" "Mozilla/5.0 (Linux; Android 5.0) AppleWebKit/537.36 (KHTML, like Gecko) Mobile Safari/537.36 (compatible; Bytespider; spider-feedback@bytedance.com)"
114.119.136.199 - - [15/Jan/2025:14:04:00 -0500] "GET /testbeta-atif/root_stripe/stripe/tests/Stripe/IssuerFraudRecordTest.php HTTP/1.1" 200 166 "https://www.eirtechs.com/testbeta-atif/root_stripe/stripe/tests/Stripe/?SD" "Mozilla/5.0 (Linux; Android 7.0;) AppleWebKit/537.36 (KHTML, like Gecko) Mobile Safari/537.36 (compatible; PetalBot;+https://webmaster.petalsearch.com/site/petalbot)"
51.222.253.3 - - [15/Jan/2025:14:04:05 -0500] "GET /pay/?SA HTTP/1.1" 200 780 "-" "Mozilla/5.0 (compatible; AhrefsBot/7.0; +http://ahrefs.com/robot/)"
51.222.253.16 - - [15/Jan/2025:14:05:55 -0500] "GET /admin/vendor/fontawesome-free/?NA HTTP/1.1" 200 1109 "-" "Mozilla/5.0 (compatible; AhrefsBot/7.0; +http://ahrefs.com/robot/)"
47.128.30.198 - - [15/Jan/2025:14:07:04 -0500] "GET /testbeta-atif/root_stripe/stripe/lib/Error/RateLimit.php HTTP/1.1" 200 157 "-" "Mozilla/5.0 (Linux; Android 5.0) AppleWebKit/537.36 (KHTML, like Gecko) Mobile Safari/537.36 (compatible; Bytespider; spider-feedback@bytedance.com)"
114.119.135.120 - - [15/Jan/2025:14:07:14 -0500] "GET /testbeta/root_stripe/stripe/lib/HttpClient/?MD HTTP/1.1" 200 838 "https://eirtechs.com/testbeta/root_stripe/stripe/lib/HttpClient/?MA" "Mozilla/5.0 (Linux; Android 7.0;) AppleWebKit/537.36 (KHTML, like Gecko) Mobile Safari/537.36 (compatible; PetalBot;+https://webmaster.petalsearch.com/site/petalbot)"
51.222.253.14 - - [15/Jan/2025:14:07:34 -0500] "GET /testbeta-atif/assets/fonts/ionicons/fonts/?NA HTTP/1.1" 200 731 "-" "Mozilla/5.0 (compatible; AhrefsBot/7.0; +http://ahrefs.com/robot/)"
114.119.135.120 - - [15/Jan/2025:14:08:53 -0500] "GET /testbeta-atif/root_stripe/stripe/tests/Stripe/AccountTest.php HTTP/1.1" 200 159 "https://www.eirtechs.com/testbeta-atif/root_stripe/stripe/tests/Stripe/?SD" "Mozilla/5.0 (Linux; Android 7.0;) AppleWebKit/537.36 (KHTML, like Gecko) Mobile Safari/537.36 (compatible; PetalBot;+https://webmaster.petalsearch.com/site/petalbot)"
51.222.253.3 - - [15/Jan/2025:14:10:33 -0500] "GET /assets/fonts/ionicons/ HTTP/1.1" 200 625 "-" "Mozilla/5.0 (compatible; AhrefsBot/7.0; +http://ahrefs.com/robot/)"
114.119.128.203 - - [15/Jan/2025:14:12:14 -0500] "GET /testbeta-atif/root_stripe/stripe/phpunit.no_autoload.xml HTTP/1.1" 200 231 "https://eirtechs.com/testbeta-atif/root_stripe/stripe/" "Mozilla/5.0 (Linux; Android 7.0;) AppleWebKit/537.36 (KHTML, like Gecko) Mobile Safari/537.36 (compatible; PetalBot;+https://webmaster.petalsearch.com/site/petalbot)"
51.222.253.1 - - [15/Jan/2025:14:12:23 -0500] "GET /root_stripe/stripe/tests/Stripe/Issuing/CardholderTest.php HTTP/1.1" 200 148 "-" "Mozilla/5.0 (compatible; AhrefsBot/7.0; +http://ahrefs.com/robot/)"
114.119.145.115 - - [15/Jan/2025:14:13:53 -0500] "GET /testbeta-atif/assets/scss/bootstrap/mixins/?MA HTTP/1.1" 200 1822 "https://www.eirtechs.com/testbeta-atif/assets/scss/bootstrap/mixins/?MD" "Mozilla/5.0 (Linux; Android 7.0;) AppleWebKit/537.36 (KHTML, like Gecko) Mobile Safari/537.36 (compatible; PetalBot;+https://webmaster.petalsearch.com/site/petalbot)"
51.222.253.4 - - [15/Jan/2025:14:15:49 -0500] "GET /testbeta/assets/scss/bootstrap/ HTTP/1.1" 200 1898 "-" "Mozilla/5.0 (compatible; AhrefsBot/7.0; +http://ahrefs.com/robot/)"
114.119.166.95 - - [15/Jan/2025:14:17:15 -0500] "GET /testbeta-atif/packages/?MD HTTP/1.1" 200 887 "https://eirtechs.com/testbeta-atif/packages/?MA" "Mozilla/5.0 (Linux; Android 7.0;) AppleWebKit/537.36 (KHTML, like Gecko) Mobile Safari/537.36 (compatible; PetalBot;+https://webmaster.petalsearch.com/site/petalbot)"
51.222.253.11 - - [15/Jan/2025:14:18:03 -0500] "GET /assets/images/portfolio/new/?MA HTTP/1.1" 200 3861 "-" "Mozilla/5.0 (compatible; AhrefsBot/7.0; +http://ahrefs.com/robot/)"
114.119.135.120 - - [15/Jan/2025:14:18:54 -0500] "GET /testbeta-atif/assets/js/jquery.magnific-popup.min.js HTTP/1.1" 200 8267 "https://www.eirtechs.com/testbeta-atif/assets/js/?MD" "Mozilla/5.0 (Linux; Android 7.0;) AppleWebKit/537.36 (KHTML, like Gecko) Mobile Safari/537.36 (compatible; PetalBot;+https://webmaster.petalsearch.com/site/petalbot)"
51.222.253.10 - - [15/Jan/2025:14:20:02 -0500] "GET /testbeta/assets/fonts/flaticon/?MA HTTP/1.1" 200 693 "-" "Mozilla/5.0 (compatible; AhrefsBot/7.0; +http://ahrefs.com/robot/)"
51.222.253.5 - - [15/Jan/2025:14:22:01 -0500] "GET /testbeta-atif/root_stripe/stripe/tests/Stripe/Issuing/TransactionTest.php HTTP/1.1" 200 156 "-" "Mozilla/5.0 (compatible; AhrefsBot/7.0; +http://ahrefs.com/robot/)"
114.119.166.95 - - [15/Jan/2025:14:22:13 -0500] "GET /testbeta-atif/mail/?SA HTTP/1.1" 200 1311 "https://eirtechs.com/testbeta-atif/mail/" "Mozilla/5.0 (Linux; Android 7.0;) AppleWebKit/537.36 (KHTML, like Gecko) Mobile Safari/537.36 (compatible; PetalBot;+https://webmaster.petalsearch.com/site/petalbot)"
51.222.253.2 - - [15/Jan/2025:14:23:41 -0500] "GET /robots.txt HTTP/1.1" 404 1251 "-" "Mozilla/5.0 (compatible; AhrefsBot/7.0; +http://ahrefs.com/robot/)"
51.222.253.14 - - [15/Jan/2025:14:23:44 -0500] "GET /testbeta/assets/fonts/open-iconic/?SA HTTP/1.1" 200 724 "-" "Mozilla/5.0 (compatible; AhrefsBot/7.0; +http://ahrefs.com/robot/)"
114.119.166.95 - - [15/Jan/2025:14:23:53 -0500] "GET /testbeta-atif/assets/js/isotope.pkgd.min.js HTTP/1.1" 200 11826 "https://www.eirtechs.com/testbeta-atif/assets/js/?MD" "Mozilla/5.0 (Linux; Android 7.0;) AppleWebKit/537.36 (KHTML, like Gecko) Mobile Safari/537.36 (compatible; PetalBot;+https://webmaster.petalsearch.com/site/petalbot)"
51.222.253.18 - - [15/Jan/2025:14:25:17 -0500] "GET /testbeta/root_stripe/stripe/lib/Sigma/?NA HTTP/1.1" 200 655 "-" "Mozilla/5.0 (compatible; AhrefsBot/7.0; +http://ahrefs.com/robot/)"
114.119.128.244 - - [15/Jan/2025:14:27:13 -0500] "GET /admin/vendor/fontawesome-free/svgs/regular/smile.svg HTTP/1.1" 200 318 "https://www.eirtechs.com/admin/vendor/fontawesome-free/svgs/regular/?MD" "Mozilla/5.0 (Linux; Android 7.0;) AppleWebKit/537.36 (KHTML, like Gecko) Mobile Safari/537.36 (compatible; PetalBot;+https://webmaster.petalsearch.com/site/petalbot)"
114.119.128.244 - - [15/Jan/2025:14:28:53 -0500] "GET /testbeta/root_stripe/stripe/tests/Stripe/ApiRequestorTest.php HTTP/1.1" 200 159 "https://www.eirtechs.com/testbeta/root_stripe/stripe/tests/Stripe/" "Mozilla/5.0 (Linux; Android 7.0;) AppleWebKit/537.36 (KHTML, like Gecko) Mobile Safari/537.36 (compatible; PetalBot;+https://webmaster.petalsearch.com/site/petalbot)"
51.222.253.20 - - [15/Jan/2025:14:30:17 -0500] "GET /admin/vendor/fontawesome-free/js/?SA HTTP/1.1" 200 1180 "-" "Mozilla/5.0 (compatible; AhrefsBot/7.0; +http://ahrefs.com/robot/)"
51.222.253.1 - - [15/Jan/2025:14:31:59 -0500] "GET /admin/vendor/bootstrap/js/?MA HTTP/1.1" 200 1103 "-" "Mozilla/5.0 (compatible; AhrefsBot/7.0; +http://ahrefs.com/robot/)"
114.119.154.65 - - [15/Jan/2025:14:32:14 -0500] "GET /admin/vendor/fontawesome-free/svgs/brands/react.svg HTTP/1.1" 200 1455 "https://www.eirtechs.com/admin/vendor/fontawesome-free/svgs/brands/?SD" "Mozilla/5.0 (Linux; Android 7.0;) AppleWebKit/537.36 (KHTML, like Gecko) Mobile Safari/537.36 (compatible; PetalBot;+https://webmaster.petalsearch.com/site/petalbot)"
51.222.253.19 - - [15/Jan/2025:14:33:38 -0500] "GET /assest/image/casestudy/?NA HTTP/1.1" 200 670 "-" "Mozilla/5.0 (compatible; AhrefsBot/7.0; +http://ahrefs.com/robot/)"
114.119.136.199 - - [15/Jan/2025:14:33:57 -0500] "GET /testbeta/root_stripe/stripe/lib/File.php HTTP/1.1" 200 151 "https://www.eirtechs.com/testbeta/root_stripe/stripe/lib/?MA" "Mozilla/5.0 (Linux; Android 7.0;) AppleWebKit/537.36 (KHTML, like Gecko) Mobile Safari/537.36 (compatible; PetalBot;+https://webmaster.petalsearch.com/site/petalbot)"
94.25.174.0 - - [15/Jan/2025:14:36:56 -0500] "GET / HTTP/1.0" 200 10800 "https://eirtechs.com/" "Mozilla/5.0 (Windows NT 10.0; Win64; x64; ) AppleWebKit/537.36 (KHTML, like Gecko) Chrome/124.0.6367.61 Chrome/124.0.6367.61 Not-A.Brand/99 Safari/537.36"
94.25.174.0 - - [15/Jan/2025:14:36:58 -0500] "GET /contact.php HTTP/1.0" 200 43266 "https://eirtechs.com/contact.php" "Mozilla/5.0 (Windows NT 10.0; Win64; x64; ) AppleWebKit/537.36 (KHTML, like Gecko) Chrome/124.0.6367.61 Chrome/124.0.6367.61 Not-A.Brand/99 Safari/537.36"
51.222.253.18 - - [15/Jan/2025:14:37:09 -0500] "GET /testbeta-atif/assets/?NA HTTP/1.1" 200 664 "-" "Mozilla/5.0 (compatible; AhrefsBot/7.0; +http://ahrefs.com/robot/)"
114.119.128.203 - - [15/Jan/2025:14:37:18 -0500] "GET /testbeta/root_stripe/stripe/tests/Stripe/Sigma/?NA HTTP/1.1" 200 812 "https://eirtechs.com/testbeta/root_stripe/stripe/tests/Stripe/Sigma/?ND" "Mozilla/5.0 (Linux; Android 7.0;) AppleWebKit/537.36 (KHTML, like Gecko) Mobile Safari/537.36 (compatible; PetalBot;+https://webmaster.petalsearch.com/site/petalbot)"
114.119.135.120 - - [15/Jan/2025:14:38:56 -0500] "GET /testbeta/assets/scss/bootstrap/utilities/?MD HTTP/1.1" 200 1438 "https://www.eirtechs.com/testbeta/assets/scss/bootstrap/utilities/?MA" "Mozilla/5.0 (Linux; Android 7.0;) AppleWebKit/537.36 (KHTML, like Gecko) Mobile Safari/537.36 (compatible; PetalBot;+https://webmaster.petalsearch.com/site/petalbot)"
51.222.253.2 - - [15/Jan/2025:14:39:02 -0500] "GET /root_stripe/?MA HTTP/1.1" 200 617 "-" "Mozilla/5.0 (compatible; AhrefsBot/7.0; +http://ahrefs.com/robot/)"
51.222.253.20 - - [15/Jan/2025:14:40:49 -0500] "GET /assets/?NA HTTP/1.1" 200 1004 "-" "Mozilla/5.0 (compatible; AhrefsBot/7.0; +http://ahrefs.com/robot/)"
114.119.145.115 - - [15/Jan/2025:14:42:15 -0500] "GET /testbeta/root_stripe/stripe/tests/Stripe/Reporting/?NA HTTP/1.1" 200 833 "https://eirtechs.com/testbeta/root_stripe/stripe/tests/Stripe/Reporting/?ND" "Mozilla/5.0 (Linux; Android 7.0;) AppleWebKit/537.36 (KHTML, like Gecko) Mobile Safari/537.36 (compatible; PetalBot;+https://webmaster.petalsearch.com/site/petalbot)"
51.222.253.18 - - [15/Jan/2025:14:43:07 -0500] "GET /testbeta/assets/images/portfolio/app/?ND HTTP/1.1" 200 683 "-" "Mozilla/5.0 (compatible; AhrefsBot/7.0; +http://ahrefs.com/robot/)"
114.119.136.199 - - [15/Jan/2025:14:43:57 -0500] "GET /testbeta/assets/scss/?MD HTTP/1.1" 200 895 "https://www.eirtechs.com/testbeta/assets/scss/?MA" "Mozilla/5.0 (Linux; Android 7.0;) AppleWebKit/537.36 (KHTML, like Gecko) Mobile Safari/537.36 (compatible; PetalBot;+https://webmaster.petalsearch.com/site/petalbot)"
51.222.253.3 - - [15/Jan/2025:14:44:46 -0500] "GET /admin/includes/footer.php HTTP/1.1" 200 209 "-" "Mozilla/5.0 (compatible; AhrefsBot/7.0; +http://ahrefs.com/robot/)"
51.222.253.11 - - [15/Jan/2025:14:46:28 -0500] "GET /testbeta/root_stripe/stripe/tests/data/?ND HTTP/1.1" 200 627 "-" "Mozilla/5.0 (compatible; AhrefsBot/7.0; +http://ahrefs.com/robot/)"
114.119.145.115 - - [15/Jan/2025:14:47:15 -0500] "GET /testbeta/root_stripe/stripe/tests/Stripe/ProductTest.php HTTP/1.1" 200 155 "https://eirtechs.com/testbeta/root_stripe/stripe/tests/Stripe/?MA" "Mozilla/5.0 (Linux; Android 7.0;) AppleWebKit/537.36 (KHTML, like Gecko) Mobile Safari/537.36 (compatible; PetalBot;+https://webmaster.petalsearch.com/site/petalbot)"
51.222.253.7 - - [15/Jan/2025:14:48:03 -0500] "GET /testbeta/assets/?NA HTTP/1.1" 200 662 "-" "Mozilla/5.0 (compatible; AhrefsBot/7.0; +http://ahrefs.com/robot/)"
114.119.128.203 - - [15/Jan/2025:14:48:54 -0500] "GET /testbeta-atif/root_stripe/stripe/tests/Stripe/RecipientTest.php HTTP/1.1" 200 160 "https://www.eirtechs.com/testbeta-atif/root_stripe/stripe/tests/Stripe/?SD" "Mozilla/5.0 (Linux; Android 7.0;) AppleWebKit/537.36 (KHTML, like Gecko) Mobile Safari/537.36 (compatible; PetalBot;+https://webmaster.petalsearch.com/site/petalbot)"
51.222.253.5 - - [15/Jan/2025:14:49:43 -0500] "GET /testbeta/root_stripe/stripe/lib/Reporting/?MA HTTP/1.1" 200 675 "-" "Mozilla/5.0 (compatible; AhrefsBot/7.0; +http://ahrefs.com/robot/)"
114.119.128.244 - - [15/Jan/2025:14:52:13 -0500] "GET /testbeta/root_stripe/stripe/lib/Reporting/ReportRun.php HTTP/1.1" 200 159 "https://eirtechs.com/testbeta/root_stripe/stripe/lib/Reporting/?ND" "Mozilla/5.0 (Linux; Android 7.0;) AppleWebKit/537.36 (KHTML, like Gecko) Mobile Safari/537.36 (compatible; PetalBot;+https://webmaster.petalsearch.com/site/petalbot)"
114.119.135.120 - - [15/Jan/2025:14:53:53 -0500] "GET /testbeta-atif/root_stripe/stripe/lib/Util/?NA HTTP/1.1" 200 1355 "https://www.eirtechs.com/testbeta-atif/root_stripe/stripe/lib/Util/?SD" "Mozilla/5.0 (Linux; Android 7.0;) AppleWebKit/537.36 (KHTML, like Gecko) Mobile Safari/537.36 (compatible; PetalBot;+https://webmaster.petalsearch.com/site/petalbot)"
51.222.253.18 - - [15/Jan/2025:14:54:48 -0500] "GET /testbeta-atif/root_stripe/stripe/lib/Issuing/Transaction.php HTTP/1.1" 200 151 "-" "Mozilla/5.0 (compatible; AhrefsBot/7.0; +http://ahrefs.com/robot/)"
51.222.253.5 - - [15/Jan/2025:14:56:21 -0500] "GET /assets/images/services/?ND HTTP/1.1" 200 1101 "-" "Mozilla/5.0 (compatible; AhrefsBot/7.0; +http://ahrefs.com/robot/)"
114.119.145.225 - - [15/Jan/2025:14:57:14 -0500] "GET /testbeta/root_stripe/stripe/lib/Issuing/Transaction.php HTTP/1.1" 200 163 "https://eirtechs.com/testbeta/root_stripe/stripe/lib/Issuing/?NA" "Mozilla/5.0 (Linux; Android 7.0;) AppleWebKit/537.36 (KHTML, like Gecko) Mobile Safari/537.36 (compatible; PetalBot;+https://webmaster.petalsearch.com/site/petalbot)"
51.222.253.14 - - [15/Jan/2025:14:57:51 -0500] "GET /testbeta-atif/assets/images/ HTTP/1.1" 200 2089 "-" "Mozilla/5.0 (compatible; AhrefsBot/7.0; +http://ahrefs.com/robot/)"
114.119.154.65 - - [15/Jan/2025:14:58:55 -0500] "GET /testbeta-atif/root_stripe/stripe/lib/Util/?MD HTTP/1.1" 200 1357 "https://www.eirtechs.com/testbeta-atif/root_stripe/stripe/lib/Util/?MA" "Mozilla/5.0 (Linux; Android 7.0;) AppleWebKit/537.36 (KHTML, like Gecko) Mobile Safari/537.36 (compatible; PetalBot;+https://webmaster.petalsearch.com/site/petalbot)"
51.222.253.3 - - [15/Jan/2025:14:59:22 -0500] "GET /admin/scss/navs/?NA HTTP/1.1" 200 666 "-" "Mozilla/5.0 (compatible; AhrefsBot/7.0; +http://ahrefs.com/robot/)"
114.119.145.115 - - [15/Jan/2025:15:02:14 -0500] "GET /testbeta-atif/root_stripe/stripe/tests/ HTTP/1.1" 200 920 "https://eirtechs.com/testbeta-atif/root_stripe/stripe/" "Mozilla/5.0 (Linux; Android 7.0;) AppleWebKit/537.36 (KHTML, like Gecko) Mobile Safari/537.36 (compatible; PetalBot;+https://webmaster.petalsearch.com/site/petalbot)"
51.222.253.17 - - [15/Jan/2025:15:03:10 -0500] "GET /assets/scss/?ND HTTP/1.1" 200 743 "-" "Mozilla/5.0 (compatible; AhrefsBot/7.0; +http://ahrefs.com/robot/)"
114.119.154.65 - - [15/Jan/2025:15:03:56 -0500] "GET /testbeta-atif/root_stripe/stripe/lib/Error/OAuth/InvalidScope.php HTTP/1.1" 200 171 "https://www.eirtechs.com/testbeta-atif/root_stripe/stripe/lib/Error/OAuth/" "Mozilla/5.0 (Linux; Android 7.0;) AppleWebKit/537.36 (KHTML, like Gecko) Mobile Safari/537.36 (compatible; PetalBot;+https://webmaster.petalsearch.com/site/petalbot)"
51.222.253.20 - - [15/Jan/2025:15:05:11 -0500] "GET /testbeta/assets/fonts/flaticon/font/?ND HTTP/1.1" 200 1069 "-" "Mozilla/5.0 (compatible; AhrefsBot/7.0; +http://ahrefs.com/robot/)"
51.222.253.3 - - [15/Jan/2025:15:07:13 -0500] "GET /root_stripe/stripe/lib/Error/OAuth/ HTTP/1.1" 200 1078 "-" "Mozilla/5.0 (compatible; AhrefsBot/7.0; +http://ahrefs.com/robot/)"
114.119.128.244 - - [15/Jan/2025:15:07:14 -0500] "GET /testbeta-atif/root_stripe/stripe/examples/ HTTP/1.1" 200 789 "https://eirtechs.com/testbeta-atif/root_stripe/stripe/" "Mozilla/5.0 (Linux; Android 7.0;) AppleWebKit/537.36 (KHTML, like Gecko) Mobile Safari/537.36 (compatible; PetalBot;+https://webmaster.petalsearch.com/site/petalbot)"
114.119.145.115 - - [15/Jan/2025:15:08:54 -0500] "GET /testbeta-atif/root_stripe/stripe/lib/CountrySpec.php HTTP/1.1" 200 161 "https://www.eirtechs.com/testbeta-atif/root_stripe/stripe/lib/?MD" "Mozilla/5.0 (Linux; Android 7.0;) AppleWebKit/537.36 (KHTML, like Gecko) Mobile Safari/537.36 (compatible; PetalBot;+https://webmaster.petalsearch.com/site/petalbot)"
47.128.97.34 - - [15/Jan/2025:15:09:38 -0500] "GET /testbeta-atif/root_stripe/stripe/lib/IssuerFraudRecord.php HTTP/1.1" 200 150 "-" "Mozilla/5.0 (Linux; Android 5.0) AppleWebKit/537.36 (KHTML, like Gecko) Mobile Safari/537.36 (compatible; Bytespider; spider-feedback@bytedance.com)"
51.222.253.18 - - [15/Jan/2025:15:10:36 -0500] "GET /testbeta/root_stripe/stripe/?NA HTTP/1.1" 200 1242 "-" "Mozilla/5.0 (compatible; AhrefsBot/7.0; +http://ahrefs.com/robot/)"
114.119.135.120 - - [15/Jan/2025:15:12:14 -0500] "GET /testbeta-atif/assets/images/portfolio/logo/52-min.jpg HTTP/1.1" 200 9529 "https://eirtechs.com/testbeta-atif/packages/logo.php" "Mozilla/5.0 (Linux; Android 7.0;) AppleWebKit/537.36 (KHTML, like Gecko) Mobile Safari/537.36 (compatible; PetalBot;+https://webmaster.petalsearch.com/site/petalbot)"
51.222.253.9 - - [15/Jan/2025:15:12:17 -0500] "GET /assets/fonts/icomoon/?MA HTTP/1.1" 200 710 "-" "Mozilla/5.0 (compatible; AhrefsBot/7.0; +http://ahrefs.com/robot/)"
47.128.52.254 - - [15/Jan/2025:15:13:38 -0500] "GET /root_stripe/stripe/lib/Source.php HTTP/1.1" 200 132 "-" "Mozilla/5.0 (Linux; Android 5.0) AppleWebKit/537.36 (KHTML, like Gecko) Mobile Safari/537.36 (compatible; Bytespider; spider-feedback@bytedance.com)"
114.119.128.244 - - [15/Jan/2025:15:13:54 -0500] "GET /testbeta-atif/root_stripe/stripe/lib/?MD HTTP/1.1" 200 2939 "https://www.eirtechs.com/testbeta-atif/root_stripe/stripe/lib/?MA" "Mozilla/5.0 (Linux; Android 7.0;) AppleWebKit/537.36 (KHTML, like Gecko) Mobile Safari/537.36 (compatible; PetalBot;+https://webmaster.petalsearch.com/site/petalbot)"
51.222.253.10 - - [15/Jan/2025:15:14:27 -0500] "GET /testbeta-atif/?SD HTTP/1.1" 200 1129 "-" "Mozilla/5.0 (compatible; AhrefsBot/7.0; +http://ahrefs.com/robot/)"
114.119.128.244 - - [15/Jan/2025:15:17:15 -0500] "GET /testbeta-atif/assets/images/portfolio/logo/38-min.jpg HTTP/1.1" 200 4944 "https://eirtechs.com/testbeta-atif/packages/logo.php" "Mozilla/5.0 (Linux; Android 7.0;) AppleWebKit/537.36 (KHTML, like Gecko) Mobile Safari/537.36 (compatible; PetalBot;+https://webmaster.petalsearch.com/site/petalbot)"
51.222.253.3 - - [15/Jan/2025:15:17:51 -0500] "GET /testbeta-atif/?MD HTTP/1.1" 200 1130 "-" "Mozilla/5.0 (compatible; AhrefsBot/7.0; +http://ahrefs.com/robot/)"
114.119.136.199 - - [15/Jan/2025:15:18:56 -0500] "GET /testbeta-atif/assets/scss/bootstrap/mixins/_nav-divider.scss HTTP/1.1" 200 261 "https://www.eirtechs.com/testbeta-atif/assets/scss/bootstrap/mixins/?MD" "Mozilla/5.0 (Linux; Android 7.0;) AppleWebKit/537.36 (KHTML, like Gecko) Mobile Safari/537.36 (compatible; PetalBot;+https://webmaster.petalsearch.com/site/petalbot)"
