114.119.154.65 - - [15/Jan/2025:17:52:21 -0500] "GET /testbeta/assets/fonts/ionicons/?SA HTTP/1.1" 200 785 "https://eirtechs.com/testbeta/assets/fonts/ionicons/" "Mozilla/5.0 (Linux; Android 7.0;) AppleWebKit/537.36 (KHTML, like Gecko) Mobile Safari/537.36 (compatible; PetalBot;+https://webmaster.petalsearch.com/site/petalbot)"
64.124.8.116 - - [15/Jan/2025:17:52:29 -0500] "GET /testbeta/root_stripe/stripe/lib/ApiOperations/Update.php HTTP/1.1" 200 0 "-" "Mozilla/5.0 (compatible; ImagesiftBot; +imagesift.com)"
51.222.253.5 - - [15/Jan/2025:17:53:08 -0500] "GET /testbeta-atif/assets/fonts/icomoon/?MA HTTP/1.1" 200 710 "-" "Mozilla/5.0 (compatible; AhrefsBot/7.0; +http://ahrefs.com/robot/)"
114.119.154.65 - - [15/Jan/2025:17:54:00 -0500] "GET /testbeta-atif/root_stripe/?NA HTTP/1.1" 200 772 "https://www.eirtechs.com/testbeta-atif/root_stripe/?MA" "Mozilla/5.0 (Linux; Android 7.0;) AppleWebKit/537.36 (KHTML, like Gecko) Mobile Safari/537.36 (compatible; PetalBot;+https://webmaster.petalsearch.com/site/petalbot)"
64.124.8.116 - - [15/Jan/2025:17:55:02 -0500] "GET /testbeta-atif/assets/scss/bootstrap/mixins/_nav-divider.scss HTTP/1.1" 200 261 "-" "Mozilla/5.0 (compatible; ImagesiftBot; +imagesift.com)"
114.119.136.199 - - [15/Jan/2025:17:57:21 -0500] "GET /testbeta/assets/fonts/?SD HTTP/1.1" 200 832 "https://eirtechs.com/testbeta/assets/fonts/?SA" "Mozilla/5.0 (Linux; Android 7.0;) AppleWebKit/537.36 (KHTML, like Gecko) Mobile Safari/537.36 (compatible; PetalBot;+https://webmaster.petalsearch.com/site/petalbot)"
51.222.253.4 - - [15/Jan/2025:17:57:48 -0500] "GET /assest/css/?ND HTTP/1.1" 200 619 "-" "Mozilla/5.0 (compatible; AhrefsBot/7.0; +http://ahrefs.com/robot/)"
64.124.8.116 - - [15/Jan/2025:17:57:53 -0500] "GET /testbeta-atif/assets/fonts/flaticon/font/Flaticon.woff HTTP/1.1" 200 2512 "-" "Mozilla/5.0 (compatible; ImagesiftBot; +imagesift.com)"
114.119.154.65 - - [15/Jan/2025:17:59:02 -0500] "GET /testbeta-atif/packages/?ND HTTP/1.1" 200 886 "https://www.eirtechs.com/testbeta-atif/packages/" "Mozilla/5.0 (Linux; Android 7.0;) AppleWebKit/537.36 (KHTML, like Gecko) Mobile Safari/537.36 (compatible; PetalBot;+https://webmaster.petalsearch.com/site/petalbot)"
64.124.8.116 - - [15/Jan/2025:18:01:21 -0500] "GET /testbeta-atif/root_stripe/stripe/lib/Sigma/ScheduledQueryRun.php HTTP/1.1" 200 0 "-" "Mozilla/5.0 (compatible; ImagesiftBot; +imagesift.com)"
51.222.253.5 - - [15/Jan/2025:18:01:29 -0500] "GET /testbeta-atif/assets/js/?NA HTTP/1.1" 200 1354 "-" "Mozilla/5.0 (compatible; AhrefsBot/7.0; +http://ahrefs.com/robot/)"
114.119.166.95 - - [15/Jan/2025:18:02:23 -0500] "GET /testbeta-atif/root_stripe/stripe/lib/ HTTP/1.1" 200 2890 "https://eirtechs.com/testbeta-atif/root_stripe/stripe/" "Mozilla/5.0 (Linux; Android 7.0;) AppleWebKit/537.36 (KHTML, like Gecko) Mobile Safari/537.36 (compatible; PetalBot;+https://webmaster.petalsearch.com/site/petalbot)"
51.222.253.9 - - [15/Jan/2025:18:03:10 -0500] "GET /admin/includes/header.php HTTP/1.1" 200 434 "-" "Mozilla/5.0 (compatible; AhrefsBot/7.0; +http://ahrefs.com/robot/)"
114.119.154.65 - - [15/Jan/2025:18:03:59 -0500] "GET /testbeta-atif/assets/scss/bootstrap/mixins/_clearfix.scss HTTP/1.1" 200 93 "https://www.eirtechs.com/testbeta-atif/assets/scss/bootstrap/mixins/?MD" "Mozilla/5.0 (Linux; Android 7.0;) AppleWebKit/537.36 (KHTML, like Gecko) Mobile Safari/537.36 (compatible; PetalBot;+https://webmaster.petalsearch.com/site/petalbot)"
51.222.253.17 - - [15/Jan/2025:18:04:36 -0500] "GET /testbeta/ HTTP/1.1" 200 1123 "-" "Mozilla/5.0 (compatible; AhrefsBot/7.0; +http://ahrefs.com/robot/)"
64.124.8.116 - - [15/Jan/2025:18:05:39 -0500] "GET /testbeta/root_stripe/stripe/lib/Error/SignatureVerification.php HTTP/1.1" 200 0 "-" "Mozilla/5.0 (compatible; ImagesiftBot; +imagesift.com)"
51.222.253.18 - - [15/Jan/2025:18:06:07 -0500] "GET /root_stripe/stripe/lib/Issuing/CardDetails.php HTTP/1.1" 200 142 "-" "Mozilla/5.0 (compatible; AhrefsBot/7.0; +http://ahrefs.com/robot/)"
114.119.145.115 - - [15/Jan/2025:18:07:21 -0500] "GET /testbeta-atif/root_stripe/stripe/LICENSE HTTP/1.1" 200 1072 "https://eirtechs.com/testbeta-atif/root_stripe/stripe/" "Mozilla/5.0 (Linux; Android 7.0;) AppleWebKit/537.36 (KHTML, like Gecko) Mobile Safari/537.36 (compatible; PetalBot;+https://webmaster.petalsearch.com/site/petalbot)"
51.222.253.3 - - [15/Jan/2025:18:07:43 -0500] "GET /root_stripe/stripe/tests/Stripe/Error/BaseTest.php HTTP/1.1" 200 142 "-" "Mozilla/5.0 (compatible; AhrefsBot/7.0; +http://ahrefs.com/robot/)"
114.119.128.203 - - [15/Jan/2025:18:08:58 -0500] "GET /testbeta-atif/assets/fonts/icomoon/ HTTP/1.1" 200 882 "https://www.eirtechs.com/testbeta-atif/assets/fonts/?ND" "Mozilla/5.0 (Linux; Android 7.0;) AppleWebKit/537.36 (KHTML, like Gecko) Mobile Safari/537.36 (compatible; PetalBot;+https://webmaster.petalsearch.com/site/petalbot)"
207.46.13.18 - - [15/Jan/2025:18:10:24 -0500] "GET /testbeta-atif/mail/ HTTP/1.1" 200 1090 "-" "Mozilla/5.0 AppleWebKit/537.36 (KHTML, like Gecko; compatible; bingbot/2.0; +http://www.bing.com/bingbot.htm) Chrome/116.0.1938.76 Safari/537.36"
51.222.253.8 - - [15/Jan/2025:18:11:22 -0500] "GET /testbeta/services/?MA HTTP/1.1" 200 694 "-" "Mozilla/5.0 (compatible; AhrefsBot/7.0; +http://ahrefs.com/robot/)"
114.119.145.225 - - [15/Jan/2025:18:12:21 -0500] "GET /testbeta-atif/packages/?NA HTTP/1.1" 200 884 "https://eirtechs.com/testbeta-atif/packages/?SA" "Mozilla/5.0 (Linux; Android 7.0;) AppleWebKit/537.36 (KHTML, like Gecko) Mobile Safari/537.36 (compatible; PetalBot;+https://webmaster.petalsearch.com/site/petalbot)"
64.124.8.116 - - [15/Jan/2025:18:12:53 -0500] "GET /testbeta-atif/root_stripe/stripe/lib/Util/LoggerInterface.php HTTP/1.1" 200 0 "-" "Mozilla/5.0 (compatible; ImagesiftBot; +imagesift.com)"
51.222.253.6 - - [15/Jan/2025:18:12:56 -0500] "GET /testbeta-atif/mail/form.config.php HTTP/1.1" 200 0 "-" "Mozilla/5.0 (compatible; AhrefsBot/7.0; +http://ahrefs.com/robot/)"
114.119.128.203 - - [15/Jan/2025:18:13:58 -0500] "GET /testbeta-atif/assets/css/css/?NA HTTP/1.1" 200 833 "https://www.eirtechs.com/testbeta-atif/assets/css/css/?MA" "Mozilla/5.0 (Linux; Android 7.0;) AppleWebKit/537.36 (KHTML, like Gecko) Mobile Safari/537.36 (compatible; PetalBot;+https://webmaster.petalsearch.com/site/petalbot)"
51.222.253.5 - - [15/Jan/2025:18:14:28 -0500] "GET /assest/image/casestudy/Medusa/?MA HTTP/1.1" 200 754 "-" "Mozilla/5.0 (compatible; AhrefsBot/7.0; +http://ahrefs.com/robot/)"
114.119.145.225 - - [15/Jan/2025:18:17:21 -0500] "GET /testbeta-atif/assets/images/portfolio/website/12-min.jpg HTTP/1.1" 200 30572 "https://eirtechs.com/testbeta-atif/packages/web.php" "Mozilla/5.0 (Linux; Android 7.0;) AppleWebKit/537.36 (KHTML, like Gecko) Mobile Safari/537.36 (compatible; PetalBot;+https://webmaster.petalsearch.com/site/petalbot)"
114.119.154.65 - - [15/Jan/2025:18:18:59 -0500] "GET /service/digital-marketing/social_media_marketing.php HTTP/1.1" 200 12699 "https://www.eirtechs.com/service/mobile-application/react_application.php" "Mozilla/5.0 (Linux; Android 7.0;) AppleWebKit/537.36 (KHTML, like Gecko) Mobile Safari/537.36 (compatible; PetalBot;+https://webmaster.petalsearch.com/site/petalbot)"
114.119.166.95 - - [15/Jan/2025:18:22:23 -0500] "GET /testbeta-atif/assets/fonts/flaticon/font/Flaticon.svg HTTP/1.1" 200 7596 "https://www.eirtechs.com/testbeta-atif/assets/fonts/flaticon/font/?SD" "Mozilla/5.0 (Linux; Android 7.0;) AppleWebKit/537.36 (KHTML, like Gecko) Mobile Safari/537.36 (compatible; PetalBot;+https://webmaster.petalsearch.com/site/petalbot)"
51.222.253.8 - - [15/Jan/2025:18:22:47 -0500] "GET /packages/?MD HTTP/1.1" 200 1182 "-" "Mozilla/5.0 (compatible; AhrefsBot/7.0; +http://ahrefs.com/robot/)"
114.119.135.120 - - [15/Jan/2025:18:23:59 -0500] "GET /root_stripe/stripe/lib/Util/LoggerInterface.php HTTP/1.1" 200 0 "https://www.eirtechs.com/root_stripe/stripe/lib/Util/?NA" "Mozilla/5.0 (Linux; Android 7.0;) AppleWebKit/537.36 (KHTML, like Gecko) Mobile Safari/537.36 (compatible; PetalBot;+https://webmaster.petalsearch.com/site/petalbot)"
51.222.253.8 - - [15/Jan/2025:18:24:30 -0500] "GET /testbeta-atif/assets/fonts/flaticon/font/?SA HTTP/1.1" 200 1074 "-" "Mozilla/5.0 (compatible; AhrefsBot/7.0; +http://ahrefs.com/robot/)"
51.222.253.11 - - [15/Jan/2025:18:26:03 -0500] "GET /testbeta/assets/fonts/open-iconic/?NA HTTP/1.1" 200 720 "-" "Mozilla/5.0 (compatible; AhrefsBot/7.0; +http://ahrefs.com/robot/)"
114.119.128.244 - - [15/Jan/2025:18:27:21 -0500] "GET /admin/vendor/fontawesome-free/svgs/solid/skull-crossbones.svg HTTP/1.1" 200 451 "https://www.eirtechs.com/admin/vendor/fontawesome-free/svgs/solid/?SD" "Mozilla/5.0 (Linux; Android 7.0;) AppleWebKit/537.36 (KHTML, like Gecko) Mobile Safari/537.36 (compatible; PetalBot;+https://webmaster.petalsearch.com/site/petalbot)"
51.222.253.19 - - [15/Jan/2025:18:27:40 -0500] "GET /root_stripe/stripe/lib/ HTTP/1.1" 200 2426 "-" "Mozilla/5.0 (compatible; AhrefsBot/7.0; +http://ahrefs.com/robot/)"
114.119.145.225 - - [15/Jan/2025:18:28:58 -0500] "GET /testbeta/root_stripe/stripe/lib/Reporting/ HTTP/1.1" 200 822 "https://www.eirtechs.com/testbeta/root_stripe/stripe/lib/?MA" "Mozilla/5.0 (Linux; Android 7.0;) AppleWebKit/537.36 (KHTML, like Gecko) Mobile Safari/537.36 (compatible; PetalBot;+https://webmaster.petalsearch.com/site/petalbot)"
51.222.253.17 - - [15/Jan/2025:18:29:22 -0500] "GET /admin/?ND HTTP/1.1" 200 1304 "-" "Mozilla/5.0 (compatible; AhrefsBot/7.0; +http://ahrefs.com/robot/)"
51.222.253.8 - - [15/Jan/2025:18:30:56 -0500] "GET /assets/fonts/flaticon/license/?MA HTTP/1.1" 200 629 "-" "Mozilla/5.0 (compatible; AhrefsBot/7.0; +http://ahrefs.com/robot/)"
104.196.20.182 - - [15/Jan/2025:18:32:02 -0500] "GET /robots.txt HTTP/1.0" 404 1251 "-" "ZoominfoBot (zoominfobot at zoominfo dot com)"
104.196.20.182 - - [15/Jan/2025:18:32:03 -0500] "GET /?SA HTTP/1.0" 200 2189 "-" "ZoominfoBot (zoominfobot at zoominfo dot com)"
104.196.20.182 - - [15/Jan/2025:18:32:04 -0500] "GET /cgi-bin/ HTTP/1.0" 403 1242 "-" "ZoominfoBot (zoominfobot at zoominfo dot com)"
114.119.154.65 - - [15/Jan/2025:18:32:21 -0500] "GET /admin/vendor/fontawesome-free/svgs/solid/microphone-slash.svg HTTP/1.1" 200 459 "https://www.eirtechs.com/admin/vendor/fontawesome-free/svgs/solid/?SD" "Mozilla/5.0 (Linux; Android 7.0;) AppleWebKit/537.36 (KHTML, like Gecko) Mobile Safari/537.36 (compatible; PetalBot;+https://webmaster.petalsearch.com/site/petalbot)"
114.119.128.244 - - [15/Jan/2025:18:34:01 -0500] "GET /testbeta/root_stripe/stripe/lib/ApiOperations/Request.php HTTP/1.1" 200 0 "https://www.eirtechs.com/testbeta/root_stripe/stripe/lib/ApiOperations/?MA" "Mozilla/5.0 (Linux; Android 7.0;) AppleWebKit/537.36 (KHTML, like Gecko) Mobile Safari/537.36 (compatible; PetalBot;+https://webmaster.petalsearch.com/site/petalbot)"
51.222.253.15 - - [15/Jan/2025:18:34:14 -0500] "GET /root_stripe/stripe/tests/Stripe/Sigma/ HTTP/1.1" 200 650 "-" "Mozilla/5.0 (compatible; AhrefsBot/7.0; +http://ahrefs.com/robot/)"
85.208.96.205 - - [15/Jan/2025:18:35:05 -0500] "GET /robots.txt HTTP/1.1" 404 1251 "-" "Mozilla/5.0 (compatible; SemrushBot/7~bl; +http://www.semrush.com/bot.html)"
185.191.171.12 - - [15/Jan/2025:18:35:06 -0500] "GET /services/web.php HTTP/1.1" 200 8263 "-" "Mozilla/5.0 (compatible; SemrushBot/7~bl; +http://www.semrush.com/bot.html)"
47.128.27.65 - - [15/Jan/2025:18:36:17 -0500] "GET /testbeta/root_stripe/stripe/VERSION HTTP/1.1" 200 7 "-" "Mozilla/5.0 (Linux; Android 5.0) AppleWebKit/537.36 (KHTML, like Gecko) Mobile Safari/537.36 (compatible; Bytespider; spider-feedback@bytedance.com)"
114.119.145.115 - - [15/Jan/2025:18:37:22 -0500] "GET /admin/vendor/fontawesome-free/svgs/solid/language.svg HTTP/1.1" 200 587 "https://www.eirtechs.com/admin/vendor/fontawesome-free/svgs/solid/?SD" "Mozilla/5.0 (Linux; Android 7.0;) AppleWebKit/537.36 (KHTML, like Gecko) Mobile Safari/537.36 (compatible; PetalBot;+https://webmaster.petalsearch.com/site/petalbot)"
51.222.253.20 - - [15/Jan/2025:18:37:22 -0500] "GET /assets/images/portfolio/new2/?ND HTTP/1.1" 200 1198 "-" "Mozilla/5.0 (compatible; AhrefsBot/7.0; +http://ahrefs.com/robot/)"
51.222.253.11 - - [15/Jan/2025:18:38:47 -0500] "GET /assets/images/portfolio/topbrands-resize/?NA HTTP/1.1" 200 1063 "-" "Mozilla/5.0 (compatible; AhrefsBot/7.0; +http://ahrefs.com/robot/)"
114.119.154.65 - - [15/Jan/2025:18:38:59 -0500] "GET /testbeta/assets/images/portfolio/app/?SA HTTP/1.1" 200 863 "https://www.eirtechs.com/testbeta/assets/images/portfolio/app/?ND" "Mozilla/5.0 (Linux; Android 7.0;) AppleWebKit/537.36 (KHTML, like Gecko) Mobile Safari/537.36 (compatible; PetalBot;+https://webmaster.petalsearch.com/site/petalbot)"
51.222.253.5 - - [15/Jan/2025:18:42:10 -0500] "GET /root_stripe/stripe/tests/Stripe/Error/ HTTP/1.1" 200 672 "-" "Mozilla/5.0 (compatible; AhrefsBot/7.0; +http://ahrefs.com/robot/)"
114.119.128.203 - - [15/Jan/2025:18:42:23 -0500] "GET /admin/vendor/fontawesome-free/svgs/solid/blog.svg HTTP/1.1" 200 420 "https://www.eirtechs.com/admin/vendor/fontawesome-free/svgs/solid/?SD" "Mozilla/5.0 (Linux; Android 7.0;) AppleWebKit/537.36 (KHTML, like Gecko) Mobile Safari/537.36 (compatible; PetalBot;+https://webmaster.petalsearch.com/site/petalbot)"
104.196.20.182 - - [15/Jan/2025:18:42:53 -0500] "GET /assets/ HTTP/1.0" 200 1208 "-" "ZoominfoBot (zoominfobot at zoominfo dot com)"
51.222.253.8 - - [15/Jan/2025:18:43:45 -0500] "GET /testbeta-atif/assets/fonts/icomoon/?SA HTTP/1.1" 200 711 "-" "Mozilla/5.0 (compatible; AhrefsBot/7.0; +http://ahrefs.com/robot/)"
64.124.8.116 - - [15/Jan/2025:18:43:55 -0500] "GET /service/web&cms_development.php HTTP/1.1" 200 0 "-" "Mozilla/5.0 (compatible; ImagesiftBot; +imagesift.com)"
114.119.135.120 - - [15/Jan/2025:18:44:01 -0500] "GET /testbeta/assets/?MA HTTP/1.1" 200 822 "https://www.eirtechs.com/testbeta/assets/?SA" "Mozilla/5.0 (Linux; Android 7.0;) AppleWebKit/537.36 (KHTML, like Gecko) Mobile Safari/537.36 (compatible; PetalBot;+https://webmaster.petalsearch.com/site/petalbot)"
47.128.41.112 - - [15/Jan/2025:18:44:18 -0500] "GET /testbeta-atif/root_stripe/stripe/lib/ApiOperations/Create.php HTTP/1.1" 200 0 "-" "Mozilla/5.0 (Linux; Android 5.0) AppleWebKit/537.36 (KHTML, like Gecko) Mobile Safari/537.36 (compatible; Bytespider; spider-feedback@bytedance.com)"
51.222.253.16 - - [15/Jan/2025:18:45:21 -0500] "GET /assets/images/portfolio/new1/ HTTP/1.1" 200 1254 "-" "Mozilla/5.0 (compatible; AhrefsBot/7.0; +http://ahrefs.com/robot/)"
114.119.128.203 - - [15/Jan/2025:18:47:30 -0500] "GET /admin/vendor/fontawesome-free/svgs/solid/beer.svg HTTP/1.1" 200 323 "https://www.eirtechs.com/admin/vendor/fontawesome-free/svgs/solid/?SD" "Mozilla/5.0 (Linux; Android 7.0;) AppleWebKit/537.36 (KHTML, like Gecko) Mobile Safari/537.36 (compatible; PetalBot;+https://webmaster.petalsearch.com/site/petalbot)"
47.128.44.107 - - [15/Jan/2025:18:48:18 -0500] "GET /root_stripe/stripe/lib/Error/SignatureVerification.php HTTP/1.1" 200 148 "-" "Mozilla/5.0 (Linux; Android 5.0) AppleWebKit/537.36 (KHTML, like Gecko) Mobile Safari/537.36 (compatible; Bytespider; spider-feedback@bytedance.com)"
51.222.253.4 - - [15/Jan/2025:18:48:35 -0500] "GET /testbeta/assets/fonts/?NA HTTP/1.1" 200 666 "-" "Mozilla/5.0 (compatible; AhrefsBot/7.0; +http://ahrefs.com/robot/)"
114.119.135.120 - - [15/Jan/2025:18:48:58 -0500] "GET /testbeta-atif/root_stripe/stripe/tests/data/?NA HTTP/1.1" 200 786 "https://www.eirtechs.com/testbeta-atif/root_stripe/stripe/tests/data/?ND" "Mozilla/5.0 (Linux; Android 7.0;) AppleWebKit/537.36 (KHTML, like Gecko) Mobile Safari/537.36 (compatible; PetalBot;+https://webmaster.petalsearch.com/site/petalbot)"
51.222.253.5 - - [15/Jan/2025:18:50:13 -0500] "GET /assest/image/mobile%20perspective/web%20development/?ND HTTP/1.1" 200 1057 "-" "Mozilla/5.0 (compatible; AhrefsBot/7.0; +http://ahrefs.com/robot/)"
51.222.253.3 - - [15/Jan/2025:18:51:54 -0500] "GET /build/?MD HTTP/1.1" 200 631 "-" "Mozilla/5.0 (compatible; AhrefsBot/7.0; +http://ahrefs.com/robot/)"
114.119.154.65 - - [15/Jan/2025:18:52:22 -0500] "GET /admin/vendor/fontawesome-free/svgs/regular/grin-beam-sweat.svg HTTP/1.1" 200 535 "https://www.eirtechs.com/admin/vendor/fontawesome-free/svgs/regular/?MD" "Mozilla/5.0 (Linux; Android 7.0;) AppleWebKit/537.36 (KHTML, like Gecko) Mobile Safari/537.36 (compatible; PetalBot;+https://webmaster.petalsearch.com/site/petalbot)"
51.222.253.14 - - [15/Jan/2025:18:53:11 -0500] "GET /admin/css/?MD HTTP/1.1" 200 672 "-" "Mozilla/5.0 (compatible; AhrefsBot/7.0; +http://ahrefs.com/robot/)"
114.119.128.244 - - [15/Jan/2025:18:53:59 -0500] "GET /testbeta-atif/root_stripe/stripe/tests/Stripe/Issuing/ HTTP/1.1" 200 919 "https://www.eirtechs.com/testbeta-atif/root_stripe/stripe/tests/Stripe/?SD" "Mozilla/5.0 (Linux; Android 7.0;) AppleWebKit/537.36 (KHTML, like Gecko) Mobile Safari/537.36 (compatible; PetalBot;+https://webmaster.petalsearch.com/site/petalbot)"
51.222.253.1 - - [15/Jan/2025:18:54:45 -0500] "GET /build/js/?MA HTTP/1.1" 200 1068 "-" "Mozilla/5.0 (compatible; AhrefsBot/7.0; +http://ahrefs.com/robot/)"
51.222.253.14 - - [15/Jan/2025:18:56:25 -0500] "GET /testbeta/assets/css/bootstrap/?MA HTTP/1.1" 200 655 "-" "Mozilla/5.0 (compatible; AhrefsBot/7.0; +http://ahrefs.com/robot/)"
114.119.154.65 - - [15/Jan/2025:18:57:22 -0500] "GET /admin/vendor/fontawesome-free/svgs/brands/maxcdn.svg HTTP/1.1" 200 226 "https://www.eirtechs.com/admin/vendor/fontawesome-free/svgs/brands/?SD" "Mozilla/5.0 (Linux; Android 7.0;) AppleWebKit/537.36 (KHTML, like Gecko) Mobile Safari/537.36 (compatible; PetalBot;+https://webmaster.petalsearch.com/site/petalbot)"
51.222.253.16 - - [15/Jan/2025:18:57:56 -0500] "GET /assets/js/?SD HTTP/1.1" 200 1376 "-" "Mozilla/5.0 (compatible; AhrefsBot/7.0; +http://ahrefs.com/robot/)"
114.119.145.115 - - [15/Jan/2025:18:59:02 -0500] "GET /testbeta-atif/root_stripe/stripe/lib/HttpClient/?SA HTTP/1.1" 200 846 "https://www.eirtechs.com/testbeta-atif/root_stripe/stripe/lib/HttpClient/?ND" "Mozilla/5.0 (Linux; Android 7.0;) AppleWebKit/537.36 (KHTML, like Gecko) Mobile Safari/537.36 (compatible; PetalBot;+https://webmaster.petalsearch.com/site/petalbot)"
51.222.253.16 - - [15/Jan/2025:18:59:16 -0500] "GET /testbeta-atif/assets/images/services/?SA HTTP/1.1" 200 733 "-" "Mozilla/5.0 (compatible; AhrefsBot/7.0; +http://ahrefs.com/robot/)"
51.222.253.14 - - [15/Jan/2025:19:01:04 -0500] "GET /testbeta/assets/fonts/ionicons/fonts/?ND HTTP/1.1" 200 726 "-" "Mozilla/5.0 (compatible; AhrefsBot/7.0; +http://ahrefs.com/robot/)"
114.119.154.65 - - [15/Jan/2025:19:02:22 -0500] "GET /admin/img/undraw_posting_photo.svg HTTP/1.1" 200 11191 "https://www.eirtechs.com/admin/img/?NA" "Mozilla/5.0 (Linux; Android 7.0;) AppleWebKit/537.36 (KHTML, like Gecko) Mobile Safari/537.36 (compatible; PetalBot;+https://webmaster.petalsearch.com/site/petalbot)"
51.222.253.7 - - [15/Jan/2025:19:02:51 -0500] "GET /testbeta/assets/images/services/?ND HTTP/1.1" 200 727 "-" "Mozilla/5.0 (compatible; AhrefsBot/7.0; +http://ahrefs.com/robot/)"
114.119.135.120 - - [15/Jan/2025:19:04:00 -0500] "GET /testbeta-atif/root_stripe/stripe/lib/Error/Base.php HTTP/1.1" 200 0 "https://www.eirtechs.com/testbeta-atif/root_stripe/stripe/lib/Error/?ND" "Mozilla/5.0 (Linux; Android 7.0;) AppleWebKit/537.36 (KHTML, like Gecko) Mobile Safari/537.36 (compatible; PetalBot;+https://webmaster.petalsearch.com/site/petalbot)"
104.196.20.182 - - [15/Jan/2025:19:05:47 -0500] "GET /robots.txt HTTP/1.0" 404 1251 "-" "ZoominfoBot (zoominfobot at zoominfo dot com)"
104.196.20.182 - - [15/Jan/2025:19:05:47 -0500] "GET /?SA HTTP/1.0" 200 2185 "-" "ZoominfoBot (zoominfobot at zoominfo dot com)"
51.222.253.15 - - [15/Jan/2025:19:05:52 -0500] "GET /expertise/development.php HTTP/1.1" 200 6449 "-" "Mozilla/5.0 (compatible; AhrefsBot/7.0; +http://ahrefs.com/robot/)"
114.119.145.115 - - [15/Jan/2025:19:07:22 -0500] "GET /testbeta/assets/images/?SD HTTP/1.1" 200 2511 "https://eirtechs.com/testbeta/assets/images/?SA" "Mozilla/5.0 (Linux; Android 7.0;) AppleWebKit/537.36 (KHTML, like Gecko) Mobile Safari/537.36 (compatible; PetalBot;+https://webmaster.petalsearch.com/site/petalbot)"
51.222.253.19 - - [15/Jan/2025:19:07:28 -0500] "GET /assest/image/mobile%20perspective/corporate%20branding/?ND HTTP/1.1" 200 1037 "-" "Mozilla/5.0 (compatible; AhrefsBot/7.0; +http://ahrefs.com/robot/)"
114.119.166.95 - - [15/Jan/2025:19:08:59 -0500] "GET /testbeta-atif/root_stripe/?ND HTTP/1.1" 200 771 "https://www.eirtechs.com/testbeta-atif/root_stripe/?NA" "Mozilla/5.0 (Linux; Android 7.0;) AppleWebKit/537.36 (KHTML, like Gecko) Mobile Safari/537.36 (compatible; PetalBot;+https://webmaster.petalsearch.com/site/petalbot)"
51.222.253.7 - - [15/Jan/2025:19:09:06 -0500] "GET /testbeta-atif/assets/fonts/?MA HTTP/1.1" 200 670 "-" "Mozilla/5.0 (compatible; AhrefsBot/7.0; +http://ahrefs.com/robot/)"
51.222.253.20 - - [15/Jan/2025:19:10:38 -0500] "GET /testbeta-atif/assets/fonts/flaticon/font/?MA HTTP/1.1" 200 1085 "-" "Mozilla/5.0 (compatible; AhrefsBot/7.0; +http://ahrefs.com/robot/)"
114.119.136.199 - - [15/Jan/2025:19:12:22 -0500] "GET /testbeta/assets/fonts/open-iconic/ HTTP/1.1" 200 899 "https://eirtechs.com/testbeta/assets/fonts/?SA" "Mozilla/5.0 (Linux; Android 7.0;) AppleWebKit/537.36 (KHTML, like Gecko) Mobile Safari/537.36 (compatible; PetalBot;+https://webmaster.petalsearch.com/site/petalbot)"
114.119.145.115 - - [15/Jan/2025:19:14:00 -0500] "GET /testbeta-atif/assets/scss/bootstrap/utilities/_text.scss HTTP/1.1" 200 1555 "https://www.eirtechs.com/testbeta-atif/assets/scss/bootstrap/utilities/?SA" "Mozilla/5.0 (Linux; Android 7.0;) AppleWebKit/537.36 (KHTML, like Gecko) Mobile Safari/537.36 (compatible; PetalBot;+https://webmaster.petalsearch.com/site/petalbot)"
47.128.37.206 - - [15/Jan/2025:19:16:54 -0500] "GET /testbeta-atif/root_stripe/stripe/tests/Stripe/SourceTest.php HTTP/1.1" 200 148 "-" "Mozilla/5.0 (Linux; Android 5.0) AppleWebKit/537.36 (KHTML, like Gecko) Mobile Safari/537.36 (compatible; Bytespider; spider-feedback@bytedance.com)"
51.222.253.20 - - [15/Jan/2025:19:16:56 -0500] "GET /root_stripe/stripe/tests/Stripe/Issuing/DisputeTest.php HTTP/1.1" 200 146 "-" "Mozilla/5.0 (compatible; AhrefsBot/7.0; +http://ahrefs.com/robot/)"
114.119.166.95 - - [15/Jan/2025:19:17:27 -0500] "GET /testbeta/assets/fonts/ionicons/fonts/ HTTP/1.1" 200 902 "https://eirtechs.com/testbeta/assets/fonts/ionicons/" "Mozilla/5.0 (Linux; Android 7.0;) AppleWebKit/537.36 (KHTML, like Gecko) Mobile Safari/537.36 (compatible; PetalBot;+https://webmaster.petalsearch.com/site/petalbot)"
51.222.253.5 - - [15/Jan/2025:19:18:21 -0500] "GET /testbeta/assets/fonts/flaticon/font/?NA HTTP/1.1" 200 1070 "-" "Mozilla/5.0 (compatible; AhrefsBot/7.0; +http://ahrefs.com/robot/)"
114.119.128.244 - - [15/Jan/2025:19:19:04 -0500] "GET /testbeta-atif/assets/scss/bootstrap/?ND HTTP/1.1" 200 2257 "https://www.eirtechs.com/testbeta-atif/assets/scss/bootstrap/" "Mozilla/5.0 (Linux; Android 7.0;) AppleWebKit/537.36 (KHTML, like Gecko) Mobile Safari/537.36 (compatible; PetalBot;+https://webmaster.petalsearch.com/site/petalbot)"
51.222.253.9 - - [15/Jan/2025:19:19:55 -0500] "GET /assets/images/portfolio/new1/?MD HTTP/1.1" 200 1250 "-" "Mozilla/5.0 (compatible; AhrefsBot/7.0; +http://ahrefs.com/robot/)"
47.128.32.246 - - [15/Jan/2025:19:20:55 -0500] "GET /testbeta-atif/root_stripe/stripe/lib/Error/SignatureVerification.php HTTP/1.1" 200 155 "-" "Mozilla/5.0 (Linux; Android 5.0) AppleWebKit/537.36 (KHTML, like Gecko) Mobile Safari/537.36 (compatible; Bytespider; spider-feedback@bytedance.com)"
104.196.20.182 - - [15/Jan/2025:19:21:34 -0500] "GET /admin/ HTTP/1.0" 200 1570 "-" "ZoominfoBot (zoominfobot at zoominfo dot com)"
104.196.20.182 - - [15/Jan/2025:19:21:47 -0500] "GET /expertise/ HTTP/1.0" 200 889 "-" "ZoominfoBot (zoominfobot at zoominfo dot com)"
114.119.135.120 - - [15/Jan/2025:19:22:23 -0500] "GET /testbeta-atif/root_stripe/stripe/phpunit.xml HTTP/1.1" 200 220 "https://eirtechs.com/testbeta-atif/root_stripe/stripe/" "Mozilla/5.0 (Linux; Android 7.0;) AppleWebKit/537.36 (KHTML, like Gecko) Mobile Safari/537.36 (compatible; PetalBot;+https://webmaster.petalsearch.com/site/petalbot)"
51.222.253.8 - - [15/Jan/2025:19:23:04 -0500] "GET /admin/vendor/bootstrap/ HTTP/1.1" 200 632 "-" "Mozilla/5.0 (compatible; AhrefsBot/7.0; +http://ahrefs.com/robot/)"
114.119.166.95 - - [15/Jan/2025:19:24:08 -0500] "GET /testbeta-atif/assets/images/portfolio/website/10-min.jpg HTTP/1.1" 200 25403 "https://www.eirtechs.com/testbeta-atif/packages/web.php" "Mozilla/5.0 (Linux; Android 7.0;) AppleWebKit/537.36 (KHTML, like Gecko) Mobile Safari/537.36 (compatible; PetalBot;+https://webmaster.petalsearch.com/site/petalbot)"
47.128.122.128 - - [15/Jan/2025:19:24:55 -0500] "GET /testbeta-atif/root_stripe/stripe/lib/Invoice.php HTTP/1.1" 200 145 "-" "Mozilla/5.0 (Linux; Android 5.0) AppleWebKit/537.36 (KHTML, like Gecko) Mobile Safari/537.36 (compatible; Bytespider; spider-feedback@bytedance.com)"
51.222.253.12 - - [15/Jan/2025:19:26:09 -0500] "GET /assets/images/portfolio/?ND HTTP/1.1" 200 1501 "-" "Mozilla/5.0 (compatible; AhrefsBot/7.0; +http://ahrefs.com/robot/)"
114.119.136.199 - - [15/Jan/2025:19:27:22 -0500] "GET /testbeta-atif/root_stripe/stripe/init.php HTTP/1.1" 200 0 "https://eirtechs.com/testbeta-atif/root_stripe/stripe/" "Mozilla/5.0 (Linux; Android 7.0;) AppleWebKit/537.36 (KHTML, like Gecko) Mobile Safari/537.36 (compatible; PetalBot;+https://webmaster.petalsearch.com/site/petalbot)"
51.222.253.7 - - [15/Jan/2025:19:28:48 -0500] "GET /testbeta/stripe/?SD HTTP/1.1" 200 661 "-" "Mozilla/5.0 (compatible; AhrefsBot/7.0; +http://ahrefs.com/robot/)"
114.119.136.199 - - [15/Jan/2025:19:29:00 -0500] "GET /testbeta-atif/assets/fonts/ionicons/ HTTP/1.1" 200 791 "https://www.eirtechs.com/testbeta-atif/assets/fonts/ionicons/fonts/?ND" "Mozilla/5.0 (Linux; Android 7.0;) AppleWebKit/537.36 (KHTML, like Gecko) Mobile Safari/537.36 (compatible; PetalBot;+https://webmaster.petalsearch.com/site/petalbot)"
104.196.20.182 - - [15/Jan/2025:19:29:20 -0500] "GET /?MA HTTP/1.0" 200 2162 "-" "ZoominfoBot (zoominfobot at zoominfo dot com)"
104.196.20.182 - - [15/Jan/2025:19:29:29 -0500] "GET /build/ HTTP/1.0" 200 786 "-" "ZoominfoBot (zoominfobot at zoominfo dot com)"
51.222.253.18 - - [15/Jan/2025:19:31:51 -0500] "GET /admin/js/demo/?ND HTTP/1.1" 200 691 "-" "Mozilla/5.0 (compatible; AhrefsBot/7.0; +http://ahrefs.com/robot/)"
114.119.166.95 - - [15/Jan/2025:19:32:24 -0500] "GET /testbeta-atif/mail/admin.php?method=forgotPassword HTTP/1.1" 200 1575 "https://eirtechs.com/testbeta-atif/mail/admin.php" "Mozilla/5.0 (Linux; Android 7.0;) AppleWebKit/537.36 (KHTML, like Gecko) Mobile Safari/537.36 (compatible; PetalBot;+https://webmaster.petalsearch.com/site/petalbot)"
114.119.166.95 - - [15/Jan/2025:19:34:04 -0500] "GET /service/web-cms-development/custom_development.php HTTP/1.1" 200 11065 "https://www.eirtechs.com/service/web-cms-development/?NA" "Mozilla/5.0 (Linux; Android 7.0;) AppleWebKit/537.36 (KHTML, like Gecko) Mobile Safari/537.36 (compatible; PetalBot;+https://webmaster.petalsearch.com/site/petalbot)"
156.59.198.135 - - [15/Jan/2025:19:36:14 -0500] "GET /testbeta/assets/images/add-uniquedesign.jpg HTTP/1.1" 404 1251 "-" "Mozilla/5.0 (Linux; Android 5.0) AppleWebKit/537.36 (KHTML, like Gecko) Mobile Safari/537.36 (compatible; Bytespider; spider-feedback@bytedance.com)"
114.119.145.225 - - [15/Jan/2025:19:37:24 -0500] "GET /testbeta-atif/inc/services/eir.php HTTP/1.1" 404 1251 "https://eirtechs.com/testbeta-atif/inc/footer.php" "Mozilla/5.0 (Linux; Android 7.0;) AppleWebKit/537.36 (KHTML, like Gecko) Mobile Safari/537.36 (compatible; PetalBot;+https://webmaster.petalsearch.com/site/petalbot)"
104.196.20.182 - - [15/Jan/2025:19:38:03 -0500] "GET /expertise/ HTTP/1.0" 200 892 "-" "ZoominfoBot (zoominfobot at zoominfo dot com)"
51.222.253.14 - - [15/Jan/2025:19:38:05 -0500] "GET /testbeta-atif/assets/fonts/?SA HTTP/1.1" 200 668 "-" "Mozilla/5.0 (compatible; AhrefsBot/7.0; +http://ahrefs.com/robot/)"
114.119.136.199 - - [15/Jan/2025:19:39:01 -0500] "GET /service/web-cms-development/?SD HTTP/1.1" 200 1303 "https://www.eirtechs.com/service/web-cms-development/?SA" "Mozilla/5.0 (Linux; Android 7.0;) AppleWebKit/537.36 (KHTML, like Gecko) Mobile Safari/537.36 (compatible; PetalBot;+https://webmaster.petalsearch.com/site/petalbot)"
51.222.253.19 - - [15/Jan/2025:19:39:28 -0500] "GET /root_stripe/stripe/lib/Reporting/ReportType.php HTTP/1.1" 200 142 "-" "Mozilla/5.0 (compatible; AhrefsBot/7.0; +http://ahrefs.com/robot/)"
51.222.253.14 - - [15/Jan/2025:19:40:48 -0500] "GET /root_stripe/stripe/lib/Reporting/ReportRun.php HTTP/1.1" 200 138 "-" "Mozilla/5.0 (compatible; AhrefsBot/7.0; +http://ahrefs.com/robot/)"
51.222.253.7 - - [15/Jan/2025:19:42:15 -0500] "GET /admin/vendor/fontawesome-free/svgs/solid/?NA HTTP/1.1" 200 18692 "-" "Mozilla/5.0 (compatible; AhrefsBot/7.0; +http://ahrefs.com/robot/)"
114.119.166.95 - - [15/Jan/2025:19:42:29 -0500] "GET /admin/vendor/fontawesome-free/svgs/solid/sliders-h.svg HTTP/1.1" 200 239 "https://www.eirtechs.com/admin/vendor/fontawesome-free/svgs/solid/?SD" "Mozilla/5.0 (Linux; Android 7.0;) AppleWebKit/537.36 (KHTML, like Gecko) Mobile Safari/537.36 (compatible; PetalBot;+https://webmaster.petalsearch.com/site/petalbot)"
51.222.253.11 - - [15/Jan/2025:19:43:52 -0500] "GET /admin/vendor/bootstrap/scss/utilities/?ND HTTP/1.1" 200 1259 "-" "Mozilla/5.0 (compatible; AhrefsBot/7.0; +http://ahrefs.com/robot/)"
114.119.166.95 - - [15/Jan/2025:19:44:00 -0500] "GET /root_stripe/stripe/tests/Stripe/OrderTest.php HTTP/1.1" 200 149 "https://www.eirtechs.com/root_stripe/stripe/tests/Stripe/?ND" "Mozilla/5.0 (Linux; Android 7.0;) AppleWebKit/537.36 (KHTML, like Gecko) Mobile Safari/537.36 (compatible; PetalBot;+https://webmaster.petalsearch.com/site/petalbot)"
51.222.253.5 - - [15/Jan/2025:19:45:18 -0500] "GET /root_stripe/stripe/tests/Stripe/?ND HTTP/1.1" 200 2271 "-" "Mozilla/5.0 (compatible; AhrefsBot/7.0; +http://ahrefs.com/robot/)"
51.222.253.2 - - [15/Jan/2025:19:47:08 -0500] "GET /admin/scss/utilities/?MA HTTP/1.1" 200 1028 "-" "Mozilla/5.0 (compatible; AhrefsBot/7.0; +http://ahrefs.com/robot/)"
114.119.135.120 - - [15/Jan/2025:19:47:27 -0500] "GET /admin/vendor/fontawesome-free/svgs/solid/pencil-ruler.svg HTTP/1.1" 200 415 "https://www.eirtechs.com/admin/vendor/fontawesome-free/svgs/solid/?SD" "Mozilla/5.0 (Linux; Android 7.0;) AppleWebKit/537.36 (KHTML, like Gecko) Mobile Safari/537.36 (compatible; PetalBot;+https://webmaster.petalsearch.com/site/petalbot)"
51.222.253.17 - - [15/Jan/2025:19:48:37 -0500] "GET /assest/css/?MD HTTP/1.1" 200 623 "-" "Mozilla/5.0 (compatible; AhrefsBot/7.0; +http://ahrefs.com/robot/)"
114.119.135.120 - - [15/Jan/2025:19:49:03 -0500] "GET /testbeta/root_stripe/stripe/lib/UsageRecord.php HTTP/1.1" 200 158 "https://www.eirtechs.com/testbeta/root_stripe/stripe/lib/?MA" "Mozilla/5.0 (Linux; Android 7.0;) AppleWebKit/537.36 (KHTML, like Gecko) Mobile Safari/537.36 (compatible; PetalBot;+https://webmaster.petalsearch.com/site/petalbot)"
51.222.253.8 - - [15/Jan/2025:19:50:00 -0500] "GET /admin/vendor/fontawesome-free/js/ HTTP/1.1" 200 1185 "-" "Mozilla/5.0 (compatible; AhrefsBot/7.0; +http://ahrefs.com/robot/)"
51.222.253.18 - - [15/Jan/2025:19:51:38 -0500] "GET /testbeta-atif/root_stripe/stripe/tests/?MA HTTP/1.1" 200 766 "-" "Mozilla/5.0 (compatible; AhrefsBot/7.0; +http://ahrefs.com/robot/)"
156.59.198.135 - - [15/Jan/2025:19:52:22 -0500] "GET /service/corporate-branding/web-design.php HTTP/1.1" 200 15391 "-" "Mozilla/5.0 (Linux; Android 5.0) AppleWebKit/537.36 (KHTML, like Gecko) Mobile Safari/537.36 (compatible; Bytespider; spider-feedback@bytedance.com)"
114.119.145.225 - - [15/Jan/2025:19:52:29 -0500] "GET /admin/vendor/fontawesome-free/svgs/regular/caret-square-down.svg HTTP/1.1" 200 261 "https://www.eirtechs.com/admin/vendor/fontawesome-free/svgs/regular/?MD" "Mozilla/5.0 (Linux; Android 7.0;) AppleWebKit/537.36 (KHTML, like Gecko) Mobile Safari/537.36 (compatible; PetalBot;+https://webmaster.petalsearch.com/site/petalbot)"
51.222.253.10 - - [15/Jan/2025:19:53:16 -0500] "GET /testbeta/assets/?MA HTTP/1.1" 200 665 "-" "Mozilla/5.0 (compatible; AhrefsBot/7.0; +http://ahrefs.com/robot/)"
114.119.128.203 - - [15/Jan/2025:19:54:05 -0500] "GET /testbeta/root_stripe/stripe/lib/SKU.php HTTP/1.1" 200 154 "https://www.eirtechs.com/testbeta/root_stripe/stripe/lib/?MA" "Mozilla/5.0 (Linux; Android 7.0;) AppleWebKit/537.36 (KHTML, like Gecko) Mobile Safari/537.36 (compatible; PetalBot;+https://webmaster.petalsearch.com/site/petalbot)"
51.222.253.7 - - [15/Jan/2025:19:54:56 -0500] "GET /assets/fonts/icomoon/?ND HTTP/1.1" 200 708 "-" "Mozilla/5.0 (compatible; AhrefsBot/7.0; +http://ahrefs.com/robot/)"
51.222.253.20 - - [15/Jan/2025:19:56:43 -0500] "GET /career.php HTTP/1.1" 200 5856 "-" "Mozilla/5.0 (compatible; AhrefsBot/7.0; +http://ahrefs.com/robot/)"
114.119.136.199 - - [15/Jan/2025:19:57:24 -0500] "GET /admin/vendor/fontawesome-free/svgs/brands/vuejs.svg HTTP/1.1" 200 200 "https://www.eirtechs.com/admin/vendor/fontawesome-free/svgs/brands/?SD" "Mozilla/5.0 (Linux; Android 7.0;) AppleWebKit/537.36 (KHTML, like Gecko) Mobile Safari/537.36 (compatible; PetalBot;+https://webmaster.petalsearch.com/site/petalbot)"
51.222.253.6 - - [15/Jan/2025:19:58:25 -0500] "GET /admin/vendor/bootstrap/js/?SA HTTP/1.1" 200 1090 "-" "Mozilla/5.0 (compatible; AhrefsBot/7.0; +http://ahrefs.com/robot/)"
114.119.128.203 - - [15/Jan/2025:19:59:02 -0500] "GET /testbeta/root_stripe/stripe/lib/ApiOperations/?SD HTTP/1.1" 200 1281 "https://www.eirtechs.com/testbeta/root_stripe/stripe/lib/ApiOperations/?SA" "Mozilla/5.0 (Linux; Android 7.0;) AppleWebKit/537.36 (KHTML, like Gecko) Mobile Safari/537.36 (compatible; PetalBot;+https://webmaster.petalsearch.com/site/petalbot)"
47.128.123.172 - - [15/Jan/2025:19:59:13 -0500] "GET /testbeta/root_stripe/stripe/lib/Error/RateLimit.php HTTP/1.1" 200 153 "-" "Mozilla/5.0 (Linux; Android 5.0) AppleWebKit/537.36 (KHTML, like Gecko) Mobile Safari/537.36 (compatible; Bytespider; spider-feedback@bytedance.com)"
51.222.253.9 - - [15/Jan/2025:20:00:27 -0500] "GET /testbeta/services/?SA HTTP/1.1" 200 695 "-" "Mozilla/5.0 (compatible; AhrefsBot/7.0; +http://ahrefs.com/robot/)"
114.119.154.65 - - [15/Jan/2025:20:02:23 -0500] "GET /admin/vendor/fontawesome-free/svgs/brands/ethereum.svg HTTP/1.1" 200 175 "https://www.eirtechs.com/admin/vendor/fontawesome-free/svgs/brands/?SD" "Mozilla/5.0 (Linux; Android 7.0;) AppleWebKit/537.36 (KHTML, like Gecko) Mobile Safari/537.36 (compatible; PetalBot;+https://webmaster.petalsearch.com/site/petalbot)"
51.222.253.6 - - [15/Jan/2025:20:02:33 -0500] "GET /admin/vendor/fontawesome-free/svgs/solid/?SA HTTP/1.1" 200 20745 "-" "Mozilla/5.0 (compatible; AhrefsBot/7.0; +http://ahrefs.com/robot/)"
47.128.98.135 - - [15/Jan/2025:20:03:13 -0500] "GET /stripe/cart_checkout.php HTTP/1.1" 200 187 "-" "Mozilla/5.0 (Linux; Android 5.0) AppleWebKit/537.36 (KHTML, like Gecko) Mobile Safari/537.36 (compatible; Bytespider; spider-feedback@bytedance.com)"
114.119.135.120 - - [15/Jan/2025:20:04:04 -0500] "GET /testbeta/root_stripe/stripe/lib/?ND HTTP/1.1" 200 2874 "https://www.eirtechs.com/testbeta/root_stripe/stripe/lib/?NA" "Mozilla/5.0 (Linux; Android 7.0;) AppleWebKit/537.36 (KHTML, like Gecko) Mobile Safari/537.36 (compatible; PetalBot;+https://webmaster.petalsearch.com/site/petalbot)"
51.222.253.9 - - [15/Jan/2025:20:04:47 -0500] "GET /assets/images/portfolio/branding/?NA HTTP/1.1" 200 1349 "-" "Mozilla/5.0 (compatible; AhrefsBot/7.0; +http://ahrefs.com/robot/)"
35.231.198.92 - - [15/Jan/2025:20:06:27 -0500] "GET /robots.txt HTTP/1.0" 404 1251 "-" "ZoominfoBot (zoominfobot at zoominfo dot com)"
35.231.198.92 - - [15/Jan/2025:20:06:27 -0500] "GET /?SA HTTP/1.0" 200 2189 "-" "ZoominfoBot (zoominfobot at zoominfo dot com)"
35.231.198.92 - - [15/Jan/2025:20:06:29 -0500] "GET /cgi-bin/ HTTP/1.0" 403 1242 "-" "ZoominfoBot (zoominfobot at zoominfo dot com)"
47.128.48.177 - - [15/Jan/2025:20:07:14 -0500] "GET /testbeta/root_stripe/stripe/lib/Recipient.php HTTP/1.1" 200 142 "-" "Mozilla/5.0 (Linux; Android 5.0) AppleWebKit/537.36 (KHTML, like Gecko) Mobile Safari/537.36 (compatible; Bytespider; spider-feedback@bytedance.com)"
114.119.128.244 - - [15/Jan/2025:20:07:24 -0500] "GET /admin/vendor/fontawesome-free/svgs/brands/css3.svg HTTP/1.1" 200 207 "https://www.eirtechs.com/admin/vendor/fontawesome-free/svgs/brands/?SD" "Mozilla/5.0 (Linux; Android 7.0;) AppleWebKit/537.36 (KHTML, like Gecko) Mobile Safari/537.36 (compatible; PetalBot;+https://webmaster.petalsearch.com/site/petalbot)"
51.222.253.18 - - [15/Jan/2025:20:08:36 -0500] "GET /root_stripe/stripe/tests/?NA HTTP/1.1" 200 734 "-" "Mozilla/5.0 (compatible; AhrefsBot/7.0; +http://ahrefs.com/robot/)"
114.119.145.115 - - [15/Jan/2025:20:09:05 -0500] "GET /testbeta/root_stripe/stripe/data/?SD HTTP/1.1" 200 784 "https://www.eirtechs.com/testbeta/root_stripe/stripe/data/?SA" "Mozilla/5.0 (Linux; Android 7.0;) AppleWebKit/537.36 (KHTML, like Gecko) Mobile Safari/537.36 (compatible; PetalBot;+https://webmaster.petalsearch.com/site/petalbot)"
51.222.253.17 - - [15/Jan/2025:20:10:36 -0500] "GET /testbeta/assets/css/css/mixins/?SD HTTP/1.1" 200 629 "-" "Mozilla/5.0 (compatible; AhrefsBot/7.0; +http://ahrefs.com/robot/)"
47.128.42.210 - - [15/Jan/2025:20:11:14 -0500] "GET /root_stripe/stripe/lib/BankAccount.php HTTP/1.1" 200 137 "-" "Mozilla/5.0 (Linux; Android 5.0) AppleWebKit/537.36 (KHTML, like Gecko) Mobile Safari/537.36 (compatible; Bytespider; spider-feedback@bytedance.com)"
51.222.253.6 - - [15/Jan/2025:20:12:16 -0500] "GET /assest/image/casestudy/Medusa/?SA HTTP/1.1" 200 751 "-" "Mozilla/5.0 (compatible; AhrefsBot/7.0; +http://ahrefs.com/robot/)"
114.119.135.120 - - [15/Jan/2025:20:12:24 -0500] "GET /testbeta/root_stripe/stripe/lib/HttpClient/?SA HTTP/1.1" 200 839 "https://eirtechs.com/testbeta/root_stripe/stripe/lib/HttpClient/?MA" "Mozilla/5.0 (Linux; Android 7.0;) AppleWebKit/537.36 (KHTML, like Gecko) Mobile Safari/537.36 (compatible; PetalBot;+https://webmaster.petalsearch.com/site/petalbot)"
114.119.135.120 - - [15/Jan/2025:20:14:01 -0500] "GET /testbeta/mail/form.config.php HTTP/1.1" 200 0 "https://www.eirtechs.com/testbeta/mail/?MD" "Mozilla/5.0 (Linux; Android 7.0;) AppleWebKit/537.36 (KHTML, like Gecko) Mobile Safari/537.36 (compatible; PetalBot;+https://webmaster.petalsearch.com/site/petalbot)"
51.222.253.18 - - [15/Jan/2025:20:14:12 -0500] "GET /testbeta/assets/fonts/ionicons/fonts/?SA HTTP/1.1" 200 726 "-" "Mozilla/5.0 (compatible; AhrefsBot/7.0; +http://ahrefs.com/robot/)"
35.231.198.92 - - [15/Jan/2025:20:17:11 -0500] "GET /assets/ HTTP/1.0" 200 1208 "-" "ZoominfoBot (zoominfobot at zoominfo dot com)"
114.119.154.65 - - [15/Jan/2025:20:17:26 -0500] "GET /testbeta/assets/fonts/icomoon/icomoon.woff HTTP/1.1" 200 307244 "https://eirtechs.com/testbeta/assets/fonts/icomoon/" "Mozilla/5.0 (Linux; Android 7.0;) AppleWebKit/537.36 (KHTML, like Gecko) Mobile Safari/537.36 (compatible; PetalBot;+https://webmaster.petalsearch.com/site/petalbot)"
51.222.253.3 - - [15/Jan/2025:20:17:49 -0500] "GET /assets/images/portfolio/new1/?NA HTTP/1.1" 200 1250 "-" "Mozilla/5.0 (compatible; AhrefsBot/7.0; +http://ahrefs.com/robot/)"
114.119.166.95 - - [15/Jan/2025:20:19:11 -0500] "GET /testbeta/inc/?MA HTTP/1.1" 200 828 "https://www.eirtechs.com/testbeta/inc/?SD" "Mozilla/5.0 (Linux; Android 7.0;) AppleWebKit/537.36 (KHTML, like Gecko) Mobile Safari/537.36 (compatible; PetalBot;+https://webmaster.petalsearch.com/site/petalbot)"
51.222.253.14 - - [15/Jan/2025:20:21:47 -0500] "GET /admin/vendor/fontawesome-free/svgs/solid/?MA HTTP/1.1" 200 19558 "-" "Mozilla/5.0 (compatible; AhrefsBot/7.0; +http://ahrefs.com/robot/)"
114.119.135.120 - - [15/Jan/2025:20:22:24 -0500] "GET /testbeta-atif/root_stripe/stripe/?ND HTTP/1.1" 200 1485 "https://eirtechs.com/testbeta-atif/root_stripe/stripe/" "Mozilla/5.0 (Linux; Android 7.0;) AppleWebKit/537.36 (KHTML, like Gecko) Mobile Safari/537.36 (compatible; PetalBot;+https://webmaster.petalsearch.com/site/petalbot)"
51.222.253.16 - - [15/Jan/2025:20:23:39 -0500] "GET /?SD HTTP/1.1" 200 1856 "-" "Mozilla/5.0 (compatible; AhrefsBot/7.0; +http://ahrefs.com/robot/)"
114.119.135.120 - - [15/Jan/2025:20:24:02 -0500] "GET /testbeta/assets/css/css/?ND HTTP/1.1" 200 827 "https://www.eirtechs.com/testbeta/assets/css/css/" "Mozilla/5.0 (Linux; Android 7.0;) AppleWebKit/537.36 (KHTML, like Gecko) Mobile Safari/537.36 (compatible; PetalBot;+https://webmaster.petalsearch.com/site/petalbot)"
51.222.253.20 - - [15/Jan/2025:20:25:27 -0500] "GET /services/?SD HTTP/1.1" 200 1141 "-" "Mozilla/5.0 (compatible; AhrefsBot/7.0; +http://ahrefs.com/robot/)"
52.167.144.54 - - [15/Jan/2025:20:26:36 -0500] "GET /robots.txt HTTP/1.1" 404 1251 "-" "Mozilla/5.0 AppleWebKit/537.36 (KHTML, like Gecko; compatible; bingbot/2.0; +http://www.bing.com/bingbot.htm) Chrome/116.0.1938.76 Safari/537.36"
52.167.144.54 - - [15/Jan/2025:20:26:36 -0500] "GET /robots.txt HTTP/1.1" 404 1251 "-" "Mozilla/5.0 AppleWebKit/537.36 (KHTML, like Gecko; compatible; bingbot/2.0; +http://www.bing.com/bingbot.htm) Chrome/116.0.1938.76 Safari/537.36"
157.55.39.54 - - [15/Jan/2025:20:26:46 -0500] "GET / HTTP/1.1" 200 1862 "-" "Mozilla/5.0 AppleWebKit/537.36 (KHTML, like Gecko; compatible; bingbot/2.0; +http://www.bing.com/bingbot.htm) Chrome/116.0.1938.76 Safari/537.36"
51.222.253.8 - - [15/Jan/2025:20:27:00 -0500] "GET /admin/vendor/?MD HTTP/1.1" 200 998 "-" "Mozilla/5.0 (compatible; AhrefsBot/7.0; +http://ahrefs.com/robot/)"
114.119.145.225 - - [15/Jan/2025:20:27:25 -0500] "GET /testbeta-atif/assets/images/portfolio/website/6-min.jpg HTTP/1.1" 200 23674 "https://eirtechs.com/testbeta-atif/packages/web.php" "Mozilla/5.0 (Linux; Android 7.0;) AppleWebKit/537.36 (KHTML, like Gecko) Mobile Safari/537.36 (compatible; PetalBot;+https://webmaster.petalsearch.com/site/petalbot)"
157.55.39.11 - - [15/Jan/2025:20:27:46 -0500] "GET /_autoindex/assets/js/tablesort.js HTTP/1.1" 200 2137 "-" "Mozilla/5.0 AppleWebKit/537.36 (KHTML, like Gecko; compatible; bingbot/2.0; +http://www.bing.com/bingbot.htm) Chrome/116.0.1938.76 Safari/537.36"
157.55.39.11 - - [15/Jan/2025:20:27:46 -0500] "GET /_autoindex/assets/js/tablesort.number.js HTTP/1.1" 200 322 "-" "Mozilla/5.0 AppleWebKit/537.36 (KHTML, like Gecko; compatible; bingbot/2.0; +http://www.bing.com/bingbot.htm) Chrome/116.0.1938.76 Safari/537.36"
114.119.166.95 - - [15/Jan/2025:20:29:02 -0500] "GET /testbeta-atif/root_stripe/stripe/tests/Stripe/?MA HTTP/1.1" 200 2647 "https://www.eirtechs.com/testbeta-atif/root_stripe/stripe/tests/Stripe/?SD" "Mozilla/5.0 (Linux; Android 7.0;) AppleWebKit/537.36 (KHTML, like Gecko) Mobile Safari/537.36 (compatible; PetalBot;+https://webmaster.petalsearch.com/site/petalbot)"
51.222.253.4 - - [15/Jan/2025:20:30:26 -0500] "GET /testbeta/mail/?ND HTTP/1.1" 200 1081 "-" "Mozilla/5.0 (compatible; AhrefsBot/7.0; +http://ahrefs.com/robot/)"
114.119.166.95 - - [15/Jan/2025:20:32:28 -0500] "GET /testbeta-atif/assets/images/portfolio/logo/49-min.jpg HTTP/1.1" 200 4799 "https://eirtechs.com/testbeta-atif/packages/logo.php" "Mozilla/5.0 (Linux; Android 7.0;) AppleWebKit/537.36 (KHTML, like Gecko) Mobile Safari/537.36 (compatible; PetalBot;+https://webmaster.petalsearch.com/site/petalbot)"
114.119.128.244 - - [15/Jan/2025:20:34:02 -0500] "GET /testbeta-atif/assets/scss/bootstrap/_code.scss HTTP/1.1" 200 1065 "https://www.eirtechs.com/testbeta-atif/assets/scss/bootstrap/?SD" "Mozilla/5.0 (Linux; Android 7.0;) AppleWebKit/537.36 (KHTML, like Gecko) Mobile Safari/537.36 (compatible; PetalBot;+https://webmaster.petalsearch.com/site/petalbot)"
51.222.253.16 - - [15/Jan/2025:20:35:30 -0500] "GET /testbeta/assets/css/css/mixins/?NA HTTP/1.1" 200 626 "-" "Mozilla/5.0 (compatible; AhrefsBot/7.0; +http://ahrefs.com/robot/)"
47.128.28.148 - - [15/Jan/2025:20:36:45 -0500] "GET /testbeta-atif/root_stripe/stripe/lib/Error/Base.php HTTP/1.1" 200 0 "-" "Mozilla/5.0 (Linux; Android 5.0) AppleWebKit/537.36 (KHTML, like Gecko) Mobile Safari/537.36 (compatible; Bytespider; spider-feedback@bytedance.com)"
51.222.253.1 - - [15/Jan/2025:20:37:04 -0500] "GET /testbeta/assets/js/?NA HTTP/1.1" 200 1361 "-" "Mozilla/5.0 (compatible; AhrefsBot/7.0; +http://ahrefs.com/robot/)"
114.119.145.115 - - [15/Jan/2025:20:37:25 -0500] "GET /testbeta-atif/assets/images/portfolio/logo/1-min.jpg HTTP/1.1" 200 5385 "https://eirtechs.com/testbeta-atif/packages/logo.php" "Mozilla/5.0 (Linux; Android 7.0;) AppleWebKit/537.36 (KHTML, like Gecko) Mobile Safari/537.36 (compatible; PetalBot;+https://webmaster.petalsearch.com/site/petalbot)"
114.119.128.244 - - [15/Jan/2025:20:39:03 -0500] "GET /testbeta-atif/assets/fonts/ionicons/css/_ionicons.scss HTTP/1.1" 200 57268 "https://www.eirtechs.com/testbeta-atif/assets/fonts/ionicons/css/" "Mozilla/5.0 (Linux; Android 7.0;) AppleWebKit/537.36 (KHTML, like Gecko) Mobile Safari/537.36 (compatible; PetalBot;+https://webmaster.petalsearch.com/site/petalbot)"
35.231.198.92 - - [15/Jan/2025:20:39:05 -0500] "GET /robots.txt HTTP/1.0" 404 1251 "-" "ZoominfoBot (zoominfobot at zoominfo dot com)"
35.231.198.92 - - [15/Jan/2025:20:39:06 -0500] "GET /?SA HTTP/1.0" 200 2185 "-" "ZoominfoBot (zoominfobot at zoominfo dot com)"
51.222.253.6 - - [15/Jan/2025:20:40:50 -0500] "GET /admin/vendor/fontawesome-free/svgs/brands/?MA HTTP/1.1" 200 9520 "-" "Mozilla/5.0 (compatible; AhrefsBot/7.0; +http://ahrefs.com/robot/)"
114.119.166.95 - - [15/Jan/2025:20:42:28 -0500] "GET /testbeta-atif/assets/images/portfolio/branding/7-min.jpg HTTP/1.1" 200 34791 "https://eirtechs.com/testbeta-atif/packages/seo.php" "Mozilla/5.0 (Linux; Android 7.0;) AppleWebKit/537.36 (KHTML, like Gecko) Mobile Safari/537.36 (compatible; PetalBot;+https://webmaster.petalsearch.com/site/petalbot)"
51.222.253.19 - - [15/Jan/2025:20:42:54 -0500] "GET /root_stripe/stripe/examples/?ND HTTP/1.1" 200 628 "-" "Mozilla/5.0 (compatible; AhrefsBot/7.0; +http://ahrefs.com/robot/)"
114.119.128.244 - - [15/Jan/2025:20:44:02 -0500] "GET /service/software-development/?MA HTTP/1.1" 200 1293 "https://www.eirtechs.com/service/software-development/?SA" "Mozilla/5.0 (Linux; Android 7.0;) AppleWebKit/537.36 (KHTML, like Gecko) Mobile Safari/537.36 (compatible; PetalBot;+https://webmaster.petalsearch.com/site/petalbot)"
51.222.253.13 - - [15/Jan/2025:20:46:14 -0500] "GET /testbeta-atif/assets/ HTTP/1.1" 200 664 "-" "Mozilla/5.0 (compatible; AhrefsBot/7.0; +http://ahrefs.com/robot/)"
114.119.128.203 - - [15/Jan/2025:20:47:25 -0500] "GET /testbeta-atif/assets/?ND HTTP/1.1" 200 822 "https://eirtechs.com/testbeta-atif/assets/" "Mozilla/5.0 (Linux; Android 7.0;) AppleWebKit/537.36 (KHTML, like Gecko) Mobile Safari/537.36 (compatible; PetalBot;+https://webmaster.petalsearch.com/site/petalbot)"
51.222.253.20 - - [15/Jan/2025:20:47:36 -0500] "GET /assets/fonts/open-iconic/?ND HTTP/1.1" 200 720 "-" "Mozilla/5.0 (compatible; AhrefsBot/7.0; +http://ahrefs.com/robot/)"
114.119.128.203 - - [15/Jan/2025:20:49:02 -0500] "GET /root_stripe/stripe/tests/Stripe/TopupTest.php HTTP/1.1" 200 149 "https://www.eirtechs.com/root_stripe/stripe/tests/Stripe/?ND" "Mozilla/5.0 (Linux; Android 7.0;) AppleWebKit/537.36 (KHTML, like Gecko) Mobile Safari/537.36 (compatible; PetalBot;+https://webmaster.petalsearch.com/site/petalbot)"
51.222.253.16 - - [15/Jan/2025:20:49:15 -0500] "GET /admin/vendor/fontawesome-free/scss/ HTTP/1.1" 200 1289 "-" "Mozilla/5.0 (compatible; AhrefsBot/7.0; +http://ahrefs.com/robot/)"
51.222.253.14 - - [15/Jan/2025:20:50:44 -0500] "GET /admin/vendor/fontawesome-free/less/ HTTP/1.1" 200 1289 "-" "Mozilla/5.0 (compatible; AhrefsBot/7.0; +http://ahrefs.com/robot/)"
51.222.253.19 - - [15/Jan/2025:20:52:12 -0500] "GET /testbeta/root_stripe/?MD HTTP/1.1" 200 618 "-" "Mozilla/5.0 (compatible; AhrefsBot/7.0; +http://ahrefs.com/robot/)"
114.119.166.95 - - [15/Jan/2025:20:52:25 -0500] "GET /testbeta-atif/assets/?MA HTTP/1.1" 200 824 "https://eirtechs.com/testbeta-atif/assets/" "Mozilla/5.0 (Linux; Android 7.0;) AppleWebKit/537.36 (KHTML, like Gecko) Mobile Safari/537.36 (compatible; PetalBot;+https://webmaster.petalsearch.com/site/petalbot)"
114.119.154.65 - - [15/Jan/2025:20:54:02 -0500] "GET /root_stripe/stripe/tests/Stripe/DisputeTest.php HTTP/1.1" 200 150 "https://www.eirtechs.com/root_stripe/stripe/tests/Stripe/?ND" "Mozilla/5.0 (Linux; Android 7.0;) AppleWebKit/537.36 (KHTML, like Gecko) Mobile Safari/537.36 (compatible; PetalBot;+https://webmaster.petalsearch.com/site/petalbot)"
35.231.198.92 - - [15/Jan/2025:20:54:27 -0500] "GET /admin/ HTTP/1.0" 200 1570 "-" "ZoominfoBot (zoominfobot at zoominfo dot com)"
35.231.198.92 - - [15/Jan/2025:20:54:40 -0500] "GET /expertise/ HTTP/1.0" 200 889 "-" "ZoominfoBot (zoominfobot at zoominfo dot com)"
51.222.253.6 - - [15/Jan/2025:20:55:14 -0500] "GET /testbeta-atif/mail/?SD HTTP/1.1" 200 1098 "-" "Mozilla/5.0 (compatible; AhrefsBot/7.0; +http://ahrefs.com/robot/)"
114.119.128.244 - - [15/Jan/2025:20:57:25 -0500] "GET /testbeta-atif/?NA HTTP/1.1" 200 1336 "https://eirtechs.com/testbeta-atif/?ND" "Mozilla/5.0 (Linux; Android 7.0;) AppleWebKit/537.36 (KHTML, like Gecko) Mobile Safari/537.36 (compatible; PetalBot;+https://webmaster.petalsearch.com/site/petalbot)"
51.222.253.10 - - [15/Jan/2025:20:58:27 -0500] "GET /testbeta-atif/assets/images/services/?MA HTTP/1.1" 200 731 "-" "Mozilla/5.0 (compatible; AhrefsBot/7.0; +http://ahrefs.com/robot/)"
114.119.128.244 - - [15/Jan/2025:20:59:02 -0500] "GET /root_stripe/stripe/tests/Stripe/?SD HTTP/1.1" 200 2580 "https://www.eirtechs.com/root_stripe/stripe/tests/Stripe/?SA" "Mozilla/5.0 (Linux; Android 7.0;) AppleWebKit/537.36 (KHTML, like Gecko) Mobile Safari/537.36 (compatible; PetalBot;+https://webmaster.petalsearch.com/site/petalbot)"
51.222.253.13 - - [15/Jan/2025:20:59:56 -0500] "GET /admin/?ND HTTP/1.1" 200 1308 "-" "Mozilla/5.0 (compatible; AhrefsBot/7.0; +http://ahrefs.com/robot/)"
