51.222.253.4 - - [15/Jan/2025:21:01:30 -0500] "GET /testbeta-atif/services/?SD HTTP/1.1" 200 1036 "-" "Mozilla/5.0 (compatible; AhrefsBot/7.0; +http://ahrefs.com/robot/)"
35.231.198.92 - - [15/Jan/2025:21:02:02 -0500] "GET /?MA HTTP/1.0" 200 2200 "-" "ZoominfoBot (zoominfobot at zoominfo dot com)"
35.231.198.92 - - [15/Jan/2025:21:02:10 -0500] "GET /build/ HTTP/1.0" 200 786 "-" "ZoominfoBot (zoominfobot at zoominfo dot com)"
114.119.154.65 - - [15/Jan/2025:21:02:29 -0500] "GET /admin/vendor/fontawesome-free/svgs/solid/skiing.svg HTTP/1.1" 200 493 "https://www.eirtechs.com/admin/vendor/fontawesome-free/svgs/solid/?SD" "Mozilla/5.0 (Linux; Android 7.0;) AppleWebKit/537.36 (KHTML, like Gecko) Mobile Safari/537.36 (compatible; PetalBot;+https://webmaster.petalsearch.com/site/petalbot)"
51.222.253.14 - - [15/Jan/2025:21:03:16 -0500] "GET /testbeta-atif/services/?MD HTTP/1.1" 200 1041 "-" "Mozilla/5.0 (compatible; AhrefsBot/7.0; +http://ahrefs.com/robot/)"
114.119.128.244 - - [15/Jan/2025:21:04:05 -0500] "GET /root_stripe/stripe/lib/Util/AutoPagingIterator.php HTTP/1.1" 200 0 "https://www.eirtechs.com/root_stripe/stripe/lib/Util/?NA" "Mozilla/5.0 (Linux; Android 7.0;) AppleWebKit/537.36 (KHTML, like Gecko) Mobile Safari/537.36 (compatible; PetalBot;+https://webmaster.petalsearch.com/site/petalbot)"
51.222.253.8 - - [15/Jan/2025:21:04:59 -0500] "GET /testbeta/inc/?SD HTTP/1.1" 200 671 "-" "Mozilla/5.0 (compatible; AhrefsBot/7.0; +http://ahrefs.com/robot/)"
114.119.154.65 - - [15/Jan/2025:21:07:31 -0500] "GET /admin/vendor/fontawesome-free/svgs/solid/palette.svg HTTP/1.1" 200 265 "https://www.eirtechs.com/admin/vendor/fontawesome-free/svgs/solid/?SD" "Mozilla/5.0 (Linux; Android 7.0;) AppleWebKit/537.36 (KHTML, like Gecko) Mobile Safari/537.36 (compatible; PetalBot;+https://webmaster.petalsearch.com/site/petalbot)"
51.222.253.6 - - [15/Jan/2025:21:08:11 -0500] "GET /assest/css/?SD HTTP/1.1" 200 623 "-" "Mozilla/5.0 (compatible; AhrefsBot/7.0; +http://ahrefs.com/robot/)"
114.119.128.203 - - [15/Jan/2025:21:09:03 -0500] "GET /testbeta/root_stripe/stripe/update_certs.php HTTP/1.1" 200 39 "https://www.eirtechs.com/testbeta/root_stripe/stripe/?ND" "Mozilla/5.0 (Linux; Android 7.0;) AppleWebKit/537.36 (KHTML, like Gecko) Mobile Safari/537.36 (compatible; PetalBot;+https://webmaster.petalsearch.com/site/petalbot)"
51.222.253.15 - - [15/Jan/2025:21:09:52 -0500] "GET /build/css/?SD HTTP/1.1" 200 680 "-" "Mozilla/5.0 (compatible; AhrefsBot/7.0; +http://ahrefs.com/robot/)"
35.231.198.92 - - [15/Jan/2025:21:10:37 -0500] "GET /expertise/ HTTP/1.0" 200 892 "-" "ZoominfoBot (zoominfobot at zoominfo dot com)"
114.119.154.65 - - [15/Jan/2025:21:12:25 -0500] "GET /admin/vendor/fontawesome-free/svgs/solid/money-check-alt.svg HTTP/1.1" 200 538 "https://www.eirtechs.com/admin/vendor/fontawesome-free/svgs/solid/?SD" "Mozilla/5.0 (Linux; Android 7.0;) AppleWebKit/537.36 (KHTML, like Gecko) Mobile Safari/537.36 (compatible; PetalBot;+https://webmaster.petalsearch.com/site/petalbot)"
51.222.253.6 - - [15/Jan/2025:21:13:21 -0500] "GET /testbeta/root_stripe/?SD HTTP/1.1" 200 618 "-" "Mozilla/5.0 (compatible; AhrefsBot/7.0; +http://ahrefs.com/robot/)"
114.119.145.225 - - [15/Jan/2025:21:14:11 -0500] "GET /testbeta/root_stripe/stripe/tests/Stripe/Issuing/?NA HTTP/1.1" 200 915 "https://www.eirtechs.com/testbeta/root_stripe/stripe/tests/Stripe/Issuing/?SD" "Mozilla/5.0 (Linux; Android 7.0;) AppleWebKit/537.36 (KHTML, like Gecko) Mobile Safari/537.36 (compatible; PetalBot;+https://webmaster.petalsearch.com/site/petalbot)"
51.222.253.20 - - [15/Jan/2025:21:15:19 -0500] "GET /assets/images/portfolio/new1/?SD HTTP/1.1" 200 1257 "-" "Mozilla/5.0 (compatible; AhrefsBot/7.0; +http://ahrefs.com/robot/)"
114.119.166.95 - - [15/Jan/2025:21:17:26 -0500] "GET /admin/vendor/fontawesome-free/svgs/solid/dice-one.svg HTTP/1.1" 200 271 "https://www.eirtechs.com/admin/vendor/fontawesome-free/svgs/solid/?SA" "Mozilla/5.0 (Linux; Android 7.0;) AppleWebKit/537.36 (KHTML, like Gecko) Mobile Safari/537.36 (compatible; PetalBot;+https://webmaster.petalsearch.com/site/petalbot)"
51.222.253.2 - - [15/Jan/2025:21:18:42 -0500] "GET /testbeta/root_stripe/stripe/lib/Reporting/?ND HTTP/1.1" 200 672 "-" "Mozilla/5.0 (compatible; AhrefsBot/7.0; +http://ahrefs.com/robot/)"
114.119.145.115 - - [15/Jan/2025:21:19:03 -0500] "GET /testbeta/root_stripe/stripe/CHANGELOG.md HTTP/1.1" 200 21258 "https://www.eirtechs.com/testbeta/root_stripe/stripe/?ND" "Mozilla/5.0 (Linux; Android 7.0;) AppleWebKit/537.36 (KHTML, like Gecko) Mobile Safari/537.36 (compatible; PetalBot;+https://webmaster.petalsearch.com/site/petalbot)"
62.182.85.138 - - [15/Jan/2025:21:19:40 -0500] "GET /sites/all/libraries/elfinder/connectors/php/connector.php HTTP/1.1" 404 1251 "-" "ALittle Client"
51.222.253.11 - - [15/Jan/2025:21:20:15 -0500] "GET /testbeta/root_stripe/stripe/?SA HTTP/1.1" 200 1248 "-" "Mozilla/5.0 (compatible; AhrefsBot/7.0; +http://ahrefs.com/robot/)"
51.222.253.18 - - [15/Jan/2025:21:21:40 -0500] "GET /testbeta/assets/fonts/open-iconic/ HTTP/1.1" 200 720 "-" "Mozilla/5.0 (compatible; AhrefsBot/7.0; +http://ahrefs.com/robot/)"
114.119.128.203 - - [15/Jan/2025:21:22:29 -0500] "GET /admin/vendor/fontawesome-free/svgs/solid/brush.svg HTTP/1.1" 200 235 "https://www.eirtechs.com/admin/vendor/fontawesome-free/svgs/solid/?SA" "Mozilla/5.0 (Linux; Android 7.0;) AppleWebKit/537.36 (KHTML, like Gecko) Mobile Safari/537.36 (compatible; PetalBot;+https://webmaster.petalsearch.com/site/petalbot)"
51.222.253.8 - - [15/Jan/2025:21:22:53 -0500] "GET /testbeta-atif/root_stripe/stripe/lib/Issuing/?SD HTTP/1.1" 200 1047 "-" "Mozilla/5.0 (compatible; AhrefsBot/7.0; +http://ahrefs.com/robot/)"
114.119.145.115 - - [15/Jan/2025:21:24:04 -0500] "GET /testbeta/mail/form.html HTTP/1.1" 200 2556 "https://www.eirtechs.com/testbeta/mail/?MD" "Mozilla/5.0 (Linux; Android 7.0;) AppleWebKit/537.36 (KHTML, like Gecko) Mobile Safari/537.36 (compatible; PetalBot;+https://webmaster.petalsearch.com/site/petalbot)"
114.119.133.30 - - [15/Jan/2025:21:25:45 -0500] "GET /robots.txt HTTP/1.1" 404 1251 "-" "Mozilla/5.0 (compatible;PetalBot;+https://webmaster.petalsearch.com/site/petalbot)"
51.222.253.20 - - [15/Jan/2025:21:25:59 -0500] "GET /assets/fonts/open-iconic/?MD HTTP/1.1" 200 716 "-" "Mozilla/5.0 (compatible; AhrefsBot/7.0; +http://ahrefs.com/robot/)"
114.119.135.120 - - [15/Jan/2025:21:27:27 -0500] "GET /admin/vendor/fontawesome-free/svgs/regular/hand-lizard.svg HTTP/1.1" 200 484 "https://www.eirtechs.com/admin/vendor/fontawesome-free/svgs/regular/?MD" "Mozilla/5.0 (Linux; Android 7.0;) AppleWebKit/537.36 (KHTML, like Gecko) Mobile Safari/537.36 (compatible; PetalBot;+https://webmaster.petalsearch.com/site/petalbot)"
51.222.253.10 - - [15/Jan/2025:21:27:45 -0500] "GET /assets/scss/bootstrap/ HTTP/1.1" 200 1935 "-" "Mozilla/5.0 (compatible; AhrefsBot/7.0; +http://ahrefs.com/robot/)"
114.119.135.120 - - [15/Jan/2025:21:29:09 -0500] "GET /testbeta/assets/scss/bootstrap/mixins/_buttons.scss HTTP/1.1" 200 3182 "https://www.eirtechs.com/testbeta/assets/scss/bootstrap/mixins/" "Mozilla/5.0 (Linux; Android 7.0;) AppleWebKit/537.36 (KHTML, like Gecko) Mobile Safari/537.36 (compatible; PetalBot;+https://webmaster.petalsearch.com/site/petalbot)"
51.222.253.12 - - [15/Jan/2025:21:29:14 -0500] "GET /admin/vendor/bootstrap/scss/vendor/?ND HTTP/1.1" 200 627 "-" "Mozilla/5.0 (compatible; AhrefsBot/7.0; +http://ahrefs.com/robot/)"
51.222.253.10 - - [15/Jan/2025:21:30:47 -0500] "GET /testbeta/services/?ND HTTP/1.1" 200 692 "-" "Mozilla/5.0 (compatible; AhrefsBot/7.0; +http://ahrefs.com/robot/)"
114.119.128.244 - - [15/Jan/2025:21:32:28 -0500] "GET /admin/vendor/fontawesome-free/svgs/regular/envelope-open.svg HTTP/1.1" 200 655 "https://www.eirtechs.com/admin/vendor/fontawesome-free/svgs/regular/?MD" "Mozilla/5.0 (Linux; Android 7.0;) AppleWebKit/537.36 (KHTML, like Gecko) Mobile Safari/537.36 (compatible; PetalBot;+https://webmaster.petalsearch.com/site/petalbot)"
51.222.253.14 - - [15/Jan/2025:21:32:33 -0500] "GET /testbeta/assets/css/bootstrap/?SA HTTP/1.1" 200 654 "-" "Mozilla/5.0 (compatible; AhrefsBot/7.0; +http://ahrefs.com/robot/)"
114.119.135.120 - - [15/Jan/2025:21:34:08 -0500] "GET /testbeta/assets/css/magnific-popup.css HTTP/1.1" 200 2120 "https://www.eirtechs.com/testbeta/assets/css/?SD" "Mozilla/5.0 (Linux; Android 7.0;) AppleWebKit/537.36 (KHTML, like Gecko) Mobile Safari/537.36 (compatible; PetalBot;+https://webmaster.petalsearch.com/site/petalbot)"
51.222.253.8 - - [15/Jan/2025:21:34:22 -0500] "GET /admin/vendor/bootstrap/js/?MA HTTP/1.1" 200 1106 "-" "Mozilla/5.0 (compatible; AhrefsBot/7.0; +http://ahrefs.com/robot/)"
35.231.198.92 - - [15/Jan/2025:21:35:35 -0500] "GET /?MA HTTP/1.0" 200 2165 "-" "ZoominfoBot (zoominfobot at zoominfo dot com)"
114.119.166.95 - - [15/Jan/2025:21:37:31 -0500] "GET /testbeta/root_stripe/stripe/tests/Stripe/OrderReturnTest.php HTTP/1.1" 200 158 "https://eirtechs.com/testbeta/root_stripe/stripe/tests/Stripe/?MA" "Mozilla/5.0 (Linux; Android 7.0;) AppleWebKit/537.36 (KHTML, like Gecko) Mobile Safari/537.36 (compatible; PetalBot;+https://webmaster.petalsearch.com/site/petalbot)"
51.222.253.5 - - [15/Jan/2025:21:37:55 -0500] "GET /root_stripe/stripe/lib/?ND HTTP/1.1" 200 2475 "-" "Mozilla/5.0 (compatible; AhrefsBot/7.0; +http://ahrefs.com/robot/)"
35.231.198.92 - - [15/Jan/2025:21:38:14 -0500] "GET /career.php HTTP/1.0" 200 6758 "-" "ZoominfoBot (zoominfobot at zoominfo dot com)"
114.119.128.244 - - [15/Jan/2025:21:39:05 -0500] "GET /testbeta/assets/css/css/mixins/_text-hide.css HTTP/1.1" 200 0 "https://www.eirtechs.com/testbeta/assets/css/css/mixins/?MA" "Mozilla/5.0 (Linux; Android 7.0;) AppleWebKit/537.36 (KHTML, like Gecko) Mobile Safari/537.36 (compatible; PetalBot;+https://webmaster.petalsearch.com/site/petalbot)"
51.222.253.1 - - [15/Jan/2025:21:39:31 -0500] "GET /service/software_development.php HTTP/1.1" 200 7683 "-" "Mozilla/5.0 (compatible; AhrefsBot/7.0; +http://ahrefs.com/robot/)"
47.128.41.156 - - [15/Jan/2025:21:40:40 -0500] "GET /testbeta-atif/root_stripe/stripe/lib/SKU.php HTTP/1.1" 200 143 "-" "Mozilla/5.0 (Linux; Android 5.0) AppleWebKit/537.36 (KHTML, like Gecko) Mobile Safari/537.36 (compatible; Bytespider; spider-feedback@bytedance.com)"
51.222.253.18 - - [15/Jan/2025:21:41:05 -0500] "GET /expertise/?SD HTTP/1.1" 200 725 "-" "Mozilla/5.0 (compatible; AhrefsBot/7.0; +http://ahrefs.com/robot/)"
114.119.128.203 - - [15/Jan/2025:21:42:26 -0500] "GET /testbeta/root_stripe/stripe/tests/Stripe/Error/SignatureVerificationTest.php HTTP/1.1" 200 168 "https://eirtechs.com/testbeta/root_stripe/stripe/tests/Stripe/Error/" "Mozilla/5.0 (Linux; Android 7.0;) AppleWebKit/537.36 (KHTML, like Gecko) Mobile Safari/537.36 (compatible; PetalBot;+https://webmaster.petalsearch.com/site/petalbot)"
114.119.135.120 - - [15/Jan/2025:21:44:04 -0500] "GET /testbeta/assets/css/css/ HTTP/1.1" 200 828 "https://www.eirtechs.com/testbeta/assets/css/css/mixins/?MA" "Mozilla/5.0 (Linux; Android 7.0;) AppleWebKit/537.36 (KHTML, like Gecko) Mobile Safari/537.36 (compatible; PetalBot;+https://webmaster.petalsearch.com/site/petalbot)"
47.128.35.91 - - [15/Jan/2025:21:44:40 -0500] "GET /testbeta/root_stripe/stripe/lib/Error/InvalidRequest.php HTTP/1.1" 200 148 "-" "Mozilla/5.0 (Linux; Android 5.0) AppleWebKit/537.36 (KHTML, like Gecko) Mobile Safari/537.36 (compatible; Bytespider; spider-feedback@bytedance.com)"
114.119.128.244 - - [15/Jan/2025:21:47:26 -0500] "GET /testbeta-atif/services/?MA HTTP/1.1" 200 1243 "https://eirtechs.com/testbeta-atif/services/" "Mozilla/5.0 (Linux; Android 7.0;) AppleWebKit/537.36 (KHTML, like Gecko) Mobile Safari/537.36 (compatible; PetalBot;+https://webmaster.petalsearch.com/site/petalbot)"
47.128.50.27 - - [15/Jan/2025:21:48:41 -0500] "GET /testbeta-atif/root_stripe/stripe/lib/ApiResponse.php HTTP/1.1" 200 0 "-" "Mozilla/5.0 (Linux; Android 5.0) AppleWebKit/537.36 (KHTML, like Gecko) Mobile Safari/537.36 (compatible; Bytespider; spider-feedback@bytedance.com)"
114.119.128.244 - - [15/Jan/2025:21:49:04 -0500] "GET /testbeta-atif/root_stripe/stripe/lib/Issuing/?MD HTTP/1.1" 200 1250 "https://www.eirtechs.com/testbeta-atif/root_stripe/stripe/lib/Issuing/?MA" "Mozilla/5.0 (Linux; Android 7.0;) AppleWebKit/537.36 (KHTML, like Gecko) Mobile Safari/537.36 (compatible; PetalBot;+https://webmaster.petalsearch.com/site/petalbot)"
49.51.252.146 - - [15/Jan/2025:21:49:50 -0500] "GET / HTTP/1.1" 200 2204 "http://www.eirtechs.com" "Mozilla/5.0 (iPhone; CPU iPhone OS 13_2_3 like Mac OS X) AppleWebKit/605.1.15 (KHTML, like Gecko) Version/13.0.3 Mobile/15E148 Safari/604.1"
35.231.198.92 - - [15/Jan/2025:21:51:46 -0500] "GET /about/ HTTP/1.0" 200 1302 "-" "ZoominfoBot (zoominfobot at zoominfo dot com)"
114.119.145.225 - - [15/Jan/2025:21:52:27 -0500] "GET /testbeta-atif/root_stripe/stripe/composer.json HTTP/1.1" 200 732 "https://eirtechs.com/testbeta-atif/root_stripe/stripe/" "Mozilla/5.0 (Linux; Android 7.0;) AppleWebKit/537.36 (KHTML, like Gecko) Mobile Safari/537.36 (compatible; PetalBot;+https://webmaster.petalsearch.com/site/petalbot)"
47.128.40.101 - - [15/Jan/2025:21:52:41 -0500] "GET /root_stripe/stripe/lib/ApplicationFeeRefund.php HTTP/1.1" 200 143 "-" "Mozilla/5.0 (Linux; Android 5.0) AppleWebKit/537.36 (KHTML, like Gecko) Mobile Safari/537.36 (compatible; Bytespider; spider-feedback@bytedance.com)"
114.119.128.203 - - [15/Jan/2025:21:54:05 -0500] "GET /testbeta-atif/assets/js/bootstrap.min.js HTTP/1.1" 200 17040 "https://www.eirtechs.com/testbeta-atif/assets/js/?MD" "Mozilla/5.0 (Linux; Android 7.0;) AppleWebKit/537.36 (KHTML, like Gecko) Mobile Safari/537.36 (compatible; PetalBot;+https://webmaster.petalsearch.com/site/petalbot)"
35.231.198.92 - - [15/Jan/2025:21:55:13 -0500] "GET /payment.php HTTP/1.0" 200 5361 "-" "ZoominfoBot (zoominfobot at zoominfo dot com)"
114.119.145.115 - - [15/Jan/2025:21:57:27 -0500] "GET /testbeta-atif/assets/images/portfolio/website/7-min.jpg HTTP/1.1" 200 26609 "https://eirtechs.com/testbeta-atif/packages/web.php" "Mozilla/5.0 (Linux; Android 7.0;) AppleWebKit/537.36 (KHTML, like Gecko) Mobile Safari/537.36 (compatible; PetalBot;+https://webmaster.petalsearch.com/site/petalbot)"
114.119.145.115 - - [15/Jan/2025:21:59:04 -0500] "GET /service/digital-marketing/?MA HTTP/1.1" 200 1277 "https://www.eirtechs.com/service/digital-marketing/?SA" "Mozilla/5.0 (Linux; Android 7.0;) AppleWebKit/537.36 (KHTML, like Gecko) Mobile Safari/537.36 (compatible; PetalBot;+https://webmaster.petalsearch.com/site/petalbot)"
35.231.198.92 - - [15/Jan/2025:22:00:40 -0500] "GET /admin/ HTTP/1.0" 200 1574 "-" "ZoominfoBot (zoominfobot at zoominfo dot com)"
114.119.136.199 - - [15/Jan/2025:22:02:27 -0500] "GET /testbeta-atif/assets/images/portfolio/logo/36-min.jpg HTTP/1.1" 200 7277 "https://eirtechs.com/testbeta-atif/packages/logo.php" "Mozilla/5.0 (Linux; Android 7.0;) AppleWebKit/537.36 (KHTML, like Gecko) Mobile Safari/537.36 (compatible; PetalBot;+https://webmaster.petalsearch.com/site/petalbot)"
114.119.145.115 - - [15/Jan/2025:22:04:12 -0500] "GET /root_stripe/stripe/tests/Stripe/Util/DefaultLoggerTest.php HTTP/1.1" 200 159 "https://www.eirtechs.com/root_stripe/stripe/tests/Stripe/Util/?ND" "Mozilla/5.0 (Linux; Android 7.0;) AppleWebKit/537.36 (KHTML, like Gecko) Mobile Safari/537.36 (compatible; PetalBot;+https://webmaster.petalsearch.com/site/petalbot)"
35.231.198.92 - - [15/Jan/2025:22:05:03 -0500] "GET /assest/ HTTP/1.0" 200 827 "-" "ZoominfoBot (zoominfobot at zoominfo dot com)"
114.119.145.115 - - [15/Jan/2025:22:07:27 -0500] "GET /testbeta-atif/?MD HTTP/1.1" 200 1341 "https://eirtechs.com/testbeta-atif/?MA" "Mozilla/5.0 (Linux; Android 7.0;) AppleWebKit/537.36 (KHTML, like Gecko) Mobile Safari/537.36 (compatible; PetalBot;+https://webmaster.petalsearch.com/site/petalbot)"
114.119.166.95 - - [15/Jan/2025:22:09:04 -0500] "GET /root_stripe/stripe/lib/Util/?SA HTTP/1.1" 200 1340 "https://www.eirtechs.com/root_stripe/stripe/lib/Util/?NA" "Mozilla/5.0 (Linux; Android 7.0;) AppleWebKit/537.36 (KHTML, like Gecko) Mobile Safari/537.36 (compatible; PetalBot;+https://webmaster.petalsearch.com/site/petalbot)"
35.231.198.92 - - [15/Jan/2025:22:09:15 -0500] "GET /inc/ HTTP/1.0" 200 1470 "-" "ZoominfoBot (zoominfobot at zoominfo dot com)"
35.231.198.92 - - [15/Jan/2025:22:09:32 -0500] "GET /assest/ HTTP/1.0" 200 830 "-" "ZoominfoBot (zoominfobot at zoominfo dot com)"
35.231.198.92 - - [15/Jan/2025:22:11:57 -0500] "GET /career.php HTTP/1.0" 200 6760 "-" "ZoominfoBot (zoominfobot at zoominfo dot com)"
35.231.198.92 - - [15/Jan/2025:22:12:04 -0500] "GET /payment.php HTTP/1.0" 200 5325 "-" "ZoominfoBot (zoominfobot at zoominfo dot com)"
114.119.128.244 - - [15/Jan/2025:22:12:27 -0500] "GET /stripe/?MD HTTP/1.1" 200 879 "https://eirtechs.com/stripe/?MA" "Mozilla/5.0 (Linux; Android 7.0;) AppleWebKit/537.36 (KHTML, like Gecko) Mobile Safari/537.36 (compatible; PetalBot;+https://webmaster.petalsearch.com/site/petalbot)"
114.119.128.244 - - [15/Jan/2025:22:14:05 -0500] "GET /root_stripe/stripe/lib/Util/?MA HTTP/1.1" 200 1345 "https://www.eirtechs.com/root_stripe/stripe/lib/Util/?NA" "Mozilla/5.0 (Linux; Android 7.0;) AppleWebKit/537.36 (KHTML, like Gecko) Mobile Safari/537.36 (compatible; PetalBot;+https://webmaster.petalsearch.com/site/petalbot)"
114.119.145.115 - - [15/Jan/2025:22:17:27 -0500] "GET /services/?MD HTTP/1.1" 200 1376 "https://eirtechs.com/services/?MA" "Mozilla/5.0 (Linux; Android 7.0;) AppleWebKit/537.36 (KHTML, like Gecko) Mobile Safari/537.36 (compatible; PetalBot;+https://webmaster.petalsearch.com/site/petalbot)"
114.119.145.115 - - [15/Jan/2025:22:19:06 -0500] "GET /root_stripe/stripe/lib/UsageRecord.php HTTP/1.1" 200 153 "https://www.eirtechs.com/root_stripe/stripe/lib/?NA" "Mozilla/5.0 (Linux; Android 7.0;) AppleWebKit/537.36 (KHTML, like Gecko) Mobile Safari/537.36 (compatible; PetalBot;+https://webmaster.petalsearch.com/site/petalbot)"
114.119.135.120 - - [15/Jan/2025:22:22:28 -0500] "GET /testbeta-atif/assets/fonts/icomoon/icomoon.svg HTTP/1.1" 200 267228 "https://www.eirtechs.com/testbeta-atif/assets/fonts/icomoon/?SA" "Mozilla/5.0 (Linux; Android 7.0;) AppleWebKit/537.36 (KHTML, like Gecko) Mobile Safari/537.36 (compatible; PetalBot;+https://webmaster.petalsearch.com/site/petalbot)"
114.119.145.225 - - [15/Jan/2025:22:24:04 -0500] "GET /root_stripe/stripe/lib/TransferReversal.php HTTP/1.1" 200 155 "https://www.eirtechs.com/root_stripe/stripe/lib/?NA" "Mozilla/5.0 (Linux; Android 7.0;) AppleWebKit/537.36 (KHTML, like Gecko) Mobile Safari/537.36 (compatible; PetalBot;+https://webmaster.petalsearch.com/site/petalbot)"
51.222.253.12 - - [15/Jan/2025:22:24:13 -0500] "GET /assets/images/?ND HTTP/1.1" 200 2661 "-" "Mozilla/5.0 (compatible; AhrefsBot/7.0; +http://ahrefs.com/robot/)"
51.222.253.10 - - [15/Jan/2025:22:26:01 -0500] "GET /testbeta-atif/assets/css/css/mixins/ HTTP/1.1" 200 632 "-" "Mozilla/5.0 (compatible; AhrefsBot/7.0; +http://ahrefs.com/robot/)"
114.119.135.120 - - [15/Jan/2025:22:27:27 -0500] "GET /admin/vendor/fontawesome-free/svgs/solid/theater-masks.svg HTTP/1.1" 200 852 "https://www.eirtechs.com/admin/vendor/fontawesome-free/svgs/solid/?SD" "Mozilla/5.0 (Linux; Android 7.0;) AppleWebKit/537.36 (KHTML, like Gecko) Mobile Safari/537.36 (compatible; PetalBot;+https://webmaster.petalsearch.com/site/petalbot)"
51.222.253.15 - - [15/Jan/2025:22:27:45 -0500] "GET /testbeta-atif/assets/?ND HTTP/1.1" 200 662 "-" "Mozilla/5.0 (compatible; AhrefsBot/7.0; +http://ahrefs.com/robot/)"
114.119.136.199 - - [15/Jan/2025:22:29:04 -0500] "GET /testbeta/root_stripe/stripe/tests/Stripe/Util/?SD HTTP/1.1" 200 877 "https://www.eirtechs.com/testbeta/root_stripe/stripe/tests/Stripe/Util/?SA" "Mozilla/5.0 (Linux; Android 7.0;) AppleWebKit/537.36 (KHTML, like Gecko) Mobile Safari/537.36 (compatible; PetalBot;+https://webmaster.petalsearch.com/site/petalbot)"
51.222.253.17 - - [15/Jan/2025:22:29:29 -0500] "GET /assets/images/portfolio/topbrands-resize/?SA HTTP/1.1" 200 1076 "-" "Mozilla/5.0 (compatible; AhrefsBot/7.0; +http://ahrefs.com/robot/)"
51.222.253.11 - - [15/Jan/2025:22:31:04 -0500] "GET /testbeta/assets/scss/?SA HTTP/1.1" 200 724 "-" "Mozilla/5.0 (compatible; AhrefsBot/7.0; +http://ahrefs.com/robot/)"
114.119.145.225 - - [15/Jan/2025:22:32:27 -0500] "GET /admin/vendor/fontawesome-free/svgs/solid/snowplow.svg HTTP/1.1" 200 456 "https://www.eirtechs.com/admin/vendor/fontawesome-free/svgs/solid/?SD" "Mozilla/5.0 (Linux; Android 7.0;) AppleWebKit/537.36 (KHTML, like Gecko) Mobile Safari/537.36 (compatible; PetalBot;+https://webmaster.petalsearch.com/site/petalbot)"
51.222.253.1 - - [15/Jan/2025:22:32:45 -0500] "GET /testbeta/assets/scss/?MA HTTP/1.1" 200 724 "-" "Mozilla/5.0 (compatible; AhrefsBot/7.0; +http://ahrefs.com/robot/)"
47.128.37.238 - - [15/Jan/2025:22:33:54 -0500] "GET /testbeta-atif/root_stripe/stripe/tests/Stripe/CouponTest.php HTTP/1.1" 200 148 "-" "Mozilla/5.0 (Linux; Android 5.0) AppleWebKit/537.36 (KHTML, like Gecko) Mobile Safari/537.36 (compatible; Bytespider; spider-feedback@bytedance.com)"
114.119.145.225 - - [15/Jan/2025:22:34:05 -0500] "GET /testbeta/root_stripe/stripe/lib/ThreeDSecure.php HTTP/1.1" 200 157 "https://www.eirtechs.com/testbeta/root_stripe/stripe/lib/?MA" "Mozilla/5.0 (Linux; Android 7.0;) AppleWebKit/537.36 (KHTML, like Gecko) Mobile Safari/537.36 (compatible; PetalBot;+https://webmaster.petalsearch.com/site/petalbot)"
35.231.198.92 - - [15/Jan/2025:22:34:13 -0500] "GET /about.php HTTP/1.0" 200 6207 "-" "ZoominfoBot (zoominfobot at zoominfo dot com)"
51.222.253.5 - - [15/Jan/2025:22:34:56 -0500] "GET /root_stripe/stripe/data/?ND HTTP/1.1" 200 625 "-" "Mozilla/5.0 (compatible; AhrefsBot/7.0; +http://ahrefs.com/robot/)"
114.119.145.225 - - [15/Jan/2025:22:37:28 -0500] "GET /admin/vendor/fontawesome-free/svgs/solid/object-group.svg HTTP/1.1" 200 298 "https://www.eirtechs.com/admin/vendor/fontawesome-free/svgs/solid/?SD" "Mozilla/5.0 (Linux; Android 7.0;) AppleWebKit/537.36 (KHTML, like Gecko) Mobile Safari/537.36 (compatible; PetalBot;+https://webmaster.petalsearch.com/site/petalbot)"
47.128.46.239 - - [15/Jan/2025:22:37:55 -0500] "GET /root_stripe/stripe/VERSION HTTP/1.1" 200 8 "-" "Mozilla/5.0 (Linux; Android 5.0) AppleWebKit/537.36 (KHTML, like Gecko) Mobile Safari/537.36 (compatible; Bytespider; spider-feedback@bytedance.com)"
114.119.166.95 - - [15/Jan/2025:22:39:05 -0500] "GET /testbeta/root_stripe/stripe/lib/Dispute.php HTTP/1.1" 200 154 "https://www.eirtechs.com/testbeta/root_stripe/stripe/lib/?MA" "Mozilla/5.0 (Linux; Android 7.0;) AppleWebKit/537.36 (KHTML, like Gecko) Mobile Safari/537.36 (compatible; PetalBot;+https://webmaster.petalsearch.com/site/petalbot)"
47.128.48.172 - - [15/Jan/2025:22:41:55 -0500] "GET /testbeta-atif/root_stripe/stripe/lib/BitcoinTransaction.php HTTP/1.1" 200 147 "-" "Mozilla/5.0 (Linux; Android 5.0) AppleWebKit/537.36 (KHTML, like Gecko) Mobile Safari/537.36 (compatible; Bytespider; spider-feedback@bytedance.com)"
35.231.198.92 - - [15/Jan/2025:22:42:03 -0500] "GET /contact.php HTTP/1.0" 200 10923 "-" "ZoominfoBot (zoominfobot at zoominfo dot com)"
114.119.154.65 - - [15/Jan/2025:22:42:28 -0500] "GET /admin/vendor/fontawesome-free/svgs/regular/meh-blank.svg HTTP/1.1" 200 216 "https://www.eirtechs.com/admin/vendor/fontawesome-free/svgs/regular/?MD" "Mozilla/5.0 (Linux; Android 7.0;) AppleWebKit/537.36 (KHTML, like Gecko) Mobile Safari/537.36 (compatible; PetalBot;+https://webmaster.petalsearch.com/site/petalbot)"
51.222.253.14 - - [15/Jan/2025:22:43:45 -0500] "GET /assets/fonts/flaticon/font/?SD HTTP/1.1" 200 1057 "-" "Mozilla/5.0 (compatible; AhrefsBot/7.0; +http://ahrefs.com/robot/)"
114.119.135.120 - - [15/Jan/2025:22:44:05 -0500] "GET /testbeta/assets/scss/ HTTP/1.1" 200 892 "https://www.eirtechs.com/testbeta/assets/?SA" "Mozilla/5.0 (Linux; Android 7.0;) AppleWebKit/537.36 (KHTML, like Gecko) Mobile Safari/537.36 (compatible; PetalBot;+https://webmaster.petalsearch.com/site/petalbot)"
51.222.253.11 - - [15/Jan/2025:22:45:28 -0500] "GET /testbeta/packages/?SA HTTP/1.1" 200 694 "-" "Mozilla/5.0 (compatible; AhrefsBot/7.0; +http://ahrefs.com/robot/)"
47.128.123.20 - - [15/Jan/2025:22:45:55 -0500] "GET /testbeta-atif/root_stripe/stripe/tests/Stripe/ApplicationFeeTest.php HTTP/1.1" 200 155 "-" "Mozilla/5.0 (Linux; Android 5.0) AppleWebKit/537.36 (KHTML, like Gecko) Mobile Safari/537.36 (compatible; Bytespider; spider-feedback@bytedance.com)"
51.222.253.11 - - [15/Jan/2025:22:47:01 -0500] "GET /service/web-cms-development/cms.php HTTP/1.1" 200 9134 "-" "Mozilla/5.0 (compatible; AhrefsBot/7.0; +http://ahrefs.com/robot/)"
114.119.154.65 - - [15/Jan/2025:22:47:27 -0500] "GET /testbeta/root_stripe/stripe/lib/Error/OAuth/?ND HTTP/1.1" 200 1291 "https://eirtechs.com/testbeta/root_stripe/stripe/lib/Error/OAuth/" "Mozilla/5.0 (Linux; Android 7.0;) AppleWebKit/537.36 (KHTML, like Gecko) Mobile Safari/537.36 (compatible; PetalBot;+https://webmaster.petalsearch.com/site/petalbot)"
51.222.253.18 - - [15/Jan/2025:22:48:17 -0500] "GET /testbeta-atif/root_stripe/stripe/?SD HTTP/1.1" 200 1253 "-" "Mozilla/5.0 (compatible; AhrefsBot/7.0; +http://ahrefs.com/robot/)"
114.119.145.225 - - [15/Jan/2025:22:49:05 -0500] "GET /testbeta-atif/root_stripe/stripe/tests/Stripe/HttpClient/CurlClientTest.php HTTP/1.1" 200 165 "https://www.eirtechs.com/testbeta-atif/root_stripe/stripe/tests/Stripe/HttpClient/" "Mozilla/5.0 (Linux; Android 7.0;) AppleWebKit/537.36 (KHTML, like Gecko) Mobile Safari/537.36 (compatible; PetalBot;+https://webmaster.petalsearch.com/site/petalbot)"
51.222.253.18 - - [15/Jan/2025:22:49:51 -0500] "GET /service/web-cms-development/ecommerce_website.php HTTP/1.1" 200 9117 "-" "Mozilla/5.0 (compatible; AhrefsBot/7.0; +http://ahrefs.com/robot/)"
35.231.198.92 - - [15/Jan/2025:22:50:09 -0500] "GET /about/ HTTP/1.0" 200 1298 "-" "ZoominfoBot (zoominfobot at zoominfo dot com)"
114.119.128.203 - - [15/Jan/2025:22:52:28 -0500] "GET /testbeta/inc/services/web.php HTTP/1.1" 404 1251 "https://eirtechs.com/testbeta/inc/footer.php" "Mozilla/5.0 (Linux; Android 7.0;) AppleWebKit/537.36 (KHTML, like Gecko) Mobile Safari/537.36 (compatible; PetalBot;+https://webmaster.petalsearch.com/site/petalbot)"
114.119.135.120 - - [15/Jan/2025:22:54:05 -0500] "GET /testbeta-atif/root_stripe/stripe/lib/TransferReversal.php HTTP/1.1" 200 163 "https://www.eirtechs.com/testbeta-atif/root_stripe/stripe/lib/?MD" "Mozilla/5.0 (Linux; Android 7.0;) AppleWebKit/537.36 (KHTML, like Gecko) Mobile Safari/537.36 (compatible; PetalBot;+https://webmaster.petalsearch.com/site/petalbot)"
51.222.253.14 - - [15/Jan/2025:22:54:49 -0500] "GET /testbeta-atif/inc/?SD HTTP/1.1" 200 676 "-" "Mozilla/5.0 (compatible; AhrefsBot/7.0; +http://ahrefs.com/robot/)"
51.222.253.19 - - [15/Jan/2025:22:56:26 -0500] "GET /public_html/?MD HTTP/1.1" 200 623 "-" "Mozilla/5.0 (compatible; AhrefsBot/7.0; +http://ahrefs.com/robot/)"
114.119.128.203 - - [15/Jan/2025:22:57:28 -0500] "GET /testbeta/assets/fonts/ionicons/css/ HTTP/1.1" 200 820 "https://eirtechs.com/testbeta/assets/fonts/ionicons/" "Mozilla/5.0 (Linux; Android 7.0;) AppleWebKit/537.36 (KHTML, like Gecko) Mobile Safari/537.36 (compatible; PetalBot;+https://webmaster.petalsearch.com/site/petalbot)"
51.222.253.8 - - [15/Jan/2025:22:58:10 -0500] "GET /service/web-cms-development/b2b_b2c_portals.php HTTP/1.1" 200 9147 "-" "Mozilla/5.0 (compatible; AhrefsBot/7.0; +http://ahrefs.com/robot/)"
114.119.128.203 - - [15/Jan/2025:22:59:05 -0500] "GET /testbeta-atif/root_stripe/stripe/lib/Error/Card.php HTTP/1.1" 200 156 "https://www.eirtechs.com/testbeta-atif/root_stripe/stripe/lib/Error/?ND" "Mozilla/5.0 (Linux; Android 7.0;) AppleWebKit/537.36 (KHTML, like Gecko) Mobile Safari/537.36 (compatible; PetalBot;+https://webmaster.petalsearch.com/site/petalbot)"
42.83.147.55 - - [15/Jan/2025:22:59:07 -0500] "GET / HTTP/1.1" 200 2200 "-" "Mozilla/5.0 (Windows NT 6.1; Win64; x64) AppleWebKit/537.36 (KHTML, like Gecko)Chrome/74.0.3729.169 Safari/537.36"
42.83.147.55 - - [15/Jan/2025:22:59:07 -0500] "GET / HTTP/1.1" 200 2234 "-" "Mozilla/5.0 (Windows NT 6.1; Win64; x64) AppleWebKit/537.36 (KHTML, like Gecko)Chrome/74.0.3729.169 Safari/537.36"
51.222.253.18 - - [15/Jan/2025:22:59:35 -0500] "GET /testbeta/inc/?MD HTTP/1.1" 200 670 "-" "Mozilla/5.0 (compatible; AhrefsBot/7.0; +http://ahrefs.com/robot/)"
51.222.253.15 - - [15/Jan/2025:23:01:09 -0500] "GET /service/corporate-branding/brand_identity.php HTTP/1.1" 200 10354 "-" "Mozilla/5.0 (compatible; AhrefsBot/7.0; +http://ahrefs.com/robot/)"
114.119.136.199 - - [15/Jan/2025:23:02:27 -0500] "GET /testbeta/assets/fonts/?MA HTTP/1.1" 200 826 "https://eirtechs.com/testbeta/assets/fonts/?SA" "Mozilla/5.0 (Linux; Android 7.0;) AppleWebKit/537.36 (KHTML, like Gecko) Mobile Safari/537.36 (compatible; PetalBot;+https://webmaster.petalsearch.com/site/petalbot)"
51.222.253.11 - - [15/Jan/2025:23:02:33 -0500] "GET /root_stripe/?NA HTTP/1.1" 200 615 "-" "Mozilla/5.0 (compatible; AhrefsBot/7.0; +http://ahrefs.com/robot/)"
35.231.198.92 - - [15/Jan/2025:23:02:56 -0500] "GET /about.php HTTP/1.0" 200 6207 "-" "ZoominfoBot (zoominfobot at zoominfo dot com)"
51.222.253.13 - - [15/Jan/2025:23:04:01 -0500] "GET /service/web-cms-development/custom_development.php HTTP/1.1" 200 9264 "-" "Mozilla/5.0 (compatible; AhrefsBot/7.0; +http://ahrefs.com/robot/)"
114.119.128.244 - - [15/Jan/2025:23:04:06 -0500] "GET /testbeta-atif/root_stripe/stripe/lib/ApiOperations/Request.php HTTP/1.1" 200 0 "https://www.eirtechs.com/testbeta-atif/root_stripe/stripe/lib/ApiOperations/?ND" "Mozilla/5.0 (Linux; Android 7.0;) AppleWebKit/537.36 (KHTML, like Gecko) Mobile Safari/537.36 (compatible; PetalBot;+https://webmaster.petalsearch.com/site/petalbot)"
51.222.253.12 - - [15/Jan/2025:23:05:32 -0500] "GET /mail/admin.php?method=forgotPassword HTTP/1.1" 200 1343 "-" "Mozilla/5.0 (compatible; AhrefsBot/7.0; +http://ahrefs.com/robot/)"
35.231.198.92 - - [15/Jan/2025:23:07:22 -0500] "GET /?ND HTTP/1.0" 200 2221 "-" "ZoominfoBot (zoominfobot at zoominfo dot com)"
114.119.154.65 - - [15/Jan/2025:23:07:29 -0500] "GET /testbeta-atif/assets/images/portfolio/logo/54-min.jpg HTTP/1.1" 200 9457 "https://eirtechs.com/testbeta-atif/packages/logo.php" "Mozilla/5.0 (Linux; Android 7.0;) AppleWebKit/537.36 (KHTML, like Gecko) Mobile Safari/537.36 (compatible; PetalBot;+https://webmaster.petalsearch.com/site/petalbot)"
51.222.253.13 - - [15/Jan/2025:23:08:37 -0500] "GET /admin/includes/?MA HTTP/1.1" 200 738 "-" "Mozilla/5.0 (compatible; AhrefsBot/7.0; +http://ahrefs.com/robot/)"
35.231.198.92 - - [15/Jan/2025:23:08:59 -0500] "GET /assets/ HTTP/1.0" 200 1204 "-" "ZoominfoBot (zoominfobot at zoominfo dot com)"
114.119.145.115 - - [15/Jan/2025:23:09:06 -0500] "GET /testbeta-atif/assets/scss/bootstrap/mixins/_transition.scss HTTP/1.1" 200 274 "https://www.eirtechs.com/testbeta-atif/assets/scss/bootstrap/mixins/?MD" "Mozilla/5.0 (Linux; Android 7.0;) AppleWebKit/537.36 (KHTML, like Gecko) Mobile Safari/537.36 (compatible; PetalBot;+https://webmaster.petalsearch.com/site/petalbot)"
35.231.198.92 - - [15/Jan/2025:23:09:18 -0500] "GET /contact.php HTTP/1.0" 200 10955 "-" "ZoominfoBot (zoominfobot at zoominfo dot com)"
51.222.253.18 - - [15/Jan/2025:23:10:10 -0500] "GET /service/mobile-application/react_application.php HTTP/1.1" 200 11011 "-" "Mozilla/5.0 (compatible; AhrefsBot/7.0; +http://ahrefs.com/robot/)"
114.119.128.244 - - [15/Jan/2025:23:12:28 -0500] "GET /testbeta-atif/assets/images/portfolio/logo/47-min.jpg HTTP/1.1" 200 5153 "https://eirtechs.com/testbeta-atif/packages/logo.php" "Mozilla/5.0 (Linux; Android 7.0;) AppleWebKit/537.36 (KHTML, like Gecko) Mobile Safari/537.36 (compatible; PetalBot;+https://webmaster.petalsearch.com/site/petalbot)"
51.222.253.11 - - [15/Jan/2025:23:12:59 -0500] "GET /testbeta/assets/fonts/open-iconic/?MA HTTP/1.1" 200 728 "-" "Mozilla/5.0 (compatible; AhrefsBot/7.0; +http://ahrefs.com/robot/)"
114.119.154.65 - - [15/Jan/2025:23:14:06 -0500] "GET /testbeta-atif/assets/scss/bootstrap/_root.scss HTTP/1.1" 200 572 "https://www.eirtechs.com/testbeta-atif/assets/scss/bootstrap/?SD" "Mozilla/5.0 (Linux; Android 7.0;) AppleWebKit/537.36 (KHTML, like Gecko) Mobile Safari/537.36 (compatible; PetalBot;+https://webmaster.petalsearch.com/site/petalbot)"
51.222.253.19 - - [15/Jan/2025:23:14:32 -0500] "GET /root_stripe/stripe/lib/Issuing/?SA HTTP/1.1" 200 1037 "-" "Mozilla/5.0 (compatible; AhrefsBot/7.0; +http://ahrefs.com/robot/)"
35.231.198.92 - - [15/Jan/2025:23:14:38 -0500] "GET /?ND HTTP/1.0" 200 2187 "-" "ZoominfoBot (zoominfobot at zoominfo dot com)"
114.119.145.115 - - [15/Jan/2025:23:17:28 -0500] "GET /service/web-cms-development/ HTTP/1.1" 200 1289 "https://eirtechs.com/service/?SA" "Mozilla/5.0 (Linux; Android 7.0;) AppleWebKit/537.36 (KHTML, like Gecko) Mobile Safari/537.36 (compatible; PetalBot;+https://webmaster.petalsearch.com/site/petalbot)"
207.46.13.14 - - [15/Jan/2025:23:18:24 -0500] "GET /testbeta/packages/seo.php HTTP/1.1" 200 4350 "-" "Mozilla/5.0 AppleWebKit/537.36 (KHTML, like Gecko; compatible; bingbot/2.0; +http://www.bing.com/bingbot.htm) Chrome/116.0.1938.76 Safari/537.36"
114.119.154.65 - - [15/Jan/2025:23:19:06 -0500] "GET /testbeta-atif/assets/scss/?ND HTTP/1.1" 200 893 "https://www.eirtechs.com/testbeta-atif/assets/scss/?NA" "Mozilla/5.0 (Linux; Android 7.0;) AppleWebKit/537.36 (KHTML, like Gecko) Mobile Safari/537.36 (compatible; PetalBot;+https://webmaster.petalsearch.com/site/petalbot)"
51.222.253.18 - - [15/Jan/2025:23:21:18 -0500] "GET /assets/css/css/?ND HTTP/1.1" 200 664 "-" "Mozilla/5.0 (compatible; AhrefsBot/7.0; +http://ahrefs.com/robot/)"
114.119.135.120 - - [15/Jan/2025:23:22:29 -0500] "GET /service/web&cms_development.php HTTP/1.1" 200 9373 "https://eirtechs.com/service/web%26cms_development.php" "Mozilla/5.0 (Linux; Android 7.0;) AppleWebKit/537.36 (KHTML, like Gecko) Mobile Safari/537.36 (compatible; PetalBot;+https://webmaster.petalsearch.com/site/petalbot)"
51.222.253.3 - - [15/Jan/2025:23:22:54 -0500] "GET /testbeta/assets/fonts/open-iconic/?SA HTTP/1.1" 200 728 "-" "Mozilla/5.0 (compatible; AhrefsBot/7.0; +http://ahrefs.com/robot/)"
114.119.166.95 - - [15/Jan/2025:23:24:05 -0500] "GET /testbeta-atif/assets/images/portfolio/branding/?MA HTTP/1.1" 200 1791 "https://www.eirtechs.com/testbeta-atif/assets/images/portfolio/branding/?SD" "Mozilla/5.0 (Linux; Android 7.0;) AppleWebKit/537.36 (KHTML, like Gecko) Mobile Safari/537.36 (compatible; PetalBot;+https://webmaster.petalsearch.com/site/petalbot)"
51.222.253.5 - - [15/Jan/2025:23:24:26 -0500] "GET /testbeta/assets/fonts/ionicons/css/?MA HTTP/1.1" 200 669 "-" "Mozilla/5.0 (compatible; AhrefsBot/7.0; +http://ahrefs.com/robot/)"
51.222.253.9 - - [15/Jan/2025:23:26:05 -0500] "GET /testbeta-atif/assets/fonts/flaticon/font/?NA HTTP/1.1" 200 1070 "-" "Mozilla/5.0 (compatible; AhrefsBot/7.0; +http://ahrefs.com/robot/)"
114.119.136.199 - - [15/Jan/2025:23:27:28 -0500] "GET /service/software-development/enterprise_portals.php HTTP/1.1" 200 10257 "https://eirtechs.com/service/mobile_application.php" "Mozilla/5.0 (Linux; Android 7.0;) AppleWebKit/537.36 (KHTML, like Gecko) Mobile Safari/537.36 (compatible; PetalBot;+https://webmaster.petalsearch.com/site/petalbot)"
51.222.253.15 - - [15/Jan/2025:23:27:48 -0500] "GET /inc/?SA HTTP/1.1" 200 1231 "-" "Mozilla/5.0 (compatible; AhrefsBot/7.0; +http://ahrefs.com/robot/)"
114.119.166.95 - - [15/Jan/2025:23:29:06 -0500] "GET /testbeta-atif/assets/fonts/ionicons/fonts/ HTTP/1.1" 200 910 "https://www.eirtechs.com/testbeta-atif/assets/fonts/ionicons/?ND" "Mozilla/5.0 (Linux; Android 7.0;) AppleWebKit/537.36 (KHTML, like Gecko) Mobile Safari/537.36 (compatible; PetalBot;+https://webmaster.petalsearch.com/site/petalbot)"
51.222.253.15 - - [15/Jan/2025:23:31:27 -0500] "GET /assest/image/casestudy/Boxing/?MA HTTP/1.1" 200 740 "-" "Mozilla/5.0 (compatible; AhrefsBot/7.0; +http://ahrefs.com/robot/)"
114.119.166.95 - - [15/Jan/2025:23:32:28 -0500] "GET /service/software-development/?MD HTTP/1.1" 200 1286 "https://eirtechs.com/service/software-development/?MA" "Mozilla/5.0 (Linux; Android 7.0;) AppleWebKit/537.36 (KHTML, like Gecko) Mobile Safari/537.36 (compatible; PetalBot;+https://webmaster.petalsearch.com/site/petalbot)"
114.119.135.120 - - [15/Jan/2025:23:34:11 -0500] "GET /testbeta-atif/assets/css/bootstrap/?SD HTTP/1.1" 200 824 "https://www.eirtechs.com/testbeta-atif/assets/css/bootstrap/?SA" "Mozilla/5.0 (Linux; Android 7.0;) AppleWebKit/537.36 (KHTML, like Gecko) Mobile Safari/537.36 (compatible; PetalBot;+https://webmaster.petalsearch.com/site/petalbot)"
114.119.154.65 - - [15/Jan/2025:23:37:29 -0500] "GET /service/software-development/?MD HTTP/1.1" 200 1286 "https://eirtechs.com/service/software-development/?MA" "Mozilla/5.0 (Linux; Android 7.0;) AppleWebKit/537.36 (KHTML, like Gecko) Mobile Safari/537.36 (compatible; PetalBot;+https://webmaster.petalsearch.com/site/petalbot)"
51.222.253.8 - - [15/Jan/2025:23:38:12 -0500] "GET /assets/images/portfolio/ HTTP/1.1" 200 1506 "-" "Mozilla/5.0 (compatible; AhrefsBot/7.0; +http://ahrefs.com/robot/)"
114.119.135.120 - - [15/Jan/2025:23:39:06 -0500] "GET /testbeta-atif/?ND HTTP/1.1" 200 1336 "https://www.eirtechs.com/testbeta-atif/?NA" "Mozilla/5.0 (Linux; Android 7.0;) AppleWebKit/537.36 (KHTML, like Gecko) Mobile Safari/537.36 (compatible; PetalBot;+https://webmaster.petalsearch.com/site/petalbot)"
51.222.253.9 - - [15/Jan/2025:23:41:20 -0500] "GET /service/software-development/erp.php HTTP/1.1" 200 9537 "-" "Mozilla/5.0 (compatible; AhrefsBot/7.0; +http://ahrefs.com/robot/)"
114.119.128.203 - - [15/Jan/2025:23:42:29 -0500] "GET /admin/vendor/fontawesome-free/svgs/solid/toilet-paper.svg HTTP/1.1" 200 344 "https://www.eirtechs.com/admin/vendor/fontawesome-free/svgs/solid/?SD" "Mozilla/5.0 (Linux; Android 7.0;) AppleWebKit/537.36 (KHTML, like Gecko) Mobile Safari/537.36 (compatible; PetalBot;+https://webmaster.petalsearch.com/site/petalbot)"
51.222.253.19 - - [15/Jan/2025:23:42:58 -0500] "GET /service/software-development/crm.php HTTP/1.1" 200 9319 "-" "Mozilla/5.0 (compatible; AhrefsBot/7.0; +http://ahrefs.com/robot/)"
114.119.166.95 - - [15/Jan/2025:23:44:07 -0500] "GET /service/corporate_branding.php HTTP/1.1" 200 9424 "https://www.eirtechs.com/service/mobile-application/react_application.php" "Mozilla/5.0 (Linux; Android 7.0;) AppleWebKit/537.36 (KHTML, like Gecko) Mobile Safari/537.36 (compatible; PetalBot;+https://webmaster.petalsearch.com/site/petalbot)"
35.231.198.92 - - [15/Jan/2025:23:44:17 -0500] "GET /cgi-bin/ HTTP/1.0" 403 1242 "-" "ZoominfoBot (zoominfobot at zoominfo dot com)"
51.222.253.11 - - [15/Jan/2025:23:45:02 -0500] "GET /service/corporate-branding/web-design.php HTTP/1.1" 200 11491 "-" "Mozilla/5.0 (compatible; AhrefsBot/7.0; +http://ahrefs.com/robot/)"
51.222.253.6 - - [15/Jan/2025:23:47:04 -0500] "GET /testbeta/root_stripe/stripe/lib/Reporting/?NA HTTP/1.1" 200 665 "-" "Mozilla/5.0 (compatible; AhrefsBot/7.0; +http://ahrefs.com/robot/)"
114.119.154.65 - - [15/Jan/2025:23:47:28 -0500] "GET /admin/vendor/fontawesome-free/svgs/solid/stroopwafel.svg HTTP/1.1" 200 594 "https://www.eirtechs.com/admin/vendor/fontawesome-free/svgs/solid/?SD" "Mozilla/5.0 (Linux; Android 7.0;) AppleWebKit/537.36 (KHTML, like Gecko) Mobile Safari/537.36 (compatible; PetalBot;+https://webmaster.petalsearch.com/site/petalbot)"
47.128.60.89 - - [15/Jan/2025:23:48:17 -0500] "GET /root_stripe/stripe/lib/ApiOperations/Delete.php HTTP/1.1" 200 0 "-" "Mozilla/5.0 (Linux; Android 5.0) AppleWebKit/537.36 (KHTML, like Gecko) Mobile Safari/537.36 (compatible; Bytespider; spider-feedback@bytedance.com)"
114.119.128.203 - - [15/Jan/2025:23:49:07 -0500] "GET /service/corporate-branding/animation.php HTTP/1.1" 200 13014 "https://www.eirtechs.com/service/mobile-application/react_application.php" "Mozilla/5.0 (Linux; Android 7.0;) AppleWebKit/537.36 (KHTML, like Gecko) Mobile Safari/537.36 (compatible; PetalBot;+https://webmaster.petalsearch.com/site/petalbot)"
51.222.253.7 - - [15/Jan/2025:23:50:18 -0500] "GET /service/software-development/ecommerce_solutions.php HTTP/1.1" 200 9104 "-" "Mozilla/5.0 (compatible; AhrefsBot/7.0; +http://ahrefs.com/robot/)"
47.128.21.23 - - [15/Jan/2025:23:52:18 -0500] "GET /testbeta-atif/root_stripe/stripe/tests/Stripe/WebhookTest.php HTTP/1.1" 200 150 "-" "Mozilla/5.0 (Linux; Android 5.0) AppleWebKit/537.36 (KHTML, like Gecko) Mobile Safari/537.36 (compatible; Bytespider; spider-feedback@bytedance.com)"
114.119.166.95 - - [15/Jan/2025:23:52:29 -0500] "GET /admin/vendor/fontawesome-free/svgs/solid/save.svg HTTP/1.1" 200 322 "https://www.eirtechs.com/admin/vendor/fontawesome-free/svgs/solid/?SA" "Mozilla/5.0 (Linux; Android 7.0;) AppleWebKit/537.36 (KHTML, like Gecko) Mobile Safari/537.36 (compatible; PetalBot;+https://webmaster.petalsearch.com/site/petalbot)"
114.119.136.199 - - [15/Jan/2025:23:54:10 -0500] "GET /root_stripe/stripe/lib/Terminal/?SD HTTP/1.1" 200 854 "https://www.eirtechs.com/root_stripe/stripe/lib/Terminal/?SA" "Mozilla/5.0 (Linux; Android 7.0;) AppleWebKit/537.36 (KHTML, like Gecko) Mobile Safari/537.36 (compatible; PetalBot;+https://webmaster.petalsearch.com/site/petalbot)"
35.231.198.92 - - [15/Jan/2025:23:54:25 -0500] "GET /build/ HTTP/1.0" 200 782 "-" "ZoominfoBot (zoominfobot at zoominfo dot com)"
51.222.253.19 - - [15/Jan/2025:23:55:27 -0500] "GET /testbeta/assets/fonts/icomoon/ HTTP/1.1" 200 699 "-" "Mozilla/5.0 (compatible; AhrefsBot/7.0; +http://ahrefs.com/robot/)"
47.128.125.71 - - [15/Jan/2025:23:56:18 -0500] "GET /testbeta-atif/root_stripe/stripe/lib/ExchangeRate.php HTTP/1.1" 200 147 "-" "Mozilla/5.0 (Linux; Android 5.0) AppleWebKit/537.36 (KHTML, like Gecko) Mobile Safari/537.36 (compatible; Bytespider; spider-feedback@bytedance.com)"
114.119.145.115 - - [15/Jan/2025:23:57:29 -0500] "GET /admin/vendor/fontawesome-free/svgs/solid/map-marker-alt.svg HTTP/1.1" 200 222 "https://www.eirtechs.com/admin/vendor/fontawesome-free/svgs/solid/?SA" "Mozilla/5.0 (Linux; Android 7.0;) AppleWebKit/537.36 (KHTML, like Gecko) Mobile Safari/537.36 (compatible; PetalBot;+https://webmaster.petalsearch.com/site/petalbot)"
51.222.253.17 - - [15/Jan/2025:23:58:49 -0500] "GET /testbeta-atif/root_stripe/stripe/lib/HttpClient/?MD HTTP/1.1" 200 690 "-" "Mozilla/5.0 (compatible; AhrefsBot/7.0; +http://ahrefs.com/robot/)"
114.119.128.244 - - [15/Jan/2025:23:59:09 -0500] "GET /root_stripe/stripe/lib/Terminal/?SA HTTP/1.1" 200 854 "https://www.eirtechs.com/root_stripe/stripe/lib/Terminal/?NA" "Mozilla/5.0 (Linux; Android 7.0;) AppleWebKit/537.36 (KHTML, like Gecko) Mobile Safari/537.36 (compatible; PetalBot;+https://webmaster.petalsearch.com/site/petalbot)"
51.222.253.14 - - [16/Jan/2025:00:00:10 -0500] "GET /testbeta-atif/root_stripe/stripe/lib/Terminal/?SD HTTP/1.1" 200 698 "-" "Mozilla/5.0 (compatible; AhrefsBot/7.0; +http://ahrefs.com/robot/)"
51.222.253.19 - - [16/Jan/2025:00:01:30 -0500] "GET /testbeta-atif/root_stripe/stripe/lib/Sigma/?SD HTTP/1.1" 200 657 "-" "Mozilla/5.0 (compatible; AhrefsBot/7.0; +http://ahrefs.com/robot/)"
114.119.128.203 - - [16/Jan/2025:00:02:35 -0500] "GET /admin/vendor/fontawesome-free/svgs/solid/id-card.svg HTTP/1.1" 200 352 "https://www.eirtechs.com/admin/vendor/fontawesome-free/svgs/solid/?SD" "Mozilla/5.0 (Linux; Android 7.0;) AppleWebKit/537.36 (KHTML, like Gecko) Mobile Safari/537.36 (compatible; PetalBot;+https://webmaster.petalsearch.com/site/petalbot)"
51.222.253.4 - - [16/Jan/2025:00:02:54 -0500] "GET /testbeta/packages/?ND HTTP/1.1" 200 690 "-" "Mozilla/5.0 (compatible; AhrefsBot/7.0; +http://ahrefs.com/robot/)"
114.119.136.199 - - [16/Jan/2025:00:04:08 -0500] "GET /root_stripe/stripe/lib/Terminal/?ND HTTP/1.1" 200 850 "https://www.eirtechs.com/root_stripe/stripe/lib/Terminal/?NA" "Mozilla/5.0 (Linux; Android 7.0;) AppleWebKit/537.36 (KHTML, like Gecko) Mobile Safari/537.36 (compatible; PetalBot;+https://webmaster.petalsearch.com/site/petalbot)"
51.222.253.12 - - [16/Jan/2025:00:05:56 -0500] "GET /testbeta-atif/root_stripe/stripe/lib/Sigma/?MD HTTP/1.1" 200 659 "-" "Mozilla/5.0 (compatible; AhrefsBot/7.0; +http://ahrefs.com/robot/)"
114.119.135.120 - - [16/Jan/2025:00:07:29 -0500] "GET /admin/vendor/fontawesome-free/svgs/solid/dolly.svg HTTP/1.1" 200 395 "https://www.eirtechs.com/admin/vendor/fontawesome-free/svgs/solid/?SD" "Mozilla/5.0 (Linux; Android 7.0;) AppleWebKit/537.36 (KHTML, like Gecko) Mobile Safari/537.36 (compatible; PetalBot;+https://webmaster.petalsearch.com/site/petalbot)"
51.222.253.13 - - [16/Jan/2025:00:07:35 -0500] "GET /assets/fonts/open-iconic/?SD HTTP/1.1" 200 714 "-" "Mozilla/5.0 (compatible; AhrefsBot/7.0; +http://ahrefs.com/robot/)"
114.119.128.203 - - [16/Jan/2025:00:09:08 -0500] "GET /root_stripe/stripe/lib/Terminal/?MD HTTP/1.1" 200 854 "https://www.eirtechs.com/root_stripe/stripe/lib/Terminal/?MA" "Mozilla/5.0 (Linux; Android 7.0;) AppleWebKit/537.36 (KHTML, like Gecko) Mobile Safari/537.36 (compatible; PetalBot;+https://webmaster.petalsearch.com/site/petalbot)"
51.222.253.19 - - [16/Jan/2025:00:09:09 -0500] "GET /testbeta/root_stripe/stripe/lib/Error/?SD HTTP/1.1" 200 1178 "-" "Mozilla/5.0 (compatible; AhrefsBot/7.0; +http://ahrefs.com/robot/)"
114.119.145.115 - - [16/Jan/2025:00:12:29 -0500] "GET /admin/vendor/fontawesome-free/svgs/solid/chevron-circle-down.svg HTTP/1.1" 200 223 "https://www.eirtechs.com/admin/vendor/fontawesome-free/svgs/solid/?SA" "Mozilla/5.0 (Linux; Android 7.0;) AppleWebKit/537.36 (KHTML, like Gecko) Mobile Safari/537.36 (compatible; PetalBot;+https://webmaster.petalsearch.com/site/petalbot)"
114.119.145.115 - - [16/Jan/2025:00:14:08 -0500] "GET /root_stripe/stripe/lib/StripeObject.php HTTP/1.1" 200 0 "https://www.eirtechs.com/root_stripe/stripe/lib/" "Mozilla/5.0 (Linux; Android 7.0;) AppleWebKit/537.36 (KHTML, like Gecko) Mobile Safari/537.36 (compatible; PetalBot;+https://webmaster.petalsearch.com/site/petalbot)"
156.59.198.135 - - [16/Jan/2025:00:14:29 -0500] "GET /assets/images/portfolio/new/rhdesing3.jpg HTTP/1.1" 404 1251 "-" "Mozilla/5.0 (Linux; Android 5.0) AppleWebKit/537.36 (KHTML, like Gecko) Mobile Safari/537.36 (compatible; Bytespider; spider-feedback@bytedance.com)"
51.222.253.10 - - [16/Jan/2025:00:15:54 -0500] "GET /service/web-cms-development/?MD HTTP/1.1" 200 1079 "-" "Mozilla/5.0 (compatible; AhrefsBot/7.0; +http://ahrefs.com/robot/)"
114.119.145.115 - - [16/Jan/2025:00:17:30 -0500] "GET /admin/vendor/fontawesome-free/svgs/solid/archway.svg HTTP/1.1" 200 234 "https://www.eirtechs.com/admin/vendor/fontawesome-free/svgs/solid/?SA" "Mozilla/5.0 (Linux; Android 7.0;) AppleWebKit/537.36 (KHTML, like Gecko) Mobile Safari/537.36 (compatible; PetalBot;+https://webmaster.petalsearch.com/site/petalbot)"
51.222.253.3 - - [16/Jan/2025:00:17:37 -0500] "GET /testbeta-atif/root_stripe/stripe/lib/Issuing/?MD HTTP/1.1" 200 1036 "-" "Mozilla/5.0 (compatible; AhrefsBot/7.0; +http://ahrefs.com/robot/)"
51.222.253.4 - - [16/Jan/2025:00:19:06 -0500] "GET /admin/vendor/fontawesome-free/css/?SA HTTP/1.1" 200 1204 "-" "Mozilla/5.0 (compatible; AhrefsBot/7.0; +http://ahrefs.com/robot/)"
114.119.166.95 - - [16/Jan/2025:00:19:08 -0500] "GET /root_stripe/stripe/lib/Stripe.php HTTP/1.1" 200 0 "https://www.eirtechs.com/root_stripe/stripe/lib/?NA" "Mozilla/5.0 (Linux; Android 7.0;) AppleWebKit/537.36 (KHTML, like Gecko) Mobile Safari/537.36 (compatible; PetalBot;+https://webmaster.petalsearch.com/site/petalbot)"
51.222.253.14 - - [16/Jan/2025:00:20:38 -0500] "GET /service/mobile-application/mobile_games.php HTTP/1.1" 200 10206 "-" "Mozilla/5.0 (compatible; AhrefsBot/7.0; +http://ahrefs.com/robot/)"
114.119.166.95 - - [16/Jan/2025:00:22:30 -0500] "GET /admin/vendor/fontawesome-free/svgs/regular/envelope-open.svg HTTP/1.1" 200 655 "https://www.eirtechs.com/admin/vendor/fontawesome-free/svgs/regular/?MD" "Mozilla/5.0 (Linux; Android 7.0;) AppleWebKit/537.36 (KHTML, like Gecko) Mobile Safari/537.36 (compatible; PetalBot;+https://webmaster.petalsearch.com/site/petalbot)"
51.222.253.17 - - [16/Jan/2025:00:23:35 -0500] "GET /admin/vendor/fontawesome-free/css/?MA HTTP/1.1" 200 1217 "-" "Mozilla/5.0 (compatible; AhrefsBot/7.0; +http://ahrefs.com/robot/)"
114.119.145.225 - - [16/Jan/2025:00:24:08 -0500] "GET /root_stripe/stripe/lib/SourceTransaction.php HTTP/1.1" 200 154 "https://www.eirtechs.com/root_stripe/stripe/lib/?NA" "Mozilla/5.0 (Linux; Android 7.0;) AppleWebKit/537.36 (KHTML, like Gecko) Mobile Safari/537.36 (compatible; PetalBot;+https://webmaster.petalsearch.com/site/petalbot)"
51.222.253.5 - - [16/Jan/2025:00:26:15 -0500] "GET /testbeta/root_stripe/stripe/?MA HTTP/1.1" 200 1255 "-" "Mozilla/5.0 (compatible; AhrefsBot/7.0; +http://ahrefs.com/robot/)"