51.222.253.14 - - [15/Jan/2025:08:34:55 -0500] "GET /root_stripe/stripe/lib/Terminal/?SA HTTP/1.1" 200 693 "-" "Mozilla/5.0 (compatible; AhrefsBot/7.0; +http://ahrefs.com/robot/)"
51.222.253.15 - - [15/Jan/2025:08:36:45 -0500] "GET /admin/scss/navs/?MA HTTP/1.1" 200 673 "-" "Mozilla/5.0 (compatible; AhrefsBot/7.0; +http://ahrefs.com/robot/)"
114.119.166.95 - - [15/Jan/2025:08:37:05 -0500] "GET /testbeta-atif/inc/?ND HTTP/1.1" 200 828 "https://eirtechs.com/testbeta-atif/inc/" "Mozilla/5.0 (Linux; Android 7.0;) AppleWebKit/537.36 (KHTML, like Gecko) Mobile Safari/537.36 (compatible; PetalBot;+https://webmaster.petalsearch.com/site/petalbot)"
114.119.166.95 - - [15/Jan/2025:08:38:44 -0500] "GET /testbeta/assets/fonts/flaticon/font/_flaticon.scss HTTP/1.1" 200 1208 "https://www.eirtechs.com/testbeta/assets/fonts/flaticon/font/?ND" "Mozilla/5.0 (Linux; Android 7.0;) AppleWebKit/537.36 (KHTML, like Gecko) Mobile Safari/537.36 (compatible; PetalBot;+https://webmaster.petalsearch.com/site/petalbot)"
35.237.209.240 - - [15/Jan/2025:08:39:49 -0500] "GET /assets/ HTTP/1.0" 200 1208 "-" "ZoominfoBot (zoominfobot at zoominfo dot com)"
51.222.253.15 - - [15/Jan/2025:08:40:09 -0500] "GET /testbeta-atif/assets/images/portfolio/topbrands/?SA HTTP/1.1" 200 1081 "-" "Mozilla/5.0 (compatible; AhrefsBot/7.0; +http://ahrefs.com/robot/)"
185.191.171.18 - - [15/Jan/2025:08:41:09 -0500] "GET /robots.txt HTTP/1.1" 404 1251 "-" "Mozilla/5.0 (compatible; SemrushBot/7~bl; +http://www.semrush.com/bot.html)"
85.208.96.193 - - [15/Jan/2025:08:41:10 -0500] "GET /stripe/logo.php HTTP/1.1" 200 8363 "-" "Mozilla/5.0 (compatible; SemrushBot/7~bl; +http://www.semrush.com/bot.html)"
51.222.253.11 - - [15/Jan/2025:08:41:48 -0500] "GET /admin/vendor/jquery/?ND HTTP/1.1" 200 1054 "-" "Mozilla/5.0 (compatible; AhrefsBot/7.0; +http://ahrefs.com/robot/)"
114.119.154.65 - - [15/Jan/2025:08:42:07 -0500] "GET /testbeta-atif/inc/?NA HTTP/1.1" 200 827 "https://eirtechs.com/testbeta-atif/inc/?MA" "Mozilla/5.0 (Linux; Android 7.0;) AppleWebKit/537.36 (KHTML, like Gecko) Mobile Safari/537.36 (compatible; PetalBot;+https://webmaster.petalsearch.com/site/petalbot)"
51.222.253.2 - - [15/Jan/2025:08:43:28 -0500] "GET /service/corporate-branding/?SA HTTP/1.1" 200 1065 "-" "Mozilla/5.0 (compatible; AhrefsBot/7.0; +http://ahrefs.com/robot/)"
114.119.166.95 - - [15/Jan/2025:08:43:46 -0500] "GET /testbeta-atif/root_stripe/stripe/tests/Stripe/Reporting/ReportRunTest.php HTTP/1.1" 200 164 "https://www.eirtechs.com/testbeta-atif/root_stripe/stripe/tests/Stripe/Reporting/?SA" "Mozilla/5.0 (Linux; Android 7.0;) AppleWebKit/537.36 (KHTML, like Gecko) Mobile Safari/537.36 (compatible; PetalBot;+https://webmaster.petalsearch.com/site/petalbot)"
51.222.253.1 - - [15/Jan/2025:08:45:00 -0500] "GET /admin/css/?SA HTTP/1.1" 200 674 "-" "Mozilla/5.0 (compatible; AhrefsBot/7.0; +http://ahrefs.com/robot/)"
51.222.253.10 - - [15/Jan/2025:08:46:40 -0500] "GET /build/img/?NA HTTP/1.1" 200 651 "-" "Mozilla/5.0 (compatible; AhrefsBot/7.0; +http://ahrefs.com/robot/)"
114.119.166.95 - - [15/Jan/2025:08:47:05 -0500] "GET /testbeta-atif/assets/scss/ HTTP/1.1" 200 893 "https://eirtechs.com/testbeta-atif/assets/" "Mozilla/5.0 (Linux; Android 7.0;) AppleWebKit/537.36 (KHTML, like Gecko) Mobile Safari/537.36 (compatible; PetalBot;+https://webmaster.petalsearch.com/site/petalbot)"
51.222.253.18 - - [15/Jan/2025:08:48:12 -0500] "GET /root_stripe/stripe/tests/Stripe/Terminal/?MA HTTP/1.1" 200 711 "-" "Mozilla/5.0 (compatible; AhrefsBot/7.0; +http://ahrefs.com/robot/)"
114.119.128.203 - - [15/Jan/2025:08:48:45 -0500] "GET /testbeta-atif/root_stripe/stripe/tests/Stripe/HttpClient/?SA HTTP/1.1" 200 818 "https://www.eirtechs.com/testbeta-atif/root_stripe/stripe/tests/Stripe/HttpClient/" "Mozilla/5.0 (Linux; Android 7.0;) AppleWebKit/537.36 (KHTML, like Gecko) Mobile Safari/537.36 (compatible; PetalBot;+https://webmaster.petalsearch.com/site/petalbot)"
51.222.253.2 - - [15/Jan/2025:08:51:22 -0500] "GET /root_stripe/stripe/tests/Stripe/Error/SignatureVerificationTest.php HTTP/1.1" 200 155 "-" "Mozilla/5.0 (compatible; AhrefsBot/7.0; +http://ahrefs.com/robot/)"
114.119.136.199 - - [15/Jan/2025:08:52:06 -0500] "GET /testbeta-atif/assets/images/portfolio/logo/17-min.jpg HTTP/1.1" 200 5294 "https://eirtechs.com/testbeta-atif/packages/logo.php" "Mozilla/5.0 (Linux; Android 7.0;) AppleWebKit/537.36 (KHTML, like Gecko) Mobile Safari/537.36 (compatible; PetalBot;+https://webmaster.petalsearch.com/site/petalbot)"
51.222.253.2 - - [15/Jan/2025:08:52:44 -0500] "GET /testbeta/assets/css/css/?ND HTTP/1.1" 200 669 "-" "Mozilla/5.0 (compatible; AhrefsBot/7.0; +http://ahrefs.com/robot/)"
114.119.135.120 - - [15/Jan/2025:08:53:50 -0500] "GET /testbeta-atif/assets/scss/bootstrap/bootstrap.scss HTTP/1.1" 200 882 "https://www.eirtechs.com/testbeta-atif/assets/scss/bootstrap/?SD" "Mozilla/5.0 (Linux; Android 7.0;) AppleWebKit/537.36 (KHTML, like Gecko) Mobile Safari/537.36 (compatible; PetalBot;+https://webmaster.petalsearch.com/site/petalbot)"
51.222.253.13 - - [15/Jan/2025:08:55:43 -0500] "GET /assest/image/casestudy/Boxing/?SA HTTP/1.1" 200 749 "-" "Mozilla/5.0 (compatible; AhrefsBot/7.0; +http://ahrefs.com/robot/)"
114.119.128.203 - - [15/Jan/2025:08:57:10 -0500] "GET /testbeta-atif/assets/images/portfolio/branding/5-min.jpg HTTP/1.1" 200 57757 "https://eirtechs.com/testbeta-atif/packages/seo.php" "Mozilla/5.0 (Linux; Android 7.0;) AppleWebKit/537.36 (KHTML, like Gecko) Mobile Safari/537.36 (compatible; PetalBot;+https://webmaster.petalsearch.com/site/petalbot)"
51.222.253.14 - - [15/Jan/2025:08:57:20 -0500] "GET /testbeta/root_stripe/stripe/lib/Error/Api.php HTTP/1.1" 200 141 "-" "Mozilla/5.0 (compatible; AhrefsBot/7.0; +http://ahrefs.com/robot/)"
114.119.166.95 - - [15/Jan/2025:08:58:45 -0500] "GET /testbeta-atif/assets/fonts/ionicons/?NA HTTP/1.1" 200 791 "https://www.eirtechs.com/testbeta-atif/assets/fonts/ionicons/?ND" "Mozilla/5.0 (Linux; Android 7.0;) AppleWebKit/537.36 (KHTML, like Gecko) Mobile Safari/537.36 (compatible; PetalBot;+https://webmaster.petalsearch.com/site/petalbot)"
51.222.253.19 - - [15/Jan/2025:09:01:45 -0500] "GET /testbeta/assets/images/portfolio/website/?ND HTTP/1.1" 200 1296 "-" "Mozilla/5.0 (compatible; AhrefsBot/7.0; +http://ahrefs.com/robot/)"
114.119.154.65 - - [15/Jan/2025:09:02:06 -0500] "GET /testbeta-atif/assets/images/portfolio/branding/26-min.jpg HTTP/1.1" 200 62428 "https://eirtechs.com/testbeta-atif/packages/seo.php" "Mozilla/5.0 (Linux; Android 7.0;) AppleWebKit/537.36 (KHTML, like Gecko) Mobile Safari/537.36 (compatible; PetalBot;+https://webmaster.petalsearch.com/site/petalbot)"
51.222.253.2 - - [15/Jan/2025:09:03:21 -0500] "GET /admin/includes/header.php HTTP/1.1" 200 434 "-" "Mozilla/5.0 (compatible; AhrefsBot/7.0; +http://ahrefs.com/robot/)"
35.237.209.240 - - [15/Jan/2025:09:03:30 -0500] "GET /robots.txt HTTP/1.0" 404 1251 "-" "ZoominfoBot (zoominfobot at zoominfo dot com)"
35.237.209.240 - - [15/Jan/2025:09:03:31 -0500] "GET /?SA HTTP/1.0" 200 2185 "-" "ZoominfoBot (zoominfobot at zoominfo dot com)"
114.119.135.120 - - [15/Jan/2025:09:03:44 -0500] "GET /testbeta-atif/assets/fonts/flaticon/license/license.pdf HTTP/1.1" 200 36473 "https://www.eirtechs.com/testbeta-atif/assets/fonts/flaticon/license/?SA" "Mozilla/5.0 (Linux; Android 7.0;) AppleWebKit/537.36 (KHTML, like Gecko) Mobile Safari/537.36 (compatible; PetalBot;+https://webmaster.petalsearch.com/site/petalbot)"
51.222.253.12 - - [15/Jan/2025:09:04:52 -0500] "GET /root_stripe/stripe/tests/Stripe/HttpClient/?SA HTTP/1.1" 200 655 "-" "Mozilla/5.0 (compatible; AhrefsBot/7.0; +http://ahrefs.com/robot/)"
114.119.166.95 - - [15/Jan/2025:09:07:05 -0500] "GET /testbeta-atif/assets/images/portfolio/branding/22-min.jpg HTTP/1.1" 200 41069 "https://eirtechs.com/testbeta-atif/packages/seo.php" "Mozilla/5.0 (Linux; Android 7.0;) AppleWebKit/537.36 (KHTML, like Gecko) Mobile Safari/537.36 (compatible; PetalBot;+https://webmaster.petalsearch.com/site/petalbot)"
47.128.39.230 - - [15/Jan/2025:09:07:36 -0500] "GET /testbeta-atif/root_stripe/stripe/lib/ApiOperations/Retrieve.php HTTP/1.1" 200 0 "-" "Mozilla/5.0 (Linux; Android 5.0) AppleWebKit/537.36 (KHTML, like Gecko) Mobile Safari/537.36 (compatible; Bytespider; spider-feedback@bytedance.com)"
51.222.253.10 - - [15/Jan/2025:09:07:51 -0500] "GET /assest/image/casestudy/Boxing/ HTTP/1.1" 200 738 "-" "Mozilla/5.0 (compatible; AhrefsBot/7.0; +http://ahrefs.com/robot/)"
114.119.135.120 - - [15/Jan/2025:09:08:45 -0500] "GET /root_stripe/stripe/tests/Stripe/EphemeralKeyTest.php HTTP/1.1" 200 155 "https://www.eirtechs.com/root_stripe/stripe/tests/Stripe/?ND" "Mozilla/5.0 (Linux; Android 7.0;) AppleWebKit/537.36 (KHTML, like Gecko) Mobile Safari/537.36 (compatible; PetalBot;+https://webmaster.petalsearch.com/site/petalbot)"
51.222.253.3 - - [15/Jan/2025:09:09:25 -0500] "GET /admin/vendor/fontawesome-free/svgs/brands/?MD HTTP/1.1" 200 9575 "-" "Mozilla/5.0 (compatible; AhrefsBot/7.0; +http://ahrefs.com/robot/)"
51.222.253.4 - - [15/Jan/2025:09:11:14 -0500] "GET /testbeta-atif/assets/fonts/ionicons/css/ HTTP/1.1" 200 670 "-" "Mozilla/5.0 (compatible; AhrefsBot/7.0; +http://ahrefs.com/robot/)"
47.128.20.137 - - [15/Jan/2025:09:11:36 -0500] "GET /testbeta/root_stripe/stripe/lib/Terminal/Reader.php HTTP/1.1" 200 146 "-" "Mozilla/5.0 (Linux; Android 5.0) AppleWebKit/537.36 (KHTML, like Gecko) Mobile Safari/537.36 (compatible; Bytespider; spider-feedback@bytedance.com)"
114.119.145.225 - - [15/Jan/2025:09:12:06 -0500] "GET /testbeta-atif/assets/images/portfolio/branding/2-min.jpg HTTP/1.1" 200 43853 "https://eirtechs.com/testbeta-atif/packages/seo.php" "Mozilla/5.0 (Linux; Android 7.0;) AppleWebKit/537.36 (KHTML, like Gecko) Mobile Safari/537.36 (compatible; PetalBot;+https://webmaster.petalsearch.com/site/petalbot)"
51.222.253.6 - - [15/Jan/2025:09:12:40 -0500] "GET /testbeta/root_stripe/stripe/tests/Stripe/Issuing/CardholderTest.php HTTP/1.1" 200 152 "-" "Mozilla/5.0 (compatible; AhrefsBot/7.0; +http://ahrefs.com/robot/)"
114.119.135.120 - - [15/Jan/2025:09:13:45 -0500] "GET /root_stripe/stripe/tests/Stripe/CustomerTest.php HTTP/1.1" 200 150 "https://www.eirtechs.com/root_stripe/stripe/tests/Stripe/?ND" "Mozilla/5.0 (Linux; Android 7.0;) AppleWebKit/537.36 (KHTML, like Gecko) Mobile Safari/537.36 (compatible; PetalBot;+https://webmaster.petalsearch.com/site/petalbot)"
51.222.253.3 - - [15/Jan/2025:09:14:23 -0500] "GET /testbeta/root_stripe/stripe/?SA HTTP/1.1" 200 1245 "-" "Mozilla/5.0 (compatible; AhrefsBot/7.0; +http://ahrefs.com/robot/)"
93.159.230.85 - - [15/Jan/2025:09:14:46 -0500] "GET / HTTP/1.1" 200 2234 "-" "Mozilla/5.0 (Linux; arm_64; Android 12; CPH2205) AppleWebKit/537.36 (KHTML, like Gecko) Chrome/110.0.0.0 YaBrowser/23.3.3.86.00 SA/3 Mobile Safari/537.36"
47.128.57.212 - - [15/Jan/2025:09:15:37 -0500] "GET /root_stripe/stripe/lib/Error/InvalidRequest.php HTTP/1.1" 200 143 "-" "Mozilla/5.0 (Linux; Android 5.0) AppleWebKit/537.36 (KHTML, like Gecko) Mobile Safari/537.36 (compatible; Bytespider; spider-feedback@bytedance.com)"
51.222.253.10 - - [15/Jan/2025:09:16:01 -0500] "GET /assets/images/portfolio/topbrands-resize/?MA HTTP/1.1" 200 1086 "-" "Mozilla/5.0 (compatible; AhrefsBot/7.0; +http://ahrefs.com/robot/)"
114.119.166.95 - - [15/Jan/2025:09:17:09 -0500] "GET /pay/create/ HTTP/1.1" 302 23 "https://www.eirtechs.com/pay/?MA" "Mozilla/5.0 (Linux; Android 7.0;) AppleWebKit/537.36 (KHTML, like Gecko) Mobile Safari/537.36 (compatible; PetalBot;+https://webmaster.petalsearch.com/site/petalbot)"
51.222.253.6 - - [15/Jan/2025:09:17:48 -0500] "GET /assets/js/ HTTP/1.1" 200 1377 "-" "Mozilla/5.0 (compatible; AhrefsBot/7.0; +http://ahrefs.com/robot/)"
114.119.154.65 - - [15/Jan/2025:09:18:44 -0500] "GET /root_stripe/stripe/tests/Stripe/CouponTest.php HTTP/1.1" 200 150 "https://www.eirtechs.com/root_stripe/stripe/tests/Stripe/?ND" "Mozilla/5.0 (Linux; Android 7.0;) AppleWebKit/537.36 (KHTML, like Gecko) Mobile Safari/537.36 (compatible; PetalBot;+https://webmaster.petalsearch.com/site/petalbot)"
51.222.253.16 - - [15/Jan/2025:09:19:08 -0500] "GET /testbeta-atif/root_stripe/stripe/tests/Stripe/Issuing/DisputeTest.php HTTP/1.1" 200 155 "-" "Mozilla/5.0 (compatible; AhrefsBot/7.0; +http://ahrefs.com/robot/)"
35.237.209.240 - - [15/Jan/2025:09:20:01 -0500] "GET /admin/ HTTP/1.0" 200 1570 "-" "ZoominfoBot (zoominfobot at zoominfo dot com)"
35.237.209.240 - - [15/Jan/2025:09:20:17 -0500] "GET /expertise/ HTTP/1.0" 200 889 "-" "ZoominfoBot (zoominfobot at zoominfo dot com)"
114.119.128.203 - - [15/Jan/2025:09:22:06 -0500] "GET /admin/vendor/fontawesome-free/svgs/solid/surprise.svg HTTP/1.1" 200 227 "https://www.eirtechs.com/admin/vendor/fontawesome-free/svgs/solid/?SA" "Mozilla/5.0 (Linux; Android 7.0;) AppleWebKit/537.36 (KHTML, like Gecko) Mobile Safari/537.36 (compatible; PetalBot;+https://webmaster.petalsearch.com/site/petalbot)"
51.222.253.16 - - [15/Jan/2025:09:22:33 -0500] "GET /root_stripe/stripe/lib/Sigma/?MA HTTP/1.1" 200 650 "-" "Mozilla/5.0 (compatible; AhrefsBot/7.0; +http://ahrefs.com/robot/)"
114.119.135.120 - - [15/Jan/2025:09:23:52 -0500] "GET /root_stripe/stripe/tests/Stripe/CountrySpecTest.php HTTP/1.1" 200 154 "https://www.eirtechs.com/root_stripe/stripe/tests/Stripe/?ND" "Mozilla/5.0 (Linux; Android 7.0;) AppleWebKit/537.36 (KHTML, like Gecko) Mobile Safari/537.36 (compatible; PetalBot;+https://webmaster.petalsearch.com/site/petalbot)"
51.222.253.9 - - [15/Jan/2025:09:25:45 -0500] "GET /testbeta/assets/css/?ND HTTP/1.1" 200 1325 "-" "Mozilla/5.0 (compatible; AhrefsBot/7.0; +http://ahrefs.com/robot/)"
114.119.136.199 - - [15/Jan/2025:09:27:06 -0500] "GET /admin/vendor/fontawesome-free/svgs/solid/star-of-david.svg HTTP/1.1" 200 423 "https://www.eirtechs.com/admin/vendor/fontawesome-free/svgs/solid/?SD" "Mozilla/5.0 (Linux; Android 7.0;) AppleWebKit/537.36 (KHTML, like Gecko) Mobile Safari/537.36 (compatible; PetalBot;+https://webmaster.petalsearch.com/site/petalbot)"
35.237.209.240 - - [15/Jan/2025:09:28:16 -0500] "GET /?MA HTTP/1.0" 200 2162 "-" "ZoominfoBot (zoominfobot at zoominfo dot com)"
35.237.209.240 - - [15/Jan/2025:09:28:25 -0500] "GET /build/ HTTP/1.0" 200 786 "-" "ZoominfoBot (zoominfobot at zoominfo dot com)"
114.119.128.244 - - [15/Jan/2025:09:28:48 -0500] "GET /root_stripe/stripe/tests/Stripe/CollectionTest.php HTTP/1.1" 200 152 "https://www.eirtechs.com/root_stripe/stripe/tests/Stripe/?ND" "Mozilla/5.0 (Linux; Android 7.0;) AppleWebKit/537.36 (KHTML, like Gecko) Mobile Safari/537.36 (compatible; PetalBot;+https://webmaster.petalsearch.com/site/petalbot)"
51.222.253.2 - - [15/Jan/2025:09:29:01 -0500] "GET /root_stripe/stripe/lib/Sigma/?SA HTTP/1.1" 200 648 "-" "Mozilla/5.0 (compatible; AhrefsBot/7.0; +http://ahrefs.com/robot/)"
51.222.253.10 - - [15/Jan/2025:09:30:36 -0500] "GET /testbeta-atif/assets/css/?NA HTTP/1.1" 200 1328 "-" "Mozilla/5.0 (compatible; AhrefsBot/7.0; +http://ahrefs.com/robot/)"
114.119.145.225 - - [15/Jan/2025:09:32:08 -0500] "GET /admin/vendor/fontawesome-free/svgs/solid/kiss-wink-heart.svg HTTP/1.1" 200 551 "https://www.eirtechs.com/admin/vendor/fontawesome-free/svgs/solid/?SD" "Mozilla/5.0 (Linux; Android 7.0;) AppleWebKit/537.36 (KHTML, like Gecko) Mobile Safari/537.36 (compatible; PetalBot;+https://webmaster.petalsearch.com/site/petalbot)"
51.222.253.15 - - [15/Jan/2025:09:33:32 -0500] "GET /testbeta-atif/root_stripe/stripe/tests/Stripe/Issuing/AuthorizationTest.php HTTP/1.1" 200 158 "-" "Mozilla/5.0 (compatible; AhrefsBot/7.0; +http://ahrefs.com/robot/)"
114.119.145.115 - - [15/Jan/2025:09:33:49 -0500] "GET /testbeta/root_stripe/stripe/lib/Util/RequestOptions.php HTTP/1.1" 200 0 "https://www.eirtechs.com/testbeta/root_stripe/stripe/lib/Util/?SA" "Mozilla/5.0 (Linux; Android 7.0;) AppleWebKit/537.36 (KHTML, like Gecko) Mobile Safari/537.36 (compatible; PetalBot;+https://webmaster.petalsearch.com/site/petalbot)"
51.222.253.16 - - [15/Jan/2025:09:35:02 -0500] "GET /testbeta/root_stripe/stripe/?MA HTTP/1.1" 200 1253 "-" "Mozilla/5.0 (compatible; AhrefsBot/7.0; +http://ahrefs.com/robot/)"
51.222.253.20 - - [15/Jan/2025:09:36:43 -0500] "GET /testbeta-atif/root_stripe/stripe/lib/HttpClient/ClientInterface.php HTTP/1.1" 200 0 "-" "Mozilla/5.0 (compatible; AhrefsBot/7.0; +http://ahrefs.com/robot/)"
114.119.166.95 - - [15/Jan/2025:09:37:06 -0500] "GET /admin/vendor/fontawesome-free/svgs/solid/barcode.svg HTTP/1.1" 200 263 "https://www.eirtechs.com/admin/vendor/fontawesome-free/svgs/solid/?SD" "Mozilla/5.0 (Linux; Android 7.0;) AppleWebKit/537.36 (KHTML, like Gecko) Mobile Safari/537.36 (compatible; PetalBot;+https://webmaster.petalsearch.com/site/petalbot)"
35.237.209.240 - - [15/Jan/2025:09:37:27 -0500] "GET /expertise/ HTTP/1.0" 200 892 "-" "ZoominfoBot (zoominfobot at zoominfo dot com)"
47.128.59.86 - - [15/Jan/2025:09:37:53 -0500] "GET /testbeta/root_stripe/stripe/lib/Error/OAuth/OAuthBase.php HTTP/1.1" 200 146 "-" "Mozilla/5.0 (Linux; Android 5.0) AppleWebKit/537.36 (KHTML, like Gecko) Mobile Safari/537.36 (compatible; Bytespider; spider-feedback@bytedance.com)"
51.222.253.15 - - [15/Jan/2025:09:38:22 -0500] "GET /testbeta-atif/assets/fonts/ionicons/fonts/ HTTP/1.1" 200 731 "-" "Mozilla/5.0 (compatible; AhrefsBot/7.0; +http://ahrefs.com/robot/)"
114.119.154.65 - - [15/Jan/2025:09:38:45 -0500] "GET /testbeta/root_stripe/stripe/lib/Error/OAuth/UnsupportedResponseType.php HTTP/1.1" 200 174 "https://www.eirtechs.com/testbeta/root_stripe/stripe/lib/Error/OAuth/?MA" "Mozilla/5.0 (Linux; Android 7.0;) AppleWebKit/537.36 (KHTML, like Gecko) Mobile Safari/537.36 (compatible; PetalBot;+https://webmaster.petalsearch.com/site/petalbot)"
51.222.253.3 - - [15/Jan/2025:09:39:43 -0500] "GET /testbeta-atif/assets/scss/bootstrap/utilities/?NA HTTP/1.1" 200 1212 "-" "Mozilla/5.0 (compatible; AhrefsBot/7.0; +http://ahrefs.com/robot/)"
51.222.253.8 - - [15/Jan/2025:09:41:08 -0500] "GET /testbeta/assets/images/portfolio/app/?ND HTTP/1.1" 200 679 "-" "Mozilla/5.0 (compatible; AhrefsBot/7.0; +http://ahrefs.com/robot/)"
114.119.145.225 - - [15/Jan/2025:09:42:07 -0500] "GET /admin/vendor/fontawesome-free/svgs/regular/building.svg HTTP/1.1" 200 294 "https://www.eirtechs.com/admin/vendor/fontawesome-free/svgs/regular/?MD" "Mozilla/5.0 (Linux; Android 7.0;) AppleWebKit/537.36 (KHTML, like Gecko) Mobile Safari/537.36 (compatible; PetalBot;+https://webmaster.petalsearch.com/site/petalbot)"
51.222.253.10 - - [15/Jan/2025:09:42:49 -0500] "GET /testbeta/inc/?ND HTTP/1.1" 200 667 "-" "Mozilla/5.0 (compatible; AhrefsBot/7.0; +http://ahrefs.com/robot/)"
114.119.128.244 - - [15/Jan/2025:09:43:46 -0500] "GET /testbeta/assets/scss/bootstrap/mixins/_gradients.scss HTTP/1.1" 200 2050 "https://www.eirtechs.com/testbeta/assets/scss/bootstrap/mixins/" "Mozilla/5.0 (Linux; Android 7.0;) AppleWebKit/537.36 (KHTML, like Gecko) Mobile Safari/537.36 (compatible; PetalBot;+https://webmaster.petalsearch.com/site/petalbot)"
51.222.253.16 - - [15/Jan/2025:09:45:55 -0500] "GET /root_stripe/stripe/tests/Stripe/CollectionTest.php HTTP/1.1" 200 138 "-" "Mozilla/5.0 (compatible; AhrefsBot/7.0; +http://ahrefs.com/robot/)"
114.119.154.65 - - [15/Jan/2025:09:47:05 -0500] "GET /admin/vendor/fontawesome-free/svgs/brands/grav.svg HTTP/1.1" 200 822 "https://www.eirtechs.com/admin/vendor/fontawesome-free/svgs/brands/?SD" "Mozilla/5.0 (Linux; Android 7.0;) AppleWebKit/537.36 (KHTML, like Gecko) Mobile Safari/537.36 (compatible; PetalBot;+https://webmaster.petalsearch.com/site/petalbot)"
51.222.253.15 - - [15/Jan/2025:09:47:29 -0500] "GET /admin/js/demo/?NA HTTP/1.1" 200 698 "-" "Mozilla/5.0 (compatible; AhrefsBot/7.0; +http://ahrefs.com/robot/)"
114.119.154.65 - - [15/Jan/2025:09:48:46 -0500] "GET /testbeta/assets/fonts/icomoon/?ND HTTP/1.1" 200 883 "https://www.eirtechs.com/testbeta/assets/fonts/icomoon/?NA" "Mozilla/5.0 (Linux; Android 7.0;) AppleWebKit/537.36 (KHTML, like Gecko) Mobile Safari/537.36 (compatible; PetalBot;+https://webmaster.petalsearch.com/site/petalbot)"
51.222.253.20 - - [15/Jan/2025:09:51:05 -0500] "GET /testbeta-atif/assets/images/portfolio/?MD HTTP/1.1" 200 1318 "-" "Mozilla/5.0 (compatible; AhrefsBot/7.0; +http://ahrefs.com/robot/)"
114.119.128.203 - - [15/Jan/2025:09:52:06 -0500] "GET /testbeta/root_stripe/stripe/tests/Stripe/DisputeTest.php HTTP/1.1" 200 155 "https://eirtechs.com/testbeta/root_stripe/stripe/tests/Stripe/?MA" "Mozilla/5.0 (Linux; Android 7.0;) AppleWebKit/537.36 (KHTML, like Gecko) Mobile Safari/537.36 (compatible; PetalBot;+https://webmaster.petalsearch.com/site/petalbot)"
114.119.145.225 - - [15/Jan/2025:09:53:49 -0500] "GET /testbeta/assets/fonts/flaticon/font/?SA HTTP/1.1" 200 1298 "https://www.eirtechs.com/testbeta/assets/fonts/flaticon/font/?ND" "Mozilla/5.0 (Linux; Android 7.0;) AppleWebKit/537.36 (KHTML, like Gecko) Mobile Safari/537.36 (compatible; PetalBot;+https://webmaster.petalsearch.com/site/petalbot)"
51.222.253.7 - - [15/Jan/2025:09:54:03 -0500] "GET /admin/includes/?NA HTTP/1.1" 200 728 "-" "Mozilla/5.0 (compatible; AhrefsBot/7.0; +http://ahrefs.com/robot/)"
51.222.253.8 - - [15/Jan/2025:09:56:41 -0500] "GET /root_stripe/stripe/tests/Stripe/Util/?SA HTTP/1.1" 200 714 "-" "Mozilla/5.0 (compatible; AhrefsBot/7.0; +http://ahrefs.com/robot/)"
114.119.135.120 - - [15/Jan/2025:09:57:07 -0500] "GET /testbeta/root_stripe/stripe/tests/Stripe/AccountTest.php HTTP/1.1" 200 156 "https://eirtechs.com/testbeta/root_stripe/stripe/tests/Stripe/?MA" "Mozilla/5.0 (Linux; Android 7.0;) AppleWebKit/537.36 (KHTML, like Gecko) Mobile Safari/537.36 (compatible; PetalBot;+https://webmaster.petalsearch.com/site/petalbot)"
51.222.253.1 - - [15/Jan/2025:09:58:11 -0500] "GET /testbeta/root_stripe/stripe/tests/Stripe/Issuing/DisputeTest.php HTTP/1.1" 200 150 "-" "Mozilla/5.0 (compatible; AhrefsBot/7.0; +http://ahrefs.com/robot/)"
114.119.166.95 - - [15/Jan/2025:09:58:48 -0500] "GET /testbeta-atif/root_stripe/stripe/tests/Stripe/Terminal/ HTTP/1.1" 200 883 "https://www.eirtechs.com/testbeta-atif/root_stripe/stripe/tests/Stripe/?SD" "Mozilla/5.0 (Linux; Android 7.0;) AppleWebKit/537.36 (KHTML, like Gecko) Mobile Safari/537.36 (compatible; PetalBot;+https://webmaster.petalsearch.com/site/petalbot)"
51.222.253.10 - - [15/Jan/2025:09:59:48 -0500] "GET /root_stripe/stripe/tests/Stripe/Util/?MA HTTP/1.1" 200 709 "-" "Mozilla/5.0 (compatible; AhrefsBot/7.0; +http://ahrefs.com/robot/)"
51.222.253.15 - - [15/Jan/2025:10:01:20 -0500] "GET /admin/vendor/fontawesome-free/scss/?MA HTTP/1.1" 200 1307 "-" "Mozilla/5.0 (compatible; AhrefsBot/7.0; +http://ahrefs.com/robot/)"
114.119.128.244 - - [15/Jan/2025:10:02:09 -0500] "GET /testbeta/root_stripe/stripe/lib/Reporting/ReportType.php HTTP/1.1" 200 161 "https://eirtechs.com/testbeta/root_stripe/stripe/lib/Reporting/?ND" "Mozilla/5.0 (Linux; Android 7.0;) AppleWebKit/537.36 (KHTML, like Gecko) Mobile Safari/537.36 (compatible; PetalBot;+https://webmaster.petalsearch.com/site/petalbot)"
114.119.136.199 - - [15/Jan/2025:10:03:46 -0500] "GET /testbeta-atif/root_stripe/stripe/tests/Stripe/StripeObjectTest.php HTTP/1.1" 200 160 "https://www.eirtechs.com/testbeta-atif/root_stripe/stripe/tests/Stripe/?SD" "Mozilla/5.0 (Linux; Android 7.0;) AppleWebKit/537.36 (KHTML, like Gecko) Mobile Safari/537.36 (compatible; PetalBot;+https://webmaster.petalsearch.com/site/petalbot)"
51.222.253.18 - - [15/Jan/2025:10:04:24 -0500] "GET /assest/image/logos/?NA HTTP/1.1" 200 620 "-" "Mozilla/5.0 (compatible; AhrefsBot/7.0; +http://ahrefs.com/robot/)"
35.237.209.240 - - [15/Jan/2025:10:04:52 -0500] "GET /?MA HTTP/1.0" 200 2165 "-" "ZoominfoBot (zoominfobot at zoominfo dot com)"
114.119.128.203 - - [15/Jan/2025:10:07:06 -0500] "GET /testbeta/root_stripe/stripe/examples/?MA HTTP/1.1" 200 787 "https://eirtechs.com/testbeta/root_stripe/stripe/examples/?ND" "Mozilla/5.0 (Linux; Android 7.0;) AppleWebKit/537.36 (KHTML, like Gecko) Mobile Safari/537.36 (compatible; PetalBot;+https://webmaster.petalsearch.com/site/petalbot)"
35.237.209.240 - - [15/Jan/2025:10:07:46 -0500] "GET /career.php HTTP/1.0" 200 6760 "-" "ZoominfoBot (zoominfobot at zoominfo dot com)"
114.119.166.95 - - [15/Jan/2025:10:08:46 -0500] "GET /testbeta-atif/root_stripe/stripe/tests/Stripe/SourceTest.php HTTP/1.1" 200 158 "https://www.eirtechs.com/testbeta-atif/root_stripe/stripe/tests/Stripe/?SD" "Mozilla/5.0 (Linux; Android 7.0;) AppleWebKit/537.36 (KHTML, like Gecko) Mobile Safari/537.36 (compatible; PetalBot;+https://webmaster.petalsearch.com/site/petalbot)"
51.222.253.15 - - [15/Jan/2025:10:09:48 -0500] "GET /testbeta/root_stripe/stripe/lib/Error/SignatureVerification.php HTTP/1.1" 200 151 "-" "Mozilla/5.0 (compatible; AhrefsBot/7.0; +http://ahrefs.com/robot/)"
114.119.166.95 - - [15/Jan/2025:10:12:09 -0500] "GET /testbeta/assets/images/portfolio/branding/?MA HTTP/1.1" 200 1753 "https://eirtechs.com/testbeta/assets/images/portfolio/branding/" "Mozilla/5.0 (Linux; Android 7.0;) AppleWebKit/537.36 (KHTML, like Gecko) Mobile Safari/537.36 (compatible; PetalBot;+https://webmaster.petalsearch.com/site/petalbot)"
51.222.253.1 - - [15/Jan/2025:10:13:22 -0500] "GET /service/digital-marketing/app_marketing.php HTTP/1.1" 200 9605 "-" "Mozilla/5.0 (compatible; AhrefsBot/7.0; +http://ahrefs.com/robot/)"
114.119.154.65 - - [15/Jan/2025:10:13:47 -0500] "GET /testbeta-atif/root_stripe/stripe/tests/Stripe/PayoutTest.php HTTP/1.1" 200 160 "https://www.eirtechs.com/testbeta-atif/root_stripe/stripe/tests/Stripe/?SD" "Mozilla/5.0 (Linux; Android 7.0;) AppleWebKit/537.36 (KHTML, like Gecko) Mobile Safari/537.36 (compatible; PetalBot;+https://webmaster.petalsearch.com/site/petalbot)"
51.222.253.2 - - [15/Jan/2025:10:16:41 -0500] "GET /assets/images/portfolio/web/?ND HTTP/1.1" 200 1185 "-" "Mozilla/5.0 (compatible; AhrefsBot/7.0; +http://ahrefs.com/robot/)"
114.119.145.115 - - [15/Jan/2025:10:17:07 -0500] "GET /testbeta-atif/root_stripe/stripe/update_certs.php HTTP/1.1" 200 39 "https://eirtechs.com/testbeta-atif/root_stripe/stripe/" "Mozilla/5.0 (Linux; Android 7.0;) AppleWebKit/537.36 (KHTML, like Gecko) Mobile Safari/537.36 (compatible; PetalBot;+https://webmaster.petalsearch.com/site/petalbot)"
51.222.253.7 - - [15/Jan/2025:10:18:28 -0500] "GET /assest/image/mobile%20perspective/?SA HTTP/1.1" 200 1138 "-" "Mozilla/5.0 (compatible; AhrefsBot/7.0; +http://ahrefs.com/robot/)"
114.119.145.225 - - [15/Jan/2025:10:18:49 -0500] "GET /testbeta-atif/root_stripe/stripe/tests/Stripe/HttpClient/?SD HTTP/1.1" 200 817 "https://www.eirtechs.com/testbeta-atif/root_stripe/stripe/tests/Stripe/HttpClient/?SA" "Mozilla/5.0 (Linux; Android 7.0;) AppleWebKit/537.36 (KHTML, like Gecko) Mobile Safari/537.36 (compatible; PetalBot;+https://webmaster.petalsearch.com/site/petalbot)"
35.237.209.240 - - [15/Jan/2025:10:22:03 -0500] "GET /about/ HTTP/1.0" 200 1302 "-" "ZoominfoBot (zoominfobot at zoominfo dot com)"
114.119.135.120 - - [15/Jan/2025:10:22:11 -0500] "GET /testbeta-atif/inc/?MD HTTP/1.1" 200 826 "https://eirtechs.com/testbeta-atif/inc/?MA" "Mozilla/5.0 (Linux; Android 7.0;) AppleWebKit/537.36 (KHTML, like Gecko) Mobile Safari/537.36 (compatible; PetalBot;+https://webmaster.petalsearch.com/site/petalbot)"
114.119.145.115 - - [15/Jan/2025:10:23:54 -0500] "GET /testbeta-atif/assets/scss/bootstrap/bootstrap-grid.css HTTP/1.1" 200 4632 "https://www.eirtechs.com/testbeta-atif/assets/scss/bootstrap/?SD" "Mozilla/5.0 (Linux; Android 7.0;) AppleWebKit/537.36 (KHTML, like Gecko) Mobile Safari/537.36 (compatible; PetalBot;+https://webmaster.petalsearch.com/site/petalbot)"
47.128.51.18 - - [15/Jan/2025:10:24:36 -0500] "GET /testbeta-atif/root_stripe/stripe/tests/Stripe/UsageRecordTest.php HTTP/1.1" 200 151 "-" "Mozilla/5.0 (Linux; Android 5.0) AppleWebKit/537.36 (KHTML, like Gecko) Mobile Safari/537.36 (compatible; Bytespider; spider-feedback@bytedance.com)"
51.222.253.4 - - [15/Jan/2025:10:25:13 -0500] "GET /root_stripe/stripe/lib/Terminal/ConnectionToken.php HTTP/1.1" 200 142 "-" "Mozilla/5.0 (compatible; AhrefsBot/7.0; +http://ahrefs.com/robot/)"
35.237.209.240 - - [15/Jan/2025:10:25:48 -0500] "GET /payment.php HTTP/1.0" 200 5322 "-" "ZoominfoBot (zoominfobot at zoominfo dot com)"
51.222.253.18 - - [15/Jan/2025:10:26:50 -0500] "GET /root_stripe/stripe/tests/Stripe/Util/ HTTP/1.1" 200 705 "-" "Mozilla/5.0 (compatible; AhrefsBot/7.0; +http://ahrefs.com/robot/)"
114.119.166.95 - - [15/Jan/2025:10:27:08 -0500] "GET /testbeta-atif/assets/js/ HTTP/1.1" 200 1629 "https://eirtechs.com/testbeta-atif/assets/" "Mozilla/5.0 (Linux; Android 7.0;) AppleWebKit/537.36 (KHTML, like Gecko) Mobile Safari/537.36 (compatible; PetalBot;+https://webmaster.petalsearch.com/site/petalbot)"
47.128.113.223 - - [15/Jan/2025:10:28:36 -0500] "GET /testbeta-atif/root_stripe/stripe/lib/Util/RequestOptions.php HTTP/1.1" 200 0 "-" "Mozilla/5.0 (Linux; Android 5.0) AppleWebKit/537.36 (KHTML, like Gecko) Mobile Safari/537.36 (compatible; Bytespider; spider-feedback@bytedance.com)"
114.119.136.199 - - [15/Jan/2025:10:28:48 -0500] "GET /testbeta-atif/assets/scss/bootstrap/_dropdown.scss HTTP/1.1" 200 3753 "https://www.eirtechs.com/testbeta-atif/assets/scss/bootstrap/?SD" "Mozilla/5.0 (Linux; Android 7.0;) AppleWebKit/537.36 (KHTML, like Gecko) Mobile Safari/537.36 (compatible; PetalBot;+https://webmaster.petalsearch.com/site/petalbot)"
51.222.253.10 - - [15/Jan/2025:10:28:54 -0500] "GET /admin/ HTTP/1.1" 200 1325 "-" "Mozilla/5.0 (compatible; AhrefsBot/7.0; +http://ahrefs.com/robot/)"
51.222.253.16 - - [15/Jan/2025:10:30:53 -0500] "GET /assets/images/portfolio/new/?SA HTTP/1.1" 200 3732 "-" "Mozilla/5.0 (compatible; AhrefsBot/7.0; +http://ahrefs.com/robot/)"
23.19.125.27 - - [15/Jan/2025:10:31:25 -0500] "GET / HTTP/1.1" 200 1857 "-" "Mozilla/5.0 (Macintosh; Intel Mac OS X 10_15_7) AppleWebKit/537.36 (KHTML, like Gecko) Chrome/131.0.0.0 Safari/537.36"
35.237.209.240 - - [15/Jan/2025:10:31:33 -0500] "GET /admin/ HTTP/1.0" 200 1574 "-" "ZoominfoBot (zoominfobot at zoominfo dot com)"
114.119.166.95 - - [15/Jan/2025:10:32:09 -0500] "GET /testbeta-atif/assets/images/portfolio/logo/42-min.jpg HTTP/1.1" 200 6528 "https://eirtechs.com/testbeta-atif/packages/logo.php" "Mozilla/5.0 (Linux; Android 7.0;) AppleWebKit/537.36 (KHTML, like Gecko) Mobile Safari/537.36 (compatible; PetalBot;+https://webmaster.petalsearch.com/site/petalbot)"
47.128.34.181 - - [15/Jan/2025:10:32:37 -0500] "GET /testbeta/root_stripe/stripe/tests/Stripe/Issuing/TransactionTest.php HTTP/1.1" 200 152 "-" "Mozilla/5.0 (Linux; Android 5.0) AppleWebKit/537.36 (KHTML, like Gecko) Mobile Safari/537.36 (compatible; Bytespider; spider-feedback@bytedance.com)"
51.222.253.9 - - [15/Jan/2025:10:32:49 -0500] "GET /testbeta/root_stripe/stripe/lib/Error/?NA HTTP/1.1" 200 1176 "-" "Mozilla/5.0 (compatible; AhrefsBot/7.0; +http://ahrefs.com/robot/)"
114.119.135.120 - - [15/Jan/2025:10:33:47 -0500] "GET /testbeta-atif/assets/fonts/flaticon/font/Flaticon.woff HTTP/1.1" 200 2512 "https://www.eirtechs.com/testbeta-atif/assets/fonts/flaticon/font/?SD" "Mozilla/5.0 (Linux; Android 7.0;) AppleWebKit/537.36 (KHTML, like Gecko) Mobile Safari/537.36 (compatible; PetalBot;+https://webmaster.petalsearch.com/site/petalbot)"
51.222.253.14 - - [15/Jan/2025:10:34:47 -0500] "GET /public_html/?MA HTTP/1.1" 200 622 "-" "Mozilla/5.0 (compatible; AhrefsBot/7.0; +http://ahrefs.com/robot/)"
35.237.209.240 - - [15/Jan/2025:10:35:57 -0500] "GET /assest/ HTTP/1.0" 200 827 "-" "ZoominfoBot (zoominfobot at zoominfo dot com)"
47.128.111.9 - - [15/Jan/2025:10:36:37 -0500] "GET /testbeta/root_stripe/stripe/lib/Error/OAuth/InvalidRequest.php HTTP/1.1" 200 158 "-" "Mozilla/5.0 (Linux; Android 5.0) AppleWebKit/537.36 (KHTML, like Gecko) Mobile Safari/537.36 (compatible; Bytespider; spider-feedback@bytedance.com)"
51.222.253.4 - - [15/Jan/2025:10:36:38 -0500] "GET /public_html/?SA HTTP/1.1" 200 621 "-" "Mozilla/5.0 (compatible; AhrefsBot/7.0; +http://ahrefs.com/robot/)"
114.119.154.65 - - [15/Jan/2025:10:37:10 -0500] "GET /admin/vendor/fontawesome-free/svgs/solid/trash.svg HTTP/1.1" 200 218 "https://www.eirtechs.com/admin/vendor/fontawesome-free/svgs/solid/?SA" "Mozilla/5.0 (Linux; Android 7.0;) AppleWebKit/537.36 (KHTML, like Gecko) Mobile Safari/537.36 (compatible; PetalBot;+https://webmaster.petalsearch.com/site/petalbot)"
114.119.136.199 - - [15/Jan/2025:10:38:47 -0500] "GET /service/web&cms_development.php HTTP/1.1" 200 9401 "https://www.eirtechs.com/service/?MA" "Mozilla/5.0 (Linux; Android 7.0;) AppleWebKit/537.36 (KHTML, like Gecko) Mobile Safari/537.36 (compatible; PetalBot;+https://webmaster.petalsearch.com/site/petalbot)"
51.222.253.16 - - [15/Jan/2025:10:38:48 -0500] "GET /root_stripe/stripe/tests/?MA HTTP/1.1" 200 750 "-" "Mozilla/5.0 (compatible; AhrefsBot/7.0; +http://ahrefs.com/robot/)"
35.237.209.240 - - [15/Jan/2025:10:40:09 -0500] "GET /inc/ HTTP/1.0" 200 1470 "-" "ZoominfoBot (zoominfobot at zoominfo dot com)"
35.237.209.240 - - [15/Jan/2025:10:40:25 -0500] "GET /assest/ HTTP/1.0" 200 830 "-" "ZoominfoBot (zoominfobot at zoominfo dot com)"
114.119.128.203 - - [15/Jan/2025:10:42:08 -0500] "GET /admin/vendor/fontawesome-free/svgs/solid/map-marked-alt.svg HTTP/1.1" 200 439 "https://www.eirtechs.com/admin/vendor/fontawesome-free/svgs/solid/?SD" "Mozilla/5.0 (Linux; Android 7.0;) AppleWebKit/537.36 (KHTML, like Gecko) Mobile Safari/537.36 (compatible; PetalBot;+https://webmaster.petalsearch.com/site/petalbot)"
35.237.209.240 - - [15/Jan/2025:10:42:52 -0500] "GET /career.php HTTP/1.0" 200 6760 "-" "ZoominfoBot (zoominfobot at zoominfo dot com)"
35.237.209.240 - - [15/Jan/2025:10:42:58 -0500] "GET /payment.php HTTP/1.0" 200 5322 "-" "ZoominfoBot (zoominfobot at zoominfo dot com)"
114.119.128.244 - - [15/Jan/2025:10:43:47 -0500] "GET /root_stripe/stripe/tests/Stripe/CardTest.php HTTP/1.1" 200 148 "https://www.eirtechs.com/root_stripe/stripe/tests/Stripe/?ND" "Mozilla/5.0 (Linux; Android 7.0;) AppleWebKit/537.36 (KHTML, like Gecko) Mobile Safari/537.36 (compatible; PetalBot;+https://webmaster.petalsearch.com/site/petalbot)"
47.128.39.34 - - [15/Jan/2025:10:44:38 -0500] "GET /testbeta-atif/root_stripe/stripe/tests/Stripe/FileUploadTest.php HTTP/1.1" 200 152 "-" "Mozilla/5.0 (Linux; Android 5.0) AppleWebKit/537.36 (KHTML, like Gecko) Mobile Safari/537.36 (compatible; Bytespider; spider-feedback@bytedance.com)"
51.222.253.19 - - [15/Jan/2025:10:45:05 -0500] "GET /testbeta-atif/root_stripe/stripe/tests/Stripe/Terminal/ConnectionTokenTest.php HTTP/1.1" 200 158 "-" "Mozilla/5.0 (compatible; AhrefsBot/7.0; +http://ahrefs.com/robot/)"
51.222.253.20 - - [15/Jan/2025:10:47:04 -0500] "GET /testbeta-atif/root_stripe/stripe/tests/Stripe/Terminal/LocationTest.php HTTP/1.1" 200 152 "-" "Mozilla/5.0 (compatible; AhrefsBot/7.0; +http://ahrefs.com/robot/)"
114.119.154.65 - - [15/Jan/2025:10:47:10 -0500] "GET /admin/vendor/fontawesome-free/svgs/solid/genderless.svg HTTP/1.1" 200 232 "https://www.eirtechs.com/admin/vendor/fontawesome-free/svgs/solid/?SA" "Mozilla/5.0 (Linux; Android 7.0;) AppleWebKit/537.36 (KHTML, like Gecko) Mobile Safari/537.36 (compatible; PetalBot;+https://webmaster.petalsearch.com/site/petalbot)"
114.119.166.95 - - [15/Jan/2025:10:48:49 -0500] "GET /root_stripe/stripe/tests/Stripe/BalanceTransactionTest.php HTTP/1.1" 200 158 "https://www.eirtechs.com/root_stripe/stripe/tests/Stripe/?ND" "Mozilla/5.0 (Linux; Android 7.0;) AppleWebKit/537.36 (KHTML, like Gecko) Mobile Safari/537.36 (compatible; PetalBot;+https://webmaster.petalsearch.com/site/petalbot)"
51.222.253.19 - - [15/Jan/2025:10:48:58 -0500] "GET /testbeta-atif/assets/fonts/icomoon/ HTTP/1.1" 200 704 "-" "Mozilla/5.0 (compatible; AhrefsBot/7.0; +http://ahrefs.com/robot/)"
114.119.145.115 - - [15/Jan/2025:10:52:08 -0500] "GET /admin/vendor/fontawesome-free/svgs/regular/thumbs-up.svg HTTP/1.1" 200 593 "https://www.eirtechs.com/admin/vendor/fontawesome-free/svgs/regular/?MD" "Mozilla/5.0 (Linux; Android 7.0;) AppleWebKit/537.36 (KHTML, like Gecko) Mobile Safari/537.36 (compatible; PetalBot;+https://webmaster.petalsearch.com/site/petalbot)"
51.222.253.17 - - [15/Jan/2025:10:52:25 -0500] "GET /testbeta/assets/fonts/open-iconic/?MA HTTP/1.1" 200 724 "-" "Mozilla/5.0 (compatible; AhrefsBot/7.0; +http://ahrefs.com/robot/)"
114.119.128.244 - - [15/Jan/2025:10:53:47 -0500] "GET /thankyou/signup.php HTTP/1.1" 200 5229 "https://www.eirtechs.com/thankyou/?MA" "Mozilla/5.0 (Linux; Android 7.0;) AppleWebKit/537.36 (KHTML, like Gecko) Mobile Safari/537.36 (compatible; PetalBot;+https://webmaster.petalsearch.com/site/petalbot)"
51.222.253.3 - - [15/Jan/2025:10:53:51 -0500] "GET /assest/image/mobile%20perspective/software%20development/?NA HTTP/1.1" 200 767 "-" "Mozilla/5.0 (compatible; AhrefsBot/7.0; +http://ahrefs.com/robot/)"
51.222.253.1 - - [15/Jan/2025:10:55:30 -0500] "GET /assets/videos/ HTTP/1.1" 200 1249 "-" "Mozilla/5.0 (compatible; AhrefsBot/7.0; +http://ahrefs.com/robot/)"
51.222.253.18 - - [15/Jan/2025:10:57:07 -0500] "GET /paynow/?ND HTTP/1.1" 200 684 "-" "Mozilla/5.0 (compatible; AhrefsBot/7.0; +http://ahrefs.com/robot/)"
114.119.145.225 - - [15/Jan/2025:10:57:09 -0500] "GET /testbeta/root_stripe/stripe/tests/Stripe/Error/BaseTest.php HTTP/1.1" 200 156 "https://eirtechs.com/testbeta/root_stripe/stripe/tests/Stripe/Error/" "Mozilla/5.0 (Linux; Android 7.0;) AppleWebKit/537.36 (KHTML, like Gecko) Mobile Safari/537.36 (compatible; PetalBot;+https://webmaster.petalsearch.com/site/petalbot)"
114.119.128.244 - - [15/Jan/2025:10:58:47 -0500] "GET /testbeta/root_stripe/stripe/lib/Terminal/?SD HTTP/1.1" 200 861 "https://www.eirtechs.com/testbeta/root_stripe/stripe/lib/Terminal/?SA" "Mozilla/5.0 (Linux; Android 7.0;) AppleWebKit/537.36 (KHTML, like Gecko) Mobile Safari/537.36 (compatible; PetalBot;+https://webmaster.petalsearch.com/site/petalbot)"
217.114.43.34 - - [15/Jan/2025:10:59:26 -0500] "GET / HTTP/1.1" 200 1894 "-" "python-requests/2.28.2"
51.222.253.10 - - [15/Jan/2025:11:02:08 -0500] "GET /testbeta/root_stripe/stripe/data/?SA HTTP/1.1" 200 639 "-" "Mozilla/5.0 (compatible; AhrefsBot/7.0; +http://ahrefs.com/robot/)"
114.119.128.244 - - [15/Jan/2025:11:02:08 -0500] "GET /testbeta/root_stripe/stripe/tests/Stripe/?SA HTTP/1.1" 200 2550 "https://eirtechs.com/testbeta/root_stripe/stripe/tests/Stripe/?MA" "Mozilla/5.0 (Linux; Android 7.0;) AppleWebKit/537.36 (KHTML, like Gecko) Mobile Safari/537.36 (compatible; PetalBot;+https://webmaster.petalsearch.com/site/petalbot)"
114.119.145.115 - - [15/Jan/2025:11:03:52 -0500] "GET /testbeta/assets/scss/bootstrap/_modal.scss HTTP/1.1" 200 4645 "https://www.eirtechs.com/testbeta/assets/scss/bootstrap/?SD" "Mozilla/5.0 (Linux; Android 7.0;) AppleWebKit/537.36 (KHTML, like Gecko) Mobile Safari/537.36 (compatible; PetalBot;+https://webmaster.petalsearch.com/site/petalbot)"
35.237.209.240 - - [15/Jan/2025:11:05:06 -0500] "GET /about.php HTTP/1.0" 200 6208 "-" "ZoominfoBot (zoominfobot at zoominfo dot com)"
51.222.253.6 - - [15/Jan/2025:11:05:10 -0500] "GET /root_stripe/stripe/lib/HttpClient/CurlClient.php HTTP/1.1" 200 149 "-" "Mozilla/5.0 (compatible; AhrefsBot/7.0; +http://ahrefs.com/robot/)"
114.119.135.120 - - [15/Jan/2025:11:07:08 -0500] "GET /testbeta/root_stripe/stripe/lib/Issuing/Authorization.php HTTP/1.1" 200 164 "https://eirtechs.com/testbeta/root_stripe/stripe/lib/Issuing/?NA" "Mozilla/5.0 (Linux; Android 7.0;) AppleWebKit/537.36 (KHTML, like Gecko) Mobile Safari/537.36 (compatible; PetalBot;+https://webmaster.petalsearch.com/site/petalbot)"
51.222.253.4 - - [15/Jan/2025:11:07:10 -0500] "GET /about/?NA HTTP/1.1" 200 1078 "-" "Mozilla/5.0 (compatible; AhrefsBot/7.0; +http://ahrefs.com/robot/)"
114.119.166.95 - - [15/Jan/2025:11:08:48 -0500] "GET /testbeta/assets/scss/bootstrap/_media.scss HTTP/1.1" 200 83 "https://www.eirtechs.com/testbeta/assets/scss/bootstrap/?SD" "Mozilla/5.0 (Linux; Android 7.0;) AppleWebKit/537.36 (KHTML, like Gecko) Mobile Safari/537.36 (compatible; PetalBot;+https://webmaster.petalsearch.com/site/petalbot)"
51.222.253.2 - - [15/Jan/2025:11:08:54 -0500] "GET /testbeta-atif/stripe/?NA HTTP/1.1" 200 654 "-" "Mozilla/5.0 (compatible; AhrefsBot/7.0; +http://ahrefs.com/robot/)"
51.222.253.2 - - [15/Jan/2025:11:10:31 -0500] "GET /build/css/?ND HTTP/1.1" 200 682 "-" "Mozilla/5.0 (compatible; AhrefsBot/7.0; +http://ahrefs.com/robot/)"
51.222.253.3 - - [15/Jan/2025:11:11:54 -0500] "GET /assest/image/slider/?ND HTTP/1.1" 200 1579 "-" "Mozilla/5.0 (compatible; AhrefsBot/7.0; +http://ahrefs.com/robot/)"
114.119.166.95 - - [15/Jan/2025:11:12:09 -0500] "GET /testbeta/assets/fonts/icomoon/icomoon.eot HTTP/1.1" 200 307332 "https://eirtechs.com/testbeta/assets/fonts/icomoon/" "Mozilla/5.0 (Linux; Android 7.0;) AppleWebKit/537.36 (KHTML, like Gecko) Mobile Safari/537.36 (compatible; PetalBot;+https://webmaster.petalsearch.com/site/petalbot)"
35.237.209.240 - - [15/Jan/2025:11:13:16 -0500] "GET /contact.php HTTP/1.0" 200 10955 "-" "ZoominfoBot (zoominfobot at zoominfo dot com)"
114.119.166.95 - - [15/Jan/2025:11:13:47 -0500] "GET /testbeta/assets/images/services/?MD HTTP/1.1" 200 899 "https://www.eirtechs.com/testbeta/assets/images/services/?MA" "Mozilla/5.0 (Linux; Android 7.0;) AppleWebKit/537.36 (KHTML, like Gecko) Mobile Safari/537.36 (compatible; PetalBot;+https://webmaster.petalsearch.com/site/petalbot)"
51.222.253.16 - - [15/Jan/2025:11:15:04 -0500] "GET /assest/image/logos/?ND HTTP/1.1" 200 619 "-" "Mozilla/5.0 (compatible; AhrefsBot/7.0; +http://ahrefs.com/robot/)"
114.119.128.244 - - [15/Jan/2025:11:17:08 -0500] "GET /testbeta-atif/assets/images/portfolio/website/14-min.jpg HTTP/1.1" 200 24833 "https://eirtechs.com/testbeta-atif/packages/web.php" "Mozilla/5.0 (Linux; Android 7.0;) AppleWebKit/537.36 (KHTML, like Gecko) Mobile Safari/537.36 (compatible; PetalBot;+https://webmaster.petalsearch.com/site/petalbot)"
51.222.253.16 - - [15/Jan/2025:11:18:31 -0500] "GET /testbeta-atif/assets/fonts/flaticon/font/?MA HTTP/1.1" 200 1081 "-" "Mozilla/5.0 (compatible; AhrefsBot/7.0; +http://ahrefs.com/robot/)"
114.119.145.115 - - [15/Jan/2025:11:18:48 -0500] "GET /testbeta/assets/css/css/mixins/?SD HTTP/1.1" 200 781 "https://www.eirtechs.com/testbeta/assets/css/css/mixins/?SA" "Mozilla/5.0 (Linux; Android 7.0;) AppleWebKit/537.36 (KHTML, like Gecko) Mobile Safari/537.36 (compatible; PetalBot;+https://webmaster.petalsearch.com/site/petalbot)"
51.222.253.5 - - [15/Jan/2025:11:20:21 -0500] "GET /admin/includes/navbar.php HTTP/1.1" 200 3181 "-" "Mozilla/5.0 (compatible; AhrefsBot/7.0; +http://ahrefs.com/robot/)"
35.237.209.240 - - [15/Jan/2025:11:21:40 -0500] "GET /about/ HTTP/1.0" 200 1298 "-" "ZoominfoBot (zoominfobot at zoominfo dot com)"
114.119.145.225 - - [15/Jan/2025:11:22:11 -0500] "GET /testbeta-atif/assets/images/portfolio/logo/39-min.jpg HTTP/1.1" 200 4130 "https://eirtechs.com/testbeta-atif/packages/logo.php" "Mozilla/5.0 (Linux; Android 7.0;) AppleWebKit/537.36 (KHTML, like Gecko) Mobile Safari/537.36 (compatible; PetalBot;+https://webmaster.petalsearch.com/site/petalbot)"
114.119.135.120 - - [15/Jan/2025:11:23:49 -0500] "GET /testbeta/assets/?NA HTTP/1.1" 200 822 "https://www.eirtechs.com/testbeta/assets/?SA" "Mozilla/5.0 (Linux; Android 7.0;) AppleWebKit/537.36 (KHTML, like Gecko) Mobile Safari/537.36 (compatible; PetalBot;+https://webmaster.petalsearch.com/site/petalbot)"
51.222.253.4 - - [15/Jan/2025:11:25:08 -0500] "GET /inc/qualities.php HTTP/1.1" 200 448 "-" "Mozilla/5.0 (compatible; AhrefsBot/7.0; +http://ahrefs.com/robot/)"
51.222.253.18 - - [15/Jan/2025:11:26:46 -0500] "GET /testbeta/root_stripe/ HTTP/1.1" 200 615 "-" "Mozilla/5.0 (compatible; AhrefsBot/7.0; +http://ahrefs.com/robot/)"
114.119.145.115 - - [15/Jan/2025:11:27:10 -0500] "GET /testbeta-atif/assets/images/portfolio/logo/26-min.jpg HTTP/1.1" 200 5045 "https://eirtechs.com/testbeta-atif/packages/logo.php" "Mozilla/5.0 (Linux; Android 7.0;) AppleWebKit/537.36 (KHTML, like Gecko) Mobile Safari/537.36 (compatible; PetalBot;+https://webmaster.petalsearch.com/site/petalbot)"
51.222.253.10 - - [15/Jan/2025:11:28:29 -0500] "GET /testbeta/root_stripe/stripe/lib/Error/?ND HTTP/1.1" 200 1183 "-" "Mozilla/5.0 (compatible; AhrefsBot/7.0; +http://ahrefs.com/robot/)"
114.119.136.199 - - [15/Jan/2025:11:28:53 -0500] "GET /testbeta-atif/services/?SA HTTP/1.1" 200 1239 "https://www.eirtechs.com/testbeta-atif/services/?NA" "Mozilla/5.0 (Linux; Android 7.0;) AppleWebKit/537.36 (KHTML, like Gecko) Mobile Safari/537.36 (compatible; PetalBot;+https://webmaster.petalsearch.com/site/petalbot)"
51.222.253.17 - - [15/Jan/2025:11:30:15 -0500] "GET /testbeta/assets/css/css/mixins/?ND HTTP/1.1" 200 628 "-" "Mozilla/5.0 (compatible; AhrefsBot/7.0; +http://ahrefs.com/robot/)"
47.128.36.73 - - [15/Jan/2025:11:30:25 -0500] "GET /root_stripe/stripe/lib/SourceTransaction.php HTTP/1.1" 200 140 "-" "Mozilla/5.0 (Linux; Android 5.0) AppleWebKit/537.36 (KHTML, like Gecko) Mobile Safari/537.36 (compatible; Bytespider; spider-feedback@bytedance.com)"
51.222.253.2 - - [15/Jan/2025:11:32:09 -0500] "GET /root_stripe/stripe/lib/Error/OAuth/?ND HTTP/1.1" 200 1077 "-" "Mozilla/5.0 (compatible; AhrefsBot/7.0; +http://ahrefs.com/robot/)"
114.119.145.225 - - [15/Jan/2025:11:32:09 -0500] "GET /testbeta-atif/assets/images/portfolio/branding/17-min.jpg HTTP/1.1" 200 38575 "https://eirtechs.com/testbeta-atif/packages/seo.php" "Mozilla/5.0 (Linux; Android 7.0;) AppleWebKit/537.36 (KHTML, like Gecko) Mobile Safari/537.36 (compatible; PetalBot;+https://webmaster.petalsearch.com/site/petalbot)"
51.222.253.4 - - [15/Jan/2025:11:33:38 -0500] "GET /testbeta-atif/root_stripe/stripe/lib/Reporting/?ND HTTP/1.1" 200 669 "-" "Mozilla/5.0 (compatible; AhrefsBot/7.0; +http://ahrefs.com/robot/)"
114.119.136.199 - - [15/Jan/2025:11:33:55 -0500] "GET /testbeta-atif/root_stripe/stripe/tests/Stripe/Issuing/TransactionTest.php HTTP/1.1" 200 167 "https://www.eirtechs.com/testbeta-atif/root_stripe/stripe/tests/Stripe/Issuing/?SA" "Mozilla/5.0 (Linux; Android 7.0;) AppleWebKit/537.36 (KHTML, like Gecko) Mobile Safari/537.36 (compatible; PetalBot;+https://webmaster.petalsearch.com/site/petalbot)"
47.128.30.229 - - [15/Jan/2025:11:34:25 -0500] "GET /testbeta/root_stripe/stripe/tests/Stripe/RefundTest.php HTTP/1.1" 200 145 "-" "Mozilla/5.0 (Linux; Android 5.0) AppleWebKit/537.36 (KHTML, like Gecko) Mobile Safari/537.36 (compatible; Bytespider; spider-feedback@bytedance.com)"
35.237.209.240 - - [15/Jan/2025:11:34:33 -0500] "GET /about.php HTTP/1.0" 200 6208 "-" "ZoominfoBot (zoominfobot at zoominfo dot com)"
114.119.154.65 - - [15/Jan/2025:11:37:10 -0500] "GET /testbeta-atif/assets/images/portfolio/branding/16-min.jpg HTTP/1.1" 200 48330 "https://eirtechs.com/testbeta-atif/packages/seo.php" "Mozilla/5.0 (Linux; Android 7.0;) AppleWebKit/537.36 (KHTML, like Gecko) Mobile Safari/537.36 (compatible; PetalBot;+https://webmaster.petalsearch.com/site/petalbot)"
51.222.253.13 - - [15/Jan/2025:11:38:19 -0500] "GET /assest/image/mobile%20perspective/digital%20marketing/?ND HTTP/1.1" 200 1035 "-" "Mozilla/5.0 (compatible; AhrefsBot/7.0; +http://ahrefs.com/robot/)"
47.128.124.111 - - [15/Jan/2025:11:38:26 -0500] "GET /root_stripe/stripe/tests/Stripe/Terminal/LocationTest.php HTTP/1.1" 200 145 "-" "Mozilla/5.0 (Linux; Android 5.0) AppleWebKit/537.36 (KHTML, like Gecko) Mobile Safari/537.36 (compatible; Bytespider; spider-feedback@bytedance.com)"
114.119.154.65 - - [15/Jan/2025:11:38:48 -0500] "GET /testbeta-atif/root_stripe/stripe/lib/Util/?ND HTTP/1.1" 200 1357 "https://www.eirtechs.com/testbeta-atif/root_stripe/stripe/lib/Util/" "Mozilla/5.0 (Linux; Android 7.0;) AppleWebKit/537.36 (KHTML, like Gecko) Mobile Safari/537.36 (compatible; PetalBot;+https://webmaster.petalsearch.com/site/petalbot)"
35.237.209.240 - - [15/Jan/2025:11:38:53 -0500] "GET /?ND HTTP/1.0" 200 2221 "-" "ZoominfoBot (zoominfobot at zoominfo dot com)"
51.222.253.7 - - [15/Jan/2025:11:39:51 -0500] "GET /admin/vendor/bootstrap/scss/ HTTP/1.1" 200 1817 "-" "Mozilla/5.0 (compatible; AhrefsBot/7.0; +http://ahrefs.com/robot/)"
35.237.209.240 - - [15/Jan/2025:11:40:27 -0500] "GET /assets/ HTTP/1.0" 200 1204 "-" "ZoominfoBot (zoominfobot at zoominfo dot com)"
35.237.209.240 - - [15/Jan/2025:11:40:46 -0500] "GET /contact.php HTTP/1.0" 200 10955 "-" "ZoominfoBot (zoominfobot at zoominfo dot com)"
51.222.253.3 - - [15/Jan/2025:11:41:34 -0500] "GET /testbeta-atif/root_stripe/stripe/lib/Util/?ND HTTP/1.1" 200 1133 "-" "Mozilla/5.0 (compatible; AhrefsBot/7.0; +http://ahrefs.com/robot/)"
114.119.128.244 - - [15/Jan/2025:11:42:10 -0500] "GET /testbeta-atif/assets/images/portfolio/branding/15-min.jpg HTTP/1.1" 200 55081 "https://eirtechs.com/testbeta-atif/packages/seo.php" "Mozilla/5.0 (Linux; Android 7.0;) AppleWebKit/537.36 (KHTML, like Gecko) Mobile Safari/537.36 (compatible; PetalBot;+https://webmaster.petalsearch.com/site/petalbot)"
114.80.36.40 - - [15/Jan/2025:11:42:53 -0500] "GET / HTTP/1.1" 200 2200 "http://eirtechs.com" "Mozilla/5.0 (iPhone; CPU iPhone OS 13_2_3 like Mac OS X) AppleWebKit/605.1.15 (KHTML, like Gecko) Version/13.0.3 Mobile/15E148 Safari/604.1"
51.222.253.20 - - [15/Jan/2025:11:43:02 -0500] "GET /testbeta-atif/root_stripe/stripe/lib/Issuing/Dispute.php HTTP/1.1" 200 148 "-" "Mozilla/5.0 (compatible; AhrefsBot/7.0; +http://ahrefs.com/robot/)"
114.119.145.225 - - [15/Jan/2025:11:43:50 -0500] "GET /testbeta-atif/root_stripe/stripe/lib/Issuing/Card.php HTTP/1.1" 200 161 "https://www.eirtechs.com/testbeta-atif/root_stripe/stripe/lib/Issuing/?ND" "Mozilla/5.0 (Linux; Android 7.0;) AppleWebKit/537.36 (KHTML, like Gecko) Mobile Safari/537.36 (compatible; PetalBot;+https://webmaster.petalsearch.com/site/petalbot)"
51.222.253.9 - - [15/Jan/2025:11:44:37 -0500] "GET /testbeta/root_stripe/stripe/lib/Error/OAuth/?ND HTTP/1.1" 200 1073 "-" "Mozilla/5.0 (compatible; AhrefsBot/7.0; +http://ahrefs.com/robot/)"
35.237.209.240 - - [15/Jan/2025:11:46:01 -0500] "GET /?ND HTTP/1.0" 200 2187 "-" "ZoominfoBot (zoominfobot at zoominfo dot com)"
51.222.253.3 - - [15/Jan/2025:11:46:27 -0500] "GET /admin/includes/scripts.php HTTP/1.1" 200 343 "-" "Mozilla/5.0 (compatible; AhrefsBot/7.0; +http://ahrefs.com/robot/)"
