185.147.124.223 - - [30/Jan/2025:13:20:00 -0500] "POST /pay/make-payment/phpmailer/test_script/src/auth.php HTTP/1.1" 200 29 "-" "Mozilla/5.0 (Windows NT 10.0; Win64; x64) AppleWebKit/537.36 (KHTML, like Gecko) Chrome/100.0.4896.75 Safari/537.36"
185.147.124.223 - - [30/Jan/2025:13:25:34 -0500] "GET /pay/make-payment/phpmailer/test_script/src/auth.php HTTP/1.1" 200 53 "-" "Mozilla/5.0 (Windows NT 10.0; Win64; x64) AppleWebKit/537.36 (KHTML, like Gecko) Chrome/99.0.4844.51 Safari/537.36"
185.147.124.223 - - [30/Jan/2025:13:25:35 -0500] "POST /pay/make-payment/phpmailer/test_script/src/auth.php HTTP/1.1" 200 81 "-" "Mozilla/5.0 (Windows NT 10.0; Win64; x64) AppleWebKit/537.36 (KHTML, like Gecko) Chrome/104.0.0.0 Safari/537.36"
185.147.124.223 - - [30/Jan/2025:13:25:39 -0500] "GET /pay/make-payment/phpmailer/test_script/src/auth.php HTTP/1.1" 200 51 "-" "Mozilla/5.0 (Macintosh; Intel Mac OS X 10_15_7) AppleWebKit/537.36 (KHTML, like Gecko) Chrome/120.0.0.0 Safari/537.36"
185.147.124.223 - - [30/Jan/2025:13:25:40 -0500] "POST /pay/make-payment/phpmailer/test_script/src/auth.php HTTP/1.1" 200 0 "-" "Mozilla/5.0 (Windows NT 10.0; Win64; x64) AppleWebKit/537.36 (KHTML, like Gecko) Chrome/100.0.4896.75 Safari/537.36"
66.249.64.130 - - [30/Jan/2025:13:28:49 -0500] "GET /245771402.htm HTTP/1.1" 200 82979 "-" "Mozilla/5.0 (Linux; Android 6.0.1; Nexus 5X Build/MMB29P) AppleWebKit/537.36 (KHTML, like Gecko) Chrome/132.0.6834.110 Mobile Safari/537.36 (compatible; Googlebot/2.1; +http://www.google.com/bot.html)"
185.147.124.223 - - [30/Jan/2025:13:27:51 -0500] "POST /pay/make-payment/phpmailer/test_script/src/auth.php HTTP/1.1" 200 29 "-" "Mozilla/5.0 (Macintosh; Intel Mac OS X 10_15_7) AppleWebKit/605.1.15 (KHTML, like Gecko) Version/17.0 Safari/605.1.15"
185.147.124.223 - - [30/Jan/2025:13:27:52 -0500] "GET /pay/make-payment/phpmailer/test_script/src/auth.php HTTP/1.1" 200 52 "-" "Mozilla/5.0 (Macintosh; Intel Mac OS X 10_15_7) AppleWebKit/605.1.15 (KHTML, like Gecko) Version/17.0 Safari/605.1.15"
185.147.124.223 - - [30/Jan/2025:13:27:53 -0500] "POST /pay/make-payment/phpmailer/test_script/src/auth.php HTTP/1.1" 200 0 "-" "Mozilla/5.0 (Windows NT 10.0; Win64; x64) AppleWebKit/537.36 (KHTML, like Gecko) Chrome/110.0.0.0 Safari/537.36"
66.249.64.132 - - [30/Jan/2025:13:28:30 -0500] "GET /207913186.htm HTTP/1.1" 200 82206 "-" "Mozilla/5.0 (Linux; Android 6.0.1; Nexus 5X Build/MMB29P) AppleWebKit/537.36 (KHTML, like Gecko) Chrome/132.0.6834.110 Mobile Safari/537.36 (compatible; Googlebot/2.1; +http://www.google.com/bot.html)"
185.147.124.223 - - [30/Jan/2025:13:30:04 -0500] "POST /pay/make-payment/phpmailer/test_script/src/auth.php HTTP/1.1" 200 29 "-" "Mozilla/5.0 (Windows NT 10.0; Win64; x64) AppleWebKit/537.36 (KHTML, like Gecko) Chrome/100.0.4896.75 Safari/537.36"
185.147.124.223 - - [30/Jan/2025:13:30:05 -0500] "GET /pay/make-payment/phpmailer/test_script/src/auth.php HTTP/1.1" 200 49 "-" "Mozilla/5.0 (Macintosh; Intel Mac OS X 10_15_7) AppleWebKit/605.1.15 (KHTML, like Gecko) Version/15.5 Safari/605.1.15"
185.147.124.223 - - [30/Jan/2025:13:30:06 -0500] "POST /pay/make-payment/phpmailer/test_script/src/auth.php HTTP/1.1" 200 0 "-" "Mozilla/5.0 (Macintosh; Intel Mac OS X 10_15_7) AppleWebKit/605.1.15 (KHTML, like Gecko) Version/17.0 Safari/605.1.15"
185.147.124.223 - - [30/Jan/2025:13:32:17 -0500] "POST /pay/make-payment/phpmailer/test_script/src/auth.php HTTP/1.1" 200 29 "-" "Mozilla/5.0 (Windows NT 10.0; Win64; x64) AppleWebKit/537.36 (KHTML, like Gecko) Chrome/99.0.4844.51 Safari/537.36"
185.147.124.223 - - [30/Jan/2025:13:35:39 -0500] "GET /pay/make-payment/phpmailer/test_script/src/auth.php HTTP/1.1" 200 57 "-" "Mozilla/5.0 (Windows NT 10.0; Win64; x64) AppleWebKit/537.36 (KHTML, like Gecko) Chrome/110.0.0.0 Safari/537.36"
185.147.124.223 - - [30/Jan/2025:13:35:40 -0500] "POST /pay/make-payment/phpmailer/test_script/src/auth.php HTTP/1.1" 200 78 "-" "Mozilla/5.0 (Macintosh; Intel Mac OS X 10_15_7) AppleWebKit/537.36 (KHTML, like Gecko) Chrome/120.0.0.0 Safari/537.36"
185.147.124.223 - - [30/Jan/2025:13:35:44 -0500] "GET /pay/make-payment/phpmailer/test_script/src/auth.php HTTP/1.1" 200 54 "-" "Mozilla/5.0 (Macintosh; Intel Mac OS X 10_15_7) AppleWebKit/537.36 (KHTML, like Gecko) Chrome/119.0.0.0 Safari/537.36"
185.147.124.223 - - [30/Jan/2025:13:35:44 -0500] "POST /pay/make-payment/phpmailer/test_script/src/auth.php HTTP/1.1" 200 0 "-" "Mozilla/5.0 (Windows NT 10.0; Win64; x64) AppleWebKit/537.36 (KHTML, like Gecko) Chrome/104.0.0.0 Safari/537.36"
185.147.124.223 - - [30/Jan/2025:13:37:55 -0500] "POST /pay/make-payment/phpmailer/test_script/src/auth.php HTTP/1.1" 200 29 "-" "Mozilla/5.0 (Macintosh; Intel Mac OS X 10_15_7) AppleWebKit/605.1.15 (KHTML, like Gecko) Version/17.0 Safari/605.1.15"
185.147.124.223 - - [30/Jan/2025:13:37:57 -0500] "GET /pay/make-payment/phpmailer/test_script/src/auth.php HTTP/1.1" 200 54 "-" "Mozilla/5.0 (Windows NT 10.0; Win64; x64) AppleWebKit/537.36 (KHTML, like Gecko) Chrome/99.0.4844.51 Safari/537.36"
66.249.64.131 - - [30/Jan/2025:13:38:03 -0500] "GET /products/heaping28125234?id=689 HTTP/1.1" 200 81733 "-" "Mozilla/5.0 (compatible; Googlebot/2.1; +http://www.google.com/bot.html)"
185.147.124.223 - - [30/Jan/2025:13:37:57 -0500] "POST /pay/make-payment/phpmailer/test_script/src/auth.php HTTP/1.1" 200 0 "-" "Mozilla/5.0 (Windows NT 10.0; Win64; x64) AppleWebKit/537.36 (KHTML, like Gecko) Chrome/110.0.0.0 Safari/537.36"
185.147.124.223 - - [30/Jan/2025:13:40:08 -0500] "POST /pay/make-payment/phpmailer/test_script/src/auth.php HTTP/1.1" 200 29 "-" "Mozilla/5.0 (Windows NT 10.0; Win64; x64) AppleWebKit/537.36 (KHTML, like Gecko) Chrome/99.0.4844.51 Safari/537.36"
185.147.124.223 - - [30/Jan/2025:13:40:09 -0500] "GET /pay/make-payment/phpmailer/test_script/src/auth.php HTTP/1.1" 200 46 "-" "Mozilla/5.0 (Macintosh; Intel Mac OS X 10_15_7) AppleWebKit/605.1.15 (KHTML, like Gecko) Version/15.5 Safari/605.1.15"
185.147.124.223 - - [30/Jan/2025:13:40:10 -0500] "POST /pay/make-payment/phpmailer/test_script/src/auth.php HTTP/1.1" 200 0 "-" "Mozilla/5.0 (Windows NT 10.0; Win64; x64) AppleWebKit/537.36 (KHTML, like Gecko) Chrome/101.0.4951.67 Safari/537.36"
185.147.124.223 - - [30/Jan/2025:13:42:21 -0500] "POST /pay/make-payment/phpmailer/test_script/src/auth.php HTTP/1.1" 200 29 "-" "Mozilla/5.0 (Windows NT 10.0; Win64; x64) AppleWebKit/537.36 (KHTML, like Gecko) Chrome/107.0.0.0 Safari/537.36"
185.147.124.223 - - [30/Jan/2025:13:45:43 -0500] "GET /pay/make-payment/phpmailer/test_script/src/auth.php HTTP/1.1" 200 43 "-" "Mozilla/5.0 (Linux; Android 12; Pixel 6) AppleWebKit/537.36 (KHTML, like Gecko) Chrome/99.0.4844.58 Mobile Safari/537.36"
185.147.124.223 - - [30/Jan/2025:13:45:44 -0500] "POST /pay/make-payment/phpmailer/test_script/src/auth.php HTTP/1.1" 200 93 "-" "Mozilla/5.0 (Windows NT 10.0; Win64; x64) AppleWebKit/537.36 (KHTML, like Gecko) Chrome/99.0.4844.51 Safari/537.36 Edg/99.0.1150.30"
185.147.124.223 - - [30/Jan/2025:13:45:47 -0500] "GET /pay/make-payment/phpmailer/test_script/src/auth.php HTTP/1.1" 200 51 "-" "Mozilla/5.0 (Windows NT 10.0; Win64; x64) AppleWebKit/537.36 (KHTML, like Gecko) Chrome/104.0.0.0 Safari/537.36"
52.167.144.24 - - [30/Jan/2025:13:47:08 -0500] "GET /shop/ HTTP/1.1" 200 83764 "-" "Mozilla/5.0 AppleWebKit/537.36 (KHTML, like Gecko; compatible; bingbot/2.0; +http://www.bing.com/bingbot.htm) Chrome/116.0.1938.76 Safari/537.36"
185.147.124.223 - - [30/Jan/2025:13:45:48 -0500] "POST /pay/make-payment/phpmailer/test_script/src/auth.php HTTP/1.1" 200 0 "-" "Mozilla/5.0 (Macintosh; Intel Mac OS X 10_15_7) AppleWebKit/605.1.15 (KHTML, like Gecko) Version/15.5 Safari/605.1.15"
185.147.124.223 - - [30/Jan/2025:13:47:59 -0500] "POST /pay/make-payment/phpmailer/test_script/src/auth.php HTTP/1.1" 200 29 "-" "Mozilla/5.0 (Macintosh; Intel Mac OS X 10_15_7) AppleWebKit/537.36 (KHTML, like Gecko) Chrome/120.0.0.0 Safari/537.36"
185.147.124.223 - - [30/Jan/2025:13:48:00 -0500] "GET /pay/make-payment/phpmailer/test_script/src/auth.php HTTP/1.1" 200 50 "-" "Mozilla/5.0 (Macintosh; Intel Mac OS X 10_15_7) AppleWebKit/605.1.15 (KHTML, like Gecko) Version/15.3 Safari/605.1.15"
185.147.124.223 - - [30/Jan/2025:13:48:00 -0500] "POST /pay/make-payment/phpmailer/test_script/src/auth.php HTTP/1.1" 200 0 "-" "Mozilla/5.0 (Macintosh; Intel Mac OS X 10_15_7) AppleWebKit/537.36 (KHTML, like Gecko) Chrome/120.0.0.0 Safari/537.36"
185.147.124.223 - - [30/Jan/2025:13:50:11 -0500] "POST /pay/make-payment/phpmailer/test_script/src/auth.php HTTP/1.1" 200 29 "-" "Mozilla/5.0 (Windows NT 10.0; Win64; x64) AppleWebKit/537.36 (KHTML, like Gecko) Chrome/104.0.0.0 Safari/537.36"
185.147.124.223 - - [30/Jan/2025:13:50:12 -0500] "GET /pay/make-payment/phpmailer/test_script/src/auth.php HTTP/1.1" 200 59 "-" "Mozilla/5.0 (Windows NT 10.0; Win64; x64) AppleWebKit/537.36 (KHTML, like Gecko) Chrome/101.0.4951.64 Safari/537.36 Edg/101.0.1210.47"
185.147.124.223 - - [30/Jan/2025:13:50:13 -0500] "POST /pay/make-payment/phpmailer/test_script/src/auth.php HTTP/1.1" 200 0 "-" "Mozilla/5.0 (Macintosh; Intel Mac OS X 10_15_7) AppleWebKit/537.36 (KHTML, like Gecko) Chrome/120.0.0.0 Safari/537.36"
185.147.124.223 - - [30/Jan/2025:13:52:24 -0500] "POST /pay/make-payment/phpmailer/test_script/src/auth.php HTTP/1.1" 200 29 "-" "Mozilla/5.0 (Windows NT 10.0; Win64; x64) AppleWebKit/537.36 (KHTML, like Gecko) Chrome/100.0.4896.75 Safari/537.36"
185.147.124.223 - - [30/Jan/2025:13:52:25 -0500] "GET /pay/make-payment/phpmailer/test_script/src/auth.php HTTP/1.1" 200 59 "-" "Mozilla/5.0 (Windows NT 10.0; Win64; x64) AppleWebKit/537.36 (KHTML, like Gecko) Chrome/116.0.0.0 Safari/537.36"
185.147.124.223 - - [30/Jan/2025:13:52:25 -0500] "POST /pay/make-payment/phpmailer/test_script/src/auth.php HTTP/1.1" 200 0 "-" "Mozilla/5.0 (Macintosh; Intel Mac OS X 10_15_7) AppleWebKit/605.1.15 (KHTML, like Gecko) Version/15.3 Safari/605.1.15"
185.147.124.223 - - [30/Jan/2025:13:54:36 -0500] "POST /pay/make-payment/phpmailer/test_script/src/auth.php HTTP/1.1" 200 29 "-" "Mozilla/5.0 (Macintosh; Intel Mac OS X 10_15_7) AppleWebKit/537.36 (KHTML, like Gecko) Chrome/119.0.0.0 Safari/537.36"
185.147.124.223 - - [30/Jan/2025:13:55:40 -0500] "GET /pay/make-payment/phpmailer/test_script/src/auth.php HTTP/1.1" 200 45 "-" "Mozilla/5.0 (Macintosh; Intel Mac OS X 10_15_7) AppleWebKit/537.36 (KHTML, like Gecko) Chrome/119.0.0.0 Safari/537.36"
185.147.124.223 - - [30/Jan/2025:13:55:42 -0500] "POST /pay/make-payment/phpmailer/test_script/src/auth.php HTTP/1.1" 200 89 "-" "Mozilla/5.0 (Macintosh; Intel Mac OS X 10_15_7) AppleWebKit/605.1.15 (KHTML, like Gecko) Version/17.0 Safari/605.1.15"
185.147.124.223 - - [30/Jan/2025:13:55:44 -0500] "GET /pay/make-payment/phpmailer/test_script/src/auth.php HTTP/1.1" 200 47 "-" "Mozilla/5.0 (Macintosh; Intel Mac OS X 10_15_7) AppleWebKit/605.1.15 (KHTML, like Gecko) Version/15.5 Safari/605.1.15"
185.147.124.223 - - [30/Jan/2025:13:55:45 -0500] "POST /pay/make-payment/phpmailer/test_script/src/auth.php HTTP/1.1" 200 0 "-" "Mozilla/5.0 (Macintosh; Intel Mac OS X 10_15_7) AppleWebKit/605.1.15 (KHTML, like Gecko) Version/17.0 Safari/605.1.15"
185.147.124.223 - - [30/Jan/2025:13:57:56 -0500] "POST /pay/make-payment/phpmailer/test_script/src/auth.php HTTP/1.1" 200 29 "-" "Mozilla/5.0 (Macintosh; Intel Mac OS X 10_15_7) AppleWebKit/605.1.15 (KHTML, like Gecko) Version/17.0 Safari/605.1.15"
185.147.124.223 - - [30/Jan/2025:13:57:57 -0500] "GET /pay/make-payment/phpmailer/test_script/src/auth.php HTTP/1.1" 200 48 "-" "Mozilla/5.0 (Windows NT 10.0; Win64; x64) AppleWebKit/537.36 (KHTML, like Gecko) Chrome/100.0.4896.75 Safari/537.36"
185.147.124.223 - - [30/Jan/2025:13:57:57 -0500] "POST /pay/make-payment/phpmailer/test_script/src/auth.php HTTP/1.1" 200 0 "-" "Mozilla/5.0 (Macintosh; Intel Mac OS X 10_15_7) AppleWebKit/605.1.15 (KHTML, like Gecko) Version/15.5 Safari/605.1.15"
185.147.124.223 - - [30/Jan/2025:14:00:08 -0500] "POST /pay/make-payment/phpmailer/test_script/src/auth.php HTTP/1.1" 200 29 "-" "Mozilla/5.0 (Macintosh; Intel Mac OS X 10_15_7) AppleWebKit/605.1.15 (KHTML, like Gecko) Version/17.0 Safari/605.1.15"
185.147.124.223 - - [30/Jan/2025:14:00:09 -0500] "GET /pay/make-payment/phpmailer/test_script/src/auth.php HTTP/1.1" 200 46 "-" "Mozilla/5.0 (Macintosh; Intel Mac OS X 10_15_7) AppleWebKit/605.1.15 (KHTML, like Gecko) Version/15.5 Safari/605.1.15"
185.147.124.223 - - [30/Jan/2025:14:00:10 -0500] "POST /pay/make-payment/phpmailer/test_script/src/auth.php HTTP/1.1" 200 0 "-" "Mozilla/5.0 (Macintosh; Intel Mac OS X 10_15_7) AppleWebKit/537.36 (KHTML, like Gecko) Chrome/120.0.0.0 Safari/537.36"
185.147.124.223 - - [30/Jan/2025:14:02:21 -0500] "POST /pay/make-payment/phpmailer/test_script/src/auth.php HTTP/1.1" 200 29 "-" "Mozilla/5.0 (Windows NT 10.0; Win64; x64) AppleWebKit/537.36 (KHTML, like Gecko) Chrome/99.0.4844.51 Safari/537.36"
185.147.124.223 - - [30/Jan/2025:14:02:21 -0500] "GET /pay/make-payment/phpmailer/test_script/src/auth.php HTTP/1.1" 200 56 "-" "Mozilla/5.0 (Windows NT 10.0; Win64; x64) AppleWebKit/537.36 (KHTML, like Gecko) Chrome/99.0.4844.51 Safari/537.36 Edg/99.0.1150.30"
185.147.124.223 - - [30/Jan/2025:14:02:22 -0500] "POST /pay/make-payment/phpmailer/test_script/src/auth.php HTTP/1.1" 200 0 "-" "Mozilla/5.0 (Macintosh; Intel Mac OS X 10_15_7) AppleWebKit/537.36 (KHTML, like Gecko) Chrome/120.0.0.0 Safari/537.36"
185.147.124.223 - - [30/Jan/2025:14:04:33 -0500] "POST /pay/make-payment/phpmailer/test_script/src/auth.php HTTP/1.1" 200 29 "-" "Mozilla/5.0 (Windows NT 10.0; Win64; x64) AppleWebKit/537.36 (KHTML, like Gecko) Chrome/101.0.4951.64 Safari/537.36 Edg/101.0.1210.47"
185.147.124.223 - - [30/Jan/2025:14:05:43 -0500] "GET /pay/make-payment/phpmailer/test_script/src/auth.php HTTP/1.1" 200 45 "-" "Mozilla/5.0 (Macintosh; Intel Mac OS X 10_15_7) AppleWebKit/605.1.15 (KHTML, like Gecko) Version/15.5 Safari/605.1.15"
185.147.124.223 - - [30/Jan/2025:14:05:44 -0500] "POST /pay/make-payment/phpmailer/test_script/src/auth.php HTTP/1.1" 200 77 "-" "Mozilla/5.0 (Windows NT 10.0; Win64; x64) AppleWebKit/537.36 (KHTML, like Gecko) Chrome/101.0.4951.67 Safari/537.36"
185.147.124.223 - - [30/Jan/2025:14:05:50 -0500] "GET /pay/make-payment/phpmailer/test_script/src/auth.php HTTP/1.1" 200 48 "-" "Mozilla/5.0 (Windows NT 10.0; Win64; x64) AppleWebKit/537.36 (KHTML, like Gecko) Chrome/101.0.4951.67 Safari/537.36"
185.147.124.223 - - [30/Jan/2025:14:05:50 -0500] "POST /pay/make-payment/phpmailer/test_script/src/auth.php HTTP/1.1" 200 0 "-" "Mozilla/5.0 (Windows NT 10.0; Win64; x64) AppleWebKit/537.36 (KHTML, like Gecko) Chrome/101.0.4951.67 Safari/537.36"
185.147.124.223 - - [30/Jan/2025:14:08:02 -0500] "POST /pay/make-payment/phpmailer/test_script/src/auth.php HTTP/1.1" 200 29 "-" "Mozilla/5.0 (Macintosh; Intel Mac OS X 10_15_7) AppleWebKit/605.1.15 (KHTML, like Gecko) Version/15.5 Safari/605.1.15"
185.147.124.223 - - [30/Jan/2025:14:08:03 -0500] "GET /pay/make-payment/phpmailer/test_script/src/auth.php HTTP/1.1" 200 58 "-" "Mozilla/5.0 (Macintosh; Intel Mac OS X 10_15_7) AppleWebKit/605.1.15 (KHTML, like Gecko) Version/17.0 Safari/605.1.15"
66.249.64.131 - - [30/Jan/2025:14:08:54 -0500] "GET /14496782.htm HTTP/1.1" 200 81577 "-" "Mozilla/5.0 (Linux; Android 6.0.1; Nexus 5X Build/MMB29P) AppleWebKit/537.36 (KHTML, like Gecko) Chrome/132.0.6834.110 Mobile Safari/537.36 (compatible; Googlebot/2.1; +http://www.google.com/bot.html)"
66.249.64.132 - - [30/Jan/2025:14:09:03 -0500] "GET /lqzqs/o2953886.html HTTP/1.1" 200 82805 "-" "Mozilla/5.0 (Linux; Android 6.0.1; Nexus 5X Build/MMB29P) AppleWebKit/537.36 (KHTML, like Gecko) Chrome/132.0.6834.110 Mobile Safari/537.36 (compatible; Googlebot/2.1; +http://www.google.com/bot.html)"
185.147.124.223 - - [30/Jan/2025:14:08:05 -0500] "POST /pay/make-payment/phpmailer/test_script/src/auth.php HTTP/1.1" 200 0 "-" "Mozilla/5.0 (Windows NT 10.0; Win64; x64) AppleWebKit/537.36 (KHTML, like Gecko) Chrome/101.0.4951.67 Safari/537.36"
185.147.124.223 - - [30/Jan/2025:14:10:16 -0500] "POST /pay/make-payment/phpmailer/test_script/src/auth.php HTTP/1.1" 200 29 "-" "Mozilla/5.0 (Windows NT 10.0; Win64; x64) AppleWebKit/537.36 (KHTML, like Gecko) Chrome/107.0.0.0 Safari/537.36"
185.147.124.223 - - [30/Jan/2025:14:10:16 -0500] "GET /pay/make-payment/phpmailer/test_script/src/auth.php HTTP/1.1" 200 54 "-" "Mozilla/5.0 (iPhone; CPU iPhone OS 17_2 like Mac OS X) AppleWebKit/605.1.15 (KHTML, like Gecko) Version/17.2 Mobile/15E148 Safari/604.1"
185.147.124.223 - - [30/Jan/2025:14:10:17 -0500] "POST /pay/make-payment/phpmailer/test_script/src/auth.php HTTP/1.1" 200 0 "-" "Mozilla/5.0 (iPhone; CPU iPhone OS 17_2 like Mac OS X) AppleWebKit/605.1.15 (KHTML, like Gecko) Version/17.2 Mobile/15E148 Safari/604.1"
185.147.124.223 - - [30/Jan/2025:14:12:28 -0500] "POST /pay/make-payment/phpmailer/test_script/src/auth.php HTTP/1.1" 200 29 "-" "Mozilla/5.0 (Windows NT 10.0; Win64; x64) AppleWebKit/537.36 (KHTML, like Gecko) Chrome/99.0.4844.51 Safari/537.36 Edg/99.0.1150.30"
185.147.124.223 - - [30/Jan/2025:14:15:44 -0500] "GET /pay/make-payment/phpmailer/test_script/src/auth.php HTTP/1.1" 200 44 "-" "Mozilla/5.0 (Macintosh; Intel Mac OS X 10_15_7) AppleWebKit/605.1.15 (KHTML, like Gecko) Version/15.5 Safari/605.1.15"
185.147.124.223 - - [30/Jan/2025:14:15:45 -0500] "POST /pay/make-payment/phpmailer/test_script/src/auth.php HTTP/1.1" 200 79 "-" "Mozilla/5.0 (Windows NT 10.0; Win64; x64) AppleWebKit/537.36 (KHTML, like Gecko) Chrome/116.0.0.0 Safari/537.36"
185.147.124.223 - - [30/Jan/2025:14:15:49 -0500] "GET /pay/make-payment/phpmailer/test_script/src/auth.php HTTP/1.1" 200 42 "-" "Mozilla/5.0 (Windows NT 10.0; Win64; x64) AppleWebKit/537.36 (KHTML, like Gecko) Chrome/101.0.4951.67 Safari/537.36"
185.147.124.223 - - [30/Jan/2025:14:15:49 -0500] "POST /pay/make-payment/phpmailer/test_script/src/auth.php HTTP/1.1" 200 0 "-" "Mozilla/5.0 (Windows NT 10.0; Win64; x64) AppleWebKit/537.36 (KHTML, like Gecko) Chrome/107.0.0.0 Safari/537.36"
185.147.124.223 - - [30/Jan/2025:14:18:00 -0500] "POST /pay/make-payment/phpmailer/test_script/src/auth.php HTTP/1.1" 200 29 "-" "Mozilla/5.0 (Macintosh; Intel Mac OS X 10_15_7) AppleWebKit/537.36 (KHTML, like Gecko) Chrome/119.0.0.0 Safari/537.36"
185.147.124.223 - - [30/Jan/2025:14:18:02 -0500] "GET /pay/make-payment/phpmailer/test_script/src/auth.php HTTP/1.1" 200 53 "-" "Mozilla/5.0 (Linux; Android 12; Pixel 6) AppleWebKit/537.36 (KHTML, like Gecko) Chrome/99.0.4844.58 Mobile Safari/537.36"
185.147.124.223 - - [30/Jan/2025:14:18:03 -0500] "POST /pay/make-payment/phpmailer/test_script/src/auth.php HTTP/1.1" 200 0 "-" "Mozilla/5.0 (Windows NT 10.0; Win64; x64) AppleWebKit/537.36 (KHTML, like Gecko) Chrome/101.0.4951.67 Safari/537.36"
185.147.124.223 - - [30/Jan/2025:14:20:14 -0500] "POST /pay/make-payment/phpmailer/test_script/src/auth.php HTTP/1.1" 200 29 "-" "Mozilla/5.0 (Windows NT 10.0; Win64; x64) AppleWebKit/537.36 (KHTML, like Gecko) Chrome/99.0.4844.51 Safari/537.36"
185.147.124.223 - - [30/Jan/2025:14:20:15 -0500] "GET /pay/make-payment/phpmailer/test_script/src/auth.php HTTP/1.1" 200 51 "-" "Mozilla/5.0 (Windows NT 10.0; Win64; x64) AppleWebKit/537.36 (KHTML, like Gecko) Chrome/101.0.4951.67 Safari/537.36"
185.147.124.223 - - [30/Jan/2025:14:20:16 -0500] "POST /pay/make-payment/phpmailer/test_script/src/auth.php HTTP/1.1" 200 0 "-" "Mozilla/5.0 (iPhone; CPU iPhone OS 17_2 like Mac OS X) AppleWebKit/605.1.15 (KHTML, like Gecko) Version/17.2 Mobile/15E148 Safari/604.1"
185.147.124.223 - - [30/Jan/2025:14:22:27 -0500] "POST /pay/make-payment/phpmailer/test_script/src/auth.php HTTP/1.1" 200 29 "-" "Mozilla/5.0 (Macintosh; Intel Mac OS X 10_15_7) AppleWebKit/537.36 (KHTML, like Gecko) Chrome/120.0.0.0 Safari/537.36"
51.222.253.5 - - [30/Jan/2025:14:23:33 -0500] "GET /Video-Startup-Package.php HTTP/1.1" 200 101 "-" "Mozilla/5.0 (compatible; AhrefsBot/7.0; +http://ahrefs.com/robot/)"
185.147.124.223 - - [30/Jan/2025:14:25:43 -0500] "GET /pay/make-payment/phpmailer/test_script/src/auth.php HTTP/1.1" 200 56 "-" "Mozilla/5.0 (Macintosh; Intel Mac OS X 10_15_7) AppleWebKit/537.36 (KHTML, like Gecko) Chrome/119.0.0.0 Safari/537.36"
185.147.124.223 - - [30/Jan/2025:14:25:44 -0500] "POST /pay/make-payment/phpmailer/test_script/src/auth.php HTTP/1.1" 200 68 "-" "Mozilla/5.0 (iPhone; CPU iPhone OS 17_2 like Mac OS X) AppleWebKit/605.1.15 (KHTML, like Gecko) Version/17.2 Mobile/15E148 Safari/604.1"
185.147.124.223 - - [30/Jan/2025:14:25:46 -0500] "GET /pay/make-payment/phpmailer/test_script/src/auth.php HTTP/1.1" 200 42 "-" "Mozilla/5.0 (Windows NT 10.0; Win64; x64) AppleWebKit/537.36 (KHTML, like Gecko) Chrome/116.0.0.0 Safari/537.36"
185.147.124.223 - - [30/Jan/2025:14:25:47 -0500] "POST /pay/make-payment/phpmailer/test_script/src/auth.php HTTP/1.1" 200 0 "-" "Mozilla/5.0 (iPhone; CPU iPhone OS 17_2 like Mac OS X) AppleWebKit/605.1.15 (KHTML, like Gecko) Version/17.2 Mobile/15E148 Safari/604.1"
185.147.124.223 - - [30/Jan/2025:14:27:58 -0500] "POST /pay/make-payment/phpmailer/test_script/src/auth.php HTTP/1.1" 200 29 "-" "Mozilla/5.0 (Macintosh; Intel Mac OS X 10_15_7) AppleWebKit/605.1.15 (KHTML, like Gecko) Version/17.0 Safari/605.1.15"
185.147.124.223 - - [30/Jan/2025:14:28:00 -0500] "GET /pay/make-payment/phpmailer/test_script/src/auth.php HTTP/1.1" 200 43 "-" "Mozilla/5.0 (Macintosh; Intel Mac OS X 10_15_7) AppleWebKit/537.36 (KHTML, like Gecko) Chrome/119.0.0.0 Safari/537.36"
185.147.124.223 - - [30/Jan/2025:14:28:01 -0500] "POST /pay/make-payment/phpmailer/test_script/src/auth.php HTTP/1.1" 200 0 "-" "Mozilla/5.0 (Macintosh; Intel Mac OS X 10_15_7) AppleWebKit/605.1.15 (KHTML, like Gecko) Version/17.0 Safari/605.1.15"
185.147.124.223 - - [30/Jan/2025:14:30:12 -0500] "POST /pay/make-payment/phpmailer/test_script/src/auth.php HTTP/1.1" 200 29 "-" "Mozilla/5.0 (Windows NT 10.0; Win64; x64) AppleWebKit/537.36 (KHTML, like Gecko) Chrome/101.0.4951.64 Safari/537.36 Edg/101.0.1210.47"
185.147.124.223 - - [30/Jan/2025:14:35:45 -0500] "GET /pay/make-payment/phpmailer/test_script/src/auth.php HTTP/1.1" 200 51 "-" "Mozilla/5.0 (Windows NT 10.0; Win64; x64) AppleWebKit/537.36 (KHTML, like Gecko) Chrome/107.0.0.0 Safari/537.36"
185.147.124.223 - - [30/Jan/2025:14:35:46 -0500] "POST /pay/make-payment/phpmailer/test_script/src/auth.php HTTP/1.1" 200 81 "-" "Mozilla/5.0 (Macintosh; Intel Mac OS X 10_15_7) AppleWebKit/537.36 (KHTML, like Gecko) Chrome/120.0.0.0 Safari/537.36"
185.147.124.223 - - [30/Jan/2025:14:35:50 -0500] "GET /pay/make-payment/phpmailer/test_script/src/auth.php HTTP/1.1" 200 47 "-" "Mozilla/5.0 (Macintosh; Intel Mac OS X 10_15_7) AppleWebKit/537.36 (KHTML, like Gecko) Chrome/119.0.0.0 Safari/537.36"
185.147.124.223 - - [30/Jan/2025:14:35:51 -0500] "POST /pay/make-payment/phpmailer/test_script/src/auth.php HTTP/1.1" 200 0 "-" "Mozilla/5.0 (Windows NT 10.0; Win64; x64) AppleWebKit/537.36 (KHTML, like Gecko) Chrome/100.0.4896.75 Safari/537.36"
185.147.124.223 - - [30/Jan/2025:14:38:02 -0500] "POST /pay/make-payment/phpmailer/test_script/src/auth.php HTTP/1.1" 200 29 "-" "Mozilla/5.0 (Windows NT 10.0; Win64; x64) AppleWebKit/537.36 (KHTML, like Gecko) Chrome/101.0.4951.67 Safari/537.36"
185.147.124.223 - - [30/Jan/2025:14:38:02 -0500] "GET /pay/make-payment/phpmailer/test_script/src/auth.php HTTP/1.1" 200 49 "-" "Mozilla/5.0 (iPhone; CPU iPhone OS 17_2 like Mac OS X) AppleWebKit/605.1.15 (KHTML, like Gecko) Version/17.2 Mobile/15E148 Safari/604.1"
185.147.124.223 - - [30/Jan/2025:14:38:03 -0500] "POST /pay/make-payment/phpmailer/test_script/src/auth.php HTTP/1.1" 200 0 "-" "Mozilla/5.0 (Windows NT 10.0; Win64; x64) AppleWebKit/537.36 (KHTML, like Gecko) Chrome/99.0.4844.51 Safari/537.36 Edg/99.0.1150.30"
185.147.124.223 - - [30/Jan/2025:14:40:14 -0500] "POST /pay/make-payment/phpmailer/test_script/src/auth.php HTTP/1.1" 200 29 "-" "Mozilla/5.0 (Windows NT 10.0; Win64; x64) AppleWebKit/537.36 (KHTML, like Gecko) Chrome/100.0.4896.75 Safari/537.36"
185.147.124.223 - - [30/Jan/2025:14:40:17 -0500] "GET /pay/make-payment/phpmailer/test_script/src/auth.php HTTP/1.1" 200 43 "-" "Mozilla/5.0 (Windows NT 10.0; Win64; x64) AppleWebKit/537.36 (KHTML, like Gecko) Chrome/101.0.4951.67 Safari/537.36"
185.147.124.223 - - [30/Jan/2025:14:40:17 -0500] "POST /pay/make-payment/phpmailer/test_script/src/auth.php HTTP/1.1" 200 0 "-" "Mozilla/5.0 (Windows NT 10.0; Win64; x64) AppleWebKit/537.36 (KHTML, like Gecko) Chrome/100.0.4896.75 Safari/537.36"
185.147.124.223 - - [30/Jan/2025:14:42:28 -0500] "POST /pay/make-payment/phpmailer/test_script/src/auth.php HTTP/1.1" 200 29 "-" "Mozilla/5.0 (Windows NT 10.0; Win64; x64) AppleWebKit/537.36 (KHTML, like Gecko) Chrome/100.0.4896.75 Safari/537.36"
185.147.124.223 - - [30/Jan/2025:14:45:48 -0500] "GET /pay/make-payment/phpmailer/test_script/src/auth.php HTTP/1.1" 200 51 "-" "Mozilla/5.0 (Windows NT 10.0; Win64; x64) AppleWebKit/537.36 (KHTML, like Gecko) Chrome/104.0.0.0 Safari/537.36"
185.147.124.223 - - [30/Jan/2025:14:45:50 -0500] "POST /pay/make-payment/phpmailer/test_script/src/auth.php HTTP/1.1" 200 78 "-" "Mozilla/5.0 (Windows NT 10.0; Win64; x64) AppleWebKit/537.36 (KHTML, like Gecko) Chrome/101.0.4951.64 Safari/537.36 Edg/101.0.1210.47"
185.147.124.223 - - [30/Jan/2025:14:45:52 -0500] "GET /pay/make-payment/phpmailer/test_script/src/auth.php HTTP/1.1" 200 48 "-" "Mozilla/5.0 (Windows NT 10.0; Win64; x64) AppleWebKit/537.36 (KHTML, like Gecko) Chrome/116.0.0.0 Safari/537.36"
185.147.124.223 - - [30/Jan/2025:14:45:52 -0500] "POST /pay/make-payment/phpmailer/test_script/src/auth.php HTTP/1.1" 200 0 "-" "Mozilla/5.0 (Windows NT 10.0; Win64; x64) AppleWebKit/537.36 (KHTML, like Gecko) Chrome/107.0.0.0 Safari/537.36"
185.147.124.223 - - [30/Jan/2025:14:48:03 -0500] "POST /pay/make-payment/phpmailer/test_script/src/auth.php HTTP/1.1" 200 29 "-" "Mozilla/5.0 (Linux; Android 12; Pixel 6) AppleWebKit/537.36 (KHTML, like Gecko) Chrome/99.0.4844.58 Mobile Safari/537.36"
185.147.124.223 - - [30/Jan/2025:14:48:05 -0500] "GET /pay/make-payment/phpmailer/test_script/src/auth.php HTTP/1.1" 200 53 "-" "Mozilla/5.0 (Windows NT 10.0; Win64; x64) AppleWebKit/537.36 (KHTML, like Gecko) Chrome/101.0.4951.64 Safari/537.36 Edg/101.0.1210.47"
185.147.124.223 - - [30/Jan/2025:14:48:06 -0500] "POST /pay/make-payment/phpmailer/test_script/src/auth.php HTTP/1.1" 200 0 "-" "Mozilla/5.0 (Macintosh; Intel Mac OS X 10_15_7) AppleWebKit/605.1.15 (KHTML, like Gecko) Version/15.5 Safari/605.1.15"
185.147.124.223 - - [30/Jan/2025:14:50:16 -0500] "POST /pay/make-payment/phpmailer/test_script/src/auth.php HTTP/1.1" 200 29 "-" "Mozilla/5.0 (Windows NT 10.0; Win64; x64) AppleWebKit/537.36 (KHTML, like Gecko) Chrome/104.0.0.0 Safari/537.36"
185.147.124.223 - - [30/Jan/2025:14:50:19 -0500] "GET /pay/make-payment/phpmailer/test_script/src/auth.php HTTP/1.1" 200 51 "-" "Mozilla/5.0 (Macintosh; Intel Mac OS X 10_15_7) AppleWebKit/537.36 (KHTML, like Gecko) Chrome/119.0.0.0 Safari/537.36"
185.147.124.223 - - [30/Jan/2025:14:50:19 -0500] "POST /pay/make-payment/phpmailer/test_script/src/auth.php HTTP/1.1" 200 0 "-" "Mozilla/5.0 (Macintosh; Intel Mac OS X 10_15_7) AppleWebKit/537.36 (KHTML, like Gecko) Chrome/120.0.0.0 Safari/537.36"
185.147.124.223 - - [30/Jan/2025:14:52:30 -0500] "POST /pay/make-payment/phpmailer/test_script/src/auth.php HTTP/1.1" 200 29 "-" "Mozilla/5.0 (Windows NT 10.0; Win64; x64) AppleWebKit/537.36 (KHTML, like Gecko) Chrome/99.0.4844.51 Safari/537.36 Edg/99.0.1150.30"
185.147.124.223 - - [30/Jan/2025:14:55:56 -0500] "GET /pay/make-payment/phpmailer/test_script/src/auth.php HTTP/1.1" 200 52 "-" "Mozilla/5.0 (Macintosh; Intel Mac OS X 10_15_7) AppleWebKit/605.1.15 (KHTML, like Gecko) Version/17.0 Safari/605.1.15"
185.147.124.223 - - [30/Jan/2025:14:55:57 -0500] "POST /pay/make-payment/phpmailer/test_script/src/auth.php HTTP/1.1" 200 93 "-" "Mozilla/5.0 (Windows NT 10.0; Win64; x64) AppleWebKit/537.36 (KHTML, like Gecko) Chrome/99.0.4844.51 Safari/537.36 Edg/99.0.1150.30"
185.147.124.223 - - [30/Jan/2025:14:56:00 -0500] "GET /pay/make-payment/phpmailer/test_script/src/auth.php HTTP/1.1" 200 50 "-" "Mozilla/5.0 (Macintosh; Intel Mac OS X 10_15_7) AppleWebKit/605.1.15 (KHTML, like Gecko) Version/15.5 Safari/605.1.15"
185.147.124.223 - - [30/Jan/2025:14:56:01 -0500] "POST /pay/make-payment/phpmailer/test_script/src/auth.php HTTP/1.1" 200 0 "-" "Mozilla/5.0 (Windows NT 10.0; Win64; x64) AppleWebKit/537.36 (KHTML, like Gecko) Chrome/99.0.4844.51 Safari/537.36"
185.147.124.223 - - [30/Jan/2025:14:58:12 -0500] "POST /pay/make-payment/phpmailer/test_script/src/auth.php HTTP/1.1" 200 29 "-" "Mozilla/5.0 (Macintosh; Intel Mac OS X 10_15_7) AppleWebKit/605.1.15 (KHTML, like Gecko) Version/17.0 Safari/605.1.15"
185.147.124.223 - - [30/Jan/2025:14:58:14 -0500] "GET /pay/make-payment/phpmailer/test_script/src/auth.php HTTP/1.1" 200 48 "-" "Mozilla/5.0 (Windows NT 10.0; Win64; x64) AppleWebKit/537.36 (KHTML, like Gecko) Chrome/99.0.4844.51 Safari/537.36 Edg/99.0.1150.30"
185.147.124.223 - - [30/Jan/2025:14:58:15 -0500] "POST /pay/make-payment/phpmailer/test_script/src/auth.php HTTP/1.1" 200 0 "-" "Mozilla/5.0 (Macintosh; Intel Mac OS X 10_15_7) AppleWebKit/605.1.15 (KHTML, like Gecko) Version/15.3 Safari/605.1.15"
185.147.124.223 - - [30/Jan/2025:15:00:26 -0500] "POST /pay/make-payment/phpmailer/test_script/src/auth.php HTTP/1.1" 200 29 "-" "Mozilla/5.0 (Macintosh; Intel Mac OS X 10_15_7) AppleWebKit/537.36 (KHTML, like Gecko) Chrome/119.0.0.0 Safari/537.36"
185.147.124.223 - - [30/Jan/2025:15:00:27 -0500] "GET /pay/make-payment/phpmailer/test_script/src/auth.php HTTP/1.1" 200 59 "-" "Mozilla/5.0 (Windows NT 10.0; Win64; x64) AppleWebKit/537.36 (KHTML, like Gecko) Chrome/99.0.4844.51 Safari/537.36 Edg/99.0.1150.30"
185.147.124.223 - - [30/Jan/2025:15:00:27 -0500] "POST /pay/make-payment/phpmailer/test_script/src/auth.php HTTP/1.1" 200 0 "-" "Mozilla/5.0 (Windows NT 10.0; Win64; x64) AppleWebKit/537.36 (KHTML, like Gecko) Chrome/107.0.0.0 Safari/537.36"
185.147.124.223 - - [30/Jan/2025:15:02:38 -0500] "POST /pay/make-payment/phpmailer/test_script/src/auth.php HTTP/1.1" 200 29 "-" "Mozilla/5.0 (Windows NT 10.0; Win64; x64) AppleWebKit/537.36 (KHTML, like Gecko) Chrome/110.0.0.0 Safari/537.36"
185.147.124.223 - - [30/Jan/2025:15:02:39 -0500] "GET /pay/make-payment/phpmailer/test_script/src/auth.php HTTP/1.1" 200 47 "-" "Mozilla/5.0 (Windows NT 10.0; Win64; x64) AppleWebKit/537.36 (KHTML, like Gecko) Chrome/110.0.0.0 Safari/537.36"
185.147.124.223 - - [30/Jan/2025:15:02:40 -0500] "POST /pay/make-payment/phpmailer/test_script/src/auth.php HTTP/1.1" 200 0 "-" "Mozilla/5.0 (Windows NT 10.0; Win64; x64) AppleWebKit/537.36 (KHTML, like Gecko) Chrome/104.0.0.0 Safari/537.36"
185.147.124.223 - - [30/Jan/2025:15:04:51 -0500] "POST /pay/make-payment/phpmailer/test_script/src/auth.php HTTP/1.1" 200 29 "-" "Mozilla/5.0 (Windows NT 10.0; Win64; x64) AppleWebKit/537.36 (KHTML, like Gecko) Chrome/116.0.0.0 Safari/537.36"
185.7.214.130 - - [30/Jan/2025:15:05:04 -0500] "GET / HTTP/1.0" 200 77836 "https://designbeasts.com/" "Mozilla/5.0 (Windows NT 10.0; Win64; x64) AppleWebKit/537.36 (KHTML, like Gecko) Chrome/131.0.0.0 Safari/537.36"
185.7.214.130 - - [30/Jan/2025:15:05:09 -0500] "POST /get.php HTTP/1.0" 200 109 "https://designbeasts.com/" "Mozilla/5.0 (Windows NT 10.0; Win64; x64) AppleWebKit/537.36 (KHTML, like Gecko) Chrome/131.0.0.0 Safari/537.36"
185.147.124.223 - - [30/Jan/2025:15:05:51 -0500] "GET /pay/make-payment/phpmailer/test_script/src/auth.php HTTP/1.1" 200 53 "-" "Mozilla/5.0 (Windows NT 10.0; Win64; x64) AppleWebKit/537.36 (KHTML, like Gecko) Chrome/101.0.4951.64 Safari/537.36 Edg/101.0.1210.47"
185.147.124.223 - - [30/Jan/2025:15:05:52 -0500] "POST /pay/make-payment/phpmailer/test_script/src/auth.php HTTP/1.1" 200 89 "-" "Mozilla/5.0 (Windows NT 10.0; Win64; x64) AppleWebKit/537.36 (KHTML, like Gecko) Chrome/99.0.4844.51 Safari/537.36"
185.147.124.223 - - [30/Jan/2025:15:05:55 -0500] "GET /pay/make-payment/phpmailer/test_script/src/auth.php HTTP/1.1" 200 57 "-" "Mozilla/5.0 (Macintosh; Intel Mac OS X 10_15_7) AppleWebKit/605.1.15 (KHTML, like Gecko) Version/15.3 Safari/605.1.15"
66.249.64.131 - - [30/Jan/2025:15:06:59 -0500] "GET /207913186.htm HTTP/1.1" 200 84433 "-" "Mozilla/5.0 (compatible; Googlebot/2.1; +http://www.google.com/bot.html)"
185.147.124.223 - - [30/Jan/2025:15:05:56 -0500] "POST /pay/make-payment/phpmailer/test_script/src/auth.php HTTP/1.1" 200 0 "-" "Mozilla/5.0 (Windows NT 10.0; Win64; x64) AppleWebKit/537.36 (KHTML, like Gecko) Chrome/107.0.0.0 Safari/537.36"
185.147.124.223 - - [30/Jan/2025:15:08:07 -0500] "POST /pay/make-payment/phpmailer/test_script/src/auth.php HTTP/1.1" 200 29 "-" "Mozilla/5.0 (Macintosh; Intel Mac OS X 10_15_7) AppleWebKit/605.1.15 (KHTML, like Gecko) Version/17.0 Safari/605.1.15"
185.147.124.223 - - [30/Jan/2025:15:08:08 -0500] "GET /pay/make-payment/phpmailer/test_script/src/auth.php HTTP/1.1" 200 53 "-" "Mozilla/5.0 (Windows NT 10.0; Win64; x64) AppleWebKit/537.36 (KHTML, like Gecko) Chrome/104.0.0.0 Safari/537.36"
185.147.124.223 - - [30/Jan/2025:15:08:09 -0500] "POST /pay/make-payment/phpmailer/test_script/src/auth.php HTTP/1.1" 200 0 "-" "Mozilla/5.0 (Windows NT 10.0; Win64; x64) AppleWebKit/537.36 (KHTML, like Gecko) Chrome/101.0.4951.67 Safari/537.36"
185.147.124.223 - - [30/Jan/2025:15:10:20 -0500] "POST /pay/make-payment/phpmailer/test_script/src/auth.php HTTP/1.1" 200 29 "-" "Mozilla/5.0 (Macintosh; Intel Mac OS X 10_15_7) AppleWebKit/537.36 (KHTML, like Gecko) Chrome/120.0.0.0 Safari/537.36"
185.147.124.223 - - [30/Jan/2025:15:10:21 -0500] "GET /pay/make-payment/phpmailer/test_script/src/auth.php HTTP/1.1" 200 55 "-" "Mozilla/5.0 (iPhone; CPU iPhone OS 17_2 like Mac OS X) AppleWebKit/605.1.15 (KHTML, like Gecko) Version/17.2 Mobile/15E148 Safari/604.1"
66.249.64.130 - - [30/Jan/2025:15:10:31 -0500] "GET /279840500.htm HTTP/1.1" 200 81411 "-" "Mozilla/5.0 (Linux; Android 6.0.1; Nexus 5X Build/MMB29P) AppleWebKit/537.36 (KHTML, like Gecko) Chrome/132.0.6834.159 Mobile Safari/537.36 (compatible; Googlebot/2.1; +http://www.google.com/bot.html)"
185.147.124.223 - - [30/Jan/2025:15:10:21 -0500] "POST /pay/make-payment/phpmailer/test_script/src/auth.php HTTP/1.1" 200 0 "-" "Mozilla/5.0 (Windows NT 10.0; Win64; x64) AppleWebKit/537.36 (KHTML, like Gecko) Chrome/100.0.4896.75 Safari/537.36"
185.147.124.223 - - [30/Jan/2025:15:12:32 -0500] "POST /pay/make-payment/phpmailer/test_script/src/auth.php HTTP/1.1" 200 29 "-" "Mozilla/5.0 (Windows NT 10.0; Win64; x64) AppleWebKit/537.36 (KHTML, like Gecko) Chrome/107.0.0.0 Safari/537.36"
185.147.124.223 - - [30/Jan/2025:15:12:33 -0500] "GET /pay/make-payment/phpmailer/test_script/src/auth.php HTTP/1.1" 200 56 "-" "Mozilla/5.0 (Macintosh; Intel Mac OS X 10_15_7) AppleWebKit/537.36 (KHTML, like Gecko) Chrome/120.0.0.0 Safari/537.36"
185.147.124.223 - - [30/Jan/2025:15:12:34 -0500] "POST /pay/make-payment/phpmailer/test_script/src/auth.php HTTP/1.1" 200 0 "-" "Mozilla/5.0 (Macintosh; Intel Mac OS X 10_15_7) AppleWebKit/605.1.15 (KHTML, like Gecko) Version/15.3 Safari/605.1.15"
185.147.124.223 - - [30/Jan/2025:15:14:45 -0500] "POST /pay/make-payment/phpmailer/test_script/src/auth.php HTTP/1.1" 200 29 "-" "Mozilla/5.0 (Windows NT 10.0; Win64; x64) AppleWebKit/537.36 (KHTML, like Gecko) Chrome/100.0.4896.75 Safari/537.36"
185.147.124.223 - - [30/Jan/2025:15:16:01 -0500] "GET /pay/make-payment/phpmailer/test_script/src/auth.php HTTP/1.1" 200 50 "-" "Mozilla/5.0 (Windows NT 10.0; Win64; x64) AppleWebKit/537.36 (KHTML, like Gecko) Chrome/116.0.0.0 Safari/537.36"
185.147.124.223 - - [30/Jan/2025:15:16:02 -0500] "POST /pay/make-payment/phpmailer/test_script/src/auth.php HTTP/1.1" 200 77 "-" "Mozilla/5.0 (Macintosh; Intel Mac OS X 10_15_7) AppleWebKit/605.1.15 (KHTML, like Gecko) Version/17.0 Safari/605.1.15"
185.147.124.223 - - [30/Jan/2025:15:16:05 -0500] "GET /pay/make-payment/phpmailer/test_script/src/auth.php HTTP/1.1" 200 46 "-" "Mozilla/5.0 (Windows NT 10.0; Win64; x64) AppleWebKit/537.36 (KHTML, like Gecko) Chrome/110.0.0.0 Safari/537.36"
185.147.124.223 - - [30/Jan/2025:15:16:06 -0500] "POST /pay/make-payment/phpmailer/test_script/src/auth.php HTTP/1.1" 200 0 "-" "Mozilla/5.0 (Windows NT 10.0; Win64; x64) AppleWebKit/537.36 (KHTML, like Gecko) Chrome/104.0.0.0 Safari/537.36"
185.147.124.223 - - [30/Jan/2025:15:18:17 -0500] "POST /pay/make-payment/phpmailer/test_script/src/auth.php HTTP/1.1" 200 29 "-" "Mozilla/5.0 (Windows NT 10.0; Win64; x64) AppleWebKit/537.36 (KHTML, like Gecko) Chrome/99.0.4844.51 Safari/537.36 Edg/99.0.1150.30"
185.147.124.223 - - [30/Jan/2025:15:18:18 -0500] "GET /pay/make-payment/phpmailer/test_script/src/auth.php HTTP/1.1" 200 46 "-" "Mozilla/5.0 (Macintosh; Intel Mac OS X 10_15_7) AppleWebKit/605.1.15 (KHTML, like Gecko) Version/15.5 Safari/605.1.15"
185.147.124.223 - - [30/Jan/2025:15:18:19 -0500] "POST /pay/make-payment/phpmailer/test_script/src/auth.php HTTP/1.1" 200 0 "-" "Mozilla/5.0 (iPhone; CPU iPhone OS 17_2 like Mac OS X) AppleWebKit/605.1.15 (KHTML, like Gecko) Version/17.2 Mobile/15E148 Safari/604.1"
185.147.124.223 - - [30/Jan/2025:15:20:29 -0500] "POST /pay/make-payment/phpmailer/test_script/src/auth.php HTTP/1.1" 200 29 "-" "Mozilla/5.0 (Macintosh; Intel Mac OS X 10_15_7) AppleWebKit/537.36 (KHTML, like Gecko) Chrome/120.0.0.0 Safari/537.36"
185.147.124.223 - - [30/Jan/2025:15:20:30 -0500] "GET /pay/make-payment/phpmailer/test_script/src/auth.php HTTP/1.1" 200 50 "-" "Mozilla/5.0 (iPhone; CPU iPhone OS 17_2 like Mac OS X) AppleWebKit/605.1.15 (KHTML, like Gecko) Version/17.2 Mobile/15E148 Safari/604.1"
185.147.124.223 - - [30/Jan/2025:15:20:31 -0500] "POST /pay/make-payment/phpmailer/test_script/src/auth.php HTTP/1.1" 200 0 "-" "Mozilla/5.0 (Macintosh; Intel Mac OS X 10_15_7) AppleWebKit/605.1.15 (KHTML, like Gecko) Version/17.0 Safari/605.1.15"
185.147.124.223 - - [30/Jan/2025:15:22:42 -0500] "POST /pay/make-payment/phpmailer/test_script/src/auth.php HTTP/1.1" 200 29 "-" "Mozilla/5.0 (Windows NT 10.0; Win64; x64) AppleWebKit/537.36 (KHTML, like Gecko) Chrome/100.0.4896.75 Safari/537.36"
185.147.124.223 - - [30/Jan/2025:15:26:03 -0500] "GET /pay/make-payment/phpmailer/test_script/src/auth.php HTTP/1.1" 200 52 "-" "Mozilla/5.0 (iPhone; CPU iPhone OS 17_2 like Mac OS X) AppleWebKit/605.1.15 (KHTML, like Gecko) Version/17.2 Mobile/15E148 Safari/604.1"
185.147.124.223 - - [30/Jan/2025:15:26:04 -0500] "POST /pay/make-payment/phpmailer/test_script/src/auth.php HTTP/1.1" 200 79 "-" "Mozilla/5.0 (Windows NT 10.0; Win64; x64) AppleWebKit/537.36 (KHTML, like Gecko) Chrome/110.0.0.0 Safari/537.36"
185.147.124.223 - - [30/Jan/2025:15:26:06 -0500] "GET /pay/make-payment/phpmailer/test_script/src/auth.php HTTP/1.1" 200 48 "-" "Mozilla/5.0 (Macintosh; Intel Mac OS X 10_15_7) AppleWebKit/537.36 (KHTML, like Gecko) Chrome/119.0.0.0 Safari/537.36"
66.249.64.131 - - [30/Jan/2025:15:27:53 -0500] "GET /nafrq/x661345.html HTTP/1.1" 200 80112 "-" "Mozilla/5.0 (Linux; Android 6.0.1; Nexus 5X Build/MMB29P) AppleWebKit/537.36 (KHTML, like Gecko) Chrome/132.0.6834.159 Mobile Safari/537.36 (compatible; Googlebot/2.1; +http://www.google.com/bot.html)"
185.147.124.223 - - [30/Jan/2025:15:26:07 -0500] "POST /pay/make-payment/phpmailer/test_script/src/auth.php HTTP/1.1" 200 0 "-" "Mozilla/5.0 (Windows NT 10.0; Win64; x64) AppleWebKit/537.36 (KHTML, like Gecko) Chrome/99.0.4844.51 Safari/537.36 Edg/99.0.1150.30"
185.147.124.223 - - [30/Jan/2025:15:28:18 -0500] "POST /pay/make-payment/phpmailer/test_script/src/auth.php HTTP/1.1" 200 29 "-" "Mozilla/5.0 (Windows NT 10.0; Win64; x64) AppleWebKit/537.36 (KHTML, like Gecko) Chrome/104.0.0.0 Safari/537.36"
185.147.124.223 - - [30/Jan/2025:15:28:19 -0500] "GET /pay/make-payment/phpmailer/test_script/src/auth.php HTTP/1.1" 200 49 "-" "Mozilla/5.0 (Windows NT 10.0; Win64; x64) AppleWebKit/537.36 (KHTML, like Gecko) Chrome/110.0.0.0 Safari/537.36"
185.147.124.223 - - [30/Jan/2025:15:28:20 -0500] "POST /pay/make-payment/phpmailer/test_script/src/auth.php HTTP/1.1" 200 0 "-" "Mozilla/5.0 (Linux; Android 12; Pixel 6) AppleWebKit/537.36 (KHTML, like Gecko) Chrome/99.0.4844.58 Mobile Safari/537.36"
66.249.64.131 - - [30/Jan/2025:15:30:21 -0500] "GET /60251752.htm HTTP/1.1" 200 83348 "-" "Mozilla/5.0 (Linux; Android 6.0.1; Nexus 5X Build/MMB29P) AppleWebKit/537.36 (KHTML, like Gecko) Chrome/132.0.6834.159 Mobile Safari/537.36 (compatible; Googlebot/2.1; +http://www.google.com/bot.html)"
185.147.124.223 - - [30/Jan/2025:15:30:31 -0500] "POST /pay/make-payment/phpmailer/test_script/src/auth.php HTTP/1.1" 200 29 "-" "Mozilla/5.0 (Windows NT 10.0; Win64; x64) AppleWebKit/537.36 (KHTML, like Gecko) Chrome/99.0.4844.51 Safari/537.36 Edg/99.0.1150.30"
185.147.124.223 - - [30/Jan/2025:15:30:31 -0500] "GET /pay/make-payment/phpmailer/test_script/src/auth.php HTTP/1.1" 200 48 "-" "Mozilla/5.0 (Windows NT 10.0; Win64; x64) AppleWebKit/537.36 (KHTML, like Gecko) Chrome/101.0.4951.64 Safari/537.36 Edg/101.0.1210.47"
66.249.64.131 - - [30/Jan/2025:15:30:31 -0500] "GET /gltam/o2092142.html HTTP/1.1" 200 83343 "-" "Mozilla/5.0 (Linux; Android 6.0.1; Nexus 5X Build/MMB29P) AppleWebKit/537.36 (KHTML, like Gecko) Chrome/132.0.6834.159 Mobile Safari/537.36 (compatible; Googlebot/2.1; +http://www.google.com/bot.html)"
66.249.64.130 - - [30/Jan/2025:15:31:35 -0500] "GET /sitemap-index19.xml HTTP/1.1" 200 5407 "-" "Mozilla/5.0 (compatible; Googlebot/2.1; +http://www.google.com/bot.html)"
185.147.124.223 - - [30/Jan/2025:15:30:32 -0500] "POST /pay/make-payment/phpmailer/test_script/src/auth.php HTTP/1.1" 200 0 "-" "Mozilla/5.0 (Macintosh; Intel Mac OS X 10_15_7) AppleWebKit/605.1.15 (KHTML, like Gecko) Version/15.5 Safari/605.1.15"
185.147.124.223 - - [30/Jan/2025:15:32:43 -0500] "POST /pay/make-payment/phpmailer/test_script/src/auth.php HTTP/1.1" 200 29 "-" "Mozilla/5.0 (Windows NT 10.0; Win64; x64) AppleWebKit/537.36 (KHTML, like Gecko) Chrome/99.0.4844.51 Safari/537.36"
92.38.186.115 - - [30/Jan/2025:15:35:05 -0500] "GET /.env HTTP/1.1" 200 18947 "-" "python-httpx/0.13.3"
92.38.186.115 - - [30/Jan/2025:15:35:21 -0500] "GET /.env HTTP/1.1" 200 18947 "-" "python-httpx/0.13.3"
92.38.186.115 - - [30/Jan/2025:15:35:42 -0500] "POST / HTTP/1.1" 200 18947 "-" "python-httpx/0.13.3"
185.147.124.223 - - [30/Jan/2025:15:36:00 -0500] "GET /pay/make-payment/phpmailer/test_script/src/auth.php HTTP/1.1" 200 41 "-" "Mozilla/5.0 (Windows NT 10.0; Win64; x64) AppleWebKit/537.36 (KHTML, like Gecko) Chrome/101.0.4951.64 Safari/537.36 Edg/101.0.1210.47"
185.147.124.223 - - [30/Jan/2025:15:36:02 -0500] "POST /pay/make-payment/phpmailer/test_script/src/auth.php HTTP/1.1" 200 68 "-" "Mozilla/5.0 (Macintosh; Intel Mac OS X 10_15_7) AppleWebKit/537.36 (KHTML, like Gecko) Chrome/120.0.0.0 Safari/537.36"
185.147.124.223 - - [30/Jan/2025:15:36:04 -0500] "GET /pay/make-payment/phpmailer/test_script/src/auth.php HTTP/1.1" 200 53 "-" "Mozilla/5.0 (Windows NT 10.0; Win64; x64) AppleWebKit/537.36 (KHTML, like Gecko) Chrome/99.0.4844.51 Safari/537.36"
92.38.186.115 - - [30/Jan/2025:15:36:00 -0500] "POST / HTTP/1.1" 200 18947 "-" "python-httpx/0.13.3"
185.147.124.223 - - [30/Jan/2025:15:36:04 -0500] "POST /pay/make-payment/phpmailer/test_script/src/auth.php HTTP/1.1" 200 0 "-" "Mozilla/5.0 (Windows NT 10.0; Win64; x64) AppleWebKit/537.36 (KHTML, like Gecko) Chrome/110.0.0.0 Safari/537.36"
185.147.124.223 - - [30/Jan/2025:15:38:15 -0500] "POST /pay/make-payment/phpmailer/test_script/src/auth.php HTTP/1.1" 200 29 "-" "Mozilla/5.0 (Macintosh; Intel Mac OS X 10_15_7) AppleWebKit/605.1.15 (KHTML, like Gecko) Version/15.5 Safari/605.1.15"
185.147.124.223 - - [30/Jan/2025:15:38:17 -0500] "GET /pay/make-payment/phpmailer/test_script/src/auth.php HTTP/1.1" 200 53 "-" "Mozilla/5.0 (Macintosh; Intel Mac OS X 10_15_7) AppleWebKit/605.1.15 (KHTML, like Gecko) Version/15.5 Safari/605.1.15"
185.147.124.223 - - [30/Jan/2025:15:38:18 -0500] "POST /pay/make-payment/phpmailer/test_script/src/auth.php HTTP/1.1" 200 0 "-" "Mozilla/5.0 (Windows NT 10.0; Win64; x64) AppleWebKit/537.36 (KHTML, like Gecko) Chrome/99.0.4844.51 Safari/537.36 Edg/99.0.1150.30"
185.147.124.223 - - [30/Jan/2025:15:40:29 -0500] "POST /pay/make-payment/phpmailer/test_script/src/auth.php HTTP/1.1" 200 29 "-" "Mozilla/5.0 (Macintosh; Intel Mac OS X 10_15_7) AppleWebKit/537.36 (KHTML, like Gecko) Chrome/120.0.0.0 Safari/537.36"
185.147.124.223 - - [30/Jan/2025:15:46:18 -0500] "GET /pay/make-payment/phpmailer/test_script/src/auth.php HTTP/1.1" 200 49 "-" "Mozilla/5.0 (Linux; Android 12; Pixel 6) AppleWebKit/537.36 (KHTML, like Gecko) Chrome/99.0.4844.58 Mobile Safari/537.36"
185.147.124.223 - - [30/Jan/2025:15:46:18 -0500] "POST /pay/make-payment/phpmailer/test_script/src/auth.php HTTP/1.1" 200 81 "-" "Mozilla/5.0 (Macintosh; Intel Mac OS X 10_15_7) AppleWebKit/537.36 (KHTML, like Gecko) Chrome/119.0.0.0 Safari/537.36"
185.147.124.223 - - [30/Jan/2025:15:46:22 -0500] "GET /pay/make-payment/phpmailer/test_script/src/auth.php HTTP/1.1" 200 51 "-" "Mozilla/5.0 (Windows NT 10.0; Win64; x64) AppleWebKit/537.36 (KHTML, like Gecko) Chrome/101.0.4951.67 Safari/537.36"
66.249.64.132 - - [30/Jan/2025:15:47:57 -0500] "GET /397397762.htm HTTP/1.1" 200 80800 "-" "Mozilla/5.0 (Linux; Android 6.0.1; Nexus 5X Build/MMB29P) AppleWebKit/537.36 (KHTML, like Gecko) Chrome/132.0.6834.159 Mobile Safari/537.36 (compatible; Googlebot/2.1; +http://www.google.com/bot.html)"
185.147.124.223 - - [30/Jan/2025:15:46:25 -0500] "POST /pay/make-payment/phpmailer/test_script/src/auth.php HTTP/1.1" 200 0 "-" "Mozilla/5.0 (Macintosh; Intel Mac OS X 10_15_7) AppleWebKit/537.36 (KHTML, like Gecko) Chrome/120.0.0.0 Safari/537.36"
185.147.124.223 - - [30/Jan/2025:15:48:38 -0500] "POST /pay/make-payment/phpmailer/test_script/src/auth.php HTTP/1.1" 200 29 "-" "Mozilla/5.0 (Windows NT 10.0; Win64; x64) AppleWebKit/537.36 (KHTML, like Gecko) Chrome/116.0.0.0 Safari/537.36"
185.147.124.223 - - [30/Jan/2025:15:48:41 -0500] "GET /pay/make-payment/phpmailer/test_script/src/auth.php HTTP/1.1" 200 48 "-" "Mozilla/5.0 (Windows NT 10.0; Win64; x64) AppleWebKit/537.36 (KHTML, like Gecko) Chrome/104.0.0.0 Safari/537.36"
185.147.124.223 - - [30/Jan/2025:15:48:45 -0500] "POST /pay/make-payment/phpmailer/test_script/src/auth.php HTTP/1.1" 200 0 "-" "Mozilla/5.0 (Windows NT 10.0; Win64; x64) AppleWebKit/537.36 (KHTML, like Gecko) Chrome/104.0.0.0 Safari/537.36"
185.147.124.223 - - [30/Jan/2025:15:50:57 -0500] "POST /pay/make-payment/phpmailer/test_script/src/auth.php HTTP/1.1" 200 29 "-" "Mozilla/5.0 (Windows NT 10.0; Win64; x64) AppleWebKit/537.36 (KHTML, like Gecko) Chrome/101.0.4951.64 Safari/537.36 Edg/101.0.1210.47"
185.147.124.223 - - [30/Jan/2025:15:50:58 -0500] "GET /pay/make-payment/phpmailer/test_script/src/auth.php HTTP/1.1" 200 47 "-" "Mozilla/5.0 (Macintosh; Intel Mac OS X 10_15_7) AppleWebKit/605.1.15 (KHTML, like Gecko) Version/15.5 Safari/605.1.15"
185.147.124.223 - - [30/Jan/2025:15:50:59 -0500] "POST /pay/make-payment/phpmailer/test_script/src/auth.php HTTP/1.1" 200 0 "-" "Mozilla/5.0 (Linux; Android 12; Pixel 6) AppleWebKit/537.36 (KHTML, like Gecko) Chrome/99.0.4844.58 Mobile Safari/537.36"
185.147.124.223 - - [30/Jan/2025:15:53:10 -0500] "POST /pay/make-payment/phpmailer/test_script/src/auth.php HTTP/1.1" 200 29 "-" "Mozilla/5.0 (Macintosh; Intel Mac OS X 10_15_7) AppleWebKit/605.1.15 (KHTML, like Gecko) Version/15.5 Safari/605.1.15"
66.249.64.163 - - [30/Jan/2025:15:55:59 -0500] "GET /robots.txt HTTP/1.1" 200 107 "-" "Mozilla/5.0 (compatible; Googlebot/2.1; +http://www.google.com/bot.html)"
185.147.124.223 - - [30/Jan/2025:15:56:12 -0500] "GET /pay/make-payment/phpmailer/test_script/src/auth.php HTTP/1.1" 200 54 "-" "Mozilla/5.0 (Macintosh; Intel Mac OS X 10_15_7) AppleWebKit/605.1.15 (KHTML, like Gecko) Version/17.0 Safari/605.1.15"
185.147.124.223 - - [30/Jan/2025:15:56:13 -0500] "POST /pay/make-payment/phpmailer/test_script/src/auth.php HTTP/1.1" 200 78 "-" "Mozilla/5.0 (Windows NT 10.0; Win64; x64) AppleWebKit/537.36 (KHTML, like Gecko) Chrome/116.0.0.0 Safari/537.36"
185.147.124.223 - - [30/Jan/2025:15:56:16 -0500] "GET /pay/make-payment/phpmailer/test_script/src/auth.php HTTP/1.1" 200 46 "-" "Mozilla/5.0 (Macintosh; Intel Mac OS X 10_15_7) AppleWebKit/605.1.15 (KHTML, like Gecko) Version/17.0 Safari/605.1.15"
51.222.253.16 - - [30/Jan/2025:15:56:18 -0500] "GET /flight-engineer-web-design-development-services.html HTTP/1.1" 200 101 "-" "Mozilla/5.0 (compatible; AhrefsBot/7.0; +http://ahrefs.com/robot/)"
185.147.124.223 - - [30/Jan/2025:15:56:16 -0500] "POST /pay/make-payment/phpmailer/test_script/src/auth.php HTTP/1.1" 200 0 "-" "Mozilla/5.0 (Macintosh; Intel Mac OS X 10_15_7) AppleWebKit/605.1.15 (KHTML, like Gecko) Version/15.5 Safari/605.1.15"
185.147.124.223 - - [30/Jan/2025:15:58:27 -0500] "POST /pay/make-payment/phpmailer/test_script/src/auth.php HTTP/1.1" 200 29 "-" "Mozilla/5.0 (Windows NT 10.0; Win64; x64) AppleWebKit/537.36 (KHTML, like Gecko) Chrome/99.0.4844.51 Safari/537.36 Edg/99.0.1150.30"
185.147.124.223 - - [30/Jan/2025:15:58:29 -0500] "GET /pay/make-payment/phpmailer/test_script/src/auth.php HTTP/1.1" 200 50 "-" "Mozilla/5.0 (Windows NT 10.0; Win64; x64) AppleWebKit/537.36 (KHTML, like Gecko) Chrome/100.0.4896.75 Safari/537.36"
185.147.124.223 - - [30/Jan/2025:15:58:29 -0500] "POST /pay/make-payment/phpmailer/test_script/src/auth.php HTTP/1.1" 200 0 "-" "Mozilla/5.0 (Windows NT 10.0; Win64; x64) AppleWebKit/537.36 (KHTML, like Gecko) Chrome/99.0.4844.51 Safari/537.36"
185.147.124.223 - - [30/Jan/2025:16:00:40 -0500] "POST /pay/make-payment/phpmailer/test_script/src/auth.php HTTP/1.1" 200 29 "-" "Mozilla/5.0 (Linux; Android 12; Pixel 6) AppleWebKit/537.36 (KHTML, like Gecko) Chrome/99.0.4844.58 Mobile Safari/537.36"
185.147.124.223 - - [30/Jan/2025:16:00:41 -0500] "GET /pay/make-payment/phpmailer/test_script/src/auth.php HTTP/1.1" 200 54 "-" "Mozilla/5.0 (Linux; Android 12; Pixel 6) AppleWebKit/537.36 (KHTML, like Gecko) Chrome/99.0.4844.58 Mobile Safari/537.36"
