185.147.124.223 - - [30/Jan/2025:16:00:42 -0500] "POST /pay/make-payment/phpmailer/test_script/src/auth.php HTTP/1.1" 200 0 "-" "Mozilla/5.0 (iPhone; CPU iPhone OS 17_2 like Mac OS X) AppleWebKit/605.1.15 (KHTML, like Gecko) Version/17.2 Mobile/15E148 Safari/604.1"
185.147.124.223 - - [30/Jan/2025:16:02:53 -0500] "POST /pay/make-payment/phpmailer/test_script/src/auth.php HTTP/1.1" 200 29 "-" "Mozilla/5.0 (Windows NT 10.0; Win64; x64) AppleWebKit/537.36 (KHTML, like Gecko) Chrome/101.0.4951.67 Safari/537.36"
66.249.64.130 - - [30/Jan/2025:16:03:13 -0500] "GET /sitemap-index64.xml HTTP/1.1" 200 5378 "-" "Mozilla/5.0 (compatible; Googlebot/2.1; +http://www.google.com/bot.html)"
66.249.64.131 - - [30/Jan/2025:16:04:56 -0500] "GET /213564502.htm HTTP/1.1" 200 80497 "-" "Mozilla/5.0 (Linux; Android 6.0.1; Nexus 5X Build/MMB29P) AppleWebKit/537.36 (KHTML, like Gecko) Chrome/132.0.6834.159 Mobile Safari/537.36 (compatible; Googlebot/2.1; +http://www.google.com/bot.html)"
66.249.64.130 - - [30/Jan/2025:16:05:09 -0500] "GET /33153602.htm HTTP/1.1" 200 80112 "-" "Mozilla/5.0 (Linux; Android 6.0.1; Nexus 5X Build/MMB29P) AppleWebKit/537.36 (KHTML, like Gecko) Chrome/132.0.6834.159 Mobile Safari/537.36 (compatible; Googlebot/2.1; +http://www.google.com/bot.html)"
185.147.124.223 - - [30/Jan/2025:16:06:13 -0500] "GET /pay/make-payment/phpmailer/test_script/src/auth.php HTTP/1.1" 200 52 "-" "Mozilla/5.0 (Windows NT 10.0; Win64; x64) AppleWebKit/537.36 (KHTML, like Gecko) Chrome/101.0.4951.67 Safari/537.36"
185.147.124.223 - - [30/Jan/2025:16:06:14 -0500] "POST /pay/make-payment/phpmailer/test_script/src/auth.php HTTP/1.1" 200 93 "-" "Mozilla/5.0 (Windows NT 10.0; Win64; x64) AppleWebKit/537.36 (KHTML, like Gecko) Chrome/116.0.0.0 Safari/537.36"
185.147.124.223 - - [30/Jan/2025:16:06:17 -0500] "GET /pay/make-payment/phpmailer/test_script/src/auth.php HTTP/1.1" 200 55 "-" "Mozilla/5.0 (iPhone; CPU iPhone OS 17_2 like Mac OS X) AppleWebKit/605.1.15 (KHTML, like Gecko) Version/17.2 Mobile/15E148 Safari/604.1"
185.147.124.223 - - [30/Jan/2025:16:06:17 -0500] "POST /pay/make-payment/phpmailer/test_script/src/auth.php HTTP/1.1" 200 0 "-" "Mozilla/5.0 (Macintosh; Intel Mac OS X 10_15_7) AppleWebKit/605.1.15 (KHTML, like Gecko) Version/15.3 Safari/605.1.15"
185.147.124.223 - - [30/Jan/2025:16:08:28 -0500] "POST /pay/make-payment/phpmailer/test_script/src/auth.php HTTP/1.1" 200 29 "-" "Mozilla/5.0 (iPhone; CPU iPhone OS 17_2 like Mac OS X) AppleWebKit/605.1.15 (KHTML, like Gecko) Version/17.2 Mobile/15E148 Safari/604.1"
185.147.124.223 - - [30/Jan/2025:16:08:29 -0500] "GET /pay/make-payment/phpmailer/test_script/src/auth.php HTTP/1.1" 200 48 "-" "Mozilla/5.0 (Macintosh; Intel Mac OS X 10_15_7) AppleWebKit/605.1.15 (KHTML, like Gecko) Version/15.3 Safari/605.1.15"
185.147.124.223 - - [30/Jan/2025:16:08:30 -0500] "POST /pay/make-payment/phpmailer/test_script/src/auth.php HTTP/1.1" 200 0 "-" "Mozilla/5.0 (Windows NT 10.0; Win64; x64) AppleWebKit/537.36 (KHTML, like Gecko) Chrome/101.0.4951.67 Safari/537.36"
185.147.124.223 - - [30/Jan/2025:16:10:41 -0500] "POST /pay/make-payment/phpmailer/test_script/src/auth.php HTTP/1.1" 200 29 "-" "Mozilla/5.0 (Macintosh; Intel Mac OS X 10_15_7) AppleWebKit/605.1.15 (KHTML, like Gecko) Version/17.0 Safari/605.1.15"
185.147.124.223 - - [30/Jan/2025:16:10:41 -0500] "GET /pay/make-payment/phpmailer/test_script/src/auth.php HTTP/1.1" 200 57 "-" "Mozilla/5.0 (Windows NT 10.0; Win64; x64) AppleWebKit/537.36 (KHTML, like Gecko) Chrome/104.0.0.0 Safari/537.36"
185.147.124.223 - - [30/Jan/2025:16:10:42 -0500] "POST /pay/make-payment/phpmailer/test_script/src/auth.php HTTP/1.1" 200 0 "-" "Mozilla/5.0 (Windows NT 10.0; Win64; x64) AppleWebKit/537.36 (KHTML, like Gecko) Chrome/99.0.4844.51 Safari/537.36"
185.147.124.223 - - [30/Jan/2025:16:12:53 -0500] "POST /pay/make-payment/phpmailer/test_script/src/auth.php HTTP/1.1" 200 29 "-" "Mozilla/5.0 (Macintosh; Intel Mac OS X 10_15_7) AppleWebKit/605.1.15 (KHTML, like Gecko) Version/15.3 Safari/605.1.15"
185.147.124.223 - - [30/Jan/2025:16:12:53 -0500] "GET /pay/make-payment/phpmailer/test_script/src/auth.php HTTP/1.1" 200 47 "-" "Mozilla/5.0 (Windows NT 10.0; Win64; x64) AppleWebKit/537.36 (KHTML, like Gecko) Chrome/116.0.0.0 Safari/537.36"
185.147.124.223 - - [30/Jan/2025:16:12:54 -0500] "POST /pay/make-payment/phpmailer/test_script/src/auth.php HTTP/1.1" 200 0 "-" "Mozilla/5.0 (Windows NT 10.0; Win64; x64) AppleWebKit/537.36 (KHTML, like Gecko) Chrome/116.0.0.0 Safari/537.36"
185.147.124.223 - - [30/Jan/2025:16:15:05 -0500] "POST /pay/make-payment/phpmailer/test_script/src/auth.php HTTP/1.1" 200 29 "-" "Mozilla/5.0 (Windows NT 10.0; Win64; x64) AppleWebKit/537.36 (KHTML, like Gecko) Chrome/101.0.4951.67 Safari/537.36"
185.147.124.223 - - [30/Jan/2025:16:16:20 -0500] "GET /pay/make-payment/phpmailer/test_script/src/auth.php HTTP/1.1" 200 54 "-" "Mozilla/5.0 (Windows NT 10.0; Win64; x64) AppleWebKit/537.36 (KHTML, like Gecko) Chrome/110.0.0.0 Safari/537.36"
185.147.124.223 - - [30/Jan/2025:16:16:21 -0500] "POST /pay/make-payment/phpmailer/test_script/src/auth.php HTTP/1.1" 200 89 "-" "Mozilla/5.0 (Macintosh; Intel Mac OS X 10_15_7) AppleWebKit/605.1.15 (KHTML, like Gecko) Version/17.0 Safari/605.1.15"
185.147.124.223 - - [30/Jan/2025:16:16:23 -0500] "GET /pay/make-payment/phpmailer/test_script/src/auth.php HTTP/1.1" 200 46 "-" "Mozilla/5.0 (Macintosh; Intel Mac OS X 10_15_7) AppleWebKit/605.1.15 (KHTML, like Gecko) Version/15.3 Safari/605.1.15"
66.249.64.130 - - [30/Jan/2025:16:16:43 -0500] "GET /38594806.htm HTTP/1.1" 200 80406 "-" "Mozilla/5.0 (Linux; Android 6.0.1; Nexus 5X Build/MMB29P) AppleWebKit/537.36 (KHTML, like Gecko) Chrome/132.0.6834.159 Mobile Safari/537.36 (compatible; Googlebot/2.1; +http://www.google.com/bot.html)"
185.147.124.223 - - [30/Jan/2025:16:16:24 -0500] "POST /pay/make-payment/phpmailer/test_script/src/auth.php HTTP/1.1" 200 0 "-" "Mozilla/5.0 (iPhone; CPU iPhone OS 17_2 like Mac OS X) AppleWebKit/605.1.15 (KHTML, like Gecko) Version/17.2 Mobile/15E148 Safari/604.1"
185.147.124.223 - - [30/Jan/2025:16:18:35 -0500] "POST /pay/make-payment/phpmailer/test_script/src/auth.php HTTP/1.1" 200 29 "-" "Mozilla/5.0 (Windows NT 10.0; Win64; x64) AppleWebKit/537.36 (KHTML, like Gecko) Chrome/100.0.4896.75 Safari/537.36"
185.147.124.223 - - [30/Jan/2025:16:18:36 -0500] "GET /pay/make-payment/phpmailer/test_script/src/auth.php HTTP/1.1" 200 51 "-" "Mozilla/5.0 (Windows NT 10.0; Win64; x64) AppleWebKit/537.36 (KHTML, like Gecko) Chrome/99.0.4844.51 Safari/537.36"
185.147.124.223 - - [30/Jan/2025:16:18:37 -0500] "POST /pay/make-payment/phpmailer/test_script/src/auth.php HTTP/1.1" 200 0 "-" "Mozilla/5.0 (Macintosh; Intel Mac OS X 10_15_7) AppleWebKit/605.1.15 (KHTML, like Gecko) Version/15.5 Safari/605.1.15"
185.147.124.223 - - [30/Jan/2025:16:20:48 -0500] "POST /pay/make-payment/phpmailer/test_script/src/auth.php HTTP/1.1" 200 29 "-" "Mozilla/5.0 (Macintosh; Intel Mac OS X 10_15_7) AppleWebKit/605.1.15 (KHTML, like Gecko) Version/15.3 Safari/605.1.15"
185.147.124.223 - - [30/Jan/2025:16:20:48 -0500] "GET /pay/make-payment/phpmailer/test_script/src/auth.php HTTP/1.1" 200 48 "-" "Mozilla/5.0 (Macintosh; Intel Mac OS X 10_15_7) AppleWebKit/537.36 (KHTML, like Gecko) Chrome/120.0.0.0 Safari/537.36"
185.147.124.223 - - [30/Jan/2025:16:20:49 -0500] "POST /pay/make-payment/phpmailer/test_script/src/auth.php HTTP/1.1" 200 0 "-" "Mozilla/5.0 (Windows NT 10.0; Win64; x64) AppleWebKit/537.36 (KHTML, like Gecko) Chrome/101.0.4951.67 Safari/537.36"
185.147.124.223 - - [30/Jan/2025:16:23:00 -0500] "POST /pay/make-payment/phpmailer/test_script/src/auth.php HTTP/1.1" 200 29 "-" "Mozilla/5.0 (Windows NT 10.0; Win64; x64) AppleWebKit/537.36 (KHTML, like Gecko) Chrome/99.0.4844.51 Safari/537.36 Edg/99.0.1150.30"
185.147.124.223 - - [30/Jan/2025:16:23:01 -0500] "GET /pay/make-payment/phpmailer/test_script/src/auth.php HTTP/1.1" 200 49 "-" "Mozilla/5.0 (Windows NT 10.0; Win64; x64) AppleWebKit/537.36 (KHTML, like Gecko) Chrome/101.0.4951.67 Safari/537.36"
185.147.124.223 - - [30/Jan/2025:16:23:01 -0500] "POST /pay/make-payment/phpmailer/test_script/src/auth.php HTTP/1.1" 200 0 "-" "Mozilla/5.0 (Windows NT 10.0; Win64; x64) AppleWebKit/537.36 (KHTML, like Gecko) Chrome/101.0.4951.67 Safari/537.36"
185.147.124.223 - - [30/Jan/2025:16:25:12 -0500] "POST /pay/make-payment/phpmailer/test_script/src/auth.php HTTP/1.1" 200 29 "-" "Mozilla/5.0 (Macintosh; Intel Mac OS X 10_15_7) AppleWebKit/537.36 (KHTML, like Gecko) Chrome/119.0.0.0 Safari/537.36"
185.147.124.223 - - [30/Jan/2025:16:26:21 -0500] "GET /pay/make-payment/phpmailer/test_script/src/auth.php HTTP/1.1" 200 54 "-" "Mozilla/5.0 (Windows NT 10.0; Win64; x64) AppleWebKit/537.36 (KHTML, like Gecko) Chrome/104.0.0.0 Safari/537.36"
185.147.124.223 - - [30/Jan/2025:16:26:22 -0500] "POST /pay/make-payment/phpmailer/test_script/src/auth.php HTTP/1.1" 200 77 "-" "Mozilla/5.0 (Macintosh; Intel Mac OS X 10_15_7) AppleWebKit/605.1.15 (KHTML, like Gecko) Version/15.3 Safari/605.1.15"
185.147.124.223 - - [30/Jan/2025:16:26:25 -0500] "GET /pay/make-payment/phpmailer/test_script/src/auth.php HTTP/1.1" 200 43 "-" "Mozilla/5.0 (Windows NT 10.0; Win64; x64) AppleWebKit/537.36 (KHTML, like Gecko) Chrome/107.0.0.0 Safari/537.36"
185.147.124.223 - - [30/Jan/2025:16:26:25 -0500] "POST /pay/make-payment/phpmailer/test_script/src/auth.php HTTP/1.1" 200 0 "-" "Mozilla/5.0 (Macintosh; Intel Mac OS X 10_15_7) AppleWebKit/605.1.15 (KHTML, like Gecko) Version/17.0 Safari/605.1.15"
185.147.124.223 - - [30/Jan/2025:16:28:36 -0500] "POST /pay/make-payment/phpmailer/test_script/src/auth.php HTTP/1.1" 200 29 "-" "Mozilla/5.0 (Windows NT 10.0; Win64; x64) AppleWebKit/537.36 (KHTML, like Gecko) Chrome/110.0.0.0 Safari/537.36"
185.147.124.223 - - [30/Jan/2025:16:28:37 -0500] "GET /pay/make-payment/phpmailer/test_script/src/auth.php HTTP/1.1" 200 54 "-" "Mozilla/5.0 (Windows NT 10.0; Win64; x64) AppleWebKit/537.36 (KHTML, like Gecko) Chrome/101.0.4951.64 Safari/537.36 Edg/101.0.1210.47"
185.147.124.223 - - [30/Jan/2025:16:28:38 -0500] "POST /pay/make-payment/phpmailer/test_script/src/auth.php HTTP/1.1" 200 0 "-" "Mozilla/5.0 (Macintosh; Intel Mac OS X 10_15_7) AppleWebKit/537.36 (KHTML, like Gecko) Chrome/119.0.0.0 Safari/537.36"
185.147.124.223 - - [30/Jan/2025:16:30:49 -0500] "POST /pay/make-payment/phpmailer/test_script/src/auth.php HTTP/1.1" 200 29 "-" "Mozilla/5.0 (Windows NT 10.0; Win64; x64) AppleWebKit/537.36 (KHTML, like Gecko) Chrome/116.0.0.0 Safari/537.36"
185.147.124.223 - - [30/Jan/2025:16:30:50 -0500] "GET /pay/make-payment/phpmailer/test_script/src/auth.php HTTP/1.1" 200 49 "-" "Mozilla/5.0 (Windows NT 10.0; Win64; x64) AppleWebKit/537.36 (KHTML, like Gecko) Chrome/107.0.0.0 Safari/537.36"
185.147.124.223 - - [30/Jan/2025:16:30:51 -0500] "POST /pay/make-payment/phpmailer/test_script/src/auth.php HTTP/1.1" 200 0 "-" "Mozilla/5.0 (Macintosh; Intel Mac OS X 10_15_7) AppleWebKit/605.1.15 (KHTML, like Gecko) Version/15.5 Safari/605.1.15"
185.147.124.223 - - [30/Jan/2025:16:33:02 -0500] "POST /pay/make-payment/phpmailer/test_script/src/auth.php HTTP/1.1" 200 29 "-" "Mozilla/5.0 (Macintosh; Intel Mac OS X 10_15_7) AppleWebKit/605.1.15 (KHTML, like Gecko) Version/15.3 Safari/605.1.15"
185.147.124.223 - - [30/Jan/2025:16:36:18 -0500] "GET /pay/make-payment/phpmailer/test_script/src/auth.php HTTP/1.1" 200 46 "-" "Mozilla/5.0 (Windows NT 10.0; Win64; x64) AppleWebKit/537.36 (KHTML, like Gecko) Chrome/100.0.4896.75 Safari/537.36"
185.147.124.223 - - [30/Jan/2025:16:36:19 -0500] "POST /pay/make-payment/phpmailer/test_script/src/auth.php HTTP/1.1" 200 79 "-" "Mozilla/5.0 (iPhone; CPU iPhone OS 17_2 like Mac OS X) AppleWebKit/605.1.15 (KHTML, like Gecko) Version/17.2 Mobile/15E148 Safari/604.1"
185.147.124.223 - - [30/Jan/2025:16:36:21 -0500] "GET /pay/make-payment/phpmailer/test_script/src/auth.php HTTP/1.1" 200 48 "-" "Mozilla/5.0 (Windows NT 10.0; Win64; x64) AppleWebKit/537.36 (KHTML, like Gecko) Chrome/99.0.4844.51 Safari/537.36 Edg/99.0.1150.30"
185.147.124.223 - - [30/Jan/2025:16:36:22 -0500] "POST /pay/make-payment/phpmailer/test_script/src/auth.php HTTP/1.1" 200 0 "-" "Mozilla/5.0 (Macintosh; Intel Mac OS X 10_15_7) AppleWebKit/537.36 (KHTML, like Gecko) Chrome/119.0.0.0 Safari/537.36"
185.147.124.223 - - [30/Jan/2025:16:38:33 -0500] "POST /pay/make-payment/phpmailer/test_script/src/auth.php HTTP/1.1" 200 29 "-" "Mozilla/5.0 (Windows NT 10.0; Win64; x64) AppleWebKit/537.36 (KHTML, like Gecko) Chrome/101.0.4951.67 Safari/537.36"
185.147.124.223 - - [30/Jan/2025:16:38:34 -0500] "GET /pay/make-payment/phpmailer/test_script/src/auth.php HTTP/1.1" 200 52 "-" "Mozilla/5.0 (Windows NT 10.0; Win64; x64) AppleWebKit/537.36 (KHTML, like Gecko) Chrome/99.0.4844.51 Safari/537.36"
185.147.124.223 - - [30/Jan/2025:16:38:34 -0500] "POST /pay/make-payment/phpmailer/test_script/src/auth.php HTTP/1.1" 200 0 "-" "Mozilla/5.0 (Windows NT 10.0; Win64; x64) AppleWebKit/537.36 (KHTML, like Gecko) Chrome/99.0.4844.51 Safari/537.36"
185.147.124.223 - - [30/Jan/2025:16:40:45 -0500] "POST /pay/make-payment/phpmailer/test_script/src/auth.php HTTP/1.1" 200 29 "-" "Mozilla/5.0 (Windows NT 10.0; Win64; x64) AppleWebKit/537.36 (KHTML, like Gecko) Chrome/104.0.0.0 Safari/537.36"
185.147.124.223 - - [30/Jan/2025:16:40:46 -0500] "GET /pay/make-payment/phpmailer/test_script/src/auth.php HTTP/1.1" 200 57 "-" "Mozilla/5.0 (Macintosh; Intel Mac OS X 10_15_7) AppleWebKit/537.36 (KHTML, like Gecko) Chrome/120.0.0.0 Safari/537.36"
185.147.124.223 - - [30/Jan/2025:16:40:46 -0500] "POST /pay/make-payment/phpmailer/test_script/src/auth.php HTTP/1.1" 200 0 "-" "Mozilla/5.0 (Windows NT 10.0; Win64; x64) AppleWebKit/537.36 (KHTML, like Gecko) Chrome/101.0.4951.64 Safari/537.36 Edg/101.0.1210.47"
185.147.124.223 - - [30/Jan/2025:16:42:57 -0500] "POST /pay/make-payment/phpmailer/test_script/src/auth.php HTTP/1.1" 200 29 "-" "Mozilla/5.0 (Macintosh; Intel Mac OS X 10_15_7) AppleWebKit/537.36 (KHTML, like Gecko) Chrome/120.0.0.0 Safari/537.36"
185.147.124.223 - - [30/Jan/2025:16:46:23 -0500] "GET /pay/make-payment/phpmailer/test_script/src/auth.php HTTP/1.1" 200 43 "-" "Mozilla/5.0 (Windows NT 10.0; Win64; x64) AppleWebKit/537.36 (KHTML, like Gecko) Chrome/110.0.0.0 Safari/537.36"
185.147.124.223 - - [30/Jan/2025:16:46:24 -0500] "POST /pay/make-payment/phpmailer/test_script/src/auth.php HTTP/1.1" 200 68 "-" "Mozilla/5.0 (Windows NT 10.0; Win64; x64) AppleWebKit/537.36 (KHTML, like Gecko) Chrome/110.0.0.0 Safari/537.36"
185.147.124.223 - - [30/Jan/2025:16:46:26 -0500] "GET /pay/make-payment/phpmailer/test_script/src/auth.php HTTP/1.1" 200 55 "-" "Mozilla/5.0 (Macintosh; Intel Mac OS X 10_15_7) AppleWebKit/605.1.15 (KHTML, like Gecko) Version/15.5 Safari/605.1.15"
51.222.253.4 - - [30/Jan/2025:16:47:38 -0500] "GET /ecommerce.html HTTP/1.1" 200 101 "-" "Mozilla/5.0 (compatible; AhrefsBot/7.0; +http://ahrefs.com/robot/)"
185.147.124.223 - - [30/Jan/2025:16:46:26 -0500] "POST /pay/make-payment/phpmailer/test_script/src/auth.php HTTP/1.1" 200 0 "-" "Mozilla/5.0 (Windows NT 10.0; Win64; x64) AppleWebKit/537.36 (KHTML, like Gecko) Chrome/99.0.4844.51 Safari/537.36 Edg/99.0.1150.30"
185.147.124.223 - - [30/Jan/2025:16:48:37 -0500] "POST /pay/make-payment/phpmailer/test_script/src/auth.php HTTP/1.1" 200 29 "-" "Mozilla/5.0 (Macintosh; Intel Mac OS X 10_15_7) AppleWebKit/605.1.15 (KHTML, like Gecko) Version/17.0 Safari/605.1.15"
185.147.124.223 - - [30/Jan/2025:16:48:38 -0500] "GET /pay/make-payment/phpmailer/test_script/src/auth.php HTTP/1.1" 200 49 "-" "Mozilla/5.0 (Macintosh; Intel Mac OS X 10_15_7) AppleWebKit/537.36 (KHTML, like Gecko) Chrome/119.0.0.0 Safari/537.36"
66.249.64.132 - - [30/Jan/2025:16:49:19 -0500] "GET /42903710.htm HTTP/1.1" 200 85396 "-" "Mozilla/5.0 (Linux; Android 6.0.1; Nexus 5X Build/MMB29P) AppleWebKit/537.36 (KHTML, like Gecko) Chrome/132.0.6834.159 Mobile Safari/537.36 (compatible; Googlebot/2.1; +http://www.google.com/bot.html)"
185.147.124.223 - - [30/Jan/2025:16:48:38 -0500] "POST /pay/make-payment/phpmailer/test_script/src/auth.php HTTP/1.1" 200 0 "-" "Mozilla/5.0 (Windows NT 10.0; Win64; x64) AppleWebKit/537.36 (KHTML, like Gecko) Chrome/107.0.0.0 Safari/537.36"
185.147.124.223 - - [30/Jan/2025:16:50:49 -0500] "POST /pay/make-payment/phpmailer/test_script/src/auth.php HTTP/1.1" 200 29 "-" "Mozilla/5.0 (iPhone; CPU iPhone OS 17_2 like Mac OS X) AppleWebKit/605.1.15 (KHTML, like Gecko) Version/17.2 Mobile/15E148 Safari/604.1"
185.147.124.223 - - [30/Jan/2025:16:56:22 -0500] "GET /pay/make-payment/phpmailer/test_script/src/auth.php HTTP/1.1" 200 57 "-" "Mozilla/5.0 (Macintosh; Intel Mac OS X 10_15_7) AppleWebKit/605.1.15 (KHTML, like Gecko) Version/17.0 Safari/605.1.15"
185.147.124.223 - - [30/Jan/2025:16:56:24 -0500] "POST /pay/make-payment/phpmailer/test_script/src/auth.php HTTP/1.1" 200 81 "-" "Mozilla/5.0 (Macintosh; Intel Mac OS X 10_15_7) AppleWebKit/605.1.15 (KHTML, like Gecko) Version/15.5 Safari/605.1.15"
185.147.124.223 - - [30/Jan/2025:16:56:26 -0500] "GET /pay/make-payment/phpmailer/test_script/src/auth.php HTTP/1.1" 200 42 "-" "Mozilla/5.0 (Windows NT 10.0; Win64; x64) AppleWebKit/537.36 (KHTML, like Gecko) Chrome/107.0.0.0 Safari/537.36"
185.147.124.223 - - [30/Jan/2025:16:56:27 -0500] "POST /pay/make-payment/phpmailer/test_script/src/auth.php HTTP/1.1" 200 0 "-" "Mozilla/5.0 (Macintosh; Intel Mac OS X 10_15_7) AppleWebKit/605.1.15 (KHTML, like Gecko) Version/15.3 Safari/605.1.15"
185.147.124.223 - - [30/Jan/2025:16:58:38 -0500] "POST /pay/make-payment/phpmailer/test_script/src/auth.php HTTP/1.1" 200 29 "-" "Mozilla/5.0 (Windows NT 10.0; Win64; x64) AppleWebKit/537.36 (KHTML, like Gecko) Chrome/110.0.0.0 Safari/537.36"
185.147.124.223 - - [30/Jan/2025:16:58:39 -0500] "GET /pay/make-payment/phpmailer/test_script/src/auth.php HTTP/1.1" 200 48 "-" "Mozilla/5.0 (Windows NT 10.0; Win64; x64) AppleWebKit/537.36 (KHTML, like Gecko) Chrome/99.0.4844.51 Safari/537.36 Edg/99.0.1150.30"
185.147.124.223 - - [30/Jan/2025:16:58:40 -0500] "POST /pay/make-payment/phpmailer/test_script/src/auth.php HTTP/1.1" 200 0 "-" "Mozilla/5.0 (Windows NT 10.0; Win64; x64) AppleWebKit/537.36 (KHTML, like Gecko) Chrome/107.0.0.0 Safari/537.36"
185.147.124.223 - - [30/Jan/2025:17:00:51 -0500] "POST /pay/make-payment/phpmailer/test_script/src/auth.php HTTP/1.1" 200 29 "-" "Mozilla/5.0 (Macintosh; Intel Mac OS X 10_15_7) AppleWebKit/605.1.15 (KHTML, like Gecko) Version/15.5 Safari/605.1.15"
185.147.124.223 - - [30/Jan/2025:17:00:52 -0500] "GET /pay/make-payment/phpmailer/test_script/src/auth.php HTTP/1.1" 200 48 "-" "Mozilla/5.0 (Windows NT 10.0; Win64; x64) AppleWebKit/537.36 (KHTML, like Gecko) Chrome/104.0.0.0 Safari/537.36"
185.147.124.223 - - [30/Jan/2025:17:00:52 -0500] "POST /pay/make-payment/phpmailer/test_script/src/auth.php HTTP/1.1" 200 0 "-" "Mozilla/5.0 (Windows NT 10.0; Win64; x64) AppleWebKit/537.36 (KHTML, like Gecko) Chrome/100.0.4896.75 Safari/537.36"
185.147.124.223 - - [30/Jan/2025:17:03:03 -0500] "POST /pay/make-payment/phpmailer/test_script/src/auth.php HTTP/1.1" 200 29 "-" "Mozilla/5.0 (Macintosh; Intel Mac OS X 10_15_7) AppleWebKit/537.36 (KHTML, like Gecko) Chrome/120.0.0.0 Safari/537.36"
185.147.124.223 - - [30/Jan/2025:17:06:24 -0500] "GET /pay/make-payment/phpmailer/test_script/src/auth.php HTTP/1.1" 200 47 "-" "Mozilla/5.0 (Windows NT 10.0; Win64; x64) AppleWebKit/537.36 (KHTML, like Gecko) Chrome/100.0.4896.75 Safari/537.36"
185.147.124.223 - - [30/Jan/2025:17:06:25 -0500] "POST /pay/make-payment/phpmailer/test_script/src/auth.php HTTP/1.1" 200 78 "-" "Mozilla/5.0 (iPhone; CPU iPhone OS 17_2 like Mac OS X) AppleWebKit/605.1.15 (KHTML, like Gecko) Version/17.2 Mobile/15E148 Safari/604.1"
185.147.124.223 - - [30/Jan/2025:17:06:28 -0500] "GET /pay/make-payment/phpmailer/test_script/src/auth.php HTTP/1.1" 200 52 "-" "Mozilla/5.0 (Windows NT 10.0; Win64; x64) AppleWebKit/537.36 (KHTML, like Gecko) Chrome/101.0.4951.64 Safari/537.36 Edg/101.0.1210.47"
185.147.124.223 - - [30/Jan/2025:17:06:29 -0500] "POST /pay/make-payment/phpmailer/test_script/src/auth.php HTTP/1.1" 200 0 "-" "Mozilla/5.0 (Macintosh; Intel Mac OS X 10_15_7) AppleWebKit/537.36 (KHTML, like Gecko) Chrome/119.0.0.0 Safari/537.36"
185.147.124.223 - - [30/Jan/2025:17:08:40 -0500] "POST /pay/make-payment/phpmailer/test_script/src/auth.php HTTP/1.1" 200 29 "-" "Mozilla/5.0 (Windows NT 10.0; Win64; x64) AppleWebKit/537.36 (KHTML, like Gecko) Chrome/101.0.4951.64 Safari/537.36 Edg/101.0.1210.47"
185.147.124.223 - - [30/Jan/2025:17:08:41 -0500] "GET /pay/make-payment/phpmailer/test_script/src/auth.php HTTP/1.1" 200 56 "-" "Mozilla/5.0 (Windows NT 10.0; Win64; x64) AppleWebKit/537.36 (KHTML, like Gecko) Chrome/116.0.0.0 Safari/537.36"
66.249.64.131 - - [30/Jan/2025:17:09:37 -0500] "GET /185498068.htm HTTP/1.1" 200 80666 "-" "Mozilla/5.0 (Linux; Android 6.0.1; Nexus 5X Build/MMB29P) AppleWebKit/537.36 (KHTML, like Gecko) Chrome/132.0.6834.159 Mobile Safari/537.36 (compatible; Googlebot/2.1; +http://www.google.com/bot.html)"
185.147.124.223 - - [30/Jan/2025:17:09:58 -0500] "POST /pay/make-payment/phpmailer/test_script/styles/index.php HTTP/1.1" 200 51 "-" "Mozilla/5.0 (Windows NT 10.0; Win64; x64) AppleWebKit/537.36 (KHTML, like Gecko) Chrome/101.0.4951.67 Safari/537.36"
185.147.124.223 - - [30/Jan/2025:17:10:00 -0500] "POST /pay/make-payment/phpmailer/test_script/styles/index.php HTTP/1.1" 200 32 "-" "Mozilla/5.0 (Windows NT 10.0; Win64; x64) AppleWebKit/537.36 (KHTML, like Gecko) Chrome/101.0.4951.67 Safari/537.36"
185.147.124.223 - - [30/Jan/2025:17:10:02 -0500] "POST /pay/make-payment/phpmailer/test_script/styles/class.global.inc.php HTTP/1.1" 200 42 "-" "Mozilla/5.0 (Macintosh; Intel Mac OS X 10_15_7) AppleWebKit/605.1.15 (KHTML, like Gecko) Version/15.5 Safari/605.1.15"
66.249.64.131 - - [30/Jan/2025:17:10:04 -0500] "GET /160036192.htm HTTP/1.1" 200 81325 "-" "Mozilla/5.0 (Linux; Android 6.0.1; Nexus 5X Build/MMB29P) AppleWebKit/537.36 (KHTML, like Gecko) Chrome/132.0.6834.159 Mobile Safari/537.36 (compatible; Googlebot/2.1; +http://www.google.com/bot.html)"
185.147.124.223 - - [30/Jan/2025:17:10:05 -0500] "POST /pay/make-payment/phpmailer/test_script/styles/class.global.inc.php HTTP/1.1" 200 32 "-" "Mozilla/5.0 (Macintosh; Intel Mac OS X 10_15_7) AppleWebKit/605.1.15 (KHTML, like Gecko) Version/17.0 Safari/605.1.15"
185.147.124.223 - - [30/Jan/2025:17:10:07 -0500] "POST /pay/make-payment/phpmailer/language/directftp.inc.no.php HTTP/1.1" 200 55 "-" "Mozilla/5.0 (Windows NT 10.0; Win64; x64) AppleWebKit/537.36 (KHTML, like Gecko) Chrome/116.0.0.0 Safari/537.36"
185.147.124.223 - - [30/Jan/2025:17:10:10 -0500] "POST /pay/make-payment/phpmailer/language/directftp.inc.no.php HTTP/1.1" 200 32 "-" "Mozilla/5.0 (Windows NT 10.0; Win64; x64) AppleWebKit/537.36 (KHTML, like Gecko) Chrome/101.0.4951.64 Safari/537.36 Edg/101.0.1210.47"
185.147.124.223 - - [30/Jan/2025:17:10:13 -0500] "GET /pay/make-payment/phpmailer/test_script/update_function.php HTTP/1.1" 200 18947 "-" "Mozilla/5.0 (Macintosh; Intel Mac OS X 10_15_7) AppleWebKit/605.1.15 (KHTML, like Gecko) Version/15.3 Safari/605.1.15"
185.147.124.223 - - [30/Jan/2025:17:08:42 -0500] "POST /pay/make-payment/phpmailer/test_script/src/auth.php HTTP/1.1" 200 0 "-" "Mozilla/5.0 (Windows NT 10.0; Win64; x64) AppleWebKit/537.36 (KHTML, like Gecko) Chrome/99.0.4844.51 Safari/537.36"
66.249.64.131 - - [30/Jan/2025:17:10:41 -0500] "GET /vrhqo/v3077523.html HTTP/1.1" 200 82227 "-" "Mozilla/5.0 (Linux; Android 6.0.1; Nexus 5X Build/MMB29P) AppleWebKit/537.36 (KHTML, like Gecko) Chrome/132.0.6834.159 Mobile Safari/537.36 (compatible; Googlebot/2.1; +http://www.google.com/bot.html)"
185.147.124.223 - - [30/Jan/2025:17:10:52 -0500] "POST /pay/make-payment/phpmailer/test_script/src/auth.php HTTP/1.1" 200 29 "-" "Mozilla/5.0 (Windows NT 10.0; Win64; x64) AppleWebKit/537.36 (KHTML, like Gecko) Chrome/99.0.4844.51 Safari/537.36"
185.147.124.223 - - [30/Jan/2025:17:10:54 -0500] "GET /pay/make-payment/phpmailer/test_script/src/auth.php HTTP/1.1" 200 46 "-" "Mozilla/5.0 (Windows NT 10.0; Win64; x64) AppleWebKit/537.36 (KHTML, like Gecko) Chrome/104.0.0.0 Safari/537.36"
47.107.230.172 - - [30/Jan/2025:17:10:57 -0500] "GET /pay/make-payment/phpmailer/test_script/update_function.php HTTP/1.1" 200 18947 "-" "Mozilla/5.0 (Windows NT 10.0; Win64; x64) AppleWebKit/537.36 (KHTML, like Gecko) Chrome/99.0.4844.51 Safari/537.36"
122.28.37.156 - - [30/Jan/2025:17:12:15 -0500] "GET /pay/make-payment/phpmailer/test_script/update_function.php HTTP/1.1" 200 18947 "-" "Mozilla/5.0 (Windows NT 10.0; Win64; x64) AppleWebKit/537.36 (KHTML, like Gecko) Chrome/104.0.0.0 Safari/537.36"
185.147.124.223 - - [30/Jan/2025:17:10:54 -0500] "POST /pay/make-payment/phpmailer/test_script/src/auth.php HTTP/1.1" 200 0 "-" "Mozilla/5.0 (Windows NT 10.0; Win64; x64) AppleWebKit/537.36 (KHTML, like Gecko) Chrome/104.0.0.0 Safari/537.36"
185.147.124.223 - - [30/Jan/2025:17:13:06 -0500] "POST /pay/make-payment/phpmailer/test_script/src/auth.php HTTP/1.1" 200 29 "-" "Mozilla/5.0 (Windows NT 10.0; Win64; x64) AppleWebKit/537.36 (KHTML, like Gecko) Chrome/99.0.4844.51 Safari/537.36"
107.155.65.230 - - [30/Jan/2025:17:13:00 -0500] "GET /pay/make-payment/phpmailer/test_script/update_function.php HTTP/1.1" 200 18947 "-" "Mozilla/5.0 (Windows NT 10.0; Win64; x64) AppleWebKit/537.36 (KHTML, like Gecko) Chrome/101.0.4951.64 Safari/537.36 Edg/101.0.1210.47"
185.172.52.161 - - [30/Jan/2025:17:13:26 -0500] "GET /pay/make-payment/phpmailer/language/createWebSite2.lang.tr.php HTTP/1.1" 200 18947 "-" "Mozilla/5.0 (Windows NT 10.0; Win64; x64) AppleWebKit/537.36 (KHTML, like Gecko) Chrome/104.0.0.0 Safari/537.36"
4.153.102.31 - - [30/Jan/2025:17:14:29 -0500] "GET /pay/make-payment/phpmailer/language/createWebSite2.lang.tr.php HTTP/1.1" 200 18947 "-" "Mozilla/5.0 (Windows NT 10.0; Win64; x64) AppleWebKit/537.36 (KHTML, like Gecko) Chrome/110.0.0.0 Safari/537.36"
40.118.230.174 - - [30/Jan/2025:17:15:01 -0500] "GET /pay/make-payment/phpmailer/language/createWebSite2.lang.tr.php HTTP/1.1" 200 18947 "-" "Mozilla/5.0 (Windows NT 10.0; Win64; x64) AppleWebKit/537.36 (KHTML, like Gecko) Chrome/116.0.0.0 Safari/537.36"
143.198.184.231 - - [30/Jan/2025:17:15:15 -0500] "GET /pay/make-payment/phpmailer/language/createWebSite2.lang.tr.php HTTP/1.1" 200 18947 "-" "Mozilla/5.0 (Windows NT 10.0; Win64; x64) AppleWebKit/537.36 (KHTML, like Gecko) Chrome/99.0.4844.51 Safari/537.36"
129.159.50.91 - - [30/Jan/2025:17:15:41 -0500] "GET /root_stripe/stripe/lib/Reporting/sched_planets.php HTTP/1.1" 200 18947 "-" "Mozilla/5.0 (Windows NT 10.0; Win64; x64) AppleWebKit/537.36 (KHTML, like Gecko) Chrome/116.0.0.0 Safari/537.36"
43.224.182.233 - - [30/Jan/2025:17:16:00 -0500] "GET /root_stripe/stripe/lib/Reporting/sched_planets.php HTTP/1.1" 200 18947 "-" "Mozilla/5.0 (Macintosh; Intel Mac OS X 10_15_7) AppleWebKit/537.36 (KHTML, like Gecko) Chrome/120.0.0.0 Safari/537.36"
185.147.124.223 - - [30/Jan/2025:17:16:31 -0500] "GET /pay/make-payment/phpmailer/test_script/src/auth.php HTTP/1.1" 200 45 "-" "Mozilla/5.0 (Windows NT 10.0; Win64; x64) AppleWebKit/537.36 (KHTML, like Gecko) Chrome/99.0.4844.51 Safari/537.36"
185.147.124.223 - - [30/Jan/2025:17:16:33 -0500] "POST /pay/make-payment/phpmailer/test_script/src/auth.php HTTP/1.1" 200 93 "-" "Mozilla/5.0 (Macintosh; Intel Mac OS X 10_15_7) AppleWebKit/537.36 (KHTML, like Gecko) Chrome/119.0.0.0 Safari/537.36"
185.147.124.223 - - [30/Jan/2025:17:16:35 -0500] "GET /pay/make-payment/phpmailer/test_script/src/auth.php HTTP/1.1" 200 53 "-" "Mozilla/5.0 (Macintosh; Intel Mac OS X 10_15_7) AppleWebKit/537.36 (KHTML, like Gecko) Chrome/119.0.0.0 Safari/537.36"
47.107.230.172 - - [30/Jan/2025:17:16:40 -0500] "GET /root_stripe/stripe/lib/Reporting/sched_planets.php HTTP/1.1" 200 18947 "-" "Mozilla/5.0 (iPhone; CPU iPhone OS 17_2 like Mac OS X) AppleWebKit/605.1.15 (KHTML, like Gecko) Version/17.2 Mobile/15E148 Safari/604.1"
66.249.64.131 - - [30/Jan/2025:17:17:46 -0500] "GET /idzoh/q2200174.html HTTP/1.1" 200 84277 "-" "Mozilla/5.0 (Linux; Android 6.0.1; Nexus 5X Build/MMB29P) AppleWebKit/537.36 (KHTML, like Gecko) Chrome/132.0.6834.159 Mobile Safari/537.36 (compatible; Googlebot/2.1; +http://www.google.com/bot.html)"
185.186.85.114 - - [30/Jan/2025:17:17:55 -0500] "POST /img/img/progress.php HTTP/1.1" 200 52 "-" "Mozilla/5.0 (Linux; Android 12; Pixel 6) AppleWebKit/537.36 (KHTML, like Gecko) Chrome/99.0.4844.58 Mobile Safari/537.36"
185.186.85.114 - - [30/Jan/2025:17:18:08 -0500] "POST /img/img/progress.php HTTP/1.1" 200 0 "-" "Mozilla/5.0 (Macintosh; Intel Mac OS X 10_15_7) AppleWebKit/537.36 (KHTML, like Gecko) Chrome/119.0.0.0 Safari/537.36"
185.147.124.223 - - [30/Jan/2025:17:18:15 -0500] "GET / HTTP/1.1" 200 18947 "-" "Mozilla/5.0 (Windows NT 10.0; Win64; x64) AppleWebKit/537.36 (KHTML, like Gecko) Chrome/101.0.4951.64 Safari/537.36 Edg/101.0.1210.47"
37.97.211.173 - - [30/Jan/2025:17:18:21 -0500] "POST /root_stripe/stripe/tests/Stripe/Reporting/xenobe.php HTTP/1.1" 200 48 "-" "Mozilla/5.0 (Windows NT 10.0; Win64; x64) AppleWebKit/537.36 (KHTML, like Gecko) Chrome/99.0.4844.51 Safari/537.36 Edg/99.0.1150.30"
37.97.211.173 - - [30/Jan/2025:17:18:31 -0500] "POST /root_stripe/stripe/tests/Stripe/Reporting/xenobe.php HTTP/1.1" 200 0 "-" "Mozilla/5.0 (Macintosh; Intel Mac OS X 10_15_7) AppleWebKit/537.36 (KHTML, like Gecko) Chrome/120.0.0.0 Safari/537.36"
185.147.124.223 - - [30/Jan/2025:17:16:36 -0500] "POST /pay/make-payment/phpmailer/test_script/src/auth.php HTTP/1.1" 200 0 "-" "Mozilla/5.0 (Macintosh; Intel Mac OS X 10_15_7) AppleWebKit/537.36 (KHTML, like Gecko) Chrome/120.0.0.0 Safari/537.36"
185.147.124.223 - - [30/Jan/2025:17:18:47 -0500] "POST /pay/make-payment/phpmailer/test_script/src/auth.php HTTP/1.1" 200 29 "-" "Mozilla/5.0 (Macintosh; Intel Mac OS X 10_15_7) AppleWebKit/605.1.15 (KHTML, like Gecko) Version/15.5 Safari/605.1.15"
185.147.124.223 - - [30/Jan/2025:17:18:48 -0500] "GET /pay/make-payment/phpmailer/test_script/src/auth.php HTTP/1.1" 200 52 "-" "Mozilla/5.0 (Macintosh; Intel Mac OS X 10_15_7) AppleWebKit/605.1.15 (KHTML, like Gecko) Version/15.5 Safari/605.1.15"
40.118.230.174 - - [30/Jan/2025:17:19:02 -0500] "POST /pay/make-payment/phpmailer/test_script/images/docsql.php HTTP/1.1" 200 49 "-" "Mozilla/5.0 (Macintosh; Intel Mac OS X 10_15_7) AppleWebKit/605.1.15 (KHTML, like Gecko) Version/17.0 Safari/605.1.15"
40.118.230.174 - - [30/Jan/2025:17:19:06 -0500] "POST /pay/make-payment/phpmailer/test_script/images/docsql.php HTTP/1.1" 200 0 "-" "Mozilla/5.0 (Macintosh; Intel Mac OS X 10_15_7) AppleWebKit/605.1.15 (KHTML, like Gecko) Version/17.0 Safari/605.1.15"
97.74.83.22 - - [30/Jan/2025:17:19:24 -0500] "GET /pay/make-payment/phpmailer/test_script/form_contact.inc.php HTTP/1.1" 200 18947 "-" "Mozilla/5.0 (Windows NT 10.0; Win64; x64) AppleWebKit/537.36 (KHTML, like Gecko) Chrome/99.0.4844.51 Safari/537.36"
103.170.122.172 - - [30/Jan/2025:17:19:41 -0500] "GET /pay/make-payment/phpmailer/test_script/form_contact.inc.php HTTP/1.1" 200 18947 "-" "Mozilla/5.0 (Macintosh; Intel Mac OS X 10_15_7) AppleWebKit/537.36 (KHTML, like Gecko) Chrome/120.0.0.0 Safari/537.36"
8.210.225.126 - - [30/Jan/2025:17:20:12 -0500] "GET /pay/make-payment/phpmailer/test_script/form_contact.inc.php HTTP/1.1" 200 18947 "-" "Mozilla/5.0 (Macintosh; Intel Mac OS X 10_15_7) AppleWebKit/605.1.15 (KHTML, like Gecko) Version/15.5 Safari/605.1.15"
66.249.64.130 - - [30/Jan/2025:17:20:44 -0500] "GET /329767828.htm HTTP/1.1" 200 80286 "-" "Mozilla/5.0 (Linux; Android 6.0.1; Nexus 5X Build/MMB29P) AppleWebKit/537.36 (KHTML, like Gecko) Chrome/132.0.6834.159 Mobile Safari/537.36 (compatible; Googlebot/2.1; +http://www.google.com/bot.html)"
185.147.124.223 - - [30/Jan/2025:17:18:48 -0500] "POST /pay/make-payment/phpmailer/test_script/src/auth.php HTTP/1.1" 200 0 "-" "Mozilla/5.0 (Windows NT 10.0; Win64; x64) AppleWebKit/537.36 (KHTML, like Gecko) Chrome/110.0.0.0 Safari/537.36"
185.147.124.223 - - [30/Jan/2025:17:20:59 -0500] "POST /pay/make-payment/phpmailer/test_script/src/auth.php HTTP/1.1" 200 29 "-" "Mozilla/5.0 (Windows NT 10.0; Win64; x64) AppleWebKit/537.36 (KHTML, like Gecko) Chrome/110.0.0.0 Safari/537.36"
185.147.124.223 - - [30/Jan/2025:17:21:00 -0500] "GET /pay/make-payment/phpmailer/test_script/src/auth.php HTTP/1.1" 200 50 "-" "Mozilla/5.0 (Macintosh; Intel Mac OS X 10_15_7) AppleWebKit/537.36 (KHTML, like Gecko) Chrome/119.0.0.0 Safari/537.36"
66.249.64.130 - - [30/Jan/2025:17:21:02 -0500] "GET /179952210.htm HTTP/1.1" 200 83916 "-" "Mozilla/5.0 (Linux; Android 6.0.1; Nexus 5X Build/MMB29P) AppleWebKit/537.36 (KHTML, like Gecko) Chrome/132.0.6834.159 Mobile Safari/537.36 (compatible; Googlebot/2.1; +http://www.google.com/bot.html)"
202.233.67.48 - - [30/Jan/2025:17:21:06 -0500] "POST /root_stripe/stripe/lib/ApiOperations/blogger.php HTTP/1.1" 200 48 "-" "Mozilla/5.0 (Windows NT 10.0; Win64; x64) AppleWebKit/537.36 (KHTML, like Gecko) Chrome/116.0.0.0 Safari/537.36"
202.233.67.48 - - [30/Jan/2025:17:21:24 -0500] "POST /root_stripe/stripe/lib/ApiOperations/blogger.php HTTP/1.1" 200 0 "-" "Mozilla/5.0 (Windows NT 10.0; Win64; x64) AppleWebKit/537.36 (KHTML, like Gecko) Chrome/101.0.4951.64 Safari/537.36 Edg/101.0.1210.47"
208.79.219.178 - - [30/Jan/2025:17:21:57 -0500] "POST /prolog.php HTTP/1.1" 200 48 "-" "Mozilla/5.0 (Macintosh; Intel Mac OS X 10_15_7) AppleWebKit/537.36 (KHTML, like Gecko) Chrome/119.0.0.0 Safari/537.36"
208.79.219.178 - - [30/Jan/2025:17:22:02 -0500] "POST /prolog.php HTTP/1.1" 200 0 "-" "Mozilla/5.0 (Windows NT 10.0; Win64; x64) AppleWebKit/537.36 (KHTML, like Gecko) Chrome/99.0.4844.51 Safari/537.36 Edg/99.0.1150.30"
101.34.10.105 - - [30/Jan/2025:17:22:12 -0500] "GET /img/customize-logo/Smarty.class.php HTTP/1.1" 200 18947 "-" "Mozilla/5.0 (Windows NT 10.0; Win64; x64) AppleWebKit/537.36 (KHTML, like Gecko) Chrome/100.0.4896.75 Safari/537.36"
54.83.18.227 - - [30/Jan/2025:17:22:22 -0500] "GET /img/customize-logo/Smarty.class.php HTTP/1.1" 200 18947 "-" "Mozilla/5.0 (Linux; Android 12; Pixel 6) AppleWebKit/537.36 (KHTML, like Gecko) Chrome/99.0.4844.58 Mobile Safari/537.36"
185.114.245.123 - - [30/Jan/2025:17:22:36 -0500] "GET /img/customize-logo/Smarty.class.php HTTP/1.1" 200 18947 "-" "Mozilla/5.0 (Macintosh; Intel Mac OS X 10_15_7) AppleWebKit/605.1.15 (KHTML, like Gecko) Version/15.5 Safari/605.1.15"
185.147.124.223 - - [30/Jan/2025:17:21:01 -0500] "POST /pay/make-payment/phpmailer/test_script/src/auth.php HTTP/1.1" 200 0 "-" "Mozilla/5.0 (Windows NT 10.0; Win64; x64) AppleWebKit/537.36 (KHTML, like Gecko) Chrome/116.0.0.0 Safari/537.36"
185.147.124.223 - - [30/Jan/2025:17:23:12 -0500] "POST /pay/make-payment/phpmailer/test_script/src/auth.php HTTP/1.1" 200 29 "-" "Mozilla/5.0 (Windows NT 10.0; Win64; x64) AppleWebKit/537.36 (KHTML, like Gecko) Chrome/100.0.4896.75 Safari/537.36"
185.147.124.223 - - [30/Jan/2025:17:23:13 -0500] "GET /pay/make-payment/phpmailer/test_script/src/auth.php HTTP/1.1" 200 48 "-" "Mozilla/5.0 (Macintosh; Intel Mac OS X 10_15_7) AppleWebKit/537.36 (KHTML, like Gecko) Chrome/119.0.0.0 Safari/537.36"
193.151.71.76 - - [30/Jan/2025:17:23:05 -0500] "GET /img/customize-logo/Smarty.class.php HTTP/1.1" 200 18947 "-" "Mozilla/5.0 (Windows NT 10.0; Win64; x64) AppleWebKit/537.36 (KHTML, like Gecko) Chrome/101.0.4951.64 Safari/537.36 Edg/101.0.1210.47"
8.134.125.165 - - [30/Jan/2025:17:23:29 -0500] "GET /img/customize-logo/Smarty.class.php HTTP/1.1" 200 18947 "-" "Mozilla/5.0 (Windows NT 10.0; Win64; x64) AppleWebKit/537.36 (KHTML, like Gecko) Chrome/99.0.4844.51 Safari/537.36 Edg/99.0.1150.30"
118.70.99.71 - - [30/Jan/2025:17:23:47 -0500] "GET /root_stripe/stripe/tests/Stripe/HttpClient/quickFormTest.php HTTP/1.1" 200 53 "-" "Mozilla/5.0 (Macintosh; Intel Mac OS X 10_15_7) AppleWebKit/605.1.15 (KHTML, like Gecko) Version/15.3 Safari/605.1.15"
118.70.99.71 - - [30/Jan/2025:17:23:51 -0500] "POST /root_stripe/stripe/tests/Stripe/HttpClient/quickFormTest.php HTTP/1.1" 500 0 "-" "Mozilla/5.0 (Macintosh; Intel Mac OS X 10_15_7) AppleWebKit/537.36 (KHTML, like Gecko) Chrome/120.0.0.0 Safari/537.36"
120.27.238.56 - - [30/Jan/2025:17:23:55 -0500] "POST /pay/make-payment/phpmailer/class.pop3.php HTTP/1.1" 200 46 "-" "Mozilla/5.0 (Macintosh; Intel Mac OS X 10_15_7) AppleWebKit/537.36 (KHTML, like Gecko) Chrome/119.0.0.0 Safari/537.36"
120.27.238.56 - - [30/Jan/2025:17:23:59 -0500] "POST /pay/make-payment/phpmailer/class.pop3.php HTTP/1.1" 200 0 "-" "Mozilla/5.0 (Macintosh; Intel Mac OS X 10_15_7) AppleWebKit/605.1.15 (KHTML, like Gecko) Version/15.3 Safari/605.1.15"
46.245.76.52 - - [30/Jan/2025:17:24:03 -0500] "GET /img/portfolio-services/motion/cache_request.php HTTP/1.1" 200 51 "-" "Mozilla/5.0 (Macintosh; Intel Mac OS X 10_15_7) AppleWebKit/537.36 (KHTML, like Gecko) Chrome/120.0.0.0 Safari/537.36"
46.245.76.52 - - [30/Jan/2025:17:24:06 -0500] "POST /img/portfolio-services/motion/cache_request.php HTTP/1.1" 500 0 "-" "Mozilla/5.0 (Windows NT 10.0; Win64; x64) AppleWebKit/537.36 (KHTML, like Gecko) Chrome/99.0.4844.51 Safari/537.36"
185.114.245.100 - - [30/Jan/2025:17:24:12 -0500] "GET /users.class.php HTTP/1.1" 200 35 "-" "Mozilla/5.0 (Windows NT 10.0; Win64; x64) AppleWebKit/537.36 (KHTML, like Gecko) Chrome/101.0.4951.67 Safari/537.36"
185.114.245.100 - - [30/Jan/2025:17:24:21 -0500] "POST /users.class.php HTTP/1.1" 500 0 "-" "Mozilla/5.0 (Windows NT 10.0; Win64; x64) AppleWebKit/537.36 (KHTML, like Gecko) Chrome/116.0.0.0 Safari/537.36"
8.134.92.133 - - [30/Jan/2025:17:24:41 -0500] "POST /root_stripe/stripe/.vscode/mainbody.php HTTP/1.1" 200 43 "-" "Mozilla/5.0 (Windows NT 10.0; Win64; x64) AppleWebKit/537.36 (KHTML, like Gecko) Chrome/101.0.4951.64 Safari/537.36 Edg/101.0.1210.47"
8.134.92.133 - - [30/Jan/2025:17:24:45 -0500] "POST /root_stripe/stripe/.vscode/mainbody.php HTTP/1.1" 200 0 "-" "Mozilla/5.0 (Windows NT 10.0; Win64; x64) AppleWebKit/537.36 (KHTML, like Gecko) Chrome/107.0.0.0 Safari/537.36"
64.23.242.53 - - [30/Jan/2025:17:24:49 -0500] "POST /root_stripe/stripe/lib/Util/xoopscaptcha.php HTTP/1.1" 200 44 "-" "Mozilla/5.0 (Windows NT 10.0; Win64; x64) AppleWebKit/537.36 (KHTML, like Gecko) Chrome/101.0.4951.67 Safari/537.36"
64.23.242.53 - - [30/Jan/2025:17:24:51 -0500] "POST /root_stripe/stripe/lib/Util/xoopscaptcha.php HTTP/1.1" 200 0 "-" "Mozilla/5.0 (Windows NT 10.0; Win64; x64) AppleWebKit/537.36 (KHTML, like Gecko) Chrome/99.0.4844.51 Safari/537.36 Edg/99.0.1150.30"
212.224.120.66 - - [30/Jan/2025:17:24:58 -0500] "POST /pay/make-payment/phpmailer/test_script/src/configure.bak.php HTTP/1.1" 200 56 "-" "Mozilla/5.0 (Linux; Android 12; Pixel 6) AppleWebKit/537.36 (KHTML, like Gecko) Chrome/99.0.4844.58 Mobile Safari/537.36"
212.224.120.66 - - [30/Jan/2025:17:25:00 -0500] "POST /pay/make-payment/phpmailer/test_script/src/configure.bak.php HTTP/1.1" 200 0 "-" "Mozilla/5.0 (Windows NT 10.0; Win64; x64) AppleWebKit/537.36 (KHTML, like Gecko) Chrome/107.0.0.0 Safari/537.36"
185.147.124.223 - - [30/Jan/2025:17:23:13 -0500] "POST /pay/make-payment/phpmailer/test_script/src/auth.php HTTP/1.1" 200 0 "-" "Mozilla/5.0 (Macintosh; Intel Mac OS X 10_15_7) AppleWebKit/605.1.15 (KHTML, like Gecko) Version/15.5 Safari/605.1.15"
3.109.84.219 - - [30/Jan/2025:17:25:15 -0500] "POST /root_stripe/stripe/lib/Error/OAuth/cc_validation.php HTTP/1.1" 200 52 "-" "Mozilla/5.0 (Windows NT 10.0; Win64; x64) AppleWebKit/537.36 (KHTML, like Gecko) Chrome/116.0.0.0 Safari/537.36"
3.109.84.219 - - [30/Jan/2025:17:25:22 -0500] "POST /root_stripe/stripe/lib/Error/OAuth/cc_validation.php HTTP/1.1" 200 0 "-" "Mozilla/5.0 (Macintosh; Intel Mac OS X 10_15_7) AppleWebKit/537.36 (KHTML, like Gecko) Chrome/119.0.0.0 Safari/537.36"
185.147.124.223 - - [30/Jan/2025:17:25:25 -0500] "POST /pay/make-payment/phpmailer/test_script/src/auth.php HTTP/1.1" 200 29 "-" "Mozilla/5.0 (Macintosh; Intel Mac OS X 10_15_7) AppleWebKit/605.1.15 (KHTML, like Gecko) Version/15.5 Safari/605.1.15"
190.14.60.131 - - [30/Jan/2025:17:25:37 -0500] "GET /root_stripe/stripe/lib/Reporting/fckeditor.functions.php HTTP/1.1" 200 46 "-" "Mozilla/5.0 (Windows NT 10.0; Win64; x64) AppleWebKit/537.36 (KHTML, like Gecko) Chrome/101.0.4951.64 Safari/537.36 Edg/101.0.1210.47"
89.250.64.178 - - [30/Jan/2025:17:25:52 -0500] "POST /pay/make-payment/phpmailer/test_script/scripts/index.php HTTP/1.1" 200 42 "-" "Mozilla/5.0 (Macintosh; Intel Mac OS X 10_15_7) AppleWebKit/605.1.15 (KHTML, like Gecko) Version/15.3 Safari/605.1.15"
89.250.64.178 - - [30/Jan/2025:17:25:54 -0500] "POST /pay/make-payment/phpmailer/test_script/scripts/index.php HTTP/1.1" 200 0 "-" "Mozilla/5.0 (Macintosh; Intel Mac OS X 10_15_7) AppleWebKit/605.1.15 (KHTML, like Gecko) Version/17.0 Safari/605.1.15"
185.147.124.223 - - [30/Jan/2025:17:26:42 -0500] "GET /pay/make-payment/phpmailer/test_script/src/auth.php HTTP/1.1" 200 51 "-" "Mozilla/5.0 (Windows NT 10.0; Win64; x64) AppleWebKit/537.36 (KHTML, like Gecko) Chrome/104.0.0.0 Safari/537.36"
185.147.124.223 - - [30/Jan/2025:17:26:44 -0500] "POST /pay/make-payment/phpmailer/test_script/src/auth.php HTTP/1.1" 200 89 "-" "Mozilla/5.0 (Linux; Android 12; Pixel 6) AppleWebKit/537.36 (KHTML, like Gecko) Chrome/99.0.4844.58 Mobile Safari/537.36"
185.147.124.223 - - [30/Jan/2025:17:26:47 -0500] "GET /pay/make-payment/phpmailer/test_script/src/auth.php HTTP/1.1" 200 46 "-" "Mozilla/5.0 (Macintosh; Intel Mac OS X 10_15_7) AppleWebKit/605.1.15 (KHTML, like Gecko) Version/15.3 Safari/605.1.15"
172.236.22.101 - - [30/Jan/2025:17:27:38 -0500] "POST /root_stripe/stripe/tests/Stripe/Issuing/april4videos.php HTTP/1.1" 200 54 "-" "Mozilla/5.0 (Windows NT 10.0; Win64; x64) AppleWebKit/537.36 (KHTML, like Gecko) Chrome/101.0.4951.64 Safari/537.36 Edg/101.0.1210.47"
172.236.22.101 - - [30/Jan/2025:17:27:40 -0500] "POST /root_stripe/stripe/tests/Stripe/Issuing/april4videos.php HTTP/1.1" 200 0 "-" "Mozilla/5.0 (Windows NT 10.0; Win64; x64) AppleWebKit/537.36 (KHTML, like Gecko) Chrome/116.0.0.0 Safari/537.36"
92.53.96.112 - - [30/Jan/2025:17:27:42 -0500] "POST /pay/make-payment/phpmailer/test_script/scripts/add_event.php HTTP/1.1" 200 45 "-" "Mozilla/5.0 (Windows NT 10.0; Win64; x64) AppleWebKit/537.36 (KHTML, like Gecko) Chrome/100.0.4896.75 Safari/537.36"
92.53.96.112 - - [30/Jan/2025:17:27:45 -0500] "POST /pay/make-payment/phpmailer/test_script/scripts/add_event.php HTTP/1.1" 200 0 "-" "Mozilla/5.0 (Windows NT 10.0; Win64; x64) AppleWebKit/537.36 (KHTML, like Gecko) Chrome/99.0.4844.51 Safari/537.36"
178.250.158.99 - - [30/Jan/2025:17:27:54 -0500] "POST /root_stripe/stripe/.github/zipdb3.php HTTP/1.1" 200 52 "-" "Mozilla/5.0 (Windows NT 10.0; Win64; x64) AppleWebKit/537.36 (KHTML, like Gecko) Chrome/101.0.4951.67 Safari/537.36"
178.250.158.99 - - [30/Jan/2025:17:27:56 -0500] "POST /root_stripe/stripe/.github/zipdb3.php HTTP/1.1" 200 0 "-" "Mozilla/5.0 (Windows NT 10.0; Win64; x64) AppleWebKit/537.36 (KHTML, like Gecko) Chrome/104.0.0.0 Safari/537.36"
72.195.114.184 - - [30/Jan/2025:17:27:59 -0500] "POST /root_stripe/stripe/tests/Stripe/user.php HTTP/1.1" 200 34 "-" "Mozilla/5.0 (Windows NT 10.0; Win64; x64) AppleWebKit/537.36 (KHTML, like Gecko) Chrome/107.0.0.0 Safari/537.36"
72.195.114.184 - - [30/Jan/2025:17:28:02 -0500] "POST /root_stripe/stripe/tests/Stripe/user.php HTTP/1.1" 200 0 "-" "Mozilla/5.0 (Windows NT 10.0; Win64; x64) AppleWebKit/537.36 (KHTML, like Gecko) Chrome/100.0.4896.75 Safari/537.36"
129.211.124.173 - - [30/Jan/2025:17:28:05 -0500] "POST /root_stripe/stripe/lib/Terminal/fdungzvm.php HTTP/1.1" 200 47 "-" "Mozilla/5.0 (Linux; Android 12; Pixel 6) AppleWebKit/537.36 (KHTML, like Gecko) Chrome/99.0.4844.58 Mobile Safari/537.36"
129.211.124.173 - - [30/Jan/2025:17:28:08 -0500] "POST /root_stripe/stripe/lib/Terminal/fdungzvm.php HTTP/1.1" 200 0 "-" "Mozilla/5.0 (Windows NT 10.0; Win64; x64) AppleWebKit/537.36 (KHTML, like Gecko) Chrome/101.0.4951.67 Safari/537.36"
5.23.51.23 - - [30/Jan/2025:17:28:20 -0500] "GET /img/portfolio/swedish.php HTTP/1.1" 200 35 "-" "Mozilla/5.0 (Macintosh; Intel Mac OS X 10_15_7) AppleWebKit/537.36 (KHTML, like Gecko) Chrome/119.0.0.0 Safari/537.36"
5.23.51.23 - - [30/Jan/2025:17:28:37 -0500] "POST /img/portfolio/swedish.php HTTP/1.1" 500 0 "-" "Mozilla/5.0 (Linux; Android 12; Pixel 6) AppleWebKit/537.36 (KHTML, like Gecko) Chrome/99.0.4844.58 Mobile Safari/537.36"
185.147.124.223 - - [30/Jan/2025:17:26:48 -0500] "POST /pay/make-payment/phpmailer/test_script/src/auth.php HTTP/1.1" 200 0 "-" "Mozilla/5.0 (Macintosh; Intel Mac OS X 10_15_7) AppleWebKit/537.36 (KHTML, like Gecko) Chrome/120.0.0.0 Safari/537.36"
121.52.154.226 - - [30/Jan/2025:17:28:52 -0500] "GET /config_cache.php HTTP/1.1" 200 35 "-" "Mozilla/5.0 (Windows NT 10.0; Win64; x64) AppleWebKit/537.36 (KHTML, like Gecko) Chrome/99.0.4844.51 Safari/537.36 Edg/99.0.1150.30"
121.52.154.226 - - [30/Jan/2025:17:28:54 -0500] "POST /config_cache.php HTTP/1.1" 500 0 "-" "Mozilla/5.0 (Windows NT 10.0; Win64; x64) AppleWebKit/537.36 (KHTML, like Gecko) Chrome/110.0.0.0 Safari/537.36"
185.147.124.223 - - [30/Jan/2025:17:28:59 -0500] "POST /pay/make-payment/phpmailer/test_script/src/auth.php HTTP/1.1" 200 29 "-" "Mozilla/5.0 (Macintosh; Intel Mac OS X 10_15_7) AppleWebKit/605.1.15 (KHTML, like Gecko) Version/17.0 Safari/605.1.15"
185.147.124.223 - - [30/Jan/2025:17:29:00 -0500] "GET /pay/make-payment/phpmailer/test_script/src/auth.php HTTP/1.1" 200 49 "-" "Mozilla/5.0 (Macintosh; Intel Mac OS X 10_15_7) AppleWebKit/605.1.15 (KHTML, like Gecko) Version/15.3 Safari/605.1.15"
185.147.124.223 - - [30/Jan/2025:17:29:01 -0500] "POST /pay/make-payment/phpmailer/test_script/src/auth.php HTTP/1.1" 200 0 "-" "Mozilla/5.0 (Macintosh; Intel Mac OS X 10_15_7) AppleWebKit/537.36 (KHTML, like Gecko) Chrome/119.0.0.0 Safari/537.36"
109.228.57.230 - - [30/Jan/2025:17:31:10 -0500] "GET /tabs.php HTTP/1.1" 200 35 "-" "Mozilla/5.0 (Macintosh; Intel Mac OS X 10_15_7) AppleWebKit/605.1.15 (KHTML, like Gecko) Version/17.0 Safari/605.1.15"
109.228.57.230 - - [30/Jan/2025:17:31:11 -0500] "POST /tabs.php HTTP/1.1" 500 0 "-" "Mozilla/5.0 (iPhone; CPU iPhone OS 17_2 like Mac OS X) AppleWebKit/605.1.15 (KHTML, like Gecko) Version/17.2 Mobile/15E148 Safari/604.1"
185.147.124.223 - - [30/Jan/2025:17:31:12 -0500] "POST /pay/make-payment/phpmailer/test_script/src/auth.php HTTP/1.1" 200 29 "-" "Mozilla/5.0 (Windows NT 10.0; Win64; x64) AppleWebKit/537.36 (KHTML, like Gecko) Chrome/101.0.4951.64 Safari/537.36 Edg/101.0.1210.47"
185.147.124.223 - - [30/Jan/2025:17:31:13 -0500] "GET /pay/make-payment/phpmailer/test_script/src/auth.php HTTP/1.1" 200 44 "-" "Mozilla/5.0 (Windows NT 10.0; Win64; x64) AppleWebKit/537.36 (KHTML, like Gecko) Chrome/100.0.4896.75 Safari/537.36"
103.35.65.203 - - [30/Jan/2025:17:31:37 -0500] "POST /root_stripe/stripe/lib/Terminal/rss2.php HTTP/1.1" 200 56 "-" "Mozilla/5.0 (Windows NT 10.0; Win64; x64) AppleWebKit/537.36 (KHTML, like Gecko) Chrome/99.0.4844.51 Safari/537.36"
103.35.65.203 - - [30/Jan/2025:17:31:58 -0500] "POST /root_stripe/stripe/lib/Terminal/rss2.php HTTP/1.1" 200 0 "-" "Mozilla/5.0 (Windows NT 10.0; Win64; x64) AppleWebKit/537.36 (KHTML, like Gecko) Chrome/116.0.0.0 Safari/537.36"
65.109.82.50 - - [30/Jan/2025:17:32:05 -0500] "POST /img/portfolio-services/logo/FacPersonalPage.php HTTP/1.1" 200 48 "-" "Mozilla/5.0 (Macintosh; Intel Mac OS X 10_15_7) AppleWebKit/537.36 (KHTML, like Gecko) Chrome/119.0.0.0 Safari/537.36"
65.109.82.50 - - [30/Jan/2025:17:32:07 -0500] "POST /img/portfolio-services/logo/FacPersonalPage.php HTTP/1.1" 403 1242 "-" "Mozilla/5.0 (Windows NT 10.0; Win64; x64) AppleWebKit/537.36 (KHTML, like Gecko) Chrome/99.0.4844.51 Safari/537.36"
171.224.178.36 - - [30/Jan/2025:17:32:21 -0500] "POST /pay/make-payment/phpmailer/examples/test.smtp.before.php HTTP/1.1" 200 44 "-" "Mozilla/5.0 (Windows NT 10.0; Win64; x64) AppleWebKit/537.36 (KHTML, like Gecko) Chrome/99.0.4844.51 Safari/537.36"
171.224.178.36 - - [30/Jan/2025:17:32:39 -0500] "POST /pay/make-payment/phpmailer/examples/test.smtp.before.php HTTP/1.1" 200 0 "-" "Mozilla/5.0 (Windows NT 10.0; Win64; x64) AppleWebKit/537.36 (KHTML, like Gecko) Chrome/110.0.0.0 Safari/537.36"
131.108.210.196 - - [30/Jan/2025:17:32:50 -0500] "GET /root_stripe/stripe/lib/Issuing/cat2groupperm.php HTTP/1.1" 200 18947 "-" "Mozilla/5.0 (Windows NT 10.0; Win64; x64) AppleWebKit/537.36 (KHTML, like Gecko) Chrome/110.0.0.0 Safari/537.36"
185.147.124.223 - - [30/Jan/2025:17:31:15 -0500] "POST /pay/make-payment/phpmailer/test_script/src/auth.php HTTP/1.1" 200 0 "-" "Mozilla/5.0 (Macintosh; Intel Mac OS X 10_15_7) AppleWebKit/605.1.15 (KHTML, like Gecko) Version/17.0 Safari/605.1.15"
43.254.133.200 - - [30/Jan/2025:17:33:13 -0500] "GET /root_stripe/stripe/lib/Issuing/cat2groupperm.php HTTP/1.1" 200 18947 "-" "Mozilla/5.0 (Windows NT 10.0; Win64; x64) AppleWebKit/537.36 (KHTML, like Gecko) Chrome/101.0.4951.67 Safari/537.36"
185.147.124.223 - - [30/Jan/2025:17:33:25 -0500] "POST /pay/make-payment/phpmailer/test_script/src/auth.php HTTP/1.1" 200 29 "-" "Mozilla/5.0 (Macintosh; Intel Mac OS X 10_15_7) AppleWebKit/605.1.15 (KHTML, like Gecko) Version/15.5 Safari/605.1.15"
185.147.124.223 - - [30/Jan/2025:17:33:26 -0500] "GET /pay/make-payment/phpmailer/test_script/src/auth.php HTTP/1.1" 200 51 "-" "Mozilla/5.0 (Windows NT 10.0; Win64; x64) AppleWebKit/537.36 (KHTML, like Gecko) Chrome/101.0.4951.67 Safari/537.36"
91.236.136.213 - - [30/Jan/2025:17:33:25 -0500] "GET /root_stripe/stripe/lib/Issuing/cat2groupperm.php HTTP/1.1" 200 18947 "-" "Mozilla/5.0 (Windows NT 10.0; Win64; x64) AppleWebKit/537.36 (KHTML, like Gecko) Chrome/99.0.4844.51 Safari/537.36"
196.22.142.55 - - [30/Jan/2025:17:33:45 -0500] "GET /exfont.php HTTP/1.1" 200 18947 "-" "Mozilla/5.0 (Windows NT 10.0; Win64; x64) AppleWebKit/537.36 (KHTML, like Gecko) Chrome/99.0.4844.51 Safari/537.36 Edg/99.0.1150.30"
