185.147.124.223 - - [30/Jan/2025:21:38:01 -0500] "POST /pay/make-payment/phpmailer/test_script/src/auth.php HTTP/1.1" 200 81 "-" "Mozilla/5.0 (Macintosh; Intel Mac OS X 10_15_7) AppleWebKit/537.36 (KHTML, like Gecko) Chrome/119.0.0.0 Safari/537.36"
185.147.124.223 - - [30/Jan/2025:21:38:03 -0500] "GET /pay/make-payment/phpmailer/test_script/src/auth.php HTTP/1.1" 200 55 "-" "Mozilla/5.0 (Windows NT 10.0; Win64; x64) AppleWebKit/537.36 (KHTML, like Gecko) Chrome/116.0.0.0 Safari/537.36"
185.147.124.223 - - [30/Jan/2025:21:38:04 -0500] "POST /pay/make-payment/phpmailer/test_script/src/auth.php HTTP/1.1" 200 0 "-" "Mozilla/5.0 (Windows NT 10.0; Win64; x64) AppleWebKit/537.36 (KHTML, like Gecko) Chrome/100.0.4896.75 Safari/537.36"
185.147.124.223 - - [30/Jan/2025:21:40:15 -0500] "POST /pay/make-payment/phpmailer/test_script/src/auth.php HTTP/1.1" 200 29 "-" "Mozilla/5.0 (Windows NT 10.0; Win64; x64) AppleWebKit/537.36 (KHTML, like Gecko) Chrome/110.0.0.0 Safari/537.36"
185.147.124.223 - - [30/Jan/2025:21:40:17 -0500] "GET /pay/make-payment/phpmailer/test_script/src/auth.php HTTP/1.1" 200 49 "-" "Mozilla/5.0 (Macintosh; Intel Mac OS X 10_15_7) AppleWebKit/605.1.15 (KHTML, like Gecko) Version/17.0 Safari/605.1.15"
66.249.64.132 - - [30/Jan/2025:21:40:24 -0500] "GET /sitemap-index25.xml HTTP/1.1" 200 5395 "-" "Mozilla/5.0 (compatible; Googlebot/2.1; +http://www.google.com/bot.html)"
66.249.64.132 - - [30/Jan/2025:21:41:24 -0500] "GET /309236884.htm HTTP/1.1" 200 81408 "-" "Mozilla/5.0 (Linux; Android 6.0.1; Nexus 5X Build/MMB29P) AppleWebKit/537.36 (KHTML, like Gecko) Chrome/132.0.6834.159 Mobile Safari/537.36 (compatible; Googlebot/2.1; +http://www.google.com/bot.html)"
51.222.253.14 - - [30/Jan/2025:21:41:49 -0500] "GET /plumber-web-design-development-services.html HTTP/1.1" 200 101 "-" "Mozilla/5.0 (compatible; AhrefsBot/7.0; +http://ahrefs.com/robot/)"
185.147.124.223 - - [30/Jan/2025:21:40:18 -0500] "POST /pay/make-payment/phpmailer/test_script/src/auth.php HTTP/1.1" 200 0 "-" "Mozilla/5.0 (Macintosh; Intel Mac OS X 10_15_7) AppleWebKit/605.1.15 (KHTML, like Gecko) Version/15.3 Safari/605.1.15"
185.147.124.223 - - [30/Jan/2025:21:42:29 -0500] "POST /pay/make-payment/phpmailer/test_script/src/auth.php HTTP/1.1" 200 29 "-" "Mozilla/5.0 (Windows NT 10.0; Win64; x64) AppleWebKit/537.36 (KHTML, like Gecko) Chrome/116.0.0.0 Safari/537.36"
185.147.124.223 - - [30/Jan/2025:21:42:30 -0500] "GET /pay/make-payment/phpmailer/test_script/src/auth.php HTTP/1.1" 200 57 "-" "Mozilla/5.0 (Windows NT 10.0; Win64; x64) AppleWebKit/537.36 (KHTML, like Gecko) Chrome/99.0.4844.51 Safari/537.36"
66.249.64.131 - - [30/Jan/2025:21:42:43 -0500] "GET /81360504.htm HTTP/1.1" 200 84241 "-" "Mozilla/5.0 (Linux; Android 6.0.1; Nexus 5X Build/MMB29P) AppleWebKit/537.36 (KHTML, like Gecko) Chrome/132.0.6834.159 Mobile Safari/537.36 (compatible; Googlebot/2.1; +http://www.google.com/bot.html)"
66.249.64.130 - - [30/Jan/2025:21:42:45 -0500] "GET /163271756.htm HTTP/1.1" 200 80179 "-" "Mozilla/5.0 (Linux; Android 6.0.1; Nexus 5X Build/MMB29P) AppleWebKit/537.36 (KHTML, like Gecko) Chrome/132.0.6834.159 Mobile Safari/537.36 (compatible; Googlebot/2.1; +http://www.google.com/bot.html)"
185.147.124.223 - - [30/Jan/2025:21:42:30 -0500] "POST /pay/make-payment/phpmailer/test_script/src/auth.php HTTP/1.1" 200 0 "-" "Mozilla/5.0 (Macintosh; Intel Mac OS X 10_15_7) AppleWebKit/605.1.15 (KHTML, like Gecko) Version/15.5 Safari/605.1.15"
185.147.124.223 - - [30/Jan/2025:21:44:41 -0500] "POST /pay/make-payment/phpmailer/test_script/src/auth.php HTTP/1.1" 200 29 "-" "Mozilla/5.0 (Macintosh; Intel Mac OS X 10_15_7) AppleWebKit/605.1.15 (KHTML, like Gecko) Version/15.3 Safari/605.1.15"
66.249.64.132 - - [30/Jan/2025:21:45:01 -0500] "GET /110693774.htm HTTP/1.1" 200 80822 "-" "Mozilla/5.0 (Linux; Android 6.0.1; Nexus 5X Build/MMB29P) AppleWebKit/537.36 (KHTML, like Gecko) Chrome/132.0.6834.159 Mobile Safari/537.36 (compatible; Googlebot/2.1; +http://www.google.com/bot.html)"
185.147.124.223 - - [30/Jan/2025:21:48:07 -0500] "GET /pay/make-payment/phpmailer/test_script/src/auth.php HTTP/1.1" 200 48 "-" "Mozilla/5.0 (Windows NT 10.0; Win64; x64) AppleWebKit/537.36 (KHTML, like Gecko) Chrome/101.0.4951.64 Safari/537.36 Edg/101.0.1210.47"
185.147.124.223 - - [30/Jan/2025:21:48:09 -0500] "POST /pay/make-payment/phpmailer/test_script/src/auth.php HTTP/1.1" 200 78 "-" "Mozilla/5.0 (Windows NT 10.0; Win64; x64) AppleWebKit/537.36 (KHTML, like Gecko) Chrome/99.0.4844.51 Safari/537.36"
185.147.124.223 - - [30/Jan/2025:21:48:12 -0500] "GET /pay/make-payment/phpmailer/test_script/src/auth.php HTTP/1.1" 200 55 "-" "Mozilla/5.0 (Windows NT 10.0; Win64; x64) AppleWebKit/537.36 (KHTML, like Gecko) Chrome/110.0.0.0 Safari/537.36"
185.147.124.223 - - [30/Jan/2025:21:48:13 -0500] "POST /pay/make-payment/phpmailer/test_script/src/auth.php HTTP/1.1" 200 0 "-" "Mozilla/5.0 (Macintosh; Intel Mac OS X 10_15_7) AppleWebKit/537.36 (KHTML, like Gecko) Chrome/120.0.0.0 Safari/537.36"
185.147.124.223 - - [30/Jan/2025:21:50:24 -0500] "POST /pay/make-payment/phpmailer/test_script/src/auth.php HTTP/1.1" 200 29 "-" "Mozilla/5.0 (Macintosh; Intel Mac OS X 10_15_7) AppleWebKit/605.1.15 (KHTML, like Gecko) Version/17.0 Safari/605.1.15"
185.147.124.223 - - [30/Jan/2025:21:50:24 -0500] "GET /pay/make-payment/phpmailer/test_script/src/auth.php HTTP/1.1" 200 47 "-" "Mozilla/5.0 (Linux; Android 12; Pixel 6) AppleWebKit/537.36 (KHTML, like Gecko) Chrome/99.0.4844.58 Mobile Safari/537.36"
66.249.64.132 - - [30/Jan/2025:21:52:24 -0500] "GET /zspyc/h2989057.html HTTP/1.1" 200 81630 "-" "Mozilla/5.0 (Linux; Android 6.0.1; Nexus 5X Build/MMB29P) AppleWebKit/537.36 (KHTML, like Gecko) Chrome/132.0.6834.159 Mobile Safari/537.36 (compatible; Googlebot/2.1; +http://www.google.com/bot.html)"
185.147.124.223 - - [30/Jan/2025:21:50:25 -0500] "POST /pay/make-payment/phpmailer/test_script/src/auth.php HTTP/1.1" 200 0 "-" "Mozilla/5.0 (Windows NT 10.0; Win64; x64) AppleWebKit/537.36 (KHTML, like Gecko) Chrome/107.0.0.0 Safari/537.36"
185.147.124.223 - - [30/Jan/2025:21:52:36 -0500] "POST /pay/make-payment/phpmailer/test_script/src/auth.php HTTP/1.1" 200 29 "-" "Mozilla/5.0 (Macintosh; Intel Mac OS X 10_15_7) AppleWebKit/537.36 (KHTML, like Gecko) Chrome/120.0.0.0 Safari/537.36"
185.147.124.223 - - [30/Jan/2025:21:52:36 -0500] "GET /pay/make-payment/phpmailer/test_script/src/auth.php HTTP/1.1" 200 48 "-" "Mozilla/5.0 (Windows NT 10.0; Win64; x64) AppleWebKit/537.36 (KHTML, like Gecko) Chrome/107.0.0.0 Safari/537.36"
66.249.64.131 - - [30/Jan/2025:21:52:44 -0500] "GET /277885172.htm HTTP/1.1" 200 82876 "-" "Mozilla/5.0 (Linux; Android 6.0.1; Nexus 5X Build/MMB29P) AppleWebKit/537.36 (KHTML, like Gecko) Chrome/132.0.6834.159 Mobile Safari/537.36 (compatible; Googlebot/2.1; +http://www.google.com/bot.html)"
66.249.64.130 - - [30/Jan/2025:21:53:59 -0500] "GET /sitemap-index1.xml HTTP/1.1" 200 5337 "-" "Mozilla/5.0 (compatible; Googlebot/2.1; +http://www.google.com/bot.html)"
185.147.124.223 - - [30/Jan/2025:21:52:37 -0500] "POST /pay/make-payment/phpmailer/test_script/src/auth.php HTTP/1.1" 200 0 "-" "Mozilla/5.0 (Macintosh; Intel Mac OS X 10_15_7) AppleWebKit/605.1.15 (KHTML, like Gecko) Version/15.3 Safari/605.1.15"
185.147.124.223 - - [30/Jan/2025:21:54:48 -0500] "POST /pay/make-payment/phpmailer/test_script/src/auth.php HTTP/1.1" 200 29 "-" "Mozilla/5.0 (Windows NT 10.0; Win64; x64) AppleWebKit/537.36 (KHTML, like Gecko) Chrome/116.0.0.0 Safari/537.36"
66.249.64.130 - - [30/Jan/2025:21:56:31 -0500] "GET /38740330.htm HTTP/1.1" 200 82668 "-" "Mozilla/5.0 (Linux; Android 6.0.1; Nexus 5X Build/MMB29P) AppleWebKit/537.36 (KHTML, like Gecko) Chrome/132.0.6834.159 Mobile Safari/537.36 (compatible; Googlebot/2.1; +http://www.google.com/bot.html)"
66.249.64.131 - - [30/Jan/2025:21:56:36 -0500] "GET /358675112.htm HTTP/1.1" 200 82652 "-" "Mozilla/5.0 (Linux; Android 6.0.1; Nexus 5X Build/MMB29P) AppleWebKit/537.36 (KHTML, like Gecko) Chrome/132.0.6834.159 Mobile Safari/537.36 (compatible; Googlebot/2.1; +http://www.google.com/bot.html)"
66.249.64.130 - - [30/Jan/2025:21:56:44 -0500] "GET /rpkcp/m1539744.html HTTP/1.1" 200 84311 "-" "Mozilla/5.0 (Linux; Android 6.0.1; Nexus 5X Build/MMB29P) AppleWebKit/537.36 (KHTML, like Gecko) Chrome/132.0.6834.159 Mobile Safari/537.36 (compatible; Googlebot/2.1; +http://www.google.com/bot.html)"
185.147.124.223 - - [30/Jan/2025:21:58:08 -0500] "GET /pay/make-payment/phpmailer/test_script/src/auth.php HTTP/1.1" 200 54 "-" "Mozilla/5.0 (Macintosh; Intel Mac OS X 10_15_7) AppleWebKit/537.36 (KHTML, like Gecko) Chrome/119.0.0.0 Safari/537.36"
185.147.124.223 - - [30/Jan/2025:21:58:09 -0500] "POST /pay/make-payment/phpmailer/test_script/src/auth.php HTTP/1.1" 200 93 "-" "Mozilla/5.0 (Windows NT 10.0; Win64; x64) AppleWebKit/537.36 (KHTML, like Gecko) Chrome/99.0.4844.51 Safari/537.36 Edg/99.0.1150.30"
185.147.124.223 - - [30/Jan/2025:21:58:12 -0500] "GET /pay/make-payment/phpmailer/test_script/src/auth.php HTTP/1.1" 200 48 "-" "Mozilla/5.0 (Macintosh; Intel Mac OS X 10_15_7) AppleWebKit/537.36 (KHTML, like Gecko) Chrome/120.0.0.0 Safari/537.36"
185.147.124.223 - - [30/Jan/2025:21:58:12 -0500] "POST /pay/make-payment/phpmailer/test_script/src/auth.php HTTP/1.1" 200 0 "-" "Mozilla/5.0 (Windows NT 10.0; Win64; x64) AppleWebKit/537.36 (KHTML, like Gecko) Chrome/101.0.4951.67 Safari/537.36"
185.147.124.223 - - [30/Jan/2025:22:00:23 -0500] "POST /pay/make-payment/phpmailer/test_script/src/auth.php HTTP/1.1" 200 29 "-" "Mozilla/5.0 (Linux; Android 12; Pixel 6) AppleWebKit/537.36 (KHTML, like Gecko) Chrome/99.0.4844.58 Mobile Safari/537.36"
185.147.124.223 - - [30/Jan/2025:22:00:24 -0500] "GET /pay/make-payment/phpmailer/test_script/src/auth.php HTTP/1.1" 200 55 "-" "Mozilla/5.0 (Windows NT 10.0; Win64; x64) AppleWebKit/537.36 (KHTML, like Gecko) Chrome/107.0.0.0 Safari/537.36"
185.147.124.223 - - [30/Jan/2025:22:00:25 -0500] "POST /pay/make-payment/phpmailer/test_script/src/auth.php HTTP/1.1" 200 0 "-" "Mozilla/5.0 (Windows NT 10.0; Win64; x64) AppleWebKit/537.36 (KHTML, like Gecko) Chrome/101.0.4951.64 Safari/537.36 Edg/101.0.1210.47"
185.147.124.223 - - [30/Jan/2025:22:02:36 -0500] "POST /pay/make-payment/phpmailer/test_script/src/auth.php HTTP/1.1" 200 29 "-" "Mozilla/5.0 (Macintosh; Intel Mac OS X 10_15_7) AppleWebKit/605.1.15 (KHTML, like Gecko) Version/15.5 Safari/605.1.15"
185.147.124.223 - - [30/Jan/2025:22:02:37 -0500] "GET /pay/make-payment/phpmailer/test_script/src/auth.php HTTP/1.1" 200 51 "-" "Mozilla/5.0 (Windows NT 10.0; Win64; x64) AppleWebKit/537.36 (KHTML, like Gecko) Chrome/104.0.0.0 Safari/537.36"
43.135.134.127 - - [30/Jan/2025:22:03:04 -0500] "GET / HTTP/1.1" 200 18947 "http://designbeasts.com" "Mozilla/5.0 (iPhone; CPU iPhone OS 13_2_3 like Mac OS X) AppleWebKit/605.1.15 (KHTML, like Gecko) Version/13.0.3 Mobile/15E148 Safari/604.1"
185.147.124.223 - - [30/Jan/2025:22:02:37 -0500] "POST /pay/make-payment/phpmailer/test_script/src/auth.php HTTP/1.1" 200 0 "-" "Mozilla/5.0 (Macintosh; Intel Mac OS X 10_15_7) AppleWebKit/605.1.15 (KHTML, like Gecko) Version/15.3 Safari/605.1.15"
185.147.124.223 - - [30/Jan/2025:22:04:48 -0500] "POST /pay/make-payment/phpmailer/test_script/src/auth.php HTTP/1.1" 200 29 "-" "Mozilla/5.0 (Windows NT 10.0; Win64; x64) AppleWebKit/537.36 (KHTML, like Gecko) Chrome/101.0.4951.64 Safari/537.36 Edg/101.0.1210.47"
185.147.124.223 - - [30/Jan/2025:22:04:49 -0500] "GET /pay/make-payment/phpmailer/test_script/src/auth.php HTTP/1.1" 200 48 "-" "Mozilla/5.0 (Windows NT 10.0; Win64; x64) AppleWebKit/537.36 (KHTML, like Gecko) Chrome/100.0.4896.75 Safari/537.36"
185.147.124.223 - - [30/Jan/2025:22:04:50 -0500] "POST /pay/make-payment/phpmailer/test_script/src/auth.php HTTP/1.1" 200 0 "-" "Mozilla/5.0 (Windows NT 10.0; Win64; x64) AppleWebKit/537.36 (KHTML, like Gecko) Chrome/99.0.4844.51 Safari/537.36"
185.147.124.223 - - [30/Jan/2025:22:07:02 -0500] "POST /pay/make-payment/phpmailer/test_script/src/auth.php HTTP/1.1" 200 29 "-" "Mozilla/5.0 (Macintosh; Intel Mac OS X 10_15_7) AppleWebKit/537.36 (KHTML, like Gecko) Chrome/119.0.0.0 Safari/537.36"
66.249.64.130 - - [30/Jan/2025:22:07:44 -0500] "GET /87186422.htm HTTP/1.1" 200 83511 "-" "Mozilla/5.0 (Linux; Android 6.0.1; Nexus 5X Build/MMB29P) AppleWebKit/537.36 (KHTML, like Gecko) Chrome/132.0.6834.159 Mobile Safari/537.36 (compatible; Googlebot/2.1; +http://www.google.com/bot.html)"
185.147.124.223 - - [30/Jan/2025:22:08:13 -0500] "GET /pay/make-payment/phpmailer/test_script/src/auth.php HTTP/1.1" 200 47 "-" "Mozilla/5.0 (Windows NT 10.0; Win64; x64) AppleWebKit/537.36 (KHTML, like Gecko) Chrome/116.0.0.0 Safari/537.36"
185.147.124.223 - - [30/Jan/2025:22:08:14 -0500] "POST /pay/make-payment/phpmailer/test_script/src/auth.php HTTP/1.1" 200 89 "-" "Mozilla/5.0 (Windows NT 10.0; Win64; x64) AppleWebKit/537.36 (KHTML, like Gecko) Chrome/100.0.4896.75 Safari/537.36"
185.147.124.223 - - [30/Jan/2025:22:08:17 -0500] "GET /pay/make-payment/phpmailer/test_script/src/auth.php HTTP/1.1" 200 45 "-" "Mozilla/5.0 (Windows NT 10.0; Win64; x64) AppleWebKit/537.36 (KHTML, like Gecko) Chrome/116.0.0.0 Safari/537.36"
185.147.124.223 - - [30/Jan/2025:22:08:18 -0500] "POST /pay/make-payment/phpmailer/test_script/src/auth.php HTTP/1.1" 200 0 "-" "Mozilla/5.0 (Windows NT 10.0; Win64; x64) AppleWebKit/537.36 (KHTML, like Gecko) Chrome/100.0.4896.75 Safari/537.36"
185.147.124.223 - - [30/Jan/2025:22:10:29 -0500] "POST /pay/make-payment/phpmailer/test_script/src/auth.php HTTP/1.1" 200 29 "-" "Mozilla/5.0 (Linux; Android 12; Pixel 6) AppleWebKit/537.36 (KHTML, like Gecko) Chrome/99.0.4844.58 Mobile Safari/537.36"
185.147.124.223 - - [30/Jan/2025:22:10:30 -0500] "GET /pay/make-payment/phpmailer/test_script/src/auth.php HTTP/1.1" 200 58 "-" "Mozilla/5.0 (Macintosh; Intel Mac OS X 10_15_7) AppleWebKit/605.1.15 (KHTML, like Gecko) Version/17.0 Safari/605.1.15"
185.147.124.223 - - [30/Jan/2025:22:10:30 -0500] "POST /pay/make-payment/phpmailer/test_script/src/auth.php HTTP/1.1" 200 0 "-" "Mozilla/5.0 (Windows NT 10.0; Win64; x64) AppleWebKit/537.36 (KHTML, like Gecko) Chrome/99.0.4844.51 Safari/537.36 Edg/99.0.1150.30"
185.147.124.223 - - [30/Jan/2025:22:12:41 -0500] "POST /pay/make-payment/phpmailer/test_script/src/auth.php HTTP/1.1" 200 29 "-" "Mozilla/5.0 (Windows NT 10.0; Win64; x64) AppleWebKit/537.36 (KHTML, like Gecko) Chrome/100.0.4896.75 Safari/537.36"
185.147.124.223 - - [30/Jan/2025:22:12:42 -0500] "GET /pay/make-payment/phpmailer/test_script/src/auth.php HTTP/1.1" 200 56 "-" "Mozilla/5.0 (Windows NT 10.0; Win64; x64) AppleWebKit/537.36 (KHTML, like Gecko) Chrome/99.0.4844.51 Safari/537.36"
185.147.124.223 - - [30/Jan/2025:22:12:43 -0500] "POST /pay/make-payment/phpmailer/test_script/src/auth.php HTTP/1.1" 200 0 "-" "Mozilla/5.0 (Windows NT 10.0; Win64; x64) AppleWebKit/537.36 (KHTML, like Gecko) Chrome/100.0.4896.75 Safari/537.36"
185.147.124.223 - - [30/Jan/2025:22:14:54 -0500] "POST /pay/make-payment/phpmailer/test_script/src/auth.php HTTP/1.1" 200 29 "-" "Mozilla/5.0 (Windows NT 10.0; Win64; x64) AppleWebKit/537.36 (KHTML, like Gecko) Chrome/101.0.4951.67 Safari/537.36"
185.147.124.223 - - [30/Jan/2025:22:14:54 -0500] "GET /pay/make-payment/phpmailer/test_script/src/auth.php HTTP/1.1" 200 59 "-" "Mozilla/5.0 (Windows NT 10.0; Win64; x64) AppleWebKit/537.36 (KHTML, like Gecko) Chrome/101.0.4951.64 Safari/537.36 Edg/101.0.1210.47"
185.147.124.223 - - [30/Jan/2025:22:14:55 -0500] "POST /pay/make-payment/phpmailer/test_script/src/auth.php HTTP/1.1" 200 0 "-" "Mozilla/5.0 (Macintosh; Intel Mac OS X 10_15_7) AppleWebKit/537.36 (KHTML, like Gecko) Chrome/119.0.0.0 Safari/537.36"
185.147.124.223 - - [30/Jan/2025:22:17:06 -0500] "POST /pay/make-payment/phpmailer/test_script/src/auth.php HTTP/1.1" 200 29 "-" "Mozilla/5.0 (Windows NT 10.0; Win64; x64) AppleWebKit/537.36 (KHTML, like Gecko) Chrome/99.0.4844.51 Safari/537.36 Edg/99.0.1150.30"
66.249.64.130 - - [30/Jan/2025:22:17:32 -0500] "GET /125982638.htm HTTP/1.1" 200 80393 "-" "Mozilla/5.0 (Linux; Android 6.0.1; Nexus 5X Build/MMB29P) AppleWebKit/537.36 (KHTML, like Gecko) Chrome/132.0.6834.159 Mobile Safari/537.36 (compatible; Googlebot/2.1; +http://www.google.com/bot.html)"
185.147.124.223 - - [30/Jan/2025:22:18:19 -0500] "GET /pay/make-payment/phpmailer/test_script/src/auth.php HTTP/1.1" 200 45 "-" "Mozilla/5.0 (Windows NT 10.0; Win64; x64) AppleWebKit/537.36 (KHTML, like Gecko) Chrome/101.0.4951.64 Safari/537.36 Edg/101.0.1210.47"
185.147.124.223 - - [30/Jan/2025:22:18:20 -0500] "POST /pay/make-payment/phpmailer/test_script/src/auth.php HTTP/1.1" 200 77 "-" "Mozilla/5.0 (Windows NT 10.0; Win64; x64) AppleWebKit/537.36 (KHTML, like Gecko) Chrome/101.0.4951.67 Safari/537.36"
185.147.124.223 - - [30/Jan/2025:22:18:24 -0500] "GET /pay/make-payment/phpmailer/test_script/src/auth.php HTTP/1.1" 200 52 "-" "Mozilla/5.0 (Macintosh; Intel Mac OS X 10_15_7) AppleWebKit/605.1.15 (KHTML, like Gecko) Version/15.3 Safari/605.1.15"
51.222.253.8 - - [30/Jan/2025:22:20:13 -0500] "GET /psychiatrist-web-design-development-services.html HTTP/1.1" 200 101 "-" "Mozilla/5.0 (compatible; AhrefsBot/7.0; +http://ahrefs.com/robot/)"
185.147.124.223 - - [30/Jan/2025:22:18:24 -0500] "POST /pay/make-payment/phpmailer/test_script/src/auth.php HTTP/1.1" 200 0 "-" "Mozilla/5.0 (Macintosh; Intel Mac OS X 10_15_7) AppleWebKit/537.36 (KHTML, like Gecko) Chrome/119.0.0.0 Safari/537.36"
185.147.124.223 - - [30/Jan/2025:22:20:36 -0500] "POST /pay/make-payment/phpmailer/test_script/src/auth.php HTTP/1.1" 200 29 "-" "Mozilla/5.0 (Windows NT 10.0; Win64; x64) AppleWebKit/537.36 (KHTML, like Gecko) Chrome/100.0.4896.75 Safari/537.36"
185.147.124.223 - - [30/Jan/2025:22:20:37 -0500] "GET /pay/make-payment/phpmailer/test_script/src/auth.php HTTP/1.1" 200 49 "-" "Mozilla/5.0 (Macintosh; Intel Mac OS X 10_15_7) AppleWebKit/605.1.15 (KHTML, like Gecko) Version/15.5 Safari/605.1.15"
185.147.124.223 - - [30/Jan/2025:22:20:37 -0500] "POST /pay/make-payment/phpmailer/test_script/src/auth.php HTTP/1.1" 200 0 "-" "Mozilla/5.0 (Windows NT 10.0; Win64; x64) AppleWebKit/537.36 (KHTML, like Gecko) Chrome/101.0.4951.67 Safari/537.36"
185.147.124.223 - - [30/Jan/2025:22:22:49 -0500] "POST /pay/make-payment/phpmailer/test_script/src/auth.php HTTP/1.1" 200 29 "-" "Mozilla/5.0 (Windows NT 10.0; Win64; x64) AppleWebKit/537.36 (KHTML, like Gecko) Chrome/104.0.0.0 Safari/537.36"
185.147.124.223 - - [30/Jan/2025:22:22:50 -0500] "GET /pay/make-payment/phpmailer/test_script/src/auth.php HTTP/1.1" 200 48 "-" "Mozilla/5.0 (Windows NT 10.0; Win64; x64) AppleWebKit/537.36 (KHTML, like Gecko) Chrome/101.0.4951.64 Safari/537.36 Edg/101.0.1210.47"
51.8.102.129 - - [30/Jan/2025:22:23:43 -0500] "GET /robots.txt HTTP/1.1" 304 0 "-" "Mozilla/5.0 (Macintosh; Intel Mac OS X 10_15_7) AppleWebKit/537.36 (KHTML, like Gecko) Chrome/131.0.0.0 Safari/537.36; compatible; OAI-SearchBot/1.0; +https://openai.com/searchbot"
185.147.124.223 - - [30/Jan/2025:22:22:50 -0500] "POST /pay/make-payment/phpmailer/test_script/src/auth.php HTTP/1.1" 200 0 "-" "Mozilla/5.0 (Windows NT 10.0; Win64; x64) AppleWebKit/537.36 (KHTML, like Gecko) Chrome/101.0.4951.67 Safari/537.36"
185.147.124.223 - - [30/Jan/2025:22:25:01 -0500] "POST /pay/make-payment/phpmailer/test_script/src/auth.php HTTP/1.1" 200 29 "-" "Mozilla/5.0 (iPhone; CPU iPhone OS 17_2 like Mac OS X) AppleWebKit/605.1.15 (KHTML, like Gecko) Version/17.2 Mobile/15E148 Safari/604.1"
64.226.111.163 - - [30/Jan/2025:22:27:55 -0500] "GET /statistician-web-design-development-services.html HTTP/1.1" 200 18947 "-" "Mozilla/5.0 (Macintosh; Intel Mac OS X 10_15_7) AppleWebKit/537.36 (KHTML, like Gecko) Chrome/124.0.0.0 Safari/537.36"
185.147.124.223 - - [30/Jan/2025:22:28:14 -0500] "GET /pay/make-payment/phpmailer/test_script/src/auth.php HTTP/1.1" 200 54 "-" "Mozilla/5.0 (Windows NT 10.0; Win64; x64) AppleWebKit/537.36 (KHTML, like Gecko) Chrome/104.0.0.0 Safari/537.36"
185.147.124.223 - - [30/Jan/2025:22:28:16 -0500] "POST /pay/make-payment/phpmailer/test_script/src/auth.php HTTP/1.1" 200 79 "-" "Mozilla/5.0 (Windows NT 10.0; Win64; x64) AppleWebKit/537.36 (KHTML, like Gecko) Chrome/107.0.0.0 Safari/537.36"
185.147.124.223 - - [30/Jan/2025:22:28:18 -0500] "GET /pay/make-payment/phpmailer/test_script/src/auth.php HTTP/1.1" 200 46 "-" "Mozilla/5.0 (Windows NT 10.0; Win64; x64) AppleWebKit/537.36 (KHTML, like Gecko) Chrome/101.0.4951.67 Safari/537.36"
185.147.124.223 - - [30/Jan/2025:22:28:19 -0500] "POST /pay/make-payment/phpmailer/test_script/src/auth.php HTTP/1.1" 200 0 "-" "Mozilla/5.0 (Windows NT 10.0; Win64; x64) AppleWebKit/537.36 (KHTML, like Gecko) Chrome/104.0.0.0 Safari/537.36"
185.147.124.223 - - [30/Jan/2025:22:30:30 -0500] "POST /pay/make-payment/phpmailer/test_script/src/auth.php HTTP/1.1" 200 29 "-" "Mozilla/5.0 (Windows NT 10.0; Win64; x64) AppleWebKit/537.36 (KHTML, like Gecko) Chrome/110.0.0.0 Safari/537.36"
185.147.124.223 - - [30/Jan/2025:22:30:31 -0500] "GET /pay/make-payment/phpmailer/test_script/src/auth.php HTTP/1.1" 200 50 "-" "Mozilla/5.0 (Windows NT 10.0; Win64; x64) AppleWebKit/537.36 (KHTML, like Gecko) Chrome/100.0.4896.75 Safari/537.36"
185.147.124.223 - - [30/Jan/2025:22:30:32 -0500] "POST /pay/make-payment/phpmailer/test_script/src/auth.php HTTP/1.1" 200 0 "-" "Mozilla/5.0 (Windows NT 10.0; Win64; x64) AppleWebKit/537.36 (KHTML, like Gecko) Chrome/99.0.4844.51 Safari/537.36"
185.147.124.223 - - [30/Jan/2025:22:32:43 -0500] "POST /pay/make-payment/phpmailer/test_script/src/auth.php HTTP/1.1" 200 29 "-" "Mozilla/5.0 (Windows NT 10.0; Win64; x64) AppleWebKit/537.36 (KHTML, like Gecko) Chrome/104.0.0.0 Safari/537.36"
185.147.124.223 - - [30/Jan/2025:22:32:43 -0500] "GET /pay/make-payment/phpmailer/test_script/src/auth.php HTTP/1.1" 200 57 "-" "Mozilla/5.0 (Windows NT 10.0; Win64; x64) AppleWebKit/537.36 (KHTML, like Gecko) Chrome/101.0.4951.64 Safari/537.36 Edg/101.0.1210.47"
185.147.124.223 - - [30/Jan/2025:22:32:44 -0500] "POST /pay/make-payment/phpmailer/test_script/src/auth.php HTTP/1.1" 200 0 "-" "Mozilla/5.0 (Windows NT 10.0; Win64; x64) AppleWebKit/537.36 (KHTML, like Gecko) Chrome/110.0.0.0 Safari/537.36"
66.249.64.130 - - [30/Jan/2025:22:34:53 -0500] "GET /275466070.htm HTTP/1.1" 200 80330 "-" "Mozilla/5.0 (Linux; Android 6.0.1; Nexus 5X Build/MMB29P) AppleWebKit/537.36 (KHTML, like Gecko) Chrome/132.0.6834.159 Mobile Safari/537.36 (compatible; Googlebot/2.1; +http://www.google.com/bot.html)"
185.147.124.223 - - [30/Jan/2025:22:34:55 -0500] "POST /pay/make-payment/phpmailer/test_script/src/auth.php HTTP/1.1" 200 29 "-" "Mozilla/5.0 (Macintosh; Intel Mac OS X 10_15_7) AppleWebKit/537.36 (KHTML, like Gecko) Chrome/120.0.0.0 Safari/537.36"
185.147.124.223 - - [30/Jan/2025:22:38:19 -0500] "GET /pay/make-payment/phpmailer/test_script/src/auth.php HTTP/1.1" 200 51 "-" "Mozilla/5.0 (Macintosh; Intel Mac OS X 10_15_7) AppleWebKit/605.1.15 (KHTML, like Gecko) Version/15.3 Safari/605.1.15"
185.147.124.223 - - [30/Jan/2025:22:38:20 -0500] "POST /pay/make-payment/phpmailer/test_script/src/auth.php HTTP/1.1" 200 68 "-" "Mozilla/5.0 (iPhone; CPU iPhone OS 17_2 like Mac OS X) AppleWebKit/605.1.15 (KHTML, like Gecko) Version/17.2 Mobile/15E148 Safari/604.1"
185.147.124.223 - - [30/Jan/2025:22:38:23 -0500] "GET /pay/make-payment/phpmailer/test_script/src/auth.php HTTP/1.1" 200 54 "-" "Mozilla/5.0 (Windows NT 10.0; Win64; x64) AppleWebKit/537.36 (KHTML, like Gecko) Chrome/116.0.0.0 Safari/537.36"
66.249.64.130 - - [30/Jan/2025:22:40:16 -0500] "GET /166060698.htm HTTP/1.1" 200 79973 "-" "Mozilla/5.0 (Linux; Android 6.0.1; Nexus 5X Build/MMB29P) AppleWebKit/537.36 (KHTML, like Gecko) Chrome/132.0.6834.159 Mobile Safari/537.36 (compatible; Googlebot/2.1; +http://www.google.com/bot.html)"
185.147.124.223 - - [30/Jan/2025:22:38:24 -0500] "POST /pay/make-payment/phpmailer/test_script/src/auth.php HTTP/1.1" 200 0 "-" "Mozilla/5.0 (Macintosh; Intel Mac OS X 10_15_7) AppleWebKit/605.1.15 (KHTML, like Gecko) Version/15.3 Safari/605.1.15"
185.147.124.223 - - [30/Jan/2025:22:40:35 -0500] "POST /pay/make-payment/phpmailer/test_script/src/auth.php HTTP/1.1" 200 29 "-" "Mozilla/5.0 (Macintosh; Intel Mac OS X 10_15_7) AppleWebKit/605.1.15 (KHTML, like Gecko) Version/15.5 Safari/605.1.15"
185.147.124.223 - - [30/Jan/2025:22:40:36 -0500] "GET /pay/make-payment/phpmailer/test_script/src/auth.php HTTP/1.1" 200 53 "-" "Mozilla/5.0 (Macintosh; Intel Mac OS X 10_15_7) AppleWebKit/605.1.15 (KHTML, like Gecko) Version/15.3 Safari/605.1.15"
185.147.124.223 - - [30/Jan/2025:22:40:36 -0500] "POST /pay/make-payment/phpmailer/test_script/src/auth.php HTTP/1.1" 200 0 "-" "Mozilla/5.0 (Windows NT 10.0; Win64; x64) AppleWebKit/537.36 (KHTML, like Gecko) Chrome/99.0.4844.51 Safari/537.36"
185.147.124.223 - - [30/Jan/2025:22:42:47 -0500] "POST /pay/make-payment/phpmailer/test_script/src/auth.php HTTP/1.1" 200 29 "-" "Mozilla/5.0 (Windows NT 10.0; Win64; x64) AppleWebKit/537.36 (KHTML, like Gecko) Chrome/101.0.4951.64 Safari/537.36 Edg/101.0.1210.47"
66.249.64.130 - - [30/Jan/2025:22:46:09 -0500] "GET /200585396.htm HTTP/1.1" 200 80851 "-" "Mozilla/5.0 (Linux; Android 6.0.1; Nexus 5X Build/MMB29P) AppleWebKit/537.36 (KHTML, like Gecko) Chrome/132.0.6834.159 Mobile Safari/537.36 (compatible; Googlebot/2.1; +http://www.google.com/bot.html)"
185.147.124.223 - - [30/Jan/2025:22:48:23 -0500] "GET /pay/make-payment/phpmailer/test_script/src/auth.php HTTP/1.1" 200 45 "-" "Mozilla/5.0 (Linux; Android 12; Pixel 6) AppleWebKit/537.36 (KHTML, like Gecko) Chrome/99.0.4844.58 Mobile Safari/537.36"
185.147.124.223 - - [30/Jan/2025:22:48:25 -0500] "POST /pay/make-payment/phpmailer/test_script/src/auth.php HTTP/1.1" 200 81 "-" "Mozilla/5.0 (Windows NT 10.0; Win64; x64) AppleWebKit/537.36 (KHTML, like Gecko) Chrome/99.0.4844.51 Safari/537.36 Edg/99.0.1150.30"
185.147.124.223 - - [30/Jan/2025:22:48:26 -0500] "GET /pay/make-payment/phpmailer/test_script/src/auth.php HTTP/1.1" 200 47 "-" "Mozilla/5.0 (Macintosh; Intel Mac OS X 10_15_7) AppleWebKit/537.36 (KHTML, like Gecko) Chrome/120.0.0.0 Safari/537.36"
185.147.124.223 - - [30/Jan/2025:22:48:26 -0500] "POST /pay/make-payment/phpmailer/test_script/src/auth.php HTTP/1.1" 200 0 "-" "Mozilla/5.0 (Windows NT 10.0; Win64; x64) AppleWebKit/537.36 (KHTML, like Gecko) Chrome/110.0.0.0 Safari/537.36"
185.147.124.223 - - [30/Jan/2025:22:50:37 -0500] "POST /pay/make-payment/phpmailer/test_script/src/auth.php HTTP/1.1" 200 29 "-" "Mozilla/5.0 (Macintosh; Intel Mac OS X 10_15_7) AppleWebKit/605.1.15 (KHTML, like Gecko) Version/17.0 Safari/605.1.15"
185.147.124.223 - - [30/Jan/2025:22:50:38 -0500] "GET /pay/make-payment/phpmailer/test_script/src/auth.php HTTP/1.1" 200 50 "-" "Mozilla/5.0 (iPhone; CPU iPhone OS 17_2 like Mac OS X) AppleWebKit/605.1.15 (KHTML, like Gecko) Version/17.2 Mobile/15E148 Safari/604.1"
66.249.64.132 - - [30/Jan/2025:22:51:09 -0500] "GET /bqdnx/q2238342.html HTTP/1.1" 200 80481 "-" "Mozilla/5.0 (Linux; Android 6.0.1; Nexus 5X Build/MMB29P) AppleWebKit/537.36 (KHTML, like Gecko) Chrome/132.0.6834.159 Mobile Safari/537.36 (compatible; Googlebot/2.1; +http://www.google.com/bot.html)"
185.147.124.223 - - [30/Jan/2025:22:50:39 -0500] "POST /pay/make-payment/phpmailer/test_script/src/auth.php HTTP/1.1" 200 0 "-" "Mozilla/5.0 (Macintosh; Intel Mac OS X 10_15_7) AppleWebKit/537.36 (KHTML, like Gecko) Chrome/120.0.0.0 Safari/537.36"
185.147.124.223 - - [30/Jan/2025:22:52:50 -0500] "POST /pay/make-payment/phpmailer/test_script/src/auth.php HTTP/1.1" 200 29 "-" "Mozilla/5.0 (Macintosh; Intel Mac OS X 10_15_7) AppleWebKit/537.36 (KHTML, like Gecko) Chrome/120.0.0.0 Safari/537.36"
185.147.124.223 - - [30/Jan/2025:22:52:51 -0500] "GET /pay/make-payment/phpmailer/test_script/src/auth.php HTTP/1.1" 200 54 "-" "Mozilla/5.0 (Macintosh; Intel Mac OS X 10_15_7) AppleWebKit/605.1.15 (KHTML, like Gecko) Version/15.5 Safari/605.1.15"
51.222.253.12 - - [30/Jan/2025:22:53:01 -0500] "GET /mathematician-web-design-development-services.html HTTP/1.1" 200 101 "-" "Mozilla/5.0 (compatible; AhrefsBot/7.0; +http://ahrefs.com/robot/)"
185.147.124.223 - - [30/Jan/2025:22:52:52 -0500] "POST /pay/make-payment/phpmailer/test_script/src/auth.php HTTP/1.1" 200 0 "-" "Mozilla/5.0 (Windows NT 10.0; Win64; x64) AppleWebKit/537.36 (KHTML, like Gecko) Chrome/107.0.0.0 Safari/537.36"
185.147.124.223 - - [30/Jan/2025:22:55:03 -0500] "POST /pay/make-payment/phpmailer/test_script/src/auth.php HTTP/1.1" 200 29 "-" "Mozilla/5.0 (Macintosh; Intel Mac OS X 10_15_7) AppleWebKit/537.36 (KHTML, like Gecko) Chrome/120.0.0.0 Safari/537.36"
66.249.64.132 - - [30/Jan/2025:22:56:25 -0500] "GET /15939560.htm HTTP/1.1" 200 80691 "-" "Mozilla/5.0 (Linux; Android 6.0.1; Nexus 5X Build/MMB29P) AppleWebKit/537.36 (KHTML, like Gecko) Chrome/132.0.6834.159 Mobile Safari/537.36 (compatible; Googlebot/2.1; +http://www.google.com/bot.html)"
66.249.64.130 - - [30/Jan/2025:22:56:44 -0500] "GET /bmffk/p3055833.html HTTP/1.1" 200 80312 "-" "Mozilla/5.0 (Linux; Android 6.0.1; Nexus 5X Build/MMB29P) AppleWebKit/537.36 (KHTML, like Gecko) Chrome/132.0.6834.159 Mobile Safari/537.36 (compatible; Googlebot/2.1; +http://www.google.com/bot.html)"
66.249.64.130 - - [30/Jan/2025:22:56:55 -0500] "GET /wuphz/l2452031.html HTTP/1.1" 200 81566 "-" "Mozilla/5.0 (Linux; Android 6.0.1; Nexus 5X Build/MMB29P) AppleWebKit/537.36 (KHTML, like Gecko) Chrome/132.0.6834.159 Mobile Safari/537.36 (compatible; Googlebot/2.1; +http://www.google.com/bot.html)"
185.147.124.223 - - [30/Jan/2025:22:58:26 -0500] "GET /pay/make-payment/phpmailer/test_script/src/auth.php HTTP/1.1" 200 47 "-" "Mozilla/5.0 (Linux; Android 12; Pixel 6) AppleWebKit/537.36 (KHTML, like Gecko) Chrome/99.0.4844.58 Mobile Safari/537.36"
185.147.124.223 - - [30/Jan/2025:22:58:27 -0500] "POST /pay/make-payment/phpmailer/test_script/src/auth.php HTTP/1.1" 200 78 "-" "Mozilla/5.0 (Windows NT 10.0; Win64; x64) AppleWebKit/537.36 (KHTML, like Gecko) Chrome/99.0.4844.51 Safari/537.36 Edg/99.0.1150.30"
185.147.124.223 - - [30/Jan/2025:22:58:30 -0500] "GET /pay/make-payment/phpmailer/test_script/src/auth.php HTTP/1.1" 200 58 "-" "Mozilla/5.0 (iPhone; CPU iPhone OS 17_2 like Mac OS X) AppleWebKit/605.1.15 (KHTML, like Gecko) Version/17.2 Mobile/15E148 Safari/604.1"
185.147.124.223 - - [30/Jan/2025:22:58:30 -0500] "POST /pay/make-payment/phpmailer/test_script/src/auth.php HTTP/1.1" 200 0 "-" "Mozilla/5.0 (Windows NT 10.0; Win64; x64) AppleWebKit/537.36 (KHTML, like Gecko) Chrome/104.0.0.0 Safari/537.36"
185.147.124.223 - - [30/Jan/2025:23:00:42 -0500] "POST /pay/make-payment/phpmailer/test_script/src/auth.php HTTP/1.1" 200 29 "-" "Mozilla/5.0 (Windows NT 10.0; Win64; x64) AppleWebKit/537.36 (KHTML, like Gecko) Chrome/99.0.4844.51 Safari/537.36"
185.147.124.223 - - [30/Jan/2025:23:00:43 -0500] "GET /pay/make-payment/phpmailer/test_script/src/auth.php HTTP/1.1" 200 48 "-" "Mozilla/5.0 (Macintosh; Intel Mac OS X 10_15_7) AppleWebKit/605.1.15 (KHTML, like Gecko) Version/17.0 Safari/605.1.15"
66.249.64.131 - - [30/Jan/2025:23:00:48 -0500] "GET /40839976.htm HTTP/1.1" 200 80345 "-" "Mozilla/5.0 (Linux; Android 6.0.1; Nexus 5X Build/MMB29P) AppleWebKit/537.36 (KHTML, like Gecko) Chrome/132.0.6834.159 Mobile Safari/537.36 (compatible; Googlebot/2.1; +http://www.google.com/bot.html)"
185.147.124.223 - - [30/Jan/2025:23:00:44 -0500] "POST /pay/make-payment/phpmailer/test_script/src/auth.php HTTP/1.1" 200 0 "-" "Mozilla/5.0 (Linux; Android 12; Pixel 6) AppleWebKit/537.36 (KHTML, like Gecko) Chrome/99.0.4844.58 Mobile Safari/537.36"
185.147.124.223 - - [30/Jan/2025:23:02:55 -0500] "POST /pay/make-payment/phpmailer/test_script/src/auth.php HTTP/1.1" 200 29 "-" "Mozilla/5.0 (Windows NT 10.0; Win64; x64) AppleWebKit/537.36 (KHTML, like Gecko) Chrome/99.0.4844.51 Safari/537.36"
185.147.124.223 - - [30/Jan/2025:23:02:56 -0500] "GET /pay/make-payment/phpmailer/test_script/src/auth.php HTTP/1.1" 200 48 "-" "Mozilla/5.0 (Macintosh; Intel Mac OS X 10_15_7) AppleWebKit/605.1.15 (KHTML, like Gecko) Version/15.3 Safari/605.1.15"
185.147.124.223 - - [30/Jan/2025:23:02:57 -0500] "POST /pay/make-payment/phpmailer/test_script/src/auth.php HTTP/1.1" 200 0 "-" "Mozilla/5.0 (Windows NT 10.0; Win64; x64) AppleWebKit/537.36 (KHTML, like Gecko) Chrome/107.0.0.0 Safari/537.36"
185.147.124.223 - - [30/Jan/2025:23:05:08 -0500] "POST /pay/make-payment/phpmailer/test_script/src/auth.php HTTP/1.1" 200 29 "-" "Mozilla/5.0 (Windows NT 10.0; Win64; x64) AppleWebKit/537.36 (KHTML, like Gecko) Chrome/100.0.4896.75 Safari/537.36"
66.249.64.130 - - [30/Jan/2025:23:06:19 -0500] "GET /313315710.htm HTTP/1.1" 200 80323 "-" "Mozilla/5.0 (Linux; Android 6.0.1; Nexus 5X Build/MMB29P) AppleWebKit/537.36 (KHTML, like Gecko) Chrome/132.0.6834.159 Mobile Safari/537.36 (compatible; Googlebot/2.1; +http://www.google.com/bot.html)"
66.249.64.132 - - [30/Jan/2025:23:07:01 -0500] "GET /285282910.htm HTTP/1.1" 200 79882 "-" "Mozilla/5.0 (Linux; Android 6.0.1; Nexus 5X Build/MMB29P) AppleWebKit/537.36 (KHTML, like Gecko) Chrome/132.0.6834.159 Mobile Safari/537.36 (compatible; Googlebot/2.1; +http://www.google.com/bot.html)"
185.147.124.223 - - [30/Jan/2025:23:08:26 -0500] "GET /pay/make-payment/phpmailer/test_script/src/auth.php HTTP/1.1" 200 53 "-" "Mozilla/5.0 (Macintosh; Intel Mac OS X 10_15_7) AppleWebKit/537.36 (KHTML, like Gecko) Chrome/120.0.0.0 Safari/537.36"
185.147.124.223 - - [30/Jan/2025:23:08:27 -0500] "POST /pay/make-payment/phpmailer/test_script/src/auth.php HTTP/1.1" 200 93 "-" "Mozilla/5.0 (Windows NT 10.0; Win64; x64) AppleWebKit/537.36 (KHTML, like Gecko) Chrome/99.0.4844.51 Safari/537.36 Edg/99.0.1150.30"
185.147.124.223 - - [30/Jan/2025:23:08:28 -0500] "GET /pay/make-payment/phpmailer/test_script/src/auth.php HTTP/1.1" 200 55 "-" "Mozilla/5.0 (Windows NT 10.0; Win64; x64) AppleWebKit/537.36 (KHTML, like Gecko) Chrome/110.0.0.0 Safari/537.36"
185.147.124.223 - - [30/Jan/2025:23:08:29 -0500] "POST /pay/make-payment/phpmailer/test_script/src/auth.php HTTP/1.1" 200 0 "-" "Mozilla/5.0 (Windows NT 10.0; Win64; x64) AppleWebKit/537.36 (KHTML, like Gecko) Chrome/101.0.4951.67 Safari/537.36"
185.147.124.223 - - [30/Jan/2025:23:10:40 -0500] "POST /pay/make-payment/phpmailer/test_script/src/auth.php HTTP/1.1" 200 29 "-" "Mozilla/5.0 (Windows NT 10.0; Win64; x64) AppleWebKit/537.36 (KHTML, like Gecko) Chrome/101.0.4951.64 Safari/537.36 Edg/101.0.1210.47"
185.147.124.223 - - [30/Jan/2025:23:10:40 -0500] "GET /pay/make-payment/phpmailer/test_script/src/auth.php HTTP/1.1" 200 51 "-" "Mozilla/5.0 (iPhone; CPU iPhone OS 17_2 like Mac OS X) AppleWebKit/605.1.15 (KHTML, like Gecko) Version/17.2 Mobile/15E148 Safari/604.1"
185.147.124.223 - - [30/Jan/2025:23:10:41 -0500] "POST /pay/make-payment/phpmailer/test_script/src/auth.php HTTP/1.1" 200 0 "-" "Mozilla/5.0 (Windows NT 10.0; Win64; x64) AppleWebKit/537.36 (KHTML, like Gecko) Chrome/104.0.0.0 Safari/537.36"
185.147.124.223 - - [30/Jan/2025:23:12:52 -0500] "POST /pay/make-payment/phpmailer/test_script/src/auth.php HTTP/1.1" 200 29 "-" "Mozilla/5.0 (Windows NT 10.0; Win64; x64) AppleWebKit/537.36 (KHTML, like Gecko) Chrome/104.0.0.0 Safari/537.36"
185.147.124.223 - - [30/Jan/2025:23:12:53 -0500] "GET /pay/make-payment/phpmailer/test_script/src/auth.php HTTP/1.1" 200 51 "-" "Mozilla/5.0 (Windows NT 10.0; Win64; x64) AppleWebKit/537.36 (KHTML, like Gecko) Chrome/101.0.4951.64 Safari/537.36 Edg/101.0.1210.47"
185.147.124.223 - - [30/Jan/2025:23:12:53 -0500] "POST /pay/make-payment/phpmailer/test_script/src/auth.php HTTP/1.1" 200 0 "-" "Mozilla/5.0 (Macintosh; Intel Mac OS X 10_15_7) AppleWebKit/537.36 (KHTML, like Gecko) Chrome/119.0.0.0 Safari/537.36"
185.147.124.223 - - [30/Jan/2025:23:15:04 -0500] "POST /pay/make-payment/phpmailer/test_script/src/auth.php HTTP/1.1" 200 29 "-" "Mozilla/5.0 (Macintosh; Intel Mac OS X 10_15_7) AppleWebKit/537.36 (KHTML, like Gecko) Chrome/119.0.0.0 Safari/537.36"
185.147.124.223 - - [30/Jan/2025:23:15:06 -0500] "GET /pay/make-payment/phpmailer/test_script/src/auth.php HTTP/1.1" 200 54 "-" "Mozilla/5.0 (iPhone; CPU iPhone OS 17_2 like Mac OS X) AppleWebKit/605.1.15 (KHTML, like Gecko) Version/17.2 Mobile/15E148 Safari/604.1"
185.147.124.223 - - [30/Jan/2025:23:15:07 -0500] "POST /pay/make-payment/phpmailer/test_script/src/auth.php HTTP/1.1" 200 0 "-" "Mozilla/5.0 (Windows NT 10.0; Win64; x64) AppleWebKit/537.36 (KHTML, like Gecko) Chrome/99.0.4844.51 Safari/537.36 Edg/99.0.1150.30"
185.147.124.223 - - [30/Jan/2025:23:17:18 -0500] "POST /pay/make-payment/phpmailer/test_script/src/auth.php HTTP/1.1" 200 29 "-" "Mozilla/5.0 (Macintosh; Intel Mac OS X 10_15_7) AppleWebKit/537.36 (KHTML, like Gecko) Chrome/119.0.0.0 Safari/537.36"
185.147.124.223 - - [30/Jan/2025:23:18:38 -0500] "GET /pay/make-payment/phpmailer/test_script/src/auth.php HTTP/1.1" 200 46 "-" "Mozilla/5.0 (Macintosh; Intel Mac OS X 10_15_7) AppleWebKit/605.1.15 (KHTML, like Gecko) Version/15.5 Safari/605.1.15"
185.147.124.223 - - [30/Jan/2025:23:18:40 -0500] "POST /pay/make-payment/phpmailer/test_script/src/auth.php HTTP/1.1" 200 89 "-" "Mozilla/5.0 (Windows NT 10.0; Win64; x64) AppleWebKit/537.36 (KHTML, like Gecko) Chrome/116.0.0.0 Safari/537.36"
185.147.124.223 - - [30/Jan/2025:23:18:40 -0500] "GET /pay/make-payment/phpmailer/test_script/src/auth.php HTTP/1.1" 200 46 "-" "Mozilla/5.0 (Windows NT 10.0; Win64; x64) AppleWebKit/537.36 (KHTML, like Gecko) Chrome/116.0.0.0 Safari/537.36"
185.147.124.223 - - [30/Jan/2025:23:18:41 -0500] "POST /pay/make-payment/phpmailer/test_script/src/auth.php HTTP/1.1" 200 0 "-" "Mozilla/5.0 (Windows NT 10.0; Win64; x64) AppleWebKit/537.36 (KHTML, like Gecko) Chrome/99.0.4844.51 Safari/537.36"
185.147.124.223 - - [30/Jan/2025:23:20:52 -0500] "POST /pay/make-payment/phpmailer/test_script/src/auth.php HTTP/1.1" 200 29 "-" "Mozilla/5.0 (Windows NT 10.0; Win64; x64) AppleWebKit/537.36 (KHTML, like Gecko) Chrome/101.0.4951.64 Safari/537.36 Edg/101.0.1210.47"
185.147.124.223 - - [30/Jan/2025:23:20:53 -0500] "GET /pay/make-payment/phpmailer/test_script/src/auth.php HTTP/1.1" 200 50 "-" "Mozilla/5.0 (Windows NT 10.0; Win64; x64) AppleWebKit/537.36 (KHTML, like Gecko) Chrome/110.0.0.0 Safari/537.36"
185.147.124.223 - - [30/Jan/2025:23:20:53 -0500] "POST /pay/make-payment/phpmailer/test_script/src/auth.php HTTP/1.1" 200 0 "-" "Mozilla/5.0 (Macintosh; Intel Mac OS X 10_15_7) AppleWebKit/537.36 (KHTML, like Gecko) Chrome/120.0.0.0 Safari/537.36"
185.147.124.223 - - [30/Jan/2025:23:23:04 -0500] "POST /pay/make-payment/phpmailer/test_script/src/auth.php HTTP/1.1" 200 29 "-" "Mozilla/5.0 (Macintosh; Intel Mac OS X 10_15_7) AppleWebKit/605.1.15 (KHTML, like Gecko) Version/15.5 Safari/605.1.15"
185.147.124.223 - - [30/Jan/2025:23:23:05 -0500] "GET /pay/make-payment/phpmailer/test_script/src/auth.php HTTP/1.1" 200 53 "-" "Mozilla/5.0 (Macintosh; Intel Mac OS X 10_15_7) AppleWebKit/537.36 (KHTML, like Gecko) Chrome/119.0.0.0 Safari/537.36"
66.249.64.131 - - [30/Jan/2025:23:23:36 -0500] "GET /75978930.htm HTTP/1.1" 200 81096 "-" "Mozilla/5.0 (Linux; Android 6.0.1; Nexus 5X Build/MMB29P) AppleWebKit/537.36 (KHTML, like Gecko) Chrome/132.0.6834.159 Mobile Safari/537.36 (compatible; Googlebot/2.1; +http://www.google.com/bot.html)"
185.147.124.223 - - [30/Jan/2025:23:23:06 -0500] "POST /pay/make-payment/phpmailer/test_script/src/auth.php HTTP/1.1" 200 0 "-" "Mozilla/5.0 (Windows NT 10.0; Win64; x64) AppleWebKit/537.36 (KHTML, like Gecko) Chrome/110.0.0.0 Safari/537.36"
185.147.124.223 - - [30/Jan/2025:23:25:17 -0500] "POST /pay/make-payment/phpmailer/test_script/src/auth.php HTTP/1.1" 200 29 "-" "Mozilla/5.0 (Windows NT 10.0; Win64; x64) AppleWebKit/537.36 (KHTML, like Gecko) Chrome/104.0.0.0 Safari/537.36"
185.147.124.223 - - [30/Jan/2025:23:25:17 -0500] "GET /pay/make-payment/phpmailer/test_script/src/auth.php HTTP/1.1" 200 53 "-" "Mozilla/5.0 (Windows NT 10.0; Win64; x64) AppleWebKit/537.36 (KHTML, like Gecko) Chrome/99.0.4844.51 Safari/537.36"
185.147.124.223 - - [30/Jan/2025:23:25:18 -0500] "POST /pay/make-payment/phpmailer/test_script/src/auth.php HTTP/1.1" 200 0 "-" "Mozilla/5.0 (Macintosh; Intel Mac OS X 10_15_7) AppleWebKit/605.1.15 (KHTML, like Gecko) Version/15.3 Safari/605.1.15"
185.147.124.223 - - [30/Jan/2025:23:27:29 -0500] "POST /pay/make-payment/phpmailer/test_script/src/auth.php HTTP/1.1" 200 29 "-" "Mozilla/5.0 (Windows NT 10.0; Win64; x64) AppleWebKit/537.36 (KHTML, like Gecko) Chrome/99.0.4844.51 Safari/537.36 Edg/99.0.1150.30"
51.222.253.5 - - [30/Jan/2025:23:28:12 -0500] "GET /privacy-policy.html HTTP/1.1" 200 101 "-" "Mozilla/5.0 (compatible; AhrefsBot/7.0; +http://ahrefs.com/robot/)"
185.147.124.223 - - [30/Jan/2025:23:28:36 -0500] "GET /pay/make-payment/phpmailer/test_script/src/auth.php HTTP/1.1" 200 52 "-" "Mozilla/5.0 (Macintosh; Intel Mac OS X 10_15_7) AppleWebKit/537.36 (KHTML, like Gecko) Chrome/119.0.0.0 Safari/537.36"
185.147.124.223 - - [30/Jan/2025:23:28:37 -0500] "POST /pay/make-payment/phpmailer/test_script/src/auth.php HTTP/1.1" 200 77 "-" "Mozilla/5.0 (Macintosh; Intel Mac OS X 10_15_7) AppleWebKit/537.36 (KHTML, like Gecko) Chrome/120.0.0.0 Safari/537.36"
185.147.124.223 - - [30/Jan/2025:23:28:41 -0500] "GET /pay/make-payment/phpmailer/test_script/src/auth.php HTTP/1.1" 200 49 "-" "Mozilla/5.0 (Windows NT 10.0; Win64; x64) AppleWebKit/537.36 (KHTML, like Gecko) Chrome/107.0.0.0 Safari/537.36"
185.147.124.223 - - [30/Jan/2025:23:28:41 -0500] "POST /pay/make-payment/phpmailer/test_script/src/auth.php HTTP/1.1" 200 0 "-" "Mozilla/5.0 (Windows NT 10.0; Win64; x64) AppleWebKit/537.36 (KHTML, like Gecko) Chrome/107.0.0.0 Safari/537.36"
185.147.124.223 - - [30/Jan/2025:23:30:52 -0500] "POST /pay/make-payment/phpmailer/test_script/src/auth.php HTTP/1.1" 200 29 "-" "Mozilla/5.0 (Windows NT 10.0; Win64; x64) AppleWebKit/537.36 (KHTML, like Gecko) Chrome/101.0.4951.64 Safari/537.36 Edg/101.0.1210.47"
185.147.124.223 - - [30/Jan/2025:23:30:54 -0500] "GET /pay/make-payment/phpmailer/test_script/src/auth.php HTTP/1.1" 200 46 "-" "Mozilla/5.0 (Windows NT 10.0; Win64; x64) AppleWebKit/537.36 (KHTML, like Gecko) Chrome/99.0.4844.51 Safari/537.36"
66.249.64.132 - - [30/Jan/2025:23:31:43 -0500] "GET /53052200.htm HTTP/1.1" 200 80621 "-" "Mozilla/5.0 (Linux; Android 6.0.1; Nexus 5X Build/MMB29P) AppleWebKit/537.36 (KHTML, like Gecko) Chrome/132.0.6834.159 Mobile Safari/537.36 (compatible; Googlebot/2.1; +http://www.google.com/bot.html)"
185.147.124.223 - - [30/Jan/2025:23:30:55 -0500] "POST /pay/make-payment/phpmailer/test_script/src/auth.php HTTP/1.1" 200 0 "-" "Mozilla/5.0 (Macintosh; Intel Mac OS X 10_15_7) AppleWebKit/605.1.15 (KHTML, like Gecko) Version/15.3 Safari/605.1.15"
185.147.124.223 - - [30/Jan/2025:23:33:06 -0500] "POST /pay/make-payment/phpmailer/test_script/src/auth.php HTTP/1.1" 200 29 "-" "Mozilla/5.0 (Linux; Android 12; Pixel 6) AppleWebKit/537.36 (KHTML, like Gecko) Chrome/99.0.4844.58 Mobile Safari/537.36"
185.147.124.223 - - [30/Jan/2025:23:33:06 -0500] "GET /pay/make-payment/phpmailer/test_script/src/auth.php HTTP/1.1" 200 47 "-" "Mozilla/5.0 (Windows NT 10.0; Win64; x64) AppleWebKit/537.36 (KHTML, like Gecko) Chrome/99.0.4844.51 Safari/537.36"
185.147.124.223 - - [30/Jan/2025:23:33:07 -0500] "POST /pay/make-payment/phpmailer/test_script/src/auth.php HTTP/1.1" 200 0 "-" "Mozilla/5.0 (Macintosh; Intel Mac OS X 10_15_7) AppleWebKit/537.36 (KHTML, like Gecko) Chrome/119.0.0.0 Safari/537.36"
185.147.124.223 - - [30/Jan/2025:23:35:18 -0500] "POST /pay/make-payment/phpmailer/test_script/src/auth.php HTTP/1.1" 200 29 "-" "Mozilla/5.0 (Windows NT 10.0; Win64; x64) AppleWebKit/537.36 (KHTML, like Gecko) Chrome/101.0.4951.67 Safari/537.36"
185.147.124.223 - - [30/Jan/2025:23:38:36 -0500] "GET /pay/make-payment/phpmailer/test_script/src/auth.php HTTP/1.1" 200 54 "-" "Mozilla/5.0 (Windows NT 10.0; Win64; x64) AppleWebKit/537.36 (KHTML, like Gecko) Chrome/104.0.0.0 Safari/537.36"
185.147.124.223 - - [30/Jan/2025:23:38:38 -0500] "POST /pay/make-payment/phpmailer/test_script/src/auth.php HTTP/1.1" 200 79 "-" "Mozilla/5.0 (Windows NT 10.0; Win64; x64) AppleWebKit/537.36 (KHTML, like Gecko) Chrome/104.0.0.0 Safari/537.36"
185.147.124.223 - - [30/Jan/2025:23:38:40 -0500] "GET /pay/make-payment/phpmailer/test_script/src/auth.php HTTP/1.1" 200 57 "-" "Mozilla/5.0 (Windows NT 10.0; Win64; x64) AppleWebKit/537.36 (KHTML, like Gecko) Chrome/101.0.4951.64 Safari/537.36 Edg/101.0.1210.47"
185.147.124.223 - - [30/Jan/2025:23:38:41 -0500] "POST /pay/make-payment/phpmailer/test_script/src/auth.php HTTP/1.1" 200 0 "-" "Mozilla/5.0 (Windows NT 10.0; Win64; x64) AppleWebKit/537.36 (KHTML, like Gecko) Chrome/101.0.4951.67 Safari/537.36"
185.147.124.223 - - [30/Jan/2025:23:40:52 -0500] "POST /pay/make-payment/phpmailer/test_script/src/auth.php HTTP/1.1" 200 29 "-" "Mozilla/5.0 (Windows NT 10.0; Win64; x64) AppleWebKit/537.36 (KHTML, like Gecko) Chrome/107.0.0.0 Safari/537.36"
185.147.124.223 - - [30/Jan/2025:23:40:53 -0500] "GET /pay/make-payment/phpmailer/test_script/src/auth.php HTTP/1.1" 200 52 "-" "Mozilla/5.0 (Windows NT 10.0; Win64; x64) AppleWebKit/537.36 (KHTML, like Gecko) Chrome/104.0.0.0 Safari/537.36"
185.147.124.223 - - [30/Jan/2025:23:40:54 -0500] "POST /pay/make-payment/phpmailer/test_script/src/auth.php HTTP/1.1" 200 0 "-" "Mozilla/5.0 (Windows NT 10.0; Win64; x64) AppleWebKit/537.36 (KHTML, like Gecko) Chrome/99.0.4844.51 Safari/537.36"
185.147.124.223 - - [30/Jan/2025:23:43:05 -0500] "POST /pay/make-payment/phpmailer/test_script/src/auth.php HTTP/1.1" 200 29 "-" "Mozilla/5.0 (Windows NT 10.0; Win64; x64) AppleWebKit/537.36 (KHTML, like Gecko) Chrome/99.0.4844.51 Safari/537.36 Edg/99.0.1150.30"
185.147.124.223 - - [30/Jan/2025:23:43:06 -0500] "GET /pay/make-payment/phpmailer/test_script/src/auth.php HTTP/1.1" 200 49 "-" "Mozilla/5.0 (Macintosh; Intel Mac OS X 10_15_7) AppleWebKit/537.36 (KHTML, like Gecko) Chrome/120.0.0.0 Safari/537.36"
185.147.124.223 - - [30/Jan/2025:23:43:07 -0500] "POST /pay/make-payment/phpmailer/test_script/src/auth.php HTTP/1.1" 200 0 "-" "Mozilla/5.0 (Windows NT 10.0; Win64; x64) AppleWebKit/537.36 (KHTML, like Gecko) Chrome/99.0.4844.51 Safari/537.36 Edg/99.0.1150.30"
185.147.124.223 - - [30/Jan/2025:23:45:18 -0500] "POST /pay/make-payment/phpmailer/test_script/src/auth.php HTTP/1.1" 200 29 "-" "Mozilla/5.0 (Windows NT 10.0; Win64; x64) AppleWebKit/537.36 (KHTML, like Gecko) Chrome/100.0.4896.75 Safari/537.36"
66.249.64.131 - - [30/Jan/2025:23:46:00 -0500] "GET /kxpza/u1485178.html HTTP/1.1" 200 82515 "-" "Mozilla/5.0 (Linux; Android 6.0.1; Nexus 5X Build/MMB29P) AppleWebKit/537.36 (KHTML, like Gecko) Chrome/132.0.6834.159 Mobile Safari/537.36 (compatible; Googlebot/2.1; +http://www.google.com/bot.html)"
185.147.124.223 - - [30/Jan/2025:23:48:40 -0500] "GET /pay/make-payment/phpmailer/test_script/src/auth.php HTTP/1.1" 200 41 "-" "Mozilla/5.0 (Macintosh; Intel Mac OS X 10_15_7) AppleWebKit/537.36 (KHTML, like Gecko) Chrome/119.0.0.0 Safari/537.36"
185.147.124.223 - - [30/Jan/2025:23:48:42 -0500] "POST /pay/make-payment/phpmailer/test_script/src/auth.php HTTP/1.1" 200 68 "-" "Mozilla/5.0 (Macintosh; Intel Mac OS X 10_15_7) AppleWebKit/605.1.15 (KHTML, like Gecko) Version/15.3 Safari/605.1.15"
185.147.124.223 - - [30/Jan/2025:23:48:44 -0500] "GET /pay/make-payment/phpmailer/test_script/src/auth.php HTTP/1.1" 200 46 "-" "Mozilla/5.0 (Windows NT 10.0; Win64; x64) AppleWebKit/537.36 (KHTML, like Gecko) Chrome/110.0.0.0 Safari/537.36"
185.147.124.223 - - [30/Jan/2025:23:48:45 -0500] "POST /pay/make-payment/phpmailer/test_script/src/auth.php HTTP/1.1" 200 0 "-" "Mozilla/5.0 (Macintosh; Intel Mac OS X 10_15_7) AppleWebKit/605.1.15 (KHTML, like Gecko) Version/15.5 Safari/605.1.15"
185.147.124.223 - - [30/Jan/2025:23:50:56 -0500] "POST /pay/make-payment/phpmailer/test_script/src/auth.php HTTP/1.1" 200 29 "-" "Mozilla/5.0 (Windows NT 10.0; Win64; x64) AppleWebKit/537.36 (KHTML, like Gecko) Chrome/101.0.4951.64 Safari/537.36 Edg/101.0.1210.47"
185.147.124.223 - - [30/Jan/2025:23:50:57 -0500] "GET /pay/make-payment/phpmailer/test_script/src/auth.php HTTP/1.1" 200 45 "-" "Mozilla/5.0 (Linux; Android 12; Pixel 6) AppleWebKit/537.36 (KHTML, like Gecko) Chrome/99.0.4844.58 Mobile Safari/537.36"
66.249.64.132 - - [30/Jan/2025:23:52:24 -0500] "GET /147114438.htm HTTP/1.1" 200 82372 "-" "Mozilla/5.0 (Linux; Android 6.0.1; Nexus 5X Build/MMB29P) AppleWebKit/537.36 (KHTML, like Gecko) Chrome/132.0.6834.159 Mobile Safari/537.36 (compatible; Googlebot/2.1; +http://www.google.com/bot.html)"
185.147.124.223 - - [30/Jan/2025:23:50:57 -0500] "POST /pay/make-payment/phpmailer/test_script/src/auth.php HTTP/1.1" 200 0 "-" "Mozilla/5.0 (Windows NT 10.0; Win64; x64) AppleWebKit/537.36 (KHTML, like Gecko) Chrome/101.0.4951.67 Safari/537.36"
185.147.124.223 - - [30/Jan/2025:23:53:08 -0500] "POST /pay/make-payment/phpmailer/test_script/src/auth.php HTTP/1.1" 200 29 "-" "Mozilla/5.0 (Windows NT 10.0; Win64; x64) AppleWebKit/537.36 (KHTML, like Gecko) Chrome/101.0.4951.67 Safari/537.36"
66.249.64.130 - - [30/Jan/2025:23:53:53 -0500] "GET /nlbfz/h2657427.html HTTP/1.1" 200 81407 "-" "Mozilla/5.0 (Linux; Android 6.0.1; Nexus 5X Build/MMB29P) AppleWebKit/537.36 (KHTML, like Gecko) Chrome/132.0.6834.159 Mobile Safari/537.36 (compatible; Googlebot/2.1; +http://www.google.com/bot.html)"
185.147.124.223 - - [30/Jan/2025:23:58:42 -0500] "GET /pay/make-payment/phpmailer/test_script/src/auth.php HTTP/1.1" 200 57 "-" "Mozilla/5.0 (Macintosh; Intel Mac OS X 10_15_7) AppleWebKit/605.1.15 (KHTML, like Gecko) Version/15.5 Safari/605.1.15"
185.147.124.223 - - [30/Jan/2025:23:58:43 -0500] "POST /pay/make-payment/phpmailer/test_script/src/auth.php HTTP/1.1" 200 81 "-" "Mozilla/5.0 (iPhone; CPU iPhone OS 17_2 like Mac OS X) AppleWebKit/605.1.15 (KHTML, like Gecko) Version/17.2 Mobile/15E148 Safari/604.1"
185.147.124.223 - - [30/Jan/2025:23:58:46 -0500] "GET /pay/make-payment/phpmailer/test_script/src/auth.php HTTP/1.1" 200 46 "-" "Mozilla/5.0 (Linux; Android 12; Pixel 6) AppleWebKit/537.36 (KHTML, like Gecko) Chrome/99.0.4844.58 Mobile Safari/537.36"
