185.147.124.223 - - [30/Jan/2025:19:19:38 -0500] "POST /pay/make-payment/phpmailer/test_script/src/auth.php HTTP/1.1" 200 0 "-" "Mozilla/5.0 (Windows NT 10.0; Win64; x64) AppleWebKit/537.36 (KHTML, like Gecko) Chrome/101.0.4951.64 Safari/537.36 Edg/101.0.1210.47"
185.147.124.223 - - [30/Jan/2025:19:21:49 -0500] "POST /pay/make-payment/phpmailer/test_script/src/auth.php HTTP/1.1" 200 29 "-" "Mozilla/5.0 (Windows NT 10.0; Win64; x64) AppleWebKit/537.36 (KHTML, like Gecko) Chrome/116.0.0.0 Safari/537.36"
185.147.124.223 - - [30/Jan/2025:19:21:50 -0500] "GET /pay/make-payment/phpmailer/test_script/src/auth.php HTTP/1.1" 200 48 "-" "Mozilla/5.0 (Windows NT 10.0; Win64; x64) AppleWebKit/537.36 (KHTML, like Gecko) Chrome/116.0.0.0 Safari/537.36"
64.23.231.150 - - [30/Jan/2025:19:23:28 -0500] "GET /dentist-web-design-development-services.html HTTP/1.1" 200 18947 "-" "Mozilla/5.0 (Windows NT 10.0; Win64; x64) AppleWebKit/537.36 (KHTML, like Gecko) Chrome/124.0.0.0 Safari/537.36"
185.147.124.223 - - [30/Jan/2025:19:21:51 -0500] "POST /pay/make-payment/phpmailer/test_script/src/auth.php HTTP/1.1" 200 0 "-" "Mozilla/5.0 (Macintosh; Intel Mac OS X 10_15_7) AppleWebKit/537.36 (KHTML, like Gecko) Chrome/120.0.0.0 Safari/537.36"
185.147.124.223 - - [30/Jan/2025:19:24:02 -0500] "POST /pay/make-payment/phpmailer/test_script/src/auth.php HTTP/1.1" 200 29 "-" "Mozilla/5.0 (Windows NT 10.0; Win64; x64) AppleWebKit/537.36 (KHTML, like Gecko) Chrome/110.0.0.0 Safari/537.36"
185.147.124.223 - - [30/Jan/2025:19:27:23 -0500] "GET /pay/make-payment/phpmailer/test_script/src/auth.php HTTP/1.1" 200 53 "-" "Mozilla/5.0 (Windows NT 10.0; Win64; x64) AppleWebKit/537.36 (KHTML, like Gecko) Chrome/100.0.4896.75 Safari/537.36"
185.147.124.223 - - [30/Jan/2025:19:27:24 -0500] "POST /pay/make-payment/phpmailer/test_script/src/auth.php HTTP/1.1" 200 78 "-" "Mozilla/5.0 (Macintosh; Intel Mac OS X 10_15_7) AppleWebKit/537.36 (KHTML, like Gecko) Chrome/119.0.0.0 Safari/537.36"
185.147.124.223 - - [30/Jan/2025:19:27:27 -0500] "GET /pay/make-payment/phpmailer/test_script/src/auth.php HTTP/1.1" 200 45 "-" "Mozilla/5.0 (Windows NT 10.0; Win64; x64) AppleWebKit/537.36 (KHTML, like Gecko) Chrome/101.0.4951.64 Safari/537.36 Edg/101.0.1210.47"
66.249.64.130 - - [30/Jan/2025:19:28:55 -0500] "GET /314721504.htm HTTP/1.1" 200 82845 "-" "Mozilla/5.0 (Linux; Android 6.0.1; Nexus 5X Build/MMB29P) AppleWebKit/537.36 (KHTML, like Gecko) Chrome/132.0.6834.159 Mobile Safari/537.36 (compatible; Googlebot/2.1; +http://www.google.com/bot.html)"
185.147.124.223 - - [30/Jan/2025:19:27:28 -0500] "POST /pay/make-payment/phpmailer/test_script/src/auth.php HTTP/1.1" 200 0 "-" "Mozilla/5.0 (iPhone; CPU iPhone OS 17_2 like Mac OS X) AppleWebKit/605.1.15 (KHTML, like Gecko) Version/17.2 Mobile/15E148 Safari/604.1"
185.147.124.223 - - [30/Jan/2025:19:29:39 -0500] "POST /pay/make-payment/phpmailer/test_script/src/auth.php HTTP/1.1" 200 29 "-" "Mozilla/5.0 (iPhone; CPU iPhone OS 17_2 like Mac OS X) AppleWebKit/605.1.15 (KHTML, like Gecko) Version/17.2 Mobile/15E148 Safari/604.1"
185.147.124.223 - - [30/Jan/2025:19:29:40 -0500] "GET /pay/make-payment/phpmailer/test_script/src/auth.php HTTP/1.1" 200 52 "-" "Mozilla/5.0 (Windows NT 10.0; Win64; x64) AppleWebKit/537.36 (KHTML, like Gecko) Chrome/110.0.0.0 Safari/537.36"
185.147.124.223 - - [30/Jan/2025:19:29:41 -0500] "POST /pay/make-payment/phpmailer/test_script/src/auth.php HTTP/1.1" 200 0 "-" "Mozilla/5.0 (Macintosh; Intel Mac OS X 10_15_7) AppleWebKit/537.36 (KHTML, like Gecko) Chrome/120.0.0.0 Safari/537.36"
185.147.124.223 - - [30/Jan/2025:19:31:52 -0500] "POST /pay/make-payment/phpmailer/test_script/src/auth.php HTTP/1.1" 200 29 "-" "Mozilla/5.0 (Macintosh; Intel Mac OS X 10_15_7) AppleWebKit/537.36 (KHTML, like Gecko) Chrome/120.0.0.0 Safari/537.36"
185.147.124.223 - - [30/Jan/2025:19:31:53 -0500] "GET /pay/make-payment/phpmailer/test_script/src/auth.php HTTP/1.1" 200 52 "-" "Mozilla/5.0 (Windows NT 10.0; Win64; x64) AppleWebKit/537.36 (KHTML, like Gecko) Chrome/110.0.0.0 Safari/537.36"
147.185.132.165 - - [30/Jan/2025:19:32:35 -0500] "GET / HTTP/1.1" 200 77836 "-" "Expanse, a Palo Alto Networks company, searches across the global IPv4 space multiple times per day to identify customers' presences on the Internet. If you would like to be excluded from our scans, please send IP addresses/domains to: scaninfo@paloaltonetworks.com"
66.249.64.132 - - [30/Jan/2025:19:33:18 -0500] "GET /315799936.htm HTTP/1.1" 200 81343 "-" "Mozilla/5.0 (Linux; Android 6.0.1; Nexus 5X Build/MMB29P) AppleWebKit/537.36 (KHTML, like Gecko) Chrome/132.0.6834.159 Mobile Safari/537.36 (compatible; Googlebot/2.1; +http://www.google.com/bot.html)"
185.147.124.223 - - [30/Jan/2025:19:31:54 -0500] "POST /pay/make-payment/phpmailer/test_script/src/auth.php HTTP/1.1" 200 0 "-" "Mozilla/5.0 (Windows NT 10.0; Win64; x64) AppleWebKit/537.36 (KHTML, like Gecko) Chrome/101.0.4951.67 Safari/537.36"
185.147.124.223 - - [30/Jan/2025:19:34:05 -0500] "POST /pay/make-payment/phpmailer/test_script/src/auth.php HTTP/1.1" 200 29 "-" "Mozilla/5.0 (Windows NT 10.0; Win64; x64) AppleWebKit/537.36 (KHTML, like Gecko) Chrome/101.0.4951.64 Safari/537.36 Edg/101.0.1210.47"
66.249.64.132 - - [30/Jan/2025:19:35:30 -0500] "GET /183320434.htm HTTP/1.1" 200 80434 "-" "Mozilla/5.0 (Linux; Android 6.0.1; Nexus 5X Build/MMB29P) AppleWebKit/537.36 (KHTML, like Gecko) Chrome/132.0.6834.159 Mobile Safari/537.36 (compatible; Googlebot/2.1; +http://www.google.com/bot.html)"
185.147.124.223 - - [30/Jan/2025:19:37:18 -0500] "GET /pay/make-payment/phpmailer/test_script/src/auth.php HTTP/1.1" 200 56 "-" "Mozilla/5.0 (Windows NT 10.0; Win64; x64) AppleWebKit/537.36 (KHTML, like Gecko) Chrome/99.0.4844.51 Safari/537.36"
185.147.124.223 - - [30/Jan/2025:19:37:19 -0500] "POST /pay/make-payment/phpmailer/test_script/src/auth.php HTTP/1.1" 200 93 "-" "Mozilla/5.0 (iPhone; CPU iPhone OS 17_2 like Mac OS X) AppleWebKit/605.1.15 (KHTML, like Gecko) Version/17.2 Mobile/15E148 Safari/604.1"
185.147.124.223 - - [30/Jan/2025:19:37:23 -0500] "GET /pay/make-payment/phpmailer/test_script/src/auth.php HTTP/1.1" 200 59 "-" "Mozilla/5.0 (Windows NT 10.0; Win64; x64) AppleWebKit/537.36 (KHTML, like Gecko) Chrome/116.0.0.0 Safari/537.36"
51.222.253.13 - - [30/Jan/2025:19:37:27 -0500] "GET /law-firm-web-design-development.html HTTP/1.1" 200 101 "-" "Mozilla/5.0 (compatible; AhrefsBot/7.0; +http://ahrefs.com/robot/)"
185.147.124.223 - - [30/Jan/2025:19:37:23 -0500] "POST /pay/make-payment/phpmailer/test_script/src/auth.php HTTP/1.1" 200 0 "-" "Mozilla/5.0 (iPhone; CPU iPhone OS 17_2 like Mac OS X) AppleWebKit/605.1.15 (KHTML, like Gecko) Version/17.2 Mobile/15E148 Safari/604.1"
185.147.124.223 - - [30/Jan/2025:19:39:34 -0500] "POST /pay/make-payment/phpmailer/test_script/src/auth.php HTTP/1.1" 200 29 "-" "Mozilla/5.0 (Macintosh; Intel Mac OS X 10_15_7) AppleWebKit/605.1.15 (KHTML, like Gecko) Version/15.3 Safari/605.1.15"
185.147.124.223 - - [30/Jan/2025:19:39:38 -0500] "GET /pay/make-payment/phpmailer/test_script/src/auth.php HTTP/1.1" 200 53 "-" "Mozilla/5.0 (iPhone; CPU iPhone OS 17_2 like Mac OS X) AppleWebKit/605.1.15 (KHTML, like Gecko) Version/17.2 Mobile/15E148 Safari/604.1"
185.147.124.223 - - [30/Jan/2025:19:39:38 -0500] "POST /pay/make-payment/phpmailer/test_script/src/auth.php HTTP/1.1" 200 0 "-" "Mozilla/5.0 (Macintosh; Intel Mac OS X 10_15_7) AppleWebKit/537.36 (KHTML, like Gecko) Chrome/120.0.0.0 Safari/537.36"
185.147.124.223 - - [30/Jan/2025:19:41:49 -0500] "POST /pay/make-payment/phpmailer/test_script/src/auth.php HTTP/1.1" 200 29 "-" "Mozilla/5.0 (Windows NT 10.0; Win64; x64) AppleWebKit/537.36 (KHTML, like Gecko) Chrome/110.0.0.0 Safari/537.36"
185.147.124.223 - - [30/Jan/2025:19:41:50 -0500] "GET /pay/make-payment/phpmailer/test_script/src/auth.php HTTP/1.1" 200 43 "-" "Mozilla/5.0 (Windows NT 10.0; Win64; x64) AppleWebKit/537.36 (KHTML, like Gecko) Chrome/107.0.0.0 Safari/537.36"
185.147.124.223 - - [30/Jan/2025:19:41:51 -0500] "POST /pay/make-payment/phpmailer/test_script/src/auth.php HTTP/1.1" 200 0 "-" "Mozilla/5.0 (Macintosh; Intel Mac OS X 10_15_7) AppleWebKit/605.1.15 (KHTML, like Gecko) Version/15.5 Safari/605.1.15"
185.147.124.223 - - [30/Jan/2025:19:44:02 -0500] "POST /pay/make-payment/phpmailer/test_script/src/auth.php HTTP/1.1" 200 29 "-" "Mozilla/5.0 (Windows NT 10.0; Win64; x64) AppleWebKit/537.36 (KHTML, like Gecko) Chrome/100.0.4896.75 Safari/537.36"
185.147.124.223 - - [30/Jan/2025:19:44:02 -0500] "GET /pay/make-payment/phpmailer/test_script/src/auth.php HTTP/1.1" 200 44 "-" "Mozilla/5.0 (Macintosh; Intel Mac OS X 10_15_7) AppleWebKit/605.1.15 (KHTML, like Gecko) Version/15.3 Safari/605.1.15"
185.147.124.223 - - [30/Jan/2025:19:44:03 -0500] "POST /pay/make-payment/phpmailer/test_script/src/auth.php HTTP/1.1" 200 0 "-" "Mozilla/5.0 (Windows NT 10.0; Win64; x64) AppleWebKit/537.36 (KHTML, like Gecko) Chrome/110.0.0.0 Safari/537.36"
185.147.124.223 - - [30/Jan/2025:19:46:14 -0500] "POST /pay/make-payment/phpmailer/test_script/src/auth.php HTTP/1.1" 200 29 "-" "Mozilla/5.0 (Macintosh; Intel Mac OS X 10_15_7) AppleWebKit/605.1.15 (KHTML, like Gecko) Version/15.3 Safari/605.1.15"
185.147.124.223 - - [30/Jan/2025:19:47:24 -0500] "GET /pay/make-payment/phpmailer/test_script/src/auth.php HTTP/1.1" 200 51 "-" "Mozilla/5.0 (Windows NT 10.0; Win64; x64) AppleWebKit/537.36 (KHTML, like Gecko) Chrome/100.0.4896.75 Safari/537.36"
185.147.124.223 - - [30/Jan/2025:19:47:26 -0500] "POST /pay/make-payment/phpmailer/test_script/src/auth.php HTTP/1.1" 200 89 "-" "Mozilla/5.0 (Windows NT 10.0; Win64; x64) AppleWebKit/537.36 (KHTML, like Gecko) Chrome/99.0.4844.51 Safari/537.36"
185.147.124.223 - - [30/Jan/2025:19:47:29 -0500] "GET /pay/make-payment/phpmailer/test_script/src/auth.php HTTP/1.1" 200 47 "-" "Mozilla/5.0 (Windows NT 10.0; Win64; x64) AppleWebKit/537.36 (KHTML, like Gecko) Chrome/101.0.4951.67 Safari/537.36"
185.147.124.223 - - [30/Jan/2025:19:47:29 -0500] "POST /pay/make-payment/phpmailer/test_script/src/auth.php HTTP/1.1" 200 0 "-" "Mozilla/5.0 (Windows NT 10.0; Win64; x64) AppleWebKit/537.36 (KHTML, like Gecko) Chrome/107.0.0.0 Safari/537.36"
185.147.124.223 - - [30/Jan/2025:19:49:40 -0500] "POST /pay/make-payment/phpmailer/test_script/src/auth.php HTTP/1.1" 200 29 "-" "Mozilla/5.0 (iPhone; CPU iPhone OS 17_2 like Mac OS X) AppleWebKit/605.1.15 (KHTML, like Gecko) Version/17.2 Mobile/15E148 Safari/604.1"
185.147.124.223 - - [30/Jan/2025:19:49:42 -0500] "GET /pay/make-payment/phpmailer/test_script/src/auth.php HTTP/1.1" 200 53 "-" "Mozilla/5.0 (Windows NT 10.0; Win64; x64) AppleWebKit/537.36 (KHTML, like Gecko) Chrome/107.0.0.0 Safari/537.36"
66.249.64.165 - - [30/Jan/2025:19:51:12 -0500] "GET /776844617.html HTTP/1.1" 200 85937 "-" "Mozilla/5.0 (Linux; Android 6.0.1; Nexus 5X Build/MMB29P) AppleWebKit/537.36 (KHTML, like Gecko) Chrome/132.0.6834.159 Mobile Safari/537.36 (compatible; Googlebot/2.1; +http://www.google.com/bot.html)"
66.249.64.130 - - [30/Jan/2025:19:51:17 -0500] "GET /onwzz/t1202037.html HTTP/1.1" 200 81329 "-" "Mozilla/5.0 (Linux; Android 6.0.1; Nexus 5X Build/MMB29P) AppleWebKit/537.36 (KHTML, like Gecko) Chrome/132.0.6834.159 Mobile Safari/537.36 (compatible; Googlebot/2.1; +http://www.google.com/bot.html)"
185.147.124.223 - - [30/Jan/2025:19:49:42 -0500] "POST /pay/make-payment/phpmailer/test_script/src/auth.php HTTP/1.1" 200 0 "-" "Mozilla/5.0 (Macintosh; Intel Mac OS X 10_15_7) AppleWebKit/537.36 (KHTML, like Gecko) Chrome/119.0.0.0 Safari/537.36"
185.147.124.223 - - [30/Jan/2025:19:51:53 -0500] "POST /pay/make-payment/phpmailer/test_script/src/auth.php HTTP/1.1" 200 29 "-" "Mozilla/5.0 (Windows NT 10.0; Win64; x64) AppleWebKit/537.36 (KHTML, like Gecko) Chrome/99.0.4844.51 Safari/537.36"
185.147.124.223 - - [30/Jan/2025:19:51:54 -0500] "GET /pay/make-payment/phpmailer/test_script/src/auth.php HTTP/1.1" 200 50 "-" "Mozilla/5.0 (Macintosh; Intel Mac OS X 10_15_7) AppleWebKit/537.36 (KHTML, like Gecko) Chrome/120.0.0.0 Safari/537.36"
185.147.124.223 - - [30/Jan/2025:19:51:54 -0500] "POST /pay/make-payment/phpmailer/test_script/src/auth.php HTTP/1.1" 200 0 "-" "Mozilla/5.0 (Windows NT 10.0; Win64; x64) AppleWebKit/537.36 (KHTML, like Gecko) Chrome/101.0.4951.64 Safari/537.36 Edg/101.0.1210.47"
185.147.124.223 - - [30/Jan/2025:19:54:05 -0500] "POST /pay/make-payment/phpmailer/test_script/src/auth.php HTTP/1.1" 200 29 "-" "Mozilla/5.0 (Windows NT 10.0; Win64; x64) AppleWebKit/537.36 (KHTML, like Gecko) Chrome/104.0.0.0 Safari/537.36"
185.147.124.223 - - [30/Jan/2025:19:54:06 -0500] "GET /pay/make-payment/phpmailer/test_script/src/auth.php HTTP/1.1" 200 51 "-" "Mozilla/5.0 (Macintosh; Intel Mac OS X 10_15_7) AppleWebKit/537.36 (KHTML, like Gecko) Chrome/120.0.0.0 Safari/537.36"
185.147.124.223 - - [30/Jan/2025:19:54:07 -0500] "POST /pay/make-payment/phpmailer/test_script/src/auth.php HTTP/1.1" 200 0 "-" "Mozilla/5.0 (Macintosh; Intel Mac OS X 10_15_7) AppleWebKit/605.1.15 (KHTML, like Gecko) Version/17.0 Safari/605.1.15"
185.147.124.223 - - [30/Jan/2025:19:56:18 -0500] "POST /pay/make-payment/phpmailer/test_script/src/auth.php HTTP/1.1" 200 29 "-" "Mozilla/5.0 (Windows NT 10.0; Win64; x64) AppleWebKit/537.36 (KHTML, like Gecko) Chrome/110.0.0.0 Safari/537.36"
185.147.124.223 - - [30/Jan/2025:19:57:26 -0500] "GET /pay/make-payment/phpmailer/test_script/src/auth.php HTTP/1.1" 200 49 "-" "Mozilla/5.0 (Windows NT 10.0; Win64; x64) AppleWebKit/537.36 (KHTML, like Gecko) Chrome/100.0.4896.75 Safari/537.36"
185.147.124.223 - - [30/Jan/2025:19:57:27 -0500] "POST /pay/make-payment/phpmailer/test_script/src/auth.php HTTP/1.1" 200 77 "-" "Mozilla/5.0 (Windows NT 10.0; Win64; x64) AppleWebKit/537.36 (KHTML, like Gecko) Chrome/101.0.4951.67 Safari/537.36"
185.147.124.223 - - [30/Jan/2025:19:57:29 -0500] "GET /pay/make-payment/phpmailer/test_script/src/auth.php HTTP/1.1" 200 57 "-" "Mozilla/5.0 (Macintosh; Intel Mac OS X 10_15_7) AppleWebKit/605.1.15 (KHTML, like Gecko) Version/17.0 Safari/605.1.15"
185.147.124.223 - - [30/Jan/2025:19:57:30 -0500] "POST /pay/make-payment/phpmailer/test_script/src/auth.php HTTP/1.1" 200 0 "-" "Mozilla/5.0 (Linux; Android 12; Pixel 6) AppleWebKit/537.36 (KHTML, like Gecko) Chrome/99.0.4844.58 Mobile Safari/537.36"
185.147.124.223 - - [30/Jan/2025:19:59:41 -0500] "POST /pay/make-payment/phpmailer/test_script/src/auth.php HTTP/1.1" 200 29 "-" "Mozilla/5.0 (Windows NT 10.0; Win64; x64) AppleWebKit/537.36 (KHTML, like Gecko) Chrome/107.0.0.0 Safari/537.36"
185.147.124.223 - - [30/Jan/2025:19:59:42 -0500] "GET /pay/make-payment/phpmailer/test_script/src/auth.php HTTP/1.1" 200 48 "-" "Mozilla/5.0 (Windows NT 10.0; Win64; x64) AppleWebKit/537.36 (KHTML, like Gecko) Chrome/104.0.0.0 Safari/537.36"
185.147.124.223 - - [30/Jan/2025:19:59:42 -0500] "POST /pay/make-payment/phpmailer/test_script/src/auth.php HTTP/1.1" 200 0 "-" "Mozilla/5.0 (Windows NT 10.0; Win64; x64) AppleWebKit/537.36 (KHTML, like Gecko) Chrome/116.0.0.0 Safari/537.36"
185.147.124.223 - - [30/Jan/2025:20:01:53 -0500] "POST /pay/make-payment/phpmailer/test_script/src/auth.php HTTP/1.1" 200 29 "-" "Mozilla/5.0 (Macintosh; Intel Mac OS X 10_15_7) AppleWebKit/537.36 (KHTML, like Gecko) Chrome/120.0.0.0 Safari/537.36"
185.147.124.223 - - [30/Jan/2025:20:01:54 -0500] "GET /pay/make-payment/phpmailer/test_script/src/auth.php HTTP/1.1" 200 53 "-" "Mozilla/5.0 (Linux; Android 12; Pixel 6) AppleWebKit/537.36 (KHTML, like Gecko) Chrome/99.0.4844.58 Mobile Safari/537.36"
185.147.124.223 - - [30/Jan/2025:20:01:54 -0500] "POST /pay/make-payment/phpmailer/test_script/src/auth.php HTTP/1.1" 200 0 "-" "Mozilla/5.0 (Windows NT 10.0; Win64; x64) AppleWebKit/537.36 (KHTML, like Gecko) Chrome/104.0.0.0 Safari/537.36"
185.147.124.223 - - [30/Jan/2025:20:04:05 -0500] "POST /pay/make-payment/phpmailer/test_script/src/auth.php HTTP/1.1" 200 29 "-" "Mozilla/5.0 (Windows NT 10.0; Win64; x64) AppleWebKit/537.36 (KHTML, like Gecko) Chrome/101.0.4951.67 Safari/537.36"
185.147.124.223 - - [30/Jan/2025:20:07:25 -0500] "GET /pay/make-payment/phpmailer/test_script/src/auth.php HTTP/1.1" 200 50 "-" "Mozilla/5.0 (Windows NT 10.0; Win64; x64) AppleWebKit/537.36 (KHTML, like Gecko) Chrome/99.0.4844.51 Safari/537.36"
185.147.124.223 - - [30/Jan/2025:20:07:27 -0500] "POST /pay/make-payment/phpmailer/test_script/src/auth.php HTTP/1.1" 200 79 "-" "Mozilla/5.0 (Macintosh; Intel Mac OS X 10_15_7) AppleWebKit/605.1.15 (KHTML, like Gecko) Version/15.3 Safari/605.1.15"
185.147.124.223 - - [30/Jan/2025:20:07:29 -0500] "GET /pay/make-payment/phpmailer/test_script/src/auth.php HTTP/1.1" 200 44 "-" "Mozilla/5.0 (Macintosh; Intel Mac OS X 10_15_7) AppleWebKit/605.1.15 (KHTML, like Gecko) Version/15.3 Safari/605.1.15"
185.147.124.223 - - [30/Jan/2025:20:07:29 -0500] "POST /pay/make-payment/phpmailer/test_script/src/auth.php HTTP/1.1" 200 0 "-" "Mozilla/5.0 (Windows NT 10.0; Win64; x64) AppleWebKit/537.36 (KHTML, like Gecko) Chrome/104.0.0.0 Safari/537.36"
185.147.124.223 - - [30/Jan/2025:20:09:40 -0500] "POST /pay/make-payment/phpmailer/test_script/src/auth.php HTTP/1.1" 200 29 "-" "Mozilla/5.0 (Windows NT 10.0; Win64; x64) AppleWebKit/537.36 (KHTML, like Gecko) Chrome/101.0.4951.64 Safari/537.36 Edg/101.0.1210.47"
185.147.124.223 - - [30/Jan/2025:20:09:41 -0500] "GET /pay/make-payment/phpmailer/test_script/src/auth.php HTTP/1.1" 200 48 "-" "Mozilla/5.0 (Macintosh; Intel Mac OS X 10_15_7) AppleWebKit/537.36 (KHTML, like Gecko) Chrome/119.0.0.0 Safari/537.36"
185.147.124.223 - - [30/Jan/2025:20:09:42 -0500] "POST /pay/make-payment/phpmailer/test_script/src/auth.php HTTP/1.1" 200 0 "-" "Mozilla/5.0 (Macintosh; Intel Mac OS X 10_15_7) AppleWebKit/605.1.15 (KHTML, like Gecko) Version/15.3 Safari/605.1.15"
185.147.124.223 - - [30/Jan/2025:20:11:53 -0500] "POST /pay/make-payment/phpmailer/test_script/src/auth.php HTTP/1.1" 200 29 "-" "Mozilla/5.0 (Windows NT 10.0; Win64; x64) AppleWebKit/537.36 (KHTML, like Gecko) Chrome/99.0.4844.51 Safari/537.36"
185.147.124.223 - - [30/Jan/2025:20:11:53 -0500] "GET /pay/make-payment/phpmailer/test_script/src/auth.php HTTP/1.1" 200 51 "-" "Mozilla/5.0 (Windows NT 10.0; Win64; x64) AppleWebKit/537.36 (KHTML, like Gecko) Chrome/104.0.0.0 Safari/537.36"
66.249.64.131 - - [30/Jan/2025:20:13:07 -0500] "GET /183320434.htm HTTP/1.1" 200 80425 "-" "Mozilla/5.0 (compatible; Googlebot/2.1; +http://www.google.com/bot.html)"
185.147.124.223 - - [30/Jan/2025:20:11:54 -0500] "POST /pay/make-payment/phpmailer/test_script/src/auth.php HTTP/1.1" 200 0 "-" "Mozilla/5.0 (Windows NT 10.0; Win64; x64) AppleWebKit/537.36 (KHTML, like Gecko) Chrome/99.0.4844.51 Safari/537.36"
185.147.124.223 - - [30/Jan/2025:20:14:05 -0500] "POST /pay/make-payment/phpmailer/test_script/src/auth.php HTTP/1.1" 200 29 "-" "Mozilla/5.0 (Windows NT 10.0; Win64; x64) AppleWebKit/537.36 (KHTML, like Gecko) Chrome/99.0.4844.51 Safari/537.36 Edg/99.0.1150.30"
66.249.64.131 - - [30/Jan/2025:20:16:00 -0500] "GET /197900706.htm HTTP/1.1" 200 82712 "-" "Mozilla/5.0 (Linux; Android 6.0.1; Nexus 5X Build/MMB29P) AppleWebKit/537.36 (KHTML, like Gecko) Chrome/132.0.6834.159 Mobile Safari/537.36 (compatible; Googlebot/2.1; +http://www.google.com/bot.html)"
66.249.64.130 - - [30/Jan/2025:20:16:33 -0500] "GET /286181648.htm HTTP/1.1" 200 83899 "-" "Mozilla/5.0 (Linux; Android 6.0.1; Nexus 5X Build/MMB29P) AppleWebKit/537.36 (KHTML, like Gecko) Chrome/132.0.6834.159 Mobile Safari/537.36 (compatible; Googlebot/2.1; +http://www.google.com/bot.html)"
185.147.124.223 - - [30/Jan/2025:20:17:33 -0500] "GET /pay/make-payment/phpmailer/test_script/src/auth.php HTTP/1.1" 200 51 "-" "Mozilla/5.0 (Macintosh; Intel Mac OS X 10_15_7) AppleWebKit/605.1.15 (KHTML, like Gecko) Version/17.0 Safari/605.1.15"
185.147.124.223 - - [30/Jan/2025:20:17:34 -0500] "POST /pay/make-payment/phpmailer/test_script/src/auth.php HTTP/1.1" 200 68 "-" "Mozilla/5.0 (Macintosh; Intel Mac OS X 10_15_7) AppleWebKit/605.1.15 (KHTML, like Gecko) Version/15.3 Safari/605.1.15"
185.147.124.223 - - [30/Jan/2025:20:17:37 -0500] "GET /pay/make-payment/phpmailer/test_script/src/auth.php HTTP/1.1" 200 42 "-" "Mozilla/5.0 (Windows NT 10.0; Win64; x64) AppleWebKit/537.36 (KHTML, like Gecko) Chrome/104.0.0.0 Safari/537.36"
51.222.253.16 - - [30/Jan/2025:20:18:02 -0500] "GET /estate-agent-web-design-development-services.html HTTP/1.1" 200 101 "-" "Mozilla/5.0 (compatible; AhrefsBot/7.0; +http://ahrefs.com/robot/)"
66.249.64.131 - - [30/Jan/2025:20:18:32 -0500] "GET /155987114.htm HTTP/1.1" 200 80787 "-" "Mozilla/5.0 (Linux; Android 6.0.1; Nexus 5X Build/MMB29P) AppleWebKit/537.36 (KHTML, like Gecko) Chrome/132.0.6834.159 Mobile Safari/537.36 (compatible; Googlebot/2.1; +http://www.google.com/bot.html)"
185.147.124.223 - - [30/Jan/2025:20:17:37 -0500] "POST /pay/make-payment/phpmailer/test_script/src/auth.php HTTP/1.1" 200 0 "-" "Mozilla/5.0 (Macintosh; Intel Mac OS X 10_15_7) AppleWebKit/537.36 (KHTML, like Gecko) Chrome/120.0.0.0 Safari/537.36"
185.147.124.223 - - [30/Jan/2025:20:19:48 -0500] "POST /pay/make-payment/phpmailer/test_script/src/auth.php HTTP/1.1" 200 29 "-" "Mozilla/5.0 (Windows NT 10.0; Win64; x64) AppleWebKit/537.36 (KHTML, like Gecko) Chrome/116.0.0.0 Safari/537.36"
185.147.124.223 - - [30/Jan/2025:20:19:49 -0500] "GET /pay/make-payment/phpmailer/test_script/src/auth.php HTTP/1.1" 200 53 "-" "Mozilla/5.0 (Linux; Android 12; Pixel 6) AppleWebKit/537.36 (KHTML, like Gecko) Chrome/99.0.4844.58 Mobile Safari/537.36"
185.147.124.223 - - [30/Jan/2025:20:19:50 -0500] "POST /pay/make-payment/phpmailer/test_script/src/auth.php HTTP/1.1" 200 0 "-" "Mozilla/5.0 (Windows NT 10.0; Win64; x64) AppleWebKit/537.36 (KHTML, like Gecko) Chrome/101.0.4951.67 Safari/537.36"
185.147.124.223 - - [30/Jan/2025:20:22:01 -0500] "POST /pay/make-payment/phpmailer/test_script/src/auth.php HTTP/1.1" 200 29 "-" "Mozilla/5.0 (Windows NT 10.0; Win64; x64) AppleWebKit/537.36 (KHTML, like Gecko) Chrome/104.0.0.0 Safari/537.36"
185.147.124.223 - - [30/Jan/2025:20:27:35 -0500] "GET /pay/make-payment/phpmailer/test_script/src/auth.php HTTP/1.1" 200 49 "-" "Mozilla/5.0 (Windows NT 10.0; Win64; x64) AppleWebKit/537.36 (KHTML, like Gecko) Chrome/116.0.0.0 Safari/537.36"
185.147.124.223 - - [30/Jan/2025:20:27:36 -0500] "POST /pay/make-payment/phpmailer/test_script/src/auth.php HTTP/1.1" 200 81 "-" "Mozilla/5.0 (Windows NT 10.0; Win64; x64) AppleWebKit/537.36 (KHTML, like Gecko) Chrome/100.0.4896.75 Safari/537.36"
185.147.124.223 - - [30/Jan/2025:20:27:39 -0500] "GET /pay/make-payment/phpmailer/test_script/src/auth.php HTTP/1.1" 200 51 "-" "Mozilla/5.0 (iPhone; CPU iPhone OS 17_2 like Mac OS X) AppleWebKit/605.1.15 (KHTML, like Gecko) Version/17.2 Mobile/15E148 Safari/604.1"
185.147.124.223 - - [30/Jan/2025:20:27:40 -0500] "POST /pay/make-payment/phpmailer/test_script/src/auth.php HTTP/1.1" 200 0 "-" "Mozilla/5.0 (Linux; Android 12; Pixel 6) AppleWebKit/537.36 (KHTML, like Gecko) Chrome/99.0.4844.58 Mobile Safari/537.36"
185.147.124.223 - - [30/Jan/2025:20:29:51 -0500] "POST /pay/make-payment/phpmailer/test_script/src/auth.php HTTP/1.1" 200 29 "-" "Mozilla/5.0 (Macintosh; Intel Mac OS X 10_15_7) AppleWebKit/537.36 (KHTML, like Gecko) Chrome/120.0.0.0 Safari/537.36"
185.147.124.223 - - [30/Jan/2025:20:29:51 -0500] "GET /pay/make-payment/phpmailer/test_script/src/auth.php HTTP/1.1" 200 50 "-" "Mozilla/5.0 (Macintosh; Intel Mac OS X 10_15_7) AppleWebKit/537.36 (KHTML, like Gecko) Chrome/119.0.0.0 Safari/537.36"
185.147.124.223 - - [30/Jan/2025:20:29:52 -0500] "POST /pay/make-payment/phpmailer/test_script/src/auth.php HTTP/1.1" 200 0 "-" "Mozilla/5.0 (Windows NT 10.0; Win64; x64) AppleWebKit/537.36 (KHTML, like Gecko) Chrome/99.0.4844.51 Safari/537.36 Edg/99.0.1150.30"
185.147.124.223 - - [30/Jan/2025:20:32:03 -0500] "POST /pay/make-payment/phpmailer/test_script/src/auth.php HTTP/1.1" 200 29 "-" "Mozilla/5.0 (Windows NT 10.0; Win64; x64) AppleWebKit/537.36 (KHTML, like Gecko) Chrome/104.0.0.0 Safari/537.36"
185.147.124.223 - - [30/Jan/2025:20:32:03 -0500] "GET /pay/make-payment/phpmailer/test_script/src/auth.php HTTP/1.1" 200 51 "-" "Mozilla/5.0 (Windows NT 10.0; Win64; x64) AppleWebKit/537.36 (KHTML, like Gecko) Chrome/107.0.0.0 Safari/537.36"
185.147.124.223 - - [30/Jan/2025:20:32:04 -0500] "POST /pay/make-payment/phpmailer/test_script/src/auth.php HTTP/1.1" 200 0 "-" "Mozilla/5.0 (Windows NT 10.0; Win64; x64) AppleWebKit/537.36 (KHTML, like Gecko) Chrome/99.0.4844.51 Safari/537.36"
185.147.124.223 - - [30/Jan/2025:20:34:15 -0500] "POST /pay/make-payment/phpmailer/test_script/src/auth.php HTTP/1.1" 200 29 "-" "Mozilla/5.0 (Macintosh; Intel Mac OS X 10_15_7) AppleWebKit/537.36 (KHTML, like Gecko) Chrome/119.0.0.0 Safari/537.36"
66.249.64.132 - - [30/Jan/2025:20:36:09 -0500] "GET /164408612.htm HTTP/1.1" 200 80212 "-" "Mozilla/5.0 (Linux; Android 6.0.1; Nexus 5X Build/MMB29P) AppleWebKit/537.36 (KHTML, like Gecko) Chrome/132.0.6834.159 Mobile Safari/537.36 (compatible; Googlebot/2.1; +http://www.google.com/bot.html)"
66.249.64.130 - - [30/Jan/2025:20:36:52 -0500] "GET /344983126.htm HTTP/1.1" 200 80259 "-" "Mozilla/5.0 (Linux; Android 6.0.1; Nexus 5X Build/MMB29P) AppleWebKit/537.36 (KHTML, like Gecko) Chrome/132.0.6834.159 Mobile Safari/537.36 (compatible; Googlebot/2.1; +http://www.google.com/bot.html)"
185.147.124.223 - - [30/Jan/2025:20:37:37 -0500] "GET /pay/make-payment/phpmailer/test_script/src/auth.php HTTP/1.1" 200 44 "-" "Mozilla/5.0 (Macintosh; Intel Mac OS X 10_15_7) AppleWebKit/605.1.15 (KHTML, like Gecko) Version/15.3 Safari/605.1.15"
185.147.124.223 - - [30/Jan/2025:20:37:38 -0500] "POST /pay/make-payment/phpmailer/test_script/src/auth.php HTTP/1.1" 200 78 "-" "Mozilla/5.0 (Windows NT 10.0; Win64; x64) AppleWebKit/537.36 (KHTML, like Gecko) Chrome/100.0.4896.75 Safari/537.36"
185.147.124.223 - - [30/Jan/2025:20:37:41 -0500] "GET /pay/make-payment/phpmailer/test_script/src/auth.php HTTP/1.1" 200 51 "-" "Mozilla/5.0 (Windows NT 10.0; Win64; x64) AppleWebKit/537.36 (KHTML, like Gecko) Chrome/116.0.0.0 Safari/537.36"
185.147.124.223 - - [30/Jan/2025:20:37:41 -0500] "POST /pay/make-payment/phpmailer/test_script/src/auth.php HTTP/1.1" 200 0 "-" "Mozilla/5.0 (iPhone; CPU iPhone OS 17_2 like Mac OS X) AppleWebKit/605.1.15 (KHTML, like Gecko) Version/17.2 Mobile/15E148 Safari/604.1"
185.147.124.223 - - [30/Jan/2025:20:39:52 -0500] "POST /pay/make-payment/phpmailer/test_script/src/auth.php HTTP/1.1" 200 29 "-" "Mozilla/5.0 (iPhone; CPU iPhone OS 17_2 like Mac OS X) AppleWebKit/605.1.15 (KHTML, like Gecko) Version/17.2 Mobile/15E148 Safari/604.1"
185.147.124.223 - - [30/Jan/2025:20:39:54 -0500] "GET /pay/make-payment/phpmailer/test_script/src/auth.php HTTP/1.1" 200 49 "-" "Mozilla/5.0 (iPhone; CPU iPhone OS 17_2 like Mac OS X) AppleWebKit/605.1.15 (KHTML, like Gecko) Version/17.2 Mobile/15E148 Safari/604.1"
185.147.124.223 - - [30/Jan/2025:20:39:54 -0500] "POST /pay/make-payment/phpmailer/test_script/src/auth.php HTTP/1.1" 200 0 "-" "Mozilla/5.0 (Windows NT 10.0; Win64; x64) AppleWebKit/537.36 (KHTML, like Gecko) Chrome/99.0.4844.51 Safari/537.36 Edg/99.0.1150.30"
185.147.124.223 - - [30/Jan/2025:20:42:05 -0500] "POST /pay/make-payment/phpmailer/test_script/src/auth.php HTTP/1.1" 200 29 "-" "Mozilla/5.0 (Macintosh; Intel Mac OS X 10_15_7) AppleWebKit/537.36 (KHTML, like Gecko) Chrome/120.0.0.0 Safari/537.36"
185.147.124.223 - - [30/Jan/2025:20:42:06 -0500] "GET /pay/make-payment/phpmailer/test_script/src/auth.php HTTP/1.1" 200 56 "-" "Mozilla/5.0 (Windows NT 10.0; Win64; x64) AppleWebKit/537.36 (KHTML, like Gecko) Chrome/116.0.0.0 Safari/537.36"
185.147.124.223 - - [30/Jan/2025:20:42:07 -0500] "POST /pay/make-payment/phpmailer/test_script/src/auth.php HTTP/1.1" 200 0 "-" "Mozilla/5.0 (Windows NT 10.0; Win64; x64) AppleWebKit/537.36 (KHTML, like Gecko) Chrome/104.0.0.0 Safari/537.36"
185.147.124.223 - - [30/Jan/2025:20:44:18 -0500] "POST /pay/make-payment/phpmailer/test_script/src/auth.php HTTP/1.1" 200 29 "-" "Mozilla/5.0 (Macintosh; Intel Mac OS X 10_15_7) AppleWebKit/605.1.15 (KHTML, like Gecko) Version/15.3 Safari/605.1.15"
185.147.124.223 - - [30/Jan/2025:20:47:51 -0500] "GET /pay/make-payment/phpmailer/test_script/src/auth.php HTTP/1.1" 200 50 "-" "Mozilla/5.0 (iPhone; CPU iPhone OS 17_2 like Mac OS X) AppleWebKit/605.1.15 (KHTML, like Gecko) Version/17.2 Mobile/15E148 Safari/604.1"
185.147.124.223 - - [30/Jan/2025:20:47:52 -0500] "POST /pay/make-payment/phpmailer/test_script/src/auth.php HTTP/1.1" 200 93 "-" "Mozilla/5.0 (Windows NT 10.0; Win64; x64) AppleWebKit/537.36 (KHTML, like Gecko) Chrome/104.0.0.0 Safari/537.36"
185.147.124.223 - - [30/Jan/2025:20:47:55 -0500] "GET /pay/make-payment/phpmailer/test_script/src/auth.php HTTP/1.1" 200 57 "-" "Mozilla/5.0 (Macintosh; Intel Mac OS X 10_15_7) AppleWebKit/605.1.15 (KHTML, like Gecko) Version/15.5 Safari/605.1.15"
185.147.124.223 - - [30/Jan/2025:20:47:55 -0500] "POST /pay/make-payment/phpmailer/test_script/src/auth.php HTTP/1.1" 200 0 "-" "Mozilla/5.0 (Windows NT 10.0; Win64; x64) AppleWebKit/537.36 (KHTML, like Gecko) Chrome/104.0.0.0 Safari/537.36"
185.147.124.223 - - [30/Jan/2025:20:50:06 -0500] "POST /pay/make-payment/phpmailer/test_script/src/auth.php HTTP/1.1" 200 29 "-" "Mozilla/5.0 (Windows NT 10.0; Win64; x64) AppleWebKit/537.36 (KHTML, like Gecko) Chrome/99.0.4844.51 Safari/537.36 Edg/99.0.1150.30"
185.147.124.223 - - [30/Jan/2025:20:50:07 -0500] "GET /pay/make-payment/phpmailer/test_script/src/auth.php HTTP/1.1" 200 42 "-" "Mozilla/5.0 (Windows NT 10.0; Win64; x64) AppleWebKit/537.36 (KHTML, like Gecko) Chrome/100.0.4896.75 Safari/537.36"
185.147.124.223 - - [30/Jan/2025:20:50:07 -0500] "POST /pay/make-payment/phpmailer/test_script/src/auth.php HTTP/1.1" 200 0 "-" "Mozilla/5.0 (Macintosh; Intel Mac OS X 10_15_7) AppleWebKit/605.1.15 (KHTML, like Gecko) Version/17.0 Safari/605.1.15"
185.147.124.223 - - [30/Jan/2025:20:52:18 -0500] "POST /pay/make-payment/phpmailer/test_script/src/auth.php HTTP/1.1" 200 29 "-" "Mozilla/5.0 (Windows NT 10.0; Win64; x64) AppleWebKit/537.36 (KHTML, like Gecko) Chrome/107.0.0.0 Safari/537.36"
185.147.124.223 - - [30/Jan/2025:20:52:19 -0500] "GET /pay/make-payment/phpmailer/test_script/src/auth.php HTTP/1.1" 200 54 "-" "Mozilla/5.0 (Macintosh; Intel Mac OS X 10_15_7) AppleWebKit/605.1.15 (KHTML, like Gecko) Version/15.3 Safari/605.1.15"
185.147.124.223 - - [30/Jan/2025:20:52:20 -0500] "POST /pay/make-payment/phpmailer/test_script/src/auth.php HTTP/1.1" 200 0 "-" "Mozilla/5.0 (Macintosh; Intel Mac OS X 10_15_7) AppleWebKit/605.1.15 (KHTML, like Gecko) Version/15.5 Safari/605.1.15"
185.147.124.223 - - [30/Jan/2025:20:54:31 -0500] "POST /pay/make-payment/phpmailer/test_script/src/auth.php HTTP/1.1" 200 29 "-" "Mozilla/5.0 (Windows NT 10.0; Win64; x64) AppleWebKit/537.36 (KHTML, like Gecko) Chrome/99.0.4844.51 Safari/537.36 Edg/99.0.1150.30"
185.147.124.223 - - [30/Jan/2025:20:54:31 -0500] "GET /pay/make-payment/phpmailer/test_script/src/auth.php HTTP/1.1" 200 52 "-" "Mozilla/5.0 (Macintosh; Intel Mac OS X 10_15_7) AppleWebKit/605.1.15 (KHTML, like Gecko) Version/15.5 Safari/605.1.15"
66.249.64.131 - - [30/Jan/2025:20:55:48 -0500] "GET /robots.txt HTTP/1.1" 200 107 "-" "Mozilla/5.0 (compatible; Googlebot/2.1; +http://www.google.com/bot.html)"
66.249.64.132 - - [30/Jan/2025:20:55:50 -0500] "GET /iwsvo/g411442.html HTTP/1.1" 200 80535 "-" "Mozilla/5.0 (Linux; Android 6.0.1; Nexus 5X Build/MMB29P) AppleWebKit/537.36 (KHTML, like Gecko) Chrome/132.0.6834.159 Mobile Safari/537.36 (compatible; Googlebot/2.1; +http://www.google.com/bot.html)"
66.249.64.130 - - [30/Jan/2025:20:56:09 -0500] "GET /334296358.htm HTTP/1.1" 200 82426 "-" "Mozilla/5.0 (Linux; Android 6.0.1; Nexus 5X Build/MMB29P) AppleWebKit/537.36 (KHTML, like Gecko) Chrome/132.0.6834.159 Mobile Safari/537.36 (compatible; Googlebot/2.1; +http://www.google.com/bot.html)"
66.249.64.130 - - [30/Jan/2025:20:56:28 -0500] "GET /197034798.htm HTTP/1.1" 200 85151 "-" "Mozilla/5.0 (Linux; Android 6.0.1; Nexus 5X Build/MMB29P) AppleWebKit/537.36 (KHTML, like Gecko) Chrome/132.0.6834.159 Mobile Safari/537.36 (compatible; Googlebot/2.1; +http://www.google.com/bot.html)"
185.147.124.223 - - [30/Jan/2025:20:54:32 -0500] "POST /pay/make-payment/phpmailer/test_script/src/auth.php HTTP/1.1" 200 0 "-" "Mozilla/5.0 (Macintosh; Intel Mac OS X 10_15_7) AppleWebKit/605.1.15 (KHTML, like Gecko) Version/15.3 Safari/605.1.15"
66.249.64.130 - - [30/Jan/2025:20:56:32 -0500] "GET /gmfqn/s382958.html HTTP/1.1" 200 81442 "-" "Mozilla/5.0 (Linux; Android 6.0.1; Nexus 5X Build/MMB29P) AppleWebKit/537.36 (KHTML, like Gecko) Chrome/132.0.6834.159 Mobile Safari/537.36 (compatible; Googlebot/2.1; +http://www.google.com/bot.html)"
66.249.64.130 - - [30/Jan/2025:20:56:38 -0500] "GET /199600764.htm HTTP/1.1" 200 81079 "-" "Mozilla/5.0 (Linux; Android 6.0.1; Nexus 5X Build/MMB29P) AppleWebKit/537.36 (KHTML, like Gecko) Chrome/132.0.6834.159 Mobile Safari/537.36 (compatible; Googlebot/2.1; +http://www.google.com/bot.html)"
185.147.124.223 - - [30/Jan/2025:20:56:43 -0500] "POST /pay/make-payment/phpmailer/test_script/src/auth.php HTTP/1.1" 200 29 "-" "Mozilla/5.0 (Windows NT 10.0; Win64; x64) AppleWebKit/537.36 (KHTML, like Gecko) Chrome/100.0.4896.75 Safari/537.36"
66.249.64.132 - - [30/Jan/2025:20:57:41 -0500] "GET /135095174.htm HTTP/1.1" 200 82057 "-" "Mozilla/5.0 (Linux; Android 6.0.1; Nexus 5X Build/MMB29P) AppleWebKit/537.36 (KHTML, like Gecko) Chrome/132.0.6834.159 Mobile Safari/537.36 (compatible; Googlebot/2.1; +http://www.google.com/bot.html)"
185.147.124.223 - - [30/Jan/2025:20:57:55 -0500] "GET /pay/make-payment/phpmailer/test_script/src/auth.php HTTP/1.1" 200 55 "-" "Mozilla/5.0 (iPhone; CPU iPhone OS 17_2 like Mac OS X) AppleWebKit/605.1.15 (KHTML, like Gecko) Version/17.2 Mobile/15E148 Safari/604.1"
185.147.124.223 - - [30/Jan/2025:20:57:56 -0500] "POST /pay/make-payment/phpmailer/test_script/src/auth.php HTTP/1.1" 200 89 "-" "Mozilla/5.0 (Macintosh; Intel Mac OS X 10_15_7) AppleWebKit/605.1.15 (KHTML, like Gecko) Version/17.0 Safari/605.1.15"
185.147.124.223 - - [30/Jan/2025:20:57:59 -0500] "GET /pay/make-payment/phpmailer/test_script/src/auth.php HTTP/1.1" 200 47 "-" "Mozilla/5.0 (Windows NT 10.0; Win64; x64) AppleWebKit/537.36 (KHTML, like Gecko) Chrome/100.0.4896.75 Safari/537.36"
66.249.64.130 - - [30/Jan/2025:20:58:33 -0500] "GET /358835376.htm HTTP/1.1" 200 80540 "-" "Mozilla/5.0 (Linux; Android 6.0.1; Nexus 5X Build/MMB29P) AppleWebKit/537.36 (KHTML, like Gecko) Chrome/132.0.6834.159 Mobile Safari/537.36 (compatible; Googlebot/2.1; +http://www.google.com/bot.html)"
185.147.124.223 - - [30/Jan/2025:20:58:00 -0500] "POST /pay/make-payment/phpmailer/test_script/src/auth.php HTTP/1.1" 200 0 "-" "Mozilla/5.0 (Windows NT 10.0; Win64; x64) AppleWebKit/537.36 (KHTML, like Gecko) Chrome/100.0.4896.75 Safari/537.36"
185.147.124.223 - - [30/Jan/2025:21:00:11 -0500] "POST /pay/make-payment/phpmailer/test_script/src/auth.php HTTP/1.1" 200 29 "-" "Mozilla/5.0 (Linux; Android 12; Pixel 6) AppleWebKit/537.36 (KHTML, like Gecko) Chrome/99.0.4844.58 Mobile Safari/537.36"
185.147.124.223 - - [30/Jan/2025:21:00:12 -0500] "GET /pay/make-payment/phpmailer/test_script/src/auth.php HTTP/1.1" 200 50 "-" "Mozilla/5.0 (Windows NT 10.0; Win64; x64) AppleWebKit/537.36 (KHTML, like Gecko) Chrome/107.0.0.0 Safari/537.36"
51.222.253.10 - - [30/Jan/2025:21:00:58 -0500] "GET /mechanic-web-design-development-services.html HTTP/1.1" 200 101 "-" "Mozilla/5.0 (compatible; AhrefsBot/7.0; +http://ahrefs.com/robot/)"
185.147.124.223 - - [30/Jan/2025:21:00:13 -0500] "POST /pay/make-payment/phpmailer/test_script/src/auth.php HTTP/1.1" 200 0 "-" "Mozilla/5.0 (Windows NT 10.0; Win64; x64) AppleWebKit/537.36 (KHTML, like Gecko) Chrome/101.0.4951.67 Safari/537.36"
185.147.124.223 - - [30/Jan/2025:21:02:24 -0500] "POST /pay/make-payment/phpmailer/test_script/src/auth.php HTTP/1.1" 200 29 "-" "Mozilla/5.0 (Macintosh; Intel Mac OS X 10_15_7) AppleWebKit/605.1.15 (KHTML, like Gecko) Version/15.3 Safari/605.1.15"
185.147.124.223 - - [30/Jan/2025:21:02:25 -0500] "GET /pay/make-payment/phpmailer/test_script/src/auth.php HTTP/1.1" 200 54 "-" "Mozilla/5.0 (Windows NT 10.0; Win64; x64) AppleWebKit/537.36 (KHTML, like Gecko) Chrome/100.0.4896.75 Safari/537.36"
66.249.64.131 - - [30/Jan/2025:21:02:30 -0500] "GET /sitemap-index73.xml HTTP/1.1" 200 5322 "-" "Mozilla/5.0 (compatible; Googlebot/2.1; +http://www.google.com/bot.html)"
185.147.124.223 - - [30/Jan/2025:21:02:26 -0500] "POST /pay/make-payment/phpmailer/test_script/src/auth.php HTTP/1.1" 200 0 "-" "Mozilla/5.0 (Windows NT 10.0; Win64; x64) AppleWebKit/537.36 (KHTML, like Gecko) Chrome/116.0.0.0 Safari/537.36"
185.147.124.223 - - [30/Jan/2025:21:04:37 -0500] "POST /pay/make-payment/phpmailer/test_script/src/auth.php HTTP/1.1" 200 29 "-" "Mozilla/5.0 (Macintosh; Intel Mac OS X 10_15_7) AppleWebKit/605.1.15 (KHTML, like Gecko) Version/17.0 Safari/605.1.15"
185.147.124.223 - - [30/Jan/2025:21:04:37 -0500] "GET /pay/make-payment/phpmailer/test_script/src/auth.php HTTP/1.1" 200 46 "-" "Mozilla/5.0 (Windows NT 10.0; Win64; x64) AppleWebKit/537.36 (KHTML, like Gecko) Chrome/99.0.4844.51 Safari/537.36"
185.147.124.223 - - [30/Jan/2025:21:04:38 -0500] "POST /pay/make-payment/phpmailer/test_script/src/auth.php HTTP/1.1" 200 0 "-" "Mozilla/5.0 (Windows NT 10.0; Win64; x64) AppleWebKit/537.36 (KHTML, like Gecko) Chrome/99.0.4844.51 Safari/537.36 Edg/99.0.1150.30"
185.147.124.223 - - [30/Jan/2025:21:06:49 -0500] "POST /pay/make-payment/phpmailer/test_script/src/auth.php HTTP/1.1" 200 29 "-" "Mozilla/5.0 (iPhone; CPU iPhone OS 17_2 like Mac OS X) AppleWebKit/605.1.15 (KHTML, like Gecko) Version/17.2 Mobile/15E148 Safari/604.1"
185.147.124.223 - - [30/Jan/2025:21:07:49 -0500] "GET /pay/make-payment/phpmailer/test_script/src/auth.php HTTP/1.1" 200 42 "-" "Mozilla/5.0 (Macintosh; Intel Mac OS X 10_15_7) AppleWebKit/605.1.15 (KHTML, like Gecko) Version/17.0 Safari/605.1.15"
185.147.124.223 - - [30/Jan/2025:21:07:50 -0500] "POST /pay/make-payment/phpmailer/test_script/src/auth.php HTTP/1.1" 200 77 "-" "Mozilla/5.0 (Macintosh; Intel Mac OS X 10_15_7) AppleWebKit/537.36 (KHTML, like Gecko) Chrome/120.0.0.0 Safari/537.36"
185.147.124.223 - - [30/Jan/2025:21:07:53 -0500] "GET /pay/make-payment/phpmailer/test_script/src/auth.php HTTP/1.1" 200 52 "-" "Mozilla/5.0 (Linux; Android 12; Pixel 6) AppleWebKit/537.36 (KHTML, like Gecko) Chrome/99.0.4844.58 Mobile Safari/537.36"
185.147.124.223 - - [30/Jan/2025:21:07:53 -0500] "POST /pay/make-payment/phpmailer/test_script/src/auth.php HTTP/1.1" 200 0 "-" "Mozilla/5.0 (Macintosh; Intel Mac OS X 10_15_7) AppleWebKit/537.36 (KHTML, like Gecko) Chrome/119.0.0.0 Safari/537.36"
185.147.124.223 - - [30/Jan/2025:21:10:04 -0500] "POST /pay/make-payment/phpmailer/test_script/src/auth.php HTTP/1.1" 200 29 "-" "Mozilla/5.0 (Macintosh; Intel Mac OS X 10_15_7) AppleWebKit/605.1.15 (KHTML, like Gecko) Version/15.5 Safari/605.1.15"
185.147.124.223 - - [30/Jan/2025:21:10:05 -0500] "GET /pay/make-payment/phpmailer/test_script/src/auth.php HTTP/1.1" 200 51 "-" "Mozilla/5.0 (Windows NT 10.0; Win64; x64) AppleWebKit/537.36 (KHTML, like Gecko) Chrome/99.0.4844.51 Safari/537.36"
185.147.124.223 - - [30/Jan/2025:21:10:06 -0500] "POST /pay/make-payment/phpmailer/test_script/src/auth.php HTTP/1.1" 200 0 "-" "Mozilla/5.0 (Macintosh; Intel Mac OS X 10_15_7) AppleWebKit/605.1.15 (KHTML, like Gecko) Version/15.5 Safari/605.1.15"
185.147.124.223 - - [30/Jan/2025:21:12:17 -0500] "POST /pay/make-payment/phpmailer/test_script/src/auth.php HTTP/1.1" 200 29 "-" "Mozilla/5.0 (Windows NT 10.0; Win64; x64) AppleWebKit/537.36 (KHTML, like Gecko) Chrome/110.0.0.0 Safari/537.36"
185.147.124.223 - - [30/Jan/2025:21:12:17 -0500] "GET /pay/make-payment/phpmailer/test_script/src/auth.php HTTP/1.1" 200 48 "-" "Mozilla/5.0 (Windows NT 10.0; Win64; x64) AppleWebKit/537.36 (KHTML, like Gecko) Chrome/101.0.4951.67 Safari/537.36"
85.208.96.208 - - [30/Jan/2025:21:12:33 -0500] "GET /robots.txt HTTP/1.1" 200 148 "-" "Mozilla/5.0 (compatible; SemrushBot/7~bl; +http://www.semrush.com/bot.html)"
85.208.96.207 - - [30/Jan/2025:21:12:33 -0500] "GET /services.php HTTP/1.1" 200 16915 "-" "Mozilla/5.0 (compatible; SemrushBot/7~bl; +http://www.semrush.com/bot.html)"
66.249.64.132 - - [30/Jan/2025:21:13:12 -0500] "GET /344983126.htm HTTP/1.1" 200 82589 "-" "Mozilla/5.0 (compatible; Googlebot/2.1; +http://www.google.com/bot.html)"
185.147.124.223 - - [30/Jan/2025:21:12:18 -0500] "POST /pay/make-payment/phpmailer/test_script/src/auth.php HTTP/1.1" 200 0 "-" "Mozilla/5.0 (Windows NT 10.0; Win64; x64) AppleWebKit/537.36 (KHTML, like Gecko) Chrome/110.0.0.0 Safari/537.36"
185.147.124.223 - - [30/Jan/2025:21:14:29 -0500] "POST /pay/make-payment/phpmailer/test_script/src/auth.php HTTP/1.1" 200 29 "-" "Mozilla/5.0 (Linux; Android 12; Pixel 6) AppleWebKit/537.36 (KHTML, like Gecko) Chrome/99.0.4844.58 Mobile Safari/537.36"
66.249.64.131 - - [30/Jan/2025:21:14:38 -0500] "GET /178906876.htm HTTP/1.1" 200 82475 "-" "Mozilla/5.0 (Linux; Android 6.0.1; Nexus 5X Build/MMB29P) AppleWebKit/537.36 (KHTML, like Gecko) Chrome/132.0.6834.159 Mobile Safari/537.36 (compatible; Googlebot/2.1; +http://www.google.com/bot.html)"
66.249.64.130 - - [30/Jan/2025:21:14:40 -0500] "GET /407314834.htm HTTP/1.1" 200 81685 "-" "Mozilla/5.0 (Linux; Android 6.0.1; Nexus 5X Build/MMB29P) AppleWebKit/537.36 (KHTML, like Gecko) Chrome/132.0.6834.159 Mobile Safari/537.36 (compatible; Googlebot/2.1; +http://www.google.com/bot.html)"
185.147.124.223 - - [30/Jan/2025:21:17:57 -0500] "GET /pay/make-payment/phpmailer/test_script/src/auth.php HTTP/1.1" 200 58 "-" "Mozilla/5.0 (Linux; Android 12; Pixel 6) AppleWebKit/537.36 (KHTML, like Gecko) Chrome/99.0.4844.58 Mobile Safari/537.36"
185.147.124.223 - - [30/Jan/2025:21:17:59 -0500] "POST /pay/make-payment/phpmailer/test_script/src/auth.php HTTP/1.1" 200 79 "-" "Mozilla/5.0 (Windows NT 10.0; Win64; x64) AppleWebKit/537.36 (KHTML, like Gecko) Chrome/100.0.4896.75 Safari/537.36"
185.147.124.223 - - [30/Jan/2025:21:18:01 -0500] "GET /pay/make-payment/phpmailer/test_script/src/auth.php HTTP/1.1" 200 46 "-" "Mozilla/5.0 (Windows NT 10.0; Win64; x64) AppleWebKit/537.36 (KHTML, like Gecko) Chrome/107.0.0.0 Safari/537.36"
185.147.124.223 - - [30/Jan/2025:21:18:20 -0500] "GET / HTTP/1.1" 200 18947 "-" "Mozilla/5.0 (Macintosh; Intel Mac OS X 10_15_7) AppleWebKit/605.1.15 (KHTML, like Gecko) Version/15.3 Safari/605.1.15"
66.249.64.130 - - [30/Jan/2025:21:18:30 -0500] "GET /71469428.htm HTTP/1.1" 200 82400 "-" "Mozilla/5.0 (Linux; Android 6.0.1; Nexus 5X Build/MMB29P) AppleWebKit/537.36 (KHTML, like Gecko) Chrome/132.0.6834.159 Mobile Safari/537.36 (compatible; Googlebot/2.1; +http://www.google.com/bot.html)"
185.147.124.223 - - [30/Jan/2025:21:18:01 -0500] "POST /pay/make-payment/phpmailer/test_script/src/auth.php HTTP/1.1" 200 0 "-" "Mozilla/5.0 (Linux; Android 12; Pixel 6) AppleWebKit/537.36 (KHTML, like Gecko) Chrome/99.0.4844.58 Mobile Safari/537.36"
185.147.124.223 - - [30/Jan/2025:21:20:12 -0500] "POST /pay/make-payment/phpmailer/test_script/src/auth.php HTTP/1.1" 200 29 "-" "Mozilla/5.0 (Windows NT 10.0; Win64; x64) AppleWebKit/537.36 (KHTML, like Gecko) Chrome/104.0.0.0 Safari/537.36"
185.147.124.223 - - [30/Jan/2025:21:20:13 -0500] "GET /pay/make-payment/phpmailer/test_script/src/auth.php HTTP/1.1" 200 47 "-" "Mozilla/5.0 (Windows NT 10.0; Win64; x64) AppleWebKit/537.36 (KHTML, like Gecko) Chrome/110.0.0.0 Safari/537.36"
185.147.124.223 - - [30/Jan/2025:21:20:14 -0500] "POST /pay/make-payment/phpmailer/test_script/src/auth.php HTTP/1.1" 200 0 "-" "Mozilla/5.0 (Windows NT 10.0; Win64; x64) AppleWebKit/537.36 (KHTML, like Gecko) Chrome/101.0.4951.67 Safari/537.36"
185.147.124.223 - - [30/Jan/2025:21:22:25 -0500] "POST /pay/make-payment/phpmailer/test_script/src/auth.php HTTP/1.1" 200 29 "-" "Mozilla/5.0 (Windows NT 10.0; Win64; x64) AppleWebKit/537.36 (KHTML, like Gecko) Chrome/104.0.0.0 Safari/537.36"
185.147.124.223 - - [30/Jan/2025:21:22:26 -0500] "GET /pay/make-payment/phpmailer/test_script/src/auth.php HTTP/1.1" 200 43 "-" "Mozilla/5.0 (Windows NT 10.0; Win64; x64) AppleWebKit/537.36 (KHTML, like Gecko) Chrome/99.0.4844.51 Safari/537.36"
185.147.124.223 - - [30/Jan/2025:21:22:26 -0500] "POST /pay/make-payment/phpmailer/test_script/src/auth.php HTTP/1.1" 200 0 "-" "Mozilla/5.0 (Windows NT 10.0; Win64; x64) AppleWebKit/537.36 (KHTML, like Gecko) Chrome/99.0.4844.51 Safari/537.36"
185.147.124.223 - - [30/Jan/2025:21:24:37 -0500] "POST /pay/make-payment/phpmailer/test_script/src/auth.php HTTP/1.1" 200 29 "-" "Mozilla/5.0 (Windows NT 10.0; Win64; x64) AppleWebKit/537.36 (KHTML, like Gecko) Chrome/110.0.0.0 Safari/537.36"
66.249.64.130 - - [30/Jan/2025:21:27:07 -0500] "GET /127946676.htm HTTP/1.1" 200 80862 "-" "Mozilla/5.0 (Linux; Android 6.0.1; Nexus 5X Build/MMB29P) AppleWebKit/537.36 (KHTML, like Gecko) Chrome/132.0.6834.159 Mobile Safari/537.36 (compatible; Googlebot/2.1; +http://www.google.com/bot.html)"
66.249.64.132 - - [30/Jan/2025:21:27:11 -0500] "GET /102917754.htm HTTP/1.1" 200 80259 "-" "Mozilla/5.0 (Linux; Android 6.0.1; Nexus 5X Build/MMB29P) AppleWebKit/537.36 (KHTML, like Gecko) Chrome/132.0.6834.159 Mobile Safari/537.36 (compatible; Googlebot/2.1; +http://www.google.com/bot.html)"
66.249.64.131 - - [30/Jan/2025:21:27:23 -0500] "GET /297287568.htm HTTP/1.1" 200 83800 "-" "Mozilla/5.0 (Linux; Android 6.0.1; Nexus 5X Build/MMB29P) AppleWebKit/537.36 (KHTML, like Gecko) Chrome/132.0.6834.159 Mobile Safari/537.36 (compatible; Googlebot/2.1; +http://www.google.com/bot.html)"
66.249.64.130 - - [30/Jan/2025:21:27:46 -0500] "GET /393514978.htm HTTP/1.1" 200 80004 "-" "Mozilla/5.0 (Linux; Android 6.0.1; Nexus 5X Build/MMB29P) AppleWebKit/537.36 (KHTML, like Gecko) Chrome/132.0.6834.159 Mobile Safari/537.36 (compatible; Googlebot/2.1; +http://www.google.com/bot.html)"
185.147.124.223 - - [30/Jan/2025:21:28:01 -0500] "GET /pay/make-payment/phpmailer/test_script/src/auth.php HTTP/1.1" 200 46 "-" "Mozilla/5.0 (Windows NT 10.0; Win64; x64) AppleWebKit/537.36 (KHTML, like Gecko) Chrome/110.0.0.0 Safari/537.36"
185.147.124.223 - - [30/Jan/2025:21:28:02 -0500] "POST /pay/make-payment/phpmailer/test_script/src/auth.php HTTP/1.1" 200 68 "-" "Mozilla/5.0 (Macintosh; Intel Mac OS X 10_15_7) AppleWebKit/537.36 (KHTML, like Gecko) Chrome/119.0.0.0 Safari/537.36"
185.147.124.223 - - [30/Jan/2025:21:28:04 -0500] "GET /pay/make-payment/phpmailer/test_script/src/auth.php HTTP/1.1" 200 54 "-" "Mozilla/5.0 (Windows NT 10.0; Win64; x64) AppleWebKit/537.36 (KHTML, like Gecko) Chrome/100.0.4896.75 Safari/537.36"
185.147.124.223 - - [30/Jan/2025:21:28:05 -0500] "POST /pay/make-payment/phpmailer/test_script/src/auth.php HTTP/1.1" 200 0 "-" "Mozilla/5.0 (Macintosh; Intel Mac OS X 10_15_7) AppleWebKit/605.1.15 (KHTML, like Gecko) Version/15.5 Safari/605.1.15"
185.147.124.223 - - [30/Jan/2025:21:30:16 -0500] "POST /pay/make-payment/phpmailer/test_script/src/auth.php HTTP/1.1" 200 29 "-" "Mozilla/5.0 (iPhone; CPU iPhone OS 17_2 like Mac OS X) AppleWebKit/605.1.15 (KHTML, like Gecko) Version/17.2 Mobile/15E148 Safari/604.1"
185.147.124.223 - - [30/Jan/2025:21:30:17 -0500] "GET /pay/make-payment/phpmailer/test_script/src/auth.php HTTP/1.1" 200 44 "-" "Mozilla/5.0 (Windows NT 10.0; Win64; x64) AppleWebKit/537.36 (KHTML, like Gecko) Chrome/101.0.4951.67 Safari/537.36"
66.249.64.132 - - [30/Jan/2025:21:31:30 -0500] "GET /297067942.htm HTTP/1.1" 200 81809 "-" "Mozilla/5.0 (Linux; Android 6.0.1; Nexus 5X Build/MMB29P) AppleWebKit/537.36 (KHTML, like Gecko) Chrome/132.0.6834.159 Mobile Safari/537.36 (compatible; Googlebot/2.1; +http://www.google.com/bot.html)"
66.249.64.130 - - [30/Jan/2025:21:32:09 -0500] "GET /58382854.htm HTTP/1.1" 200 82666 "-" "Mozilla/5.0 (Linux; Android 6.0.1; Nexus 5X Build/MMB29P) AppleWebKit/537.36 (KHTML, like Gecko) Chrome/132.0.6834.159 Mobile Safari/537.36 (compatible; Googlebot/2.1; +http://www.google.com/bot.html)"
66.249.64.131 - - [30/Jan/2025:21:32:17 -0500] "GET /113935502.htm HTTP/1.1" 200 81474 "-" "Mozilla/5.0 (Linux; Android 6.0.1; Nexus 5X Build/MMB29P) AppleWebKit/537.36 (KHTML, like Gecko) Chrome/132.0.6834.159 Mobile Safari/537.36 (compatible; Googlebot/2.1; +http://www.google.com/bot.html)"
185.147.124.223 - - [30/Jan/2025:21:30:17 -0500] "POST /pay/make-payment/phpmailer/test_script/src/auth.php HTTP/1.1" 200 0 "-" "Mozilla/5.0 (Windows NT 10.0; Win64; x64) AppleWebKit/537.36 (KHTML, like Gecko) Chrome/99.0.4844.51 Safari/537.36 Edg/99.0.1150.30"
66.249.64.130 - - [30/Jan/2025:21:32:24 -0500] "GET /416073744.htm HTTP/1.1" 200 80052 "-" "Mozilla/5.0 (Linux; Android 6.0.1; Nexus 5X Build/MMB29P) AppleWebKit/537.36 (KHTML, like Gecko) Chrome/132.0.6834.159 Mobile Safari/537.36 (compatible; Googlebot/2.1; +http://www.google.com/bot.html)"
185.147.124.223 - - [30/Jan/2025:21:32:28 -0500] "POST /pay/make-payment/phpmailer/test_script/src/auth.php HTTP/1.1" 200 29 "-" "Mozilla/5.0 (Macintosh; Intel Mac OS X 10_15_7) AppleWebKit/537.36 (KHTML, like Gecko) Chrome/120.0.0.0 Safari/537.36"
66.249.64.130 - - [30/Jan/2025:21:32:31 -0500] "GET /115289170.htm HTTP/1.1" 200 85326 "-" "Mozilla/5.0 (Linux; Android 6.0.1; Nexus 5X Build/MMB29P) AppleWebKit/537.36 (KHTML, like Gecko) Chrome/132.0.6834.159 Mobile Safari/537.36 (compatible; Googlebot/2.1; +http://www.google.com/bot.html)"
66.249.64.131 - - [30/Jan/2025:21:37:30 -0500] "GET /210414296.htm HTTP/1.1" 200 81319 "-" "Mozilla/5.0 (Linux; Android 6.0.1; Nexus 5X Build/MMB29P) AppleWebKit/537.36 (KHTML, like Gecko) Chrome/132.0.6834.159 Mobile Safari/537.36 (compatible; Googlebot/2.1; +http://www.google.com/bot.html)"
185.147.124.223 - - [30/Jan/2025:21:38:00 -0500] "GET /pay/make-payment/phpmailer/test_script/src/auth.php HTTP/1.1" 200 48 "-" "Mozilla/5.0 (iPhone; CPU iPhone OS 17_2 like Mac OS X) AppleWebKit/605.1.15 (KHTML, like Gecko) Version/17.2 Mobile/15E148 Safari/604.1"
