%PDF- %PDF-
Direktori : /proc/self/root/proc/thread-self/root/home/eirtvhdf/access-logs/ |
Current File : //proc/self/root/proc/thread-self/root/home/eirtvhdf/access-logs/eirtechs.com-ssl_log |
51.222.253.6 - - [06/Feb/2025:07:04:20 -0500] "GET /get.php HTTP/1.1" 200 707 "-" "Mozilla/5.0 (compatible; AhrefsBot/7.0; +http://ahrefs.com/robot/)"
51.222.253.15 - - [06/Feb/2025:07:08:30 -0500] "GET /about/?SD HTTP/1.1" 200 1079 "-" "Mozilla/5.0 (compatible; AhrefsBot/7.0; +http://ahrefs.com/robot/)"
51.222.253.4 - - [06/Feb/2025:07:12:32 -0500] "GET /root_stripe/stripe/lib/Sigma/?NA HTTP/1.1" 200 644 "-" "Mozilla/5.0 (compatible; AhrefsBot/7.0; +http://ahrefs.com/robot/)"
114.119.166.95 - - [06/Feb/2025:07:14:49 -0500] "GET /testbeta/assets/images/portfolio/app/?MD HTTP/1.1" 200 864 "https://www.eirtechs.com/testbeta/assets/images/portfolio/app/?MA" "Mozilla/5.0 (Linux; Android 7.0;) AppleWebKit/537.36 (KHTML, like Gecko) Mobile Safari/537.36 (compatible; PetalBot;+https://webmaster.petalsearch.com/site/petalbot)"
114.119.166.95 - - [06/Feb/2025:07:14:49 -0500] "GET /admin/vendor/fontawesome-free/svgs/brands/lastfm-square.svg HTTP/1.1" 200 430 "https://eirtechs.com/admin/vendor/fontawesome-free/svgs/brands/" "Mozilla/5.0 (Linux; Android 7.0;) AppleWebKit/537.36 (KHTML, like Gecko) Mobile Safari/537.36 (compatible; PetalBot;+https://webmaster.petalsearch.com/site/petalbot)"
51.222.253.2 - - [06/Feb/2025:07:17:15 -0500] "GET /root_stripe/stripe/tests/?ND HTTP/1.1" 200 740 "-" "Mozilla/5.0 (compatible; AhrefsBot/7.0; +http://ahrefs.com/robot/)"
52.167.144.236 - - [06/Feb/2025:07:18:45 -0500] "GET / HTTP/1.1" 200 1899 "-" "Mozilla/5.0 AppleWebKit/537.36 (KHTML, like Gecko; compatible; bingbot/2.0; +http://www.bing.com/bingbot.htm) Chrome/116.0.1938.76 Safari/537.36"
52.167.144.236 - - [06/Feb/2025:07:19:02 -0500] "GET /_autoindex/assets/js/tablesort.number.js HTTP/1.1" 200 322 "-" "Mozilla/5.0 AppleWebKit/537.36 (KHTML, like Gecko; compatible; bingbot/2.0; +http://www.bing.com/bingbot.htm) Chrome/116.0.1938.76 Safari/537.36"
52.167.144.236 - - [06/Feb/2025:07:19:02 -0500] "GET /_autoindex/assets/js/tablesort.js HTTP/1.1" 200 2137 "-" "Mozilla/5.0 AppleWebKit/537.36 (KHTML, like Gecko; compatible; bingbot/2.0; +http://www.bing.com/bingbot.htm) Chrome/116.0.1938.76 Safari/537.36"
114.119.145.225 - - [06/Feb/2025:07:19:39 -0500] "GET /admin/vendor/fontawesome-free/svgs/brands/grav.svg HTTP/1.1" 200 822 "https://eirtechs.com/admin/vendor/fontawesome-free/svgs/brands/" "Mozilla/5.0 (Linux; Android 7.0;) AppleWebKit/537.36 (KHTML, like Gecko) Mobile Safari/537.36 (compatible; PetalBot;+https://webmaster.petalsearch.com/site/petalbot)"
114.119.135.120 - - [06/Feb/2025:07:19:43 -0500] "GET /testbeta/?MD HTTP/1.1" 200 1349 "https://www.eirtechs.com/testbeta/?MA" "Mozilla/5.0 (Linux; Android 7.0;) AppleWebKit/537.36 (KHTML, like Gecko) Mobile Safari/537.36 (compatible; PetalBot;+https://webmaster.petalsearch.com/site/petalbot)"
51.222.253.9 - - [06/Feb/2025:07:21:21 -0500] "GET /about/?MD HTTP/1.1" 200 1084 "-" "Mozilla/5.0 (compatible; AhrefsBot/7.0; +http://ahrefs.com/robot/)"
51.222.253.4 - - [06/Feb/2025:07:26:07 -0500] "GET /testbeta/packages/?NA HTTP/1.1" 200 693 "-" "Mozilla/5.0 (compatible; AhrefsBot/7.0; +http://ahrefs.com/robot/)"
114.119.128.244 - - [06/Feb/2025:07:29:40 -0500] "GET /testbeta-atif/root_stripe/stripe/lib/Util/LoggerInterface.php HTTP/1.1" 200 0 "https://www.eirtechs.com/testbeta-atif/root_stripe/stripe/lib/Util/?MA" "Mozilla/5.0 (Linux; Android 7.0;) AppleWebKit/537.36 (KHTML, like Gecko) Mobile Safari/537.36 (compatible; PetalBot;+https://webmaster.petalsearch.com/site/petalbot)"
114.119.145.115 - - [06/Feb/2025:07:29:41 -0500] "GET /admin/vendor/fontawesome-free/svgs/brands/d-and-d.svg HTTP/1.1" 200 2166 "https://eirtechs.com/admin/vendor/fontawesome-free/svgs/brands/" "Mozilla/5.0 (Linux; Android 7.0;) AppleWebKit/537.36 (KHTML, like Gecko) Mobile Safari/537.36 (compatible; PetalBot;+https://webmaster.petalsearch.com/site/petalbot)"
51.222.253.8 - - [06/Feb/2025:07:30:55 -0500] "GET /admin/vendor/bootstrap/scss/vendor/?NA HTTP/1.1" 200 632 "-" "Mozilla/5.0 (compatible; AhrefsBot/7.0; +http://ahrefs.com/robot/)"
114.119.136.199 - - [06/Feb/2025:07:34:43 -0500] "GET /admin/vendor/fontawesome-free/svgs/brands/creative-commons-pd-alt.svg HTTP/1.1" 200 378 "https://eirtechs.com/admin/vendor/fontawesome-free/svgs/brands/" "Mozilla/5.0 (Linux; Android 7.0;) AppleWebKit/537.36 (KHTML, like Gecko) Mobile Safari/537.36 (compatible; PetalBot;+https://webmaster.petalsearch.com/site/petalbot)"
114.119.145.225 - - [06/Feb/2025:07:34:46 -0500] "GET /testbeta-atif/root_stripe/stripe/lib/OrderReturn.php HTTP/1.1" 200 159 "https://www.eirtechs.com/testbeta-atif/root_stripe/stripe/lib/?SA" "Mozilla/5.0 (Linux; Android 7.0;) AppleWebKit/537.36 (KHTML, like Gecko) Mobile Safari/537.36 (compatible; PetalBot;+https://webmaster.petalsearch.com/site/petalbot)"
51.222.253.13 - - [06/Feb/2025:07:35:45 -0500] "GET /testbeta/assets/fonts/ionicons/fonts/?SA HTTP/1.1" 200 726 "-" "Mozilla/5.0 (compatible; AhrefsBot/7.0; +http://ahrefs.com/robot/)"
114.119.145.115 - - [06/Feb/2025:07:39:40 -0500] "GET /admin/vendor/fontawesome-free/svgs/solid/chess.svg HTTP/1.1" 200 590 "https://eirtechs.com/admin/vendor/fontawesome-free/svgs/solid/?SD" "Mozilla/5.0 (Linux; Android 7.0;) AppleWebKit/537.36 (KHTML, like Gecko) Mobile Safari/537.36 (compatible; PetalBot;+https://webmaster.petalsearch.com/site/petalbot)"
114.119.128.203 - - [06/Feb/2025:07:39:43 -0500] "GET /testbeta-atif/root_stripe/stripe/lib/HttpClient/?NA HTTP/1.1" 200 844 "https://www.eirtechs.com/testbeta-atif/root_stripe/stripe/lib/HttpClient/?MA" "Mozilla/5.0 (Linux; Android 7.0;) AppleWebKit/537.36 (KHTML, like Gecko) Mobile Safari/537.36 (compatible; PetalBot;+https://webmaster.petalsearch.com/site/petalbot)"
51.222.253.2 - - [06/Feb/2025:07:39:54 -0500] "GET /testbeta-atif/?MA HTTP/1.1" 200 1131 "-" "Mozilla/5.0 (compatible; AhrefsBot/7.0; +http://ahrefs.com/robot/)"
51.222.253.4 - - [06/Feb/2025:07:43:59 -0500] "GET /testbeta-atif/assets/scss/bootstrap/utilities/?NA HTTP/1.1" 200 1212 "-" "Mozilla/5.0 (compatible; AhrefsBot/7.0; +http://ahrefs.com/robot/)"
114.119.135.120 - - [06/Feb/2025:07:44:37 -0500] "GET /admin/vendor/fontawesome-free/svgs/regular/caret-square-left.svg HTTP/1.1" 200 262 "https://eirtechs.com/admin/vendor/fontawesome-free/svgs/regular/?MA" "Mozilla/5.0 (Linux; Android 7.0;) AppleWebKit/537.36 (KHTML, like Gecko) Mobile Safari/537.36 (compatible; PetalBot;+https://webmaster.petalsearch.com/site/petalbot)"
114.119.135.120 - - [06/Feb/2025:07:44:49 -0500] "GET /testbeta-atif/root_stripe/stripe/lib/File.php HTTP/1.1" 200 155 "https://www.eirtechs.com/testbeta-atif/root_stripe/stripe/lib/?SD" "Mozilla/5.0 (Linux; Android 7.0;) AppleWebKit/537.36 (KHTML, like Gecko) Mobile Safari/537.36 (compatible; PetalBot;+https://webmaster.petalsearch.com/site/petalbot)"
51.222.253.4 - - [06/Feb/2025:07:48:40 -0500] "GET /testbeta/assets/css/?NA HTTP/1.1" 200 1322 "-" "Mozilla/5.0 (compatible; AhrefsBot/7.0; +http://ahrefs.com/robot/)"
114.119.128.203 - - [06/Feb/2025:07:49:50 -0500] "GET /admin/vendor/fontawesome-free/svgs/brands/creative-commons-nd.svg HTTP/1.1" 200 259 "https://eirtechs.com/admin/vendor/fontawesome-free/svgs/brands/" "Mozilla/5.0 (Linux; Android 7.0;) AppleWebKit/537.36 (KHTML, like Gecko) Mobile Safari/537.36 (compatible; PetalBot;+https://webmaster.petalsearch.com/site/petalbot)"
114.119.135.120 - - [06/Feb/2025:07:49:53 -0500] "GET /testbeta-atif/mail/vendor.css HTTP/1.1" 200 1838 "https://www.eirtechs.com/testbeta-atif/mail/?ND" "Mozilla/5.0 (Linux; Android 7.0;) AppleWebKit/537.36 (KHTML, like Gecko) Mobile Safari/537.36 (compatible; PetalBot;+https://webmaster.petalsearch.com/site/petalbot)"
51.222.253.7 - - [06/Feb/2025:07:53:14 -0500] "GET / HTTP/1.1" 200 1857 "-" "Mozilla/5.0 (compatible; AhrefsBot/7.0; +http://ahrefs.com/robot/)"
114.119.135.120 - - [06/Feb/2025:07:54:37 -0500] "GET /admin/vendor/fontawesome-free/svgs/brands/cloudversify.svg HTTP/1.1" 200 726 "https://eirtechs.com/admin/vendor/fontawesome-free/svgs/brands/" "Mozilla/5.0 (Linux; Android 7.0;) AppleWebKit/537.36 (KHTML, like Gecko) Mobile Safari/537.36 (compatible; PetalBot;+https://webmaster.petalsearch.com/site/petalbot)"
114.119.166.95 - - [06/Feb/2025:07:54:48 -0500] "GET /testbeta-atif/assets/scss/bootstrap/utilities/_visibility.scss HTTP/1.1" 200 121 "https://www.eirtechs.com/testbeta-atif/assets/scss/bootstrap/utilities/?MD" "Mozilla/5.0 (Linux; Android 7.0;) AppleWebKit/537.36 (KHTML, like Gecko) Mobile Safari/537.36 (compatible; PetalBot;+https://webmaster.petalsearch.com/site/petalbot)"
47.128.29.177 - - [06/Feb/2025:07:55:53 -0500] "GET /root_stripe/stripe/tests/Stripe/SubscriptionItemTest.php HTTP/1.1" 200 146 "-" "Mozilla/5.0 (Linux; Android 5.0) AppleWebKit/537.36 (KHTML, like Gecko) Mobile Safari/537.36 (compatible; Bytespider; spider-feedback@bytedance.com)"
51.222.253.1 - - [06/Feb/2025:07:58:01 -0500] "GET /testbeta/assets/fonts/flaticon/font/?SA HTTP/1.1" 200 1072 "-" "Mozilla/5.0 (compatible; AhrefsBot/7.0; +http://ahrefs.com/robot/)"
114.119.128.203 - - [06/Feb/2025:07:59:40 -0500] "GET /testbeta-atif/assets/scss/bootstrap/_close.scss HTTP/1.1" 200 860 "https://www.eirtechs.com/testbeta-atif/assets/scss/bootstrap/?MD" "Mozilla/5.0 (Linux; Android 7.0;) AppleWebKit/537.36 (KHTML, like Gecko) Mobile Safari/537.36 (compatible; PetalBot;+https://webmaster.petalsearch.com/site/petalbot)"
114.119.128.203 - - [06/Feb/2025:07:59:40 -0500] "GET /admin/vendor/fontawesome-free/svgs/regular/grin-stars.svg HTTP/1.1" 200 397 "https://eirtechs.com/admin/vendor/fontawesome-free/svgs/regular/?MA" "Mozilla/5.0 (Linux; Android 7.0;) AppleWebKit/537.36 (KHTML, like Gecko) Mobile Safari/537.36 (compatible; PetalBot;+https://webmaster.petalsearch.com/site/petalbot)"
51.222.253.2 - - [06/Feb/2025:08:02:37 -0500] "GET /testbeta-atif/assets/fonts/flaticon/font/?SA HTTP/1.1" 200 1074 "-" "Mozilla/5.0 (compatible; AhrefsBot/7.0; +http://ahrefs.com/robot/)"
114.119.145.225 - - [06/Feb/2025:08:04:43 -0500] "GET /admin/vendor/fontawesome-free/svgs/brands/cc-amazon-pay.svg HTTP/1.1" 200 1662 "https://eirtechs.com/admin/vendor/fontawesome-free/svgs/brands/" "Mozilla/5.0 (Linux; Android 7.0;) AppleWebKit/537.36 (KHTML, like Gecko) Mobile Safari/537.36 (compatible; PetalBot;+https://webmaster.petalsearch.com/site/petalbot)"
114.119.166.95 - - [06/Feb/2025:08:04:47 -0500] "GET /testbeta-atif/assets/fonts/flaticon/font/?MA HTTP/1.1" 200 1314 "https://www.eirtechs.com/testbeta-atif/assets/fonts/flaticon/font/?SA" "Mozilla/5.0 (Linux; Android 7.0;) AppleWebKit/537.36 (KHTML, like Gecko) Mobile Safari/537.36 (compatible; PetalBot;+https://webmaster.petalsearch.com/site/petalbot)"
51.222.253.5 - - [06/Feb/2025:08:07:15 -0500] "GET /testbeta/assets/fonts/ionicons/fonts/?SA HTTP/1.1" 200 730 "-" "Mozilla/5.0 (compatible; AhrefsBot/7.0; +http://ahrefs.com/robot/)"
114.119.136.199 - - [06/Feb/2025:08:09:42 -0500] "GET /admin/vendor/fontawesome-free/svgs/brands/wpforms.svg HTTP/1.1" 200 353 "https://eirtechs.com/admin/vendor/fontawesome-free/svgs/brands/" "Mozilla/5.0 (Linux; Android 7.0;) AppleWebKit/537.36 (KHTML, like Gecko) Mobile Safari/537.36 (compatible; PetalBot;+https://webmaster.petalsearch.com/site/petalbot)"
114.119.128.203 - - [06/Feb/2025:08:09:44 -0500] "GET /root_stripe/stripe/tests/Stripe/Util/?MA HTTP/1.1" 200 870 "https://www.eirtechs.com/root_stripe/stripe/tests/Stripe/Util/" "Mozilla/5.0 (Linux; Android 7.0;) AppleWebKit/537.36 (KHTML, like Gecko) Mobile Safari/537.36 (compatible; PetalBot;+https://webmaster.petalsearch.com/site/petalbot)"
45.8.127.105 - - [06/Feb/2025:08:11:08 -0500] "GET / HTTP/1.0" 200 10800 "https://eirtechs.com/" "Mozilla/5.0 (Windows NT 10.0; Win64; x64) AppleWebKit/537.36 (KHTML, like Gecko) Chrome/131.0.0.0 Safari/537.36"
45.8.127.105 - - [06/Feb/2025:08:11:09 -0500] "GET /contact.php HTTP/1.0" 200 43266 "https://eirtechs.com/contact.php" "Mozilla/5.0 (Windows NT 10.0; Win64; x64) AppleWebKit/537.36 (KHTML, like Gecko) Chrome/131.0.0.0 Safari/537.36"
45.8.127.105 - - [06/Feb/2025:08:11:16 -0500] "POST /contact.php HTTP/1.0" 200 43602 "https://eirtechs.com/contact.php" "Mozilla/5.0 (Windows NT 10.0; Win64; x64) AppleWebKit/537.36 (KHTML, like Gecko) Chrome/131.0.0.0 Safari/537.36"
54.184.224.101 - - [06/Feb/2025:08:11:35 -0500] "GET / HTTP/1.1" 200 2200 "http://eirtechs.com" "Mozilla/5.0 (Macintosh; Intel Mac OS X 10_15_7) AppleWebKit/537.36 (KHTML, like Gecko) Chrome/113.0.0.0 Safari/537.36"
54.184.224.101 - - [06/Feb/2025:08:11:35 -0500] "GET / HTTP/1.1" 200 2234 "http://eirtechs.com" "Mozilla/5.0 (Linux; Android 8.0.0; SM-G965U Build/R16NW) AppleWebKit/537.36 (KHTML, like Gecko) Chrome/63.0.3239.111 Mobile Safari/537.36"
51.222.253.16 - - [06/Feb/2025:08:12:36 -0500] "GET /assets/fonts/icomoon/?SA HTTP/1.1" 200 703 "-" "Mozilla/5.0 (compatible; AhrefsBot/7.0; +http://ahrefs.com/robot/)"
114.119.135.120 - - [06/Feb/2025:08:14:38 -0500] "GET /admin/vendor/fontawesome-free/svgs/solid/microphone-slash.svg HTTP/1.1" 200 459 "https://eirtechs.com/admin/vendor/fontawesome-free/svgs/solid/?SD" "Mozilla/5.0 (Linux; Android 7.0;) AppleWebKit/537.36 (KHTML, like Gecko) Mobile Safari/537.36 (compatible; PetalBot;+https://webmaster.petalsearch.com/site/petalbot)"
114.119.145.225 - - [06/Feb/2025:08:14:43 -0500] "GET /root_stripe/stripe/tests/Stripe/UsageRecordTest.php HTTP/1.1" 200 155 "https://www.eirtechs.com/root_stripe/stripe/tests/Stripe/?MD" "Mozilla/5.0 (Linux; Android 7.0;) AppleWebKit/537.36 (KHTML, like Gecko) Mobile Safari/537.36 (compatible; PetalBot;+https://webmaster.petalsearch.com/site/petalbot)"
51.222.253.16 - - [06/Feb/2025:08:18:22 -0500] "GET /testbeta-atif/assets/images/portfolio/branding/?SA HTTP/1.1" 200 1372 "-" "Mozilla/5.0 (compatible; AhrefsBot/7.0; +http://ahrefs.com/robot/)"
216.244.66.244 - - [06/Feb/2025:08:18:40 -0500] "GET /robots.txt HTTP/1.1" 404 1251 "-" "Mozilla/5.0 (compatible; DotBot/1.2; +https://opensiteexplorer.org/dotbot; help@moz.com)"
114.119.166.95 - - [06/Feb/2025:08:19:45 -0500] "GET /testbeta-atif/assets/fonts/ionicons/fonts/ionicons.svg HTTP/1.1" 200 116757 "https://eirtechs.com/testbeta-atif/assets/fonts/ionicons/fonts/?NA" "Mozilla/5.0 (Linux; Android 7.0;) AppleWebKit/537.36 (KHTML, like Gecko) Mobile Safari/537.36 (compatible; PetalBot;+https://webmaster.petalsearch.com/site/petalbot)"
114.119.136.199 - - [06/Feb/2025:08:19:45 -0500] "GET /root_stripe/stripe/lib/Issuing/Authorization.php HTTP/1.1" 200 159 "https://www.eirtechs.com/root_stripe/stripe/lib/Issuing/?MD" "Mozilla/5.0 (Linux; Android 7.0;) AppleWebKit/537.36 (KHTML, like Gecko) Mobile Safari/537.36 (compatible; PetalBot;+https://webmaster.petalsearch.com/site/petalbot)"
51.222.253.13 - - [06/Feb/2025:08:23:25 -0500] "GET /services/seo.php HTTP/1.1" 200 6560 "-" "Mozilla/5.0 (compatible; AhrefsBot/7.0; +http://ahrefs.com/robot/)"
114.119.136.199 - - [06/Feb/2025:08:24:41 -0500] "GET /testbeta/root_stripe/stripe/lib/Error/Base.php HTTP/1.1" 200 0 "https://www.eirtechs.com/testbeta/root_stripe/stripe/lib/Error/?MD" "Mozilla/5.0 (Linux; Android 7.0;) AppleWebKit/537.36 (KHTML, like Gecko) Mobile Safari/537.36 (compatible; PetalBot;+https://webmaster.petalsearch.com/site/petalbot)"
114.119.135.120 - - [06/Feb/2025:08:24:42 -0500] "GET /admin/vendor/fontawesome-free/svgs/brands/steam.svg HTTP/1.1" 200 465 "https://eirtechs.com/admin/vendor/fontawesome-free/svgs/brands/" "Mozilla/5.0 (Linux; Android 7.0;) AppleWebKit/537.36 (KHTML, like Gecko) Mobile Safari/537.36 (compatible; PetalBot;+https://webmaster.petalsearch.com/site/petalbot)"
216.244.66.244 - - [06/Feb/2025:08:27:51 -0500] "GET /service/digital-marketing/social_media_marketing.php HTTP/1.1" 200 52773 "-" "Mozilla/5.0 (compatible; DotBot/1.2; +https://opensiteexplorer.org/dotbot; help@moz.com)"
216.244.66.244 - - [06/Feb/2025:08:29:13 -0500] "GET /admin/blank.html HTTP/1.1" 200 16978 "-" "Mozilla/5.0 (compatible; DotBot/1.2; +https://opensiteexplorer.org/dotbot; help@moz.com)"
114.119.128.203 - - [06/Feb/2025:08:29:42 -0500] "GET /admin/vendor/fontawesome-free/svgs/brands/avianex.svg HTTP/1.1" 200 361 "https://eirtechs.com/admin/vendor/fontawesome-free/svgs/brands/" "Mozilla/5.0 (Linux; Android 7.0;) AppleWebKit/537.36 (KHTML, like Gecko) Mobile Safari/537.36 (compatible; PetalBot;+https://webmaster.petalsearch.com/site/petalbot)"
114.119.145.115 - - [06/Feb/2025:08:29:46 -0500] "GET /testbeta/root_stripe/stripe/lib/ApiResource.php HTTP/1.1" 200 155 "https://www.eirtechs.com/testbeta/root_stripe/stripe/lib/?MA" "Mozilla/5.0 (Linux; Android 7.0;) AppleWebKit/537.36 (KHTML, like Gecko) Mobile Safari/537.36 (compatible; PetalBot;+https://webmaster.petalsearch.com/site/petalbot)"
216.244.66.244 - - [06/Feb/2025:08:30:25 -0500] "GET /stripe/check-out.php HTTP/1.1" 200 1179 "-" "Mozilla/5.0 (compatible; DotBot/1.2; +https://opensiteexplorer.org/dotbot; help@moz.com)"
157.55.39.52 - - [06/Feb/2025:08:31:45 -0500] "GET /assest/javascript/ HTTP/1.1" 200 623 "-" "Mozilla/5.0 AppleWebKit/537.36 (KHTML, like Gecko; compatible; bingbot/2.0; +http://www.bing.com/bingbot.htm) Chrome/116.0.1938.76 Safari/537.36"
216.244.66.244 - - [06/Feb/2025:08:31:50 -0500] "GET /root_stripe/?MA HTTP/1.1" 200 1570 "-" "Mozilla/5.0 (compatible; DotBot/1.2; +https://opensiteexplorer.org/dotbot; help@moz.com)"
51.222.253.4 - - [06/Feb/2025:08:32:53 -0500] "GET /testbeta-atif/root_stripe/stripe/ HTTP/1.1" 200 1250 "-" "Mozilla/5.0 (compatible; AhrefsBot/7.0; +http://ahrefs.com/robot/)"
114.119.135.120 - - [06/Feb/2025:08:34:38 -0500] "GET /admin/vendor/fontawesome-free/scss/_rotated-flipped.scss HTTP/1.1" 200 833 "https://eirtechs.com/admin/vendor/fontawesome-free/scss/?ND" "Mozilla/5.0 (Linux; Android 7.0;) AppleWebKit/537.36 (KHTML, like Gecko) Mobile Safari/537.36 (compatible; PetalBot;+https://webmaster.petalsearch.com/site/petalbot)"
114.119.154.65 - - [06/Feb/2025:08:34:44 -0500] "GET /testbeta/assets/scss/bootstrap/mixins/_float.scss HTTP/1.1" 200 193 "https://www.eirtechs.com/testbeta/assets/scss/bootstrap/mixins/?ND" "Mozilla/5.0 (Linux; Android 7.0;) AppleWebKit/537.36 (KHTML, like Gecko) Mobile Safari/537.36 (compatible; PetalBot;+https://webmaster.petalsearch.com/site/petalbot)"
51.222.253.16 - - [06/Feb/2025:08:37:49 -0500] "GET /career.php HTTP/1.1" 200 5832 "-" "Mozilla/5.0 (compatible; AhrefsBot/7.0; +http://ahrefs.com/robot/)"
223.15.245.170 - - [06/Feb/2025:08:39:31 -0500] "GET / HTTP/1.1" 200 2200 "http://eirtechs.com" "Mozilla/5.0 (iPhone; CPU iPhone OS 13_2_3 like Mac OS X) AppleWebKit/605.1.15 (KHTML, like Gecko) Version/13.0.3 Mobile/15E148 Safari/604.1"
114.119.136.199 - - [06/Feb/2025:08:39:45 -0500] "GET /testbeta/assets/scss/bootstrap/_carousel.scss HTTP/1.1" 200 5232 "https://www.eirtechs.com/testbeta/assets/scss/bootstrap/?NA" "Mozilla/5.0 (Linux; Android 7.0;) AppleWebKit/537.36 (KHTML, like Gecko) Mobile Safari/537.36 (compatible; PetalBot;+https://webmaster.petalsearch.com/site/petalbot)"
114.119.135.120 - - [06/Feb/2025:08:39:47 -0500] "GET /admin/vendor/fontawesome-free/scss/_core.scss HTTP/1.1" 200 326 "https://eirtechs.com/admin/vendor/fontawesome-free/scss/?ND" "Mozilla/5.0 (Linux; Android 7.0;) AppleWebKit/537.36 (KHTML, like Gecko) Mobile Safari/537.36 (compatible; PetalBot;+https://webmaster.petalsearch.com/site/petalbot)"
217.182.175.120 - - [06/Feb/2025:08:41:36 -0500] "GET /robots.txt HTTP/1.1" 404 1251 "-" "Mozilla/5.0 (compatible; MJ12bot/v1.4.8; http://mj12bot.com/)"
217.182.175.120 - - [06/Feb/2025:08:41:43 -0500] "GET /assets/scss/bootstrap/ HTTP/1.1" 200 1886 "-" "Mozilla/5.0 (compatible; MJ12bot/v1.4.8; http://mj12bot.com/)"
217.182.175.120 - - [06/Feb/2025:08:41:50 -0500] "GET /root_stripe/stripe/lib/ HTTP/1.1" 200 2428 "-" "Mozilla/5.0 (compatible; MJ12bot/v1.4.8; http://mj12bot.com/)"
217.182.175.120 - - [06/Feb/2025:08:42:00 -0500] "GET /root_stripe/stripe/tests/ HTTP/1.1" 200 734 "-" "Mozilla/5.0 (compatible; MJ12bot/v1.4.8; http://mj12bot.com/)"
217.182.175.120 - - [06/Feb/2025:08:42:13 -0500] "GET /testbeta-atif/assets/css/ HTTP/1.1" 200 1325 "-" "Mozilla/5.0 (compatible; MJ12bot/v1.4.8; http://mj12bot.com/)"
51.222.253.19 - - [06/Feb/2025:08:42:24 -0500] "GET /paynow/ HTTP/1.1" 200 688 "-" "Mozilla/5.0 (compatible; AhrefsBot/7.0; +http://ahrefs.com/robot/)"
217.182.175.120 - - [06/Feb/2025:08:42:30 -0500] "GET /testbeta-atif/assets/fonts/ HTTP/1.1" 200 663 "-" "Mozilla/5.0 (compatible; MJ12bot/v1.4.8; http://mj12bot.com/)"
217.182.175.120 - - [06/Feb/2025:08:42:42 -0500] "GET /testbeta-atif/assets/images/ HTTP/1.1" 200 2089 "-" "Mozilla/5.0 (compatible; MJ12bot/v1.4.8; http://mj12bot.com/)"
217.182.175.120 - - [06/Feb/2025:08:42:55 -0500] "GET /testbeta-atif/assets/scss/ HTTP/1.1" 200 727 "-" "Mozilla/5.0 (compatible; MJ12bot/v1.4.8; http://mj12bot.com/)"
114.119.145.225 - - [06/Feb/2025:08:44:36 -0500] "GET /admin/vendor/fontawesome-free/svgs/brands/wpexplorer.svg HTTP/1.1" 200 317 "https://eirtechs.com/admin/vendor/fontawesome-free/svgs/brands/" "Mozilla/5.0 (Linux; Android 7.0;) AppleWebKit/537.36 (KHTML, like Gecko) Mobile Safari/537.36 (compatible; PetalBot;+https://webmaster.petalsearch.com/site/petalbot)"
114.119.135.120 - - [06/Feb/2025:08:44:44 -0500] "GET /testbeta/assets/scss/bootstrap/?SA HTTP/1.1" 200 2204 "https://www.eirtechs.com/testbeta/assets/scss/bootstrap/?NA" "Mozilla/5.0 (Linux; Android 7.0;) AppleWebKit/537.36 (KHTML, like Gecko) Mobile Safari/537.36 (compatible; PetalBot;+https://webmaster.petalsearch.com/site/petalbot)"
35.90.214.221 - - [06/Feb/2025:08:46:11 -0500] "GET / HTTP/1.1" 200 1857 "-" "Mozilla/5.0 (Macintosh; Intel Mac OS X 10_15_7) AppleWebKit/537.36 (KHTML, like Gecko) Chrome/113.0.0.0 Safari/537.36"
35.90.214.221 - - [06/Feb/2025:08:46:12 -0500] "GET /_autoindex/assets/js/tablesort.number.js HTTP/1.1" 200 322 "https://eirtechs.com/" "Mozilla/5.0 (Macintosh; Intel Mac OS X 10_15_7) AppleWebKit/537.36 (KHTML, like Gecko) Chrome/113.0.0.0 Safari/537.36"
35.90.214.221 - - [06/Feb/2025:08:46:12 -0500] "GET /_autoindex/assets/js/tablesort.js HTTP/1.1" 200 2137 "https://eirtechs.com/" "Mozilla/5.0 (Macintosh; Intel Mac OS X 10_15_7) AppleWebKit/537.36 (KHTML, like Gecko) Chrome/113.0.0.0 Safari/537.36"
35.90.214.221 - - [06/Feb/2025:08:46:12 -0500] "GET /_autoindex/assets/css/autoindex.css HTTP/1.1" 200 1170 "https://eirtechs.com/" "Mozilla/5.0 (Macintosh; Intel Mac OS X 10_15_7) AppleWebKit/537.36 (KHTML, like Gecko) Chrome/113.0.0.0 Safari/537.36"
35.90.214.221 - - [06/Feb/2025:08:46:12 -0500] "GET /_autoindex/assets/icons/folder-fill.svg HTTP/1.1" 200 333 "https://eirtechs.com/" "Mozilla/5.0 (Macintosh; Intel Mac OS X 10_15_7) AppleWebKit/537.36 (KHTML, like Gecko) Chrome/113.0.0.0 Safari/537.36"
35.90.214.221 - - [06/Feb/2025:08:46:12 -0500] "GET /_autoindex/assets/icons/file-text.svg HTTP/1.1" 200 394 "https://eirtechs.com/" "Mozilla/5.0 (Macintosh; Intel Mac OS X 10_15_7) AppleWebKit/537.36 (KHTML, like Gecko) Chrome/113.0.0.0 Safari/537.36"
35.90.214.221 - - [06/Feb/2025:08:46:12 -0500] "GET /_autoindex/assets/icons/file.svg HTTP/1.1" 200 354 "https://eirtechs.com/" "Mozilla/5.0 (Macintosh; Intel Mac OS X 10_15_7) AppleWebKit/537.36 (KHTML, like Gecko) Chrome/113.0.0.0 Safari/537.36"
35.90.214.221 - - [06/Feb/2025:08:46:14 -0500] "GET / HTTP/1.1" 200 1857 "-" "Mozilla/5.0 (Linux; Android 8.0.0; SM-G965U Build/R16NW) AppleWebKit/537.36 (KHTML, like Gecko) Chrome/63.0.3239.111 Mobile Safari/537.36"
35.90.214.221 - - [06/Feb/2025:08:46:14 -0500] "GET /_autoindex/assets/css/autoindex.css HTTP/1.1" 200 1170 "https://eirtechs.com/" "Mozilla/5.0 (Linux; Android 8.0.0; SM-G965U Build/R16NW) AppleWebKit/537.36 (KHTML, like Gecko) Chrome/63.0.3239.111 Mobile Safari/537.36"
35.90.214.221 - - [06/Feb/2025:08:46:14 -0500] "GET /_autoindex/assets/js/tablesort.js HTTP/1.1" 200 2137 "https://eirtechs.com/" "Mozilla/5.0 (Linux; Android 8.0.0; SM-G965U Build/R16NW) AppleWebKit/537.36 (KHTML, like Gecko) Chrome/63.0.3239.111 Mobile Safari/537.36"
35.90.214.221 - - [06/Feb/2025:08:46:14 -0500] "GET /_autoindex/assets/js/tablesort.number.js HTTP/1.1" 200 322 "https://eirtechs.com/" "Mozilla/5.0 (Linux; Android 8.0.0; SM-G965U Build/R16NW) AppleWebKit/537.36 (KHTML, like Gecko) Chrome/63.0.3239.111 Mobile Safari/537.36"
35.90.214.221 - - [06/Feb/2025:08:46:14 -0500] "GET /_autoindex/assets/icons/file-text.svg HTTP/1.1" 200 394 "https://eirtechs.com/" "Mozilla/5.0 (Linux; Android 8.0.0; SM-G965U Build/R16NW) AppleWebKit/537.36 (KHTML, like Gecko) Chrome/63.0.3239.111 Mobile Safari/537.36"
35.90.214.221 - - [06/Feb/2025:08:46:14 -0500] "GET /_autoindex/assets/icons/folder-fill.svg HTTP/1.1" 200 333 "https://eirtechs.com/" "Mozilla/5.0 (Linux; Android 8.0.0; SM-G965U Build/R16NW) AppleWebKit/537.36 (KHTML, like Gecko) Chrome/63.0.3239.111 Mobile Safari/537.36"
35.90.214.221 - - [06/Feb/2025:08:46:14 -0500] "GET /_autoindex/assets/icons/file.svg HTTP/1.1" 200 354 "https://eirtechs.com/" "Mozilla/5.0 (Linux; Android 8.0.0; SM-G965U Build/R16NW) AppleWebKit/537.36 (KHTML, like Gecko) Chrome/63.0.3239.111 Mobile Safari/537.36"
51.222.253.1 - - [06/Feb/2025:08:47:01 -0500] "GET /root_stripe/stripe/tests/Stripe/Reporting/ReportTypeTest.php HTTP/1.1" 200 145 "-" "Mozilla/5.0 (compatible; AhrefsBot/7.0; +http://ahrefs.com/robot/)"
114.119.154.65 - - [06/Feb/2025:08:49:43 -0500] "GET /testbeta/assets/js/bootstrap-datepicker.js HTTP/1.1" 200 14605 "https://www.eirtechs.com/testbeta/assets/js/?SD" "Mozilla/5.0 (Linux; Android 7.0;) AppleWebKit/537.36 (KHTML, like Gecko) Mobile Safari/537.36 (compatible; PetalBot;+https://webmaster.petalsearch.com/site/petalbot)"
114.119.128.244 - - [06/Feb/2025:08:49:43 -0500] "GET /admin/vendor/fontawesome-free/svgs/solid/braille.svg HTTP/1.1" 200 259 "https://eirtechs.com/admin/vendor/fontawesome-free/svgs/solid/?SD" "Mozilla/5.0 (Linux; Android 7.0;) AppleWebKit/537.36 (KHTML, like Gecko) Mobile Safari/537.36 (compatible; PetalBot;+https://webmaster.petalsearch.com/site/petalbot)"
188.166.63.57 - - [06/Feb/2025:08:50:11 -0500] "GET / HTTP/1.1" 200 2203 "-" "Mozilla/5.0 (compatible)"
188.166.63.57 - - [06/Feb/2025:08:50:15 -0500] "GET /favicon.ico HTTP/1.1" 404 1251 "https://mail.eirtechs.com/" "Mozilla/5.0 (compatible)"
188.166.63.57 - - [06/Feb/2025:08:50:16 -0500] "GET /ads.txt HTTP/1.1" 404 1251 "-" "Mozilla/5.0 (compatible)"
51.222.253.7 - - [06/Feb/2025:08:51:28 -0500] "GET /testbeta/root_stripe/stripe/tests/data/?NA HTTP/1.1" 200 629 "-" "Mozilla/5.0 (compatible; AhrefsBot/7.0; +http://ahrefs.com/robot/)"
114.119.154.65 - - [06/Feb/2025:08:54:46 -0500] "GET /admin/vendor/fontawesome-free/svgs/solid/hand-holding-heart.svg HTTP/1.1" 200 378 "https://eirtechs.com/admin/vendor/fontawesome-free/svgs/solid/?SD" "Mozilla/5.0 (Linux; Android 7.0;) AppleWebKit/537.36 (KHTML, like Gecko) Mobile Safari/537.36 (compatible; PetalBot;+https://webmaster.petalsearch.com/site/petalbot)"
114.119.166.95 - - [06/Feb/2025:08:54:47 -0500] "GET /testbeta-atif/stripe/?SA HTTP/1.1" 200 815 "https://www.eirtechs.com/testbeta-atif/stripe/?MD" "Mozilla/5.0 (Linux; Android 7.0;) AppleWebKit/537.36 (KHTML, like Gecko) Mobile Safari/537.36 (compatible; PetalBot;+https://webmaster.petalsearch.com/site/petalbot)"
51.222.253.16 - - [06/Feb/2025:08:56:51 -0500] "GET /build/js/?MA HTTP/1.1" 200 1072 "-" "Mozilla/5.0 (compatible; AhrefsBot/7.0; +http://ahrefs.com/robot/)"
114.119.128.244 - - [06/Feb/2025:08:59:40 -0500] "GET /admin/vendor/fontawesome-free/sprites/?MA HTTP/1.1" 200 857 "https://eirtechs.com/admin/vendor/fontawesome-free/sprites/?NA" "Mozilla/5.0 (Linux; Android 7.0;) AppleWebKit/537.36 (KHTML, like Gecko) Mobile Safari/537.36 (compatible; PetalBot;+https://webmaster.petalsearch.com/site/petalbot)"
114.119.145.115 - - [06/Feb/2025:08:59:48 -0500] "GET /testbeta-atif/stripe/ HTTP/1.1" 200 815 "https://www.eirtechs.com/testbeta-atif/?MA" "Mozilla/5.0 (Linux; Android 7.0;) AppleWebKit/537.36 (KHTML, like Gecko) Mobile Safari/537.36 (compatible; PetalBot;+https://webmaster.petalsearch.com/site/petalbot)"
134.199.65.220 - - [06/Feb/2025:09:01:17 -0500] "GET / HTTP/1.1" 200 2200 "-" "Mozilla/5.0 (Macintosh; Intel Mac OS X 10_15_7) AppleWebKit/537.36 (KHTML, like Gecko) Chrome/127.0.0 Safari/537.36"
51.222.253.16 - - [06/Feb/2025:09:01:41 -0500] "GET /testbeta-atif/assets/fonts/ionicons/fonts/?NA HTTP/1.1" 200 731 "-" "Mozilla/5.0 (compatible; AhrefsBot/7.0; +http://ahrefs.com/robot/)"
88.201.253.140 - - [06/Feb/2025:09:01:55 -0500] "GET /contact.php HTTP/1.0" 200 43266 "-" "Mozilla/5.0 (Windows NT 6.3; Win64; x64) AppleWebKit/537.36 (KHTML, like Gecko) Chrome/75.0.3770.100 Safari/537.36"
114.119.145.115 - - [06/Feb/2025:09:04:43 -0500] "GET /testbeta-atif/root_stripe/stripe/tests/Stripe/Reporting/?MA HTTP/1.1" 200 841 "https://www.eirtechs.com/testbeta-atif/root_stripe/stripe/tests/Stripe/Reporting/?ND" "Mozilla/5.0 (Linux; Android 7.0;) AppleWebKit/537.36 (KHTML, like Gecko) Mobile Safari/537.36 (compatible; PetalBot;+https://webmaster.petalsearch.com/site/petalbot)"
114.119.135.120 - - [06/Feb/2025:09:04:43 -0500] "GET /admin/vendor/fontawesome-free/css/brands.min.css HTTP/1.1" 200 207 "https://eirtechs.com/admin/vendor/fontawesome-free/css/?NA" "Mozilla/5.0 (Linux; Android 7.0;) AppleWebKit/537.36 (KHTML, like Gecko) Mobile Safari/537.36 (compatible; PetalBot;+https://webmaster.petalsearch.com/site/petalbot)"
54.36.148.94 - - [06/Feb/2025:09:05:58 -0500] "GET /robots.txt HTTP/1.1" 404 1251 "-" "Mozilla/5.0 (compatible; AhrefsBot/7.0; +http://ahrefs.com/robot/)"
51.222.253.10 - - [06/Feb/2025:09:06:00 -0500] "GET /testbeta-atif/?SA HTTP/1.1" 200 1126 "-" "Mozilla/5.0 (compatible; AhrefsBot/7.0; +http://ahrefs.com/robot/)"
114.119.136.199 - - [06/Feb/2025:09:09:38 -0500] "GET /admin/vendor/fontawesome-free/svgs/brands/itunes-note.svg HTTP/1.1" 200 372 "https://eirtechs.com/admin/vendor/fontawesome-free/svgs/brands/" "Mozilla/5.0 (Linux; Android 7.0;) AppleWebKit/537.36 (KHTML, like Gecko) Mobile Safari/537.36 (compatible; PetalBot;+https://webmaster.petalsearch.com/site/petalbot)"
114.119.135.120 - - [06/Feb/2025:09:09:42 -0500] "GET /testbeta-atif/root_stripe/stripe/tests/Stripe/FileUploadCreationTest.php HTTP/1.1" 200 165 "https://www.eirtechs.com/testbeta-atif/root_stripe/stripe/tests/Stripe/?SD" "Mozilla/5.0 (Linux; Android 7.0;) AppleWebKit/537.36 (KHTML, like Gecko) Mobile Safari/537.36 (compatible; PetalBot;+https://webmaster.petalsearch.com/site/petalbot)"
81.19.137.84 - - [06/Feb/2025:09:09:59 -0500] "GET / HTTP/1.0" 200 10800 "https://eirtechs.com/" "Mozilla/5.0 (Windows NT 10.0; Win64; x64) AppleWebKit/537.36 (KHTML, like Gecko) Chrome/130.0.0.0 Safari/537.36"
81.19.137.84 - - [06/Feb/2025:09:10:00 -0500] "GET /contact.php HTTP/1.0" 200 43267 "https://eirtechs.com/contact.php" "Mozilla/5.0 (Windows NT 10.0; Win64; x64) AppleWebKit/537.36 (KHTML, like Gecko) Chrome/130.0.0.0 Safari/537.36"
81.19.137.84 - - [06/Feb/2025:09:10:02 -0500] "POST /contact.php HTTP/1.0" 200 43603 "https://eirtechs.com/contact.php" "Mozilla/5.0 (Windows NT 10.0; Win64; x64) AppleWebKit/537.36 (KHTML, like Gecko) Chrome/130.0.0.0 Safari/537.36"
51.222.253.8 - - [06/Feb/2025:09:10:23 -0500] "GET /assest/image/logos/ HTTP/1.1" 200 620 "-" "Mozilla/5.0 (compatible; AhrefsBot/7.0; +http://ahrefs.com/robot/)"
51.222.253.3 - - [06/Feb/2025:09:14:44 -0500] "GET /assets/css/bootstrap/ HTTP/1.1" 200 652 "-" "Mozilla/5.0 (compatible; AhrefsBot/7.0; +http://ahrefs.com/robot/)"
114.119.136.199 - - [06/Feb/2025:09:14:47 -0500] "GET /admin/vendor/fontawesome-free/svgs/solid/broom.svg HTTP/1.1" 200 355 "https://eirtechs.com/admin/vendor/fontawesome-free/svgs/solid/?NA" "Mozilla/5.0 (Linux; Android 7.0;) AppleWebKit/537.36 (KHTML, like Gecko) Mobile Safari/537.36 (compatible; PetalBot;+https://webmaster.petalsearch.com/site/petalbot)"
114.119.154.65 - - [06/Feb/2025:09:14:48 -0500] "GET /testbeta-atif/root_stripe/stripe/tests/Stripe/ApiRequestorTest.php HTTP/1.1" 200 162 "https://www.eirtechs.com/testbeta-atif/root_stripe/stripe/tests/Stripe/?SD" "Mozilla/5.0 (Linux; Android 7.0;) AppleWebKit/537.36 (KHTML, like Gecko) Mobile Safari/537.36 (compatible; PetalBot;+https://webmaster.petalsearch.com/site/petalbot)"
51.222.253.6 - - [06/Feb/2025:09:19:07 -0500] "GET /testbeta-atif/assets/images/portfolio/branding/?MA HTTP/1.1" 200 1394 "-" "Mozilla/5.0 (compatible; AhrefsBot/7.0; +http://ahrefs.com/robot/)"
114.119.128.244 - - [06/Feb/2025:09:19:43 -0500] "GET /admin/vendor/fontawesome-free/svgs/brands/bitcoin.svg HTTP/1.1" 200 672 "https://eirtechs.com/admin/vendor/fontawesome-free/svgs/brands/" "Mozilla/5.0 (Linux; Android 7.0;) AppleWebKit/537.36 (KHTML, like Gecko) Mobile Safari/537.36 (compatible; PetalBot;+https://webmaster.petalsearch.com/site/petalbot)"
114.119.145.225 - - [06/Feb/2025:09:19:45 -0500] "GET /testbeta-atif/root_stripe/stripe/tests/Stripe/?NA HTTP/1.1" 200 2601 "https://www.eirtechs.com/testbeta-atif/root_stripe/stripe/tests/Stripe/?SD" "Mozilla/5.0 (Linux; Android 7.0;) AppleWebKit/537.36 (KHTML, like Gecko) Mobile Safari/537.36 (compatible; PetalBot;+https://webmaster.petalsearch.com/site/petalbot)"
51.222.253.20 - - [06/Feb/2025:09:23:31 -0500] "GET /testbeta-atif/mail/admin.php HTTP/1.1" 200 1365 "-" "Mozilla/5.0 (compatible; AhrefsBot/7.0; +http://ahrefs.com/robot/)"
114.119.166.95 - - [06/Feb/2025:09:24:45 -0500] "GET /admin/vendor/fontawesome-free/svgs/brands/cpanel.svg HTTP/1.1" 200 767 "https://eirtechs.com/admin/vendor/fontawesome-free/svgs/brands/" "Mozilla/5.0 (Linux; Android 7.0;) AppleWebKit/537.36 (KHTML, like Gecko) Mobile Safari/537.36 (compatible; PetalBot;+https://webmaster.petalsearch.com/site/petalbot)"
114.119.128.203 - - [06/Feb/2025:09:24:52 -0500] "GET /testbeta-atif/assets/scss/bootstrap/mixins/?NA HTTP/1.1" 200 1805 "https://www.eirtechs.com/testbeta-atif/assets/scss/bootstrap/mixins/?SA" "Mozilla/5.0 (Linux; Android 7.0;) AppleWebKit/537.36 (KHTML, like Gecko) Mobile Safari/537.36 (compatible; PetalBot;+https://webmaster.petalsearch.com/site/petalbot)"
51.222.253.19 - - [06/Feb/2025:09:28:19 -0500] "GET /customorder.php HTTP/1.1" 200 609 "-" "Mozilla/5.0 (compatible; AhrefsBot/7.0; +http://ahrefs.com/robot/)"
114.119.145.225 - - [06/Feb/2025:09:29:46 -0500] "GET /admin/vendor/bootstrap/scss/utilities/_float.scss HTTP/1.1" 200 376 "https://eirtechs.com/admin/vendor/bootstrap/scss/utilities/?ND" "Mozilla/5.0 (Linux; Android 7.0;) AppleWebKit/537.36 (KHTML, like Gecko) Mobile Safari/537.36 (compatible; PetalBot;+https://webmaster.petalsearch.com/site/petalbot)"
114.119.128.244 - - [06/Feb/2025:09:29:48 -0500] "GET /testbeta-atif/assets/scss/bootstrap/mixins/?MD HTTP/1.1" 200 1821 "https://www.eirtechs.com/testbeta-atif/assets/scss/bootstrap/mixins/?MA" "Mozilla/5.0 (Linux; Android 7.0;) AppleWebKit/537.36 (KHTML, like Gecko) Mobile Safari/537.36 (compatible; PetalBot;+https://webmaster.petalsearch.com/site/petalbot)"
51.222.253.11 - - [06/Feb/2025:09:32:23 -0500] "GET /order.php HTTP/1.1" 200 704 "-" "Mozilla/5.0 (compatible; AhrefsBot/7.0; +http://ahrefs.com/robot/)"
54.38.85.36 - - [06/Feb/2025:09:33:39 -0500] "GET /robots.txt HTTP/1.1" 404 1251 "-" "Mozilla/5.0 (compatible; MJ12bot/v1.4.8; http://mj12bot.com/)"
54.38.85.36 - - [06/Feb/2025:09:33:41 -0500] "GET /assets/scss/bootstrap/mixins/?MA HTTP/1.1" 200 1537 "-" "Mozilla/5.0 (compatible; MJ12bot/v1.4.8; http://mj12bot.com/)"
54.38.85.36 - - [06/Feb/2025:09:33:42 -0500] "GET /assets/scss/bootstrap/mixins/?ND HTTP/1.1" 200 1526 "-" "Mozilla/5.0 (compatible; MJ12bot/v1.4.8; http://mj12bot.com/)"
54.38.85.36 - - [06/Feb/2025:09:33:45 -0500] "GET /assets/scss/bootstrap/mixins/?SA HTTP/1.1" 200 1511 "-" "Mozilla/5.0 (compatible; MJ12bot/v1.4.8; http://mj12bot.com/)"
54.38.85.36 - - [06/Feb/2025:09:33:46 -0500] "GET /assets/scss/bootstrap/utilities/?MA HTTP/1.1" 200 1199 "-" "Mozilla/5.0 (compatible; MJ12bot/v1.4.8; http://mj12bot.com/)"
54.38.85.36 - - [06/Feb/2025:09:33:48 -0500] "GET /assets/scss/bootstrap/utilities/?ND HTTP/1.1" 200 1183 "-" "Mozilla/5.0 (compatible; MJ12bot/v1.4.8; http://mj12bot.com/)"
54.38.85.36 - - [06/Feb/2025:09:33:50 -0500] "GET /assets/scss/bootstrap/utilities/?SA HTTP/1.1" 200 1190 "-" "Mozilla/5.0 (compatible; MJ12bot/v1.4.8; http://mj12bot.com/)"
54.38.85.36 - - [06/Feb/2025:09:33:52 -0500] "GET /root_stripe/stripe/lib/ApiOperations/?MA HTTP/1.1" 200 1067 "-" "Mozilla/5.0 (compatible; MJ12bot/v1.4.8; http://mj12bot.com/)"
54.38.85.36 - - [06/Feb/2025:09:33:54 -0500] "GET /root_stripe/stripe/lib/ApiOperations/?ND HTTP/1.1" 200 1067 "-" "Mozilla/5.0 (compatible; MJ12bot/v1.4.8; http://mj12bot.com/)"
54.38.85.36 - - [06/Feb/2025:09:33:56 -0500] "GET /root_stripe/stripe/lib/ApiOperations/?SA HTTP/1.1" 200 1064 "-" "Mozilla/5.0 (compatible; MJ12bot/v1.4.8; http://mj12bot.com/)"
54.38.85.36 - - [06/Feb/2025:09:33:58 -0500] "GET /root_stripe/stripe/lib/ApiOperations/All.php HTTP/1.1" 200 0 "-" "Mozilla/5.0 (compatible; MJ12bot/v1.4.8; http://mj12bot.com/)"
54.38.85.36 - - [06/Feb/2025:09:33:59 -0500] "GET /root_stripe/stripe/lib/ApiOperations/Create.php HTTP/1.1" 200 0 "-" "Mozilla/5.0 (compatible; MJ12bot/v1.4.8; http://mj12bot.com/)"
54.38.85.36 - - [06/Feb/2025:09:34:01 -0500] "GET /root_stripe/stripe/lib/ApiOperations/Delete.php HTTP/1.1" 200 0 "-" "Mozilla/5.0 (compatible; MJ12bot/v1.4.8; http://mj12bot.com/)"
54.38.85.36 - - [06/Feb/2025:09:34:03 -0500] "GET /root_stripe/stripe/lib/ApiOperations/NestedResource.php HTTP/1.1" 200 0 "-" "Mozilla/5.0 (compatible; MJ12bot/v1.4.8; http://mj12bot.com/)"
54.38.85.36 - - [06/Feb/2025:09:34:05 -0500] "GET /root_stripe/stripe/lib/ApiOperations/Request.php HTTP/1.1" 200 0 "-" "Mozilla/5.0 (compatible; MJ12bot/v1.4.8; http://mj12bot.com/)"
54.38.85.36 - - [06/Feb/2025:09:34:06 -0500] "GET /root_stripe/stripe/lib/ApiOperations/Retrieve.php HTTP/1.1" 200 0 "-" "Mozilla/5.0 (compatible; MJ12bot/v1.4.8; http://mj12bot.com/)"
54.38.85.36 - - [06/Feb/2025:09:34:08 -0500] "GET /root_stripe/stripe/lib/ApiOperations/Update.php HTTP/1.1" 200 0 "-" "Mozilla/5.0 (compatible; MJ12bot/v1.4.8; http://mj12bot.com/)"
54.38.85.36 - - [06/Feb/2025:09:34:10 -0500] "GET /root_stripe/stripe/lib/Error/?MA HTTP/1.1" 200 1171 "-" "Mozilla/5.0 (compatible; MJ12bot/v1.4.8; http://mj12bot.com/)"
54.38.85.36 - - [06/Feb/2025:09:34:12 -0500] "GET /root_stripe/stripe/lib/Error/?ND HTTP/1.1" 200 1171 "-" "Mozilla/5.0 (compatible; MJ12bot/v1.4.8; http://mj12bot.com/)"
54.38.85.36 - - [06/Feb/2025:09:34:14 -0500] "GET /root_stripe/stripe/lib/Error/?SA HTTP/1.1" 200 1175 "-" "Mozilla/5.0 (compatible; MJ12bot/v1.4.8; http://mj12bot.com/)"
54.38.85.36 - - [06/Feb/2025:09:34:15 -0500] "GET /root_stripe/stripe/lib/Error/Api.php HTTP/1.1" 200 136 "-" "Mozilla/5.0 (compatible; MJ12bot/v1.4.8; http://mj12bot.com/)"
54.38.85.36 - - [06/Feb/2025:09:34:17 -0500] "GET /root_stripe/stripe/lib/Error/ApiConnection.php HTTP/1.1" 200 140 "-" "Mozilla/5.0 (compatible; MJ12bot/v1.4.8; http://mj12bot.com/)"
54.38.85.36 - - [06/Feb/2025:09:34:19 -0500] "GET /root_stripe/stripe/lib/Error/Authentication.php HTTP/1.1" 200 143 "-" "Mozilla/5.0 (compatible; MJ12bot/v1.4.8; http://mj12bot.com/)"
54.38.85.36 - - [06/Feb/2025:09:34:21 -0500] "GET /root_stripe/stripe/lib/Error/Base.php HTTP/1.1" 200 0 "-" "Mozilla/5.0 (compatible; MJ12bot/v1.4.8; http://mj12bot.com/)"
54.38.85.36 - - [06/Feb/2025:09:34:22 -0500] "GET /root_stripe/stripe/lib/Error/Card.php HTTP/1.1" 200 137 "-" "Mozilla/5.0 (compatible; MJ12bot/v1.4.8; http://mj12bot.com/)"
54.38.85.36 - - [06/Feb/2025:09:34:24 -0500] "GET /root_stripe/stripe/lib/Error/Idempotency.php HTTP/1.1" 200 141 "-" "Mozilla/5.0 (compatible; MJ12bot/v1.4.8; http://mj12bot.com/)"
54.38.85.36 - - [06/Feb/2025:09:34:26 -0500] "GET /root_stripe/stripe/lib/Error/InvalidRequest.php HTTP/1.1" 200 143 "-" "Mozilla/5.0 (compatible; MJ12bot/v1.4.8; http://mj12bot.com/)"
54.38.85.36 - - [06/Feb/2025:09:34:28 -0500] "GET /root_stripe/stripe/lib/Error/OAuth/ HTTP/1.1" 200 1075 "-" "Mozilla/5.0 (compatible; MJ12bot/v1.4.8; http://mj12bot.com/)"
54.38.85.36 - - [06/Feb/2025:09:34:30 -0500] "GET /root_stripe/stripe/lib/Error/Permission.php HTTP/1.1" 200 140 "-" "Mozilla/5.0 (compatible; MJ12bot/v1.4.8; http://mj12bot.com/)"
54.38.85.36 - - [06/Feb/2025:09:34:32 -0500] "GET /root_stripe/stripe/lib/Error/RateLimit.php HTTP/1.1" 200 147 "-" "Mozilla/5.0 (compatible; MJ12bot/v1.4.8; http://mj12bot.com/)"
54.38.85.36 - - [06/Feb/2025:09:34:33 -0500] "GET /root_stripe/stripe/lib/Error/SignatureVerification.php HTTP/1.1" 200 148 "-" "Mozilla/5.0 (compatible; MJ12bot/v1.4.8; http://mj12bot.com/)"
54.38.85.36 - - [06/Feb/2025:09:34:35 -0500] "GET /root_stripe/stripe/lib/HttpClient/?MA HTTP/1.1" 200 680 "-" "Mozilla/5.0 (compatible; MJ12bot/v1.4.8; http://mj12bot.com/)"
54.38.85.36 - - [06/Feb/2025:09:34:37 -0500] "GET /root_stripe/stripe/lib/HttpClient/?ND HTTP/1.1" 200 672 "-" "Mozilla/5.0 (compatible; MJ12bot/v1.4.8; http://mj12bot.com/)"
54.38.85.36 - - [06/Feb/2025:09:34:39 -0500] "GET /root_stripe/stripe/lib/HttpClient/?SA HTTP/1.1" 200 679 "-" "Mozilla/5.0 (compatible; MJ12bot/v1.4.8; http://mj12bot.com/)"
114.119.128.244 - - [06/Feb/2025:09:34:40 -0500] "GET /admin/vendor/fontawesome-free/svgs/solid/chevron-circle-right.svg HTTP/1.1" 200 224 "https://eirtechs.com/admin/vendor/fontawesome-free/svgs/solid/?NA" "Mozilla/5.0 (Linux; Android 7.0;) AppleWebKit/537.36 (KHTML, like Gecko) Mobile Safari/537.36 (compatible; PetalBot;+https://webmaster.petalsearch.com/site/petalbot)"
54.38.85.36 - - [06/Feb/2025:09:34:40 -0500] "GET /root_stripe/stripe/lib/HttpClient/ClientInterface.php HTTP/1.1" 200 0 "-" "Mozilla/5.0 (compatible; MJ12bot/v1.4.8; http://mj12bot.com/)"
54.38.85.36 - - [06/Feb/2025:09:34:42 -0500] "GET /root_stripe/stripe/lib/HttpClient/CurlClient.php HTTP/1.1" 200 149 "-" "Mozilla/5.0 (compatible; MJ12bot/v1.4.8; http://mj12bot.com/)"
54.38.85.36 - - [06/Feb/2025:09:34:44 -0500] "GET /root_stripe/stripe/lib/Issuing/?MA HTTP/1.1" 200 1033 "-" "Mozilla/5.0 (compatible; MJ12bot/v1.4.8; http://mj12bot.com/)"
54.38.85.36 - - [06/Feb/2025:09:34:46 -0500] "GET /root_stripe/stripe/lib/Issuing/?ND HTTP/1.1" 200 1025 "-" "Mozilla/5.0 (compatible; MJ12bot/v1.4.8; http://mj12bot.com/)"
114.119.145.225 - - [06/Feb/2025:09:34:47 -0500] "GET /testbeta-atif/assets/fonts/open-iconic/?MA HTTP/1.1" 200 913 "https://www.eirtechs.com/testbeta-atif/assets/fonts/open-iconic/?SA" "Mozilla/5.0 (Linux; Android 7.0;) AppleWebKit/537.36 (KHTML, like Gecko) Mobile Safari/537.36 (compatible; PetalBot;+https://webmaster.petalsearch.com/site/petalbot)"
54.38.85.36 - - [06/Feb/2025:09:34:48 -0500] "GET /root_stripe/stripe/lib/Issuing/?SA HTTP/1.1" 200 1034 "-" "Mozilla/5.0 (compatible; MJ12bot/v1.4.8; http://mj12bot.com/)"
54.38.85.36 - - [06/Feb/2025:09:34:50 -0500] "GET /root_stripe/stripe/lib/Issuing/Authorization.php HTTP/1.1" 200 142 "-" "Mozilla/5.0 (compatible; MJ12bot/v1.4.8; http://mj12bot.com/)"
54.38.85.36 - - [06/Feb/2025:09:34:52 -0500] "GET /root_stripe/stripe/lib/Issuing/Card.php HTTP/1.1" 200 138 "-" "Mozilla/5.0 (compatible; MJ12bot/v1.4.8; http://mj12bot.com/)"
54.38.85.36 - - [06/Feb/2025:09:34:53 -0500] "GET /root_stripe/stripe/lib/Issuing/CardDetails.php HTTP/1.1" 200 142 "-" "Mozilla/5.0 (compatible; MJ12bot/v1.4.8; http://mj12bot.com/)"
54.38.85.36 - - [06/Feb/2025:09:34:55 -0500] "GET /root_stripe/stripe/lib/Issuing/Cardholder.php HTTP/1.1" 200 141 "-" "Mozilla/5.0 (compatible; MJ12bot/v1.4.8; http://mj12bot.com/)"
54.38.85.36 - - [06/Feb/2025:09:34:57 -0500] "GET /root_stripe/stripe/lib/Issuing/Dispute.php HTTP/1.1" 200 139 "-" "Mozilla/5.0 (compatible; MJ12bot/v1.4.8; http://mj12bot.com/)"
54.38.85.36 - - [06/Feb/2025:09:34:59 -0500] "GET /root_stripe/stripe/lib/Issuing/Transaction.php HTTP/1.1" 200 143 "-" "Mozilla/5.0 (compatible; MJ12bot/v1.4.8; http://mj12bot.com/)"
54.38.85.36 - - [06/Feb/2025:09:35:01 -0500] "GET /root_stripe/stripe/lib/Reporting/?MA HTTP/1.1" 200 661 "-" "Mozilla/5.0 (compatible; MJ12bot/v1.4.8; http://mj12bot.com/)"
54.38.85.36 - - [06/Feb/2025:09:35:03 -0500] "GET /root_stripe/stripe/lib/Reporting/?ND HTTP/1.1" 200 658 "-" "Mozilla/5.0 (compatible; MJ12bot/v1.4.8; http://mj12bot.com/)"
54.38.85.36 - - [06/Feb/2025:09:35:05 -0500] "GET /root_stripe/stripe/lib/Reporting/?SA HTTP/1.1" 200 661 "-" "Mozilla/5.0 (compatible; MJ12bot/v1.4.8; http://mj12bot.com/)"
54.38.85.36 - - [06/Feb/2025:09:35:07 -0500] "GET /root_stripe/stripe/lib/Reporting/ReportRun.php HTTP/1.1" 200 138 "-" "Mozilla/5.0 (compatible; MJ12bot/v1.4.8; http://mj12bot.com/)"
54.38.85.36 - - [06/Feb/2025:09:35:09 -0500] "GET /root_stripe/stripe/lib/Reporting/ReportType.php HTTP/1.1" 200 142 "-" "Mozilla/5.0 (compatible; MJ12bot/v1.4.8; http://mj12bot.com/)"
54.38.85.36 - - [06/Feb/2025:09:35:10 -0500] "GET /root_stripe/stripe/lib/Sigma/?MA HTTP/1.1" 200 646 "-" "Mozilla/5.0 (compatible; MJ12bot/v1.4.8; http://mj12bot.com/)"
54.38.85.36 - - [06/Feb/2025:09:35:13 -0500] "GET /root_stripe/stripe/lib/Sigma/?ND HTTP/1.1" 200 639 "-" "Mozilla/5.0 (compatible; MJ12bot/v1.4.8; http://mj12bot.com/)"
54.38.85.36 - - [06/Feb/2025:09:35:14 -0500] "GET /root_stripe/stripe/lib/Sigma/?SA HTTP/1.1" 200 644 "-" "Mozilla/5.0 (compatible; MJ12bot/v1.4.8; http://mj12bot.com/)"
54.38.85.36 - - [06/Feb/2025:09:35:16 -0500] "GET /root_stripe/stripe/lib/Sigma/ScheduledQueryRun.php HTTP/1.1" 200 148 "-" "Mozilla/5.0 (compatible; MJ12bot/v1.4.8; http://mj12bot.com/)"
54.38.85.36 - - [06/Feb/2025:09:35:18 -0500] "GET /root_stripe/stripe/lib/Terminal/?MA HTTP/1.1" 200 690 "-" "Mozilla/5.0 (compatible; MJ12bot/v1.4.8; http://mj12bot.com/)"
54.38.85.36 - - [06/Feb/2025:09:35:20 -0500] "GET /root_stripe/stripe/lib/Terminal/?ND HTTP/1.1" 200 680 "-" "Mozilla/5.0 (compatible; MJ12bot/v1.4.8; http://mj12bot.com/)"
54.38.85.36 - - [06/Feb/2025:09:35:22 -0500] "GET /root_stripe/stripe/lib/Terminal/?SA HTTP/1.1" 200 689 "-" "Mozilla/5.0 (compatible; MJ12bot/v1.4.8; http://mj12bot.com/)"
54.38.85.36 - - [06/Feb/2025:09:35:23 -0500] "GET /root_stripe/stripe/lib/Terminal/ConnectionToken.php HTTP/1.1" 200 142 "-" "Mozilla/5.0 (compatible; MJ12bot/v1.4.8; http://mj12bot.com/)"
54.38.85.36 - - [06/Feb/2025:09:35:25 -0500] "GET /root_stripe/stripe/lib/Terminal/Location.php HTTP/1.1" 200 137 "-" "Mozilla/5.0 (compatible; MJ12bot/v1.4.8; http://mj12bot.com/)"
54.38.85.36 - - [06/Feb/2025:09:35:27 -0500] "GET /root_stripe/stripe/lib/Terminal/Reader.php HTTP/1.1" 200 140 "-" "Mozilla/5.0 (compatible; MJ12bot/v1.4.8; http://mj12bot.com/)"
54.38.85.36 - - [06/Feb/2025:09:35:29 -0500] "GET /root_stripe/stripe/lib/Util/?MA HTTP/1.1" 200 1136 "-" "Mozilla/5.0 (compatible; MJ12bot/v1.4.8; http://mj12bot.com/)"
54.38.85.36 - - [06/Feb/2025:09:35:30 -0500] "GET /root_stripe/stripe/lib/Util/?ND HTTP/1.1" 200 1124 "-" "Mozilla/5.0 (compatible; MJ12bot/v1.4.8; http://mj12bot.com/)"
54.38.85.36 - - [06/Feb/2025:09:35:32 -0500] "GET /root_stripe/stripe/lib/Util/?SA HTTP/1.1" 200 1127 "-" "Mozilla/5.0 (compatible; MJ12bot/v1.4.8; http://mj12bot.com/)"
54.38.85.36 - - [06/Feb/2025:09:35:34 -0500] "GET /root_stripe/stripe/lib/Util/AutoPagingIterator.php HTTP/1.1" 200 0 "-" "Mozilla/5.0 (compatible; MJ12bot/v1.4.8; http://mj12bot.com/)"
54.38.85.36 - - [06/Feb/2025:09:35:36 -0500] "GET /root_stripe/stripe/lib/Util/CaseInsensitiveArray.php HTTP/1.1" 200 0 "-" "Mozilla/5.0 (compatible; MJ12bot/v1.4.8; http://mj12bot.com/)"
54.38.85.36 - - [06/Feb/2025:09:35:38 -0500] "GET /root_stripe/stripe/lib/Util/DefaultLogger.php HTTP/1.1" 200 144 "-" "Mozilla/5.0 (compatible; MJ12bot/v1.4.8; http://mj12bot.com/)"
54.38.85.36 - - [06/Feb/2025:09:35:40 -0500] "GET /root_stripe/stripe/lib/Util/LoggerInterface.php HTTP/1.1" 200 0 "-" "Mozilla/5.0 (compatible; MJ12bot/v1.4.8; http://mj12bot.com/)"
54.38.85.36 - - [06/Feb/2025:09:35:42 -0500] "GET /root_stripe/stripe/lib/Util/RandomGenerator.php HTTP/1.1" 200 0 "-" "Mozilla/5.0 (compatible; MJ12bot/v1.4.8; http://mj12bot.com/)"
54.38.85.36 - - [06/Feb/2025:09:35:43 -0500] "GET /root_stripe/stripe/lib/Util/RequestOptions.php HTTP/1.1" 200 0 "-" "Mozilla/5.0 (compatible; MJ12bot/v1.4.8; http://mj12bot.com/)"
54.38.85.36 - - [06/Feb/2025:09:35:45 -0500] "GET /root_stripe/stripe/lib/Util/Set.php HTTP/1.1" 200 0 "-" "Mozilla/5.0 (compatible; MJ12bot/v1.4.8; http://mj12bot.com/)"
54.38.85.36 - - [06/Feb/2025:09:35:47 -0500] "GET /root_stripe/stripe/lib/Util/Util.php HTTP/1.1" 200 0 "-" "Mozilla/5.0 (compatible; MJ12bot/v1.4.8; http://mj12bot.com/)"
54.38.85.36 - - [06/Feb/2025:09:35:49 -0500] "GET /root_stripe/stripe/tests/Stripe/?MA HTTP/1.1" 200 2327 "-" "Mozilla/5.0 (compatible; MJ12bot/v1.4.8; http://mj12bot.com/)"
54.38.85.36 - - [06/Feb/2025:09:35:50 -0500] "GET /root_stripe/stripe/tests/Stripe/?ND HTTP/1.1" 200 2291 "-" "Mozilla/5.0 (compatible; MJ12bot/v1.4.8; http://mj12bot.com/)"
54.38.85.36 - - [06/Feb/2025:09:35:52 -0500] "GET /root_stripe/stripe/tests/Stripe/?SA HTTP/1.1" 200 2236 "-" "Mozilla/5.0 (compatible; MJ12bot/v1.4.8; http://mj12bot.com/)"
54.38.85.36 - - [06/Feb/2025:09:35:54 -0500] "GET /root_stripe/stripe/tests/Stripe/AccountTest.php HTTP/1.1" 200 140 "-" "Mozilla/5.0 (compatible; MJ12bot/v1.4.8; http://mj12bot.com/)"
54.38.85.36 - - [06/Feb/2025:09:35:56 -0500] "GET /root_stripe/stripe/tests/Stripe/AlipayAccountTest.php HTTP/1.1" 200 145 "-" "Mozilla/5.0 (compatible; MJ12bot/v1.4.8; http://mj12bot.com/)"
54.38.85.36 - - [06/Feb/2025:09:35:58 -0500] "GET /root_stripe/stripe/tests/Stripe/ApiRequestorTest.php HTTP/1.1" 200 144 "-" "Mozilla/5.0 (compatible; MJ12bot/v1.4.8; http://mj12bot.com/)"
54.38.85.36 - - [06/Feb/2025:09:36:00 -0500] "GET /root_stripe/stripe/tests/Stripe/ApplePayDomainTest.php HTTP/1.1" 200 144 "-" "Mozilla/5.0 (compatible; MJ12bot/v1.4.8; http://mj12bot.com/)"
54.38.85.36 - - [06/Feb/2025:09:36:01 -0500] "GET /root_stripe/stripe/tests/Stripe/ApplicationFeeRefundTest.php HTTP/1.1" 200 150 "-" "Mozilla/5.0 (compatible; MJ12bot/v1.4.8; http://mj12bot.com/)"
