195.2.84.198 - - [06/Feb/2025:12:03:48 -0500] "POST /contact.php HTTP/1.0" 200 43602 "https://eirtechs.com/contact.php" "Mozilla/5.0 (Windows NT 10.0; Win64; x64) AppleWebKit/537.36 (KHTML, like Gecko) Chrome/130.0.0.0 Safari/537.36"
114.119.145.225 - - [06/Feb/2025:12:04:50 -0500] "GET /admin/vendor/fontawesome-free/svgs/solid/file-audio.svg HTTP/1.1" 200 393 "https://eirtechs.com/admin/vendor/fontawesome-free/svgs/solid/?SD" "Mozilla/5.0 (Linux; Android 7.0;) AppleWebKit/537.36 (KHTML, like Gecko) Mobile Safari/537.36 (compatible; PetalBot;+https://webmaster.petalsearch.com/site/petalbot)"
114.119.154.65 - - [06/Feb/2025:12:04:54 -0500] "GET /testbeta-atif/assets/images/portfolio/?MD HTTP/1.1" 200 1559 "https://www.eirtechs.com/testbeta-atif/assets/images/portfolio/?MA" "Mozilla/5.0 (Linux; Android 7.0;) AppleWebKit/537.36 (KHTML, like Gecko) Mobile Safari/537.36 (compatible; PetalBot;+https://webmaster.petalsearch.com/site/petalbot)"
51.222.253.9 - - [06/Feb/2025:12:08:16 -0500] "GET /inc/footer.php HTTP/1.1" 200 1672 "-" "Mozilla/5.0 (compatible; AhrefsBot/7.0; +http://ahrefs.com/robot/)"
114.119.128.244 - - [06/Feb/2025:12:09:48 -0500] "GET /admin/vendor/fontawesome-free/svgs/brands/confluence.svg HTTP/1.1" 200 365 "https://eirtechs.com/admin/vendor/fontawesome-free/svgs/brands/" "Mozilla/5.0 (Linux; Android 7.0;) AppleWebKit/537.36 (KHTML, like Gecko) Mobile Safari/537.36 (compatible; PetalBot;+https://webmaster.petalsearch.com/site/petalbot)"
114.119.154.65 - - [06/Feb/2025:12:09:56 -0500] "GET /testbeta-atif/assets/css/css/mixins/ HTTP/1.1" 200 784 "https://www.eirtechs.com/testbeta-atif/assets/css/css/?SD" "Mozilla/5.0 (Linux; Android 7.0;) AppleWebKit/537.36 (KHTML, like Gecko) Mobile Safari/537.36 (compatible; PetalBot;+https://webmaster.petalsearch.com/site/petalbot)"
85.208.96.193 - - [06/Feb/2025:12:14:09 -0500] "GET /robots.txt HTTP/1.1" 404 1251 "-" "Mozilla/5.0 (compatible; SemrushBot/7~bl; +http://www.semrush.com/bot.html)"
185.191.171.12 - - [06/Feb/2025:12:14:10 -0500] "GET /inc/footer2.php HTTP/1.1" 200 1941 "-" "Mozilla/5.0 (compatible; SemrushBot/7~bl; +http://www.semrush.com/bot.html)"
114.119.128.203 - - [06/Feb/2025:12:14:54 -0500] "GET /admin/vendor/fontawesome-free/svgs/regular/file-code.svg HTTP/1.1" 200 486 "https://eirtechs.com/admin/vendor/fontawesome-free/svgs/regular/?MA" "Mozilla/5.0 (Linux; Android 7.0;) AppleWebKit/537.36 (KHTML, like Gecko) Mobile Safari/537.36 (compatible; PetalBot;+https://webmaster.petalsearch.com/site/petalbot)"
114.119.135.120 - - [06/Feb/2025:12:14:54 -0500] "GET /testbeta-atif/assets/css/css/ HTTP/1.1" 200 833 "https://www.eirtechs.com/testbeta-atif/assets/css/css/mixins/?MD" "Mozilla/5.0 (Linux; Android 7.0;) AppleWebKit/537.36 (KHTML, like Gecko) Mobile Safari/537.36 (compatible; PetalBot;+https://webmaster.petalsearch.com/site/petalbot)"
114.119.145.225 - - [06/Feb/2025:12:19:46 -0500] "GET /admin/vendor/fontawesome-free/svgs/brands/slideshare.svg HTTP/1.1" 200 462 "https://eirtechs.com/admin/vendor/fontawesome-free/svgs/brands/" "Mozilla/5.0 (Linux; Android 7.0;) AppleWebKit/537.36 (KHTML, like Gecko) Mobile Safari/537.36 (compatible; PetalBot;+https://webmaster.petalsearch.com/site/petalbot)"
114.119.145.115 - - [06/Feb/2025:12:19:53 -0500] "GET /service/mobile_application.php HTTP/1.1" 200 9301 "https://www.eirtechs.com/service/mobile-application/android_application.php" "Mozilla/5.0 (Linux; Android 7.0;) AppleWebKit/537.36 (KHTML, like Gecko) Mobile Safari/537.36 (compatible; PetalBot;+https://webmaster.petalsearch.com/site/petalbot)"
195.2.84.198 - - [06/Feb/2025:12:20:52 -0500] "GET / HTTP/1.0" 200 10800 "https://eirtechs.com/" "Mozilla/5.0 (Windows NT 10.0; Win64; x64) AppleWebKit/537.36 (KHTML, like Gecko) Chrome/131.0.0.0 Safari/537.36"
195.2.84.198 - - [06/Feb/2025:12:20:53 -0500] "GET /contact.php HTTP/1.0" 200 43266 "https://eirtechs.com/contact.php" "Mozilla/5.0 (Windows NT 10.0; Win64; x64) AppleWebKit/537.36 (KHTML, like Gecko) Chrome/131.0.0.0 Safari/537.36"
195.2.84.198 - - [06/Feb/2025:12:21:13 -0500] "POST /contact.php HTTP/1.0" 200 43602 "https://eirtechs.com/contact.php" "Mozilla/5.0 (Windows NT 10.0; Win64; x64) AppleWebKit/537.36 (KHTML, like Gecko) Chrome/131.0.0.0 Safari/537.36"
114.119.135.120 - - [06/Feb/2025:12:24:49 -0500] "GET /service/mobile-application/?SD HTTP/1.1" 200 1287 "https://www.eirtechs.com/service/mobile-application/?SA" "Mozilla/5.0 (Linux; Android 7.0;) AppleWebKit/537.36 (KHTML, like Gecko) Mobile Safari/537.36 (compatible; PetalBot;+https://webmaster.petalsearch.com/site/petalbot)"
114.119.145.115 - - [06/Feb/2025:12:24:53 -0500] "GET /admin/vendor/fontawesome-free/svgs/brands/cc-mastercard.svg HTTP/1.1" 200 1370 "https://eirtechs.com/admin/vendor/fontawesome-free/svgs/brands/" "Mozilla/5.0 (Linux; Android 7.0;) AppleWebKit/537.36 (KHTML, like Gecko) Mobile Safari/537.36 (compatible; PetalBot;+https://webmaster.petalsearch.com/site/petalbot)"
51.222.253.12 - - [06/Feb/2025:12:25:27 -0500] "GET /admin/vendor/fontawesome-free/svgs/solid/?ND HTTP/1.1" 200 18678 "-" "Mozilla/5.0 (compatible; AhrefsBot/7.0; +http://ahrefs.com/robot/)"
94.103.90.150 - - [06/Feb/2025:12:27:00 -0500] "GET / HTTP/1.0" 200 10800 "https://eirtechs.com/" "Mozilla/5.0 (Windows NT 10.0; Win64; x64) AppleWebKit/537.36 (KHTML, like Gecko) Chrome/129.0.0.0 Safari/537.36"
94.103.90.150 - - [06/Feb/2025:12:27:01 -0500] "GET /contact.php HTTP/1.0" 200 43266 "https://eirtechs.com/contact.php" "Mozilla/5.0 (Windows NT 10.0; Win64; x64) AppleWebKit/537.36 (KHTML, like Gecko) Chrome/129.0.0.0 Safari/537.36"
94.103.90.150 - - [06/Feb/2025:12:27:03 -0500] "POST /contact.php HTTP/1.0" 200 43602 "https://eirtechs.com/contact.php" "Mozilla/5.0 (Windows NT 10.0; Win64; x64) AppleWebKit/537.36 (KHTML, like Gecko) Chrome/129.0.0.0 Safari/537.36"
114.119.166.95 - - [06/Feb/2025:12:29:50 -0500] "GET /admin/vendor/fontawesome-free/svgs/solid/bars.svg HTTP/1.1" 200 189 "https://eirtechs.com/admin/vendor/fontawesome-free/svgs/solid/?NA" "Mozilla/5.0 (Linux; Android 7.0;) AppleWebKit/537.36 (KHTML, like Gecko) Mobile Safari/537.36 (compatible; PetalBot;+https://webmaster.petalsearch.com/site/petalbot)"
114.119.145.225 - - [06/Feb/2025:12:29:57 -0500] "GET /root_stripe/stripe/tests/Stripe/AccountTest.php HTTP/1.1" 200 151 "https://www.eirtechs.com/root_stripe/stripe/tests/Stripe/?MD" "Mozilla/5.0 (Linux; Android 7.0;) AppleWebKit/537.36 (KHTML, like Gecko) Mobile Safari/537.36 (compatible; PetalBot;+https://webmaster.petalsearch.com/site/petalbot)"
114.119.145.115 - - [06/Feb/2025:12:34:51 -0500] "GET /admin/vendor/fontawesome-free/svgs/brands/aws.svg HTTP/1.1" 200 1247 "https://eirtechs.com/admin/vendor/fontawesome-free/svgs/brands/" "Mozilla/5.0 (Linux; Android 7.0;) AppleWebKit/537.36 (KHTML, like Gecko) Mobile Safari/537.36 (compatible; PetalBot;+https://webmaster.petalsearch.com/site/petalbot)"
114.119.128.244 - - [06/Feb/2025:12:34:54 -0500] "GET /root_stripe/stripe/lib/ApplePayDomain.php HTTP/1.1" 200 155 "https://www.eirtechs.com/root_stripe/stripe/lib/?SA" "Mozilla/5.0 (Linux; Android 7.0;) AppleWebKit/537.36 (KHTML, like Gecko) Mobile Safari/537.36 (compatible; PetalBot;+https://webmaster.petalsearch.com/site/petalbot)"
195.2.71.225 - - [06/Feb/2025:12:36:28 -0500] "GET / HTTP/1.0" 200 10800 "https://eirtechs.com/" "Mozilla/5.0 (Windows NT 10.0; Win64; x64) AppleWebKit/537.36 (KHTML, like Gecko) Chrome/130.0.0.0 Safari/537.36 CCleaner/130.0.0.0"
114.119.145.225 - - [06/Feb/2025:12:39:51 -0500] "GET /root_stripe/stripe/examples/?SD HTTP/1.1" 200 784 "https://www.eirtechs.com/root_stripe/stripe/examples/?SA" "Mozilla/5.0 (Linux; Android 7.0;) AppleWebKit/537.36 (KHTML, like Gecko) Mobile Safari/537.36 (compatible; PetalBot;+https://webmaster.petalsearch.com/site/petalbot)"
114.119.128.203 - - [06/Feb/2025:12:39:52 -0500] "GET /admin/vendor/fontawesome-free/svgs/solid/glass-whiskey.svg HTTP/1.1" 200 259 "https://eirtechs.com/admin/vendor/fontawesome-free/svgs/solid/?NA" "Mozilla/5.0 (Linux; Android 7.0;) AppleWebKit/537.36 (KHTML, like Gecko) Mobile Safari/537.36 (compatible; PetalBot;+https://webmaster.petalsearch.com/site/petalbot)"
51.222.253.9 - - [06/Feb/2025:12:41:34 -0500] "GET /testbeta/assets/css/bootstrap/?SA HTTP/1.1" 200 658 "-" "Mozilla/5.0 (compatible; AhrefsBot/7.0; +http://ahrefs.com/robot/)"
114.119.154.65 - - [06/Feb/2025:12:44:50 -0500] "GET /admin/vendor/fontawesome-free/svgs/brands/artstation.svg HTTP/1.1" 200 283 "https://eirtechs.com/admin/vendor/fontawesome-free/svgs/brands/" "Mozilla/5.0 (Linux; Android 7.0;) AppleWebKit/537.36 (KHTML, like Gecko) Mobile Safari/537.36 (compatible; PetalBot;+https://webmaster.petalsearch.com/site/petalbot)"
114.119.136.199 - - [06/Feb/2025:12:44:52 -0500] "GET /root_stripe/stripe/data/?SA HTTP/1.1" 200 780 "https://www.eirtechs.com/root_stripe/stripe/data/?SD" "Mozilla/5.0 (Linux; Android 7.0;) AppleWebKit/537.36 (KHTML, like Gecko) Mobile Safari/537.36 (compatible; PetalBot;+https://webmaster.petalsearch.com/site/petalbot)"
114.119.128.203 - - [06/Feb/2025:12:49:46 -0500] "GET /admin/vendor/fontawesome-free/svgs/solid/car-alt.svg HTTP/1.1" 200 429 "https://eirtechs.com/admin/vendor/fontawesome-free/svgs/solid/?SD" "Mozilla/5.0 (Linux; Android 7.0;) AppleWebKit/537.36 (KHTML, like Gecko) Mobile Safari/537.36 (compatible; PetalBot;+https://webmaster.petalsearch.com/site/petalbot)"
114.119.154.65 - - [06/Feb/2025:12:49:49 -0500] "GET /root_stripe/stripe/?SD HTTP/1.1" 200 1475 "https://www.eirtechs.com/root_stripe/stripe/?SA" "Mozilla/5.0 (Linux; Android 7.0;) AppleWebKit/537.36 (KHTML, like Gecko) Mobile Safari/537.36 (compatible; PetalBot;+https://webmaster.petalsearch.com/site/petalbot)"
114.119.128.244 - - [06/Feb/2025:12:54:49 -0500] "GET /admin/vendor/fontawesome-free/svgs/brands/font-awesome.svg HTTP/1.1" 200 405 "https://eirtechs.com/admin/vendor/fontawesome-free/svgs/brands/" "Mozilla/5.0 (Linux; Android 7.0;) AppleWebKit/537.36 (KHTML, like Gecko) Mobile Safari/537.36 (compatible; PetalBot;+https://webmaster.petalsearch.com/site/petalbot)"
114.119.166.95 - - [06/Feb/2025:12:54:49 -0500] "GET /root_stripe/stripe/ HTTP/1.1" 200 1471 "https://www.eirtechs.com/root_stripe/stripe/examples/?NA" "Mozilla/5.0 (Linux; Android 7.0;) AppleWebKit/537.36 (KHTML, like Gecko) Mobile Safari/537.36 (compatible; PetalBot;+https://webmaster.petalsearch.com/site/petalbot)"
51.222.253.20 - - [06/Feb/2025:12:57:28 -0500] "GET /testbeta-atif/assets/css/bootstrap/?MA HTTP/1.1" 200 665 "-" "Mozilla/5.0 (compatible; AhrefsBot/7.0; +http://ahrefs.com/robot/)"
114.119.145.115 - - [06/Feb/2025:12:59:52 -0500] "GET /root_stripe/?SA HTTP/1.1" 200 758 "https://www.eirtechs.com/root_stripe/?SD" "Mozilla/5.0 (Linux; Android 7.0;) AppleWebKit/537.36 (KHTML, like Gecko) Mobile Safari/537.36 (compatible; PetalBot;+https://webmaster.petalsearch.com/site/petalbot)"
114.119.135.120 - - [06/Feb/2025:12:59:54 -0500] "GET /admin/vendor/fontawesome-free/svgs/solid/calculator.svg HTTP/1.1" 200 294 "https://eirtechs.com/admin/vendor/fontawesome-free/svgs/solid/?SD" "Mozilla/5.0 (Linux; Android 7.0;) AppleWebKit/537.36 (KHTML, like Gecko) Mobile Safari/537.36 (compatible; PetalBot;+https://webmaster.petalsearch.com/site/petalbot)"
114.119.128.244 - - [06/Feb/2025:13:04:51 -0500] "GET /admin/vendor/fontawesome-free/svgs/solid/user-plus.svg HTTP/1.1" 200 309 "https://eirtechs.com/admin/vendor/fontawesome-free/svgs/solid/?MD" "Mozilla/5.0 (Linux; Android 7.0;) AppleWebKit/537.36 (KHTML, like Gecko) Mobile Safari/537.36 (compatible; PetalBot;+https://webmaster.petalsearch.com/site/petalbot)"
114.119.135.120 - - [06/Feb/2025:13:04:55 -0500] "GET /packages/training/?SD HTTP/1.1" 200 853 "https://www.eirtechs.com/packages/training/?SA" "Mozilla/5.0 (Linux; Android 7.0;) AppleWebKit/537.36 (KHTML, like Gecko) Mobile Safari/537.36 (compatible; PetalBot;+https://webmaster.petalsearch.com/site/petalbot)"
114.119.128.203 - - [06/Feb/2025:13:09:52 -0500] "GET /admin/vendor/fontawesome-free/svgs/solid/dragon.svg HTTP/1.1" 200 559 "https://eirtechs.com/admin/vendor/fontawesome-free/svgs/solid/?SD" "Mozilla/5.0 (Linux; Android 7.0;) AppleWebKit/537.36 (KHTML, like Gecko) Mobile Safari/537.36 (compatible; PetalBot;+https://webmaster.petalsearch.com/site/petalbot)"
114.119.145.115 - - [06/Feb/2025:13:09:55 -0500] "GET /packages/programming-training.php HTTP/1.1" 200 7348 "https://www.eirtechs.com/packages/?SA" "Mozilla/5.0 (Linux; Android 7.0;) AppleWebKit/537.36 (KHTML, like Gecko) Mobile Safari/537.36 (compatible; PetalBot;+https://webmaster.petalsearch.com/site/petalbot)"
51.222.253.7 - - [06/Feb/2025:13:12:29 -0500] "GET /root_stripe/stripe/tests/Stripe/Sigma/ScheduledQueryRunTest.php HTTP/1.1" 200 153 "-" "Mozilla/5.0 (compatible; AhrefsBot/7.0; +http://ahrefs.com/robot/)"
114.119.128.203 - - [06/Feb/2025:13:14:50 -0500] "GET /packages/?SD HTTP/1.1" 200 1409 "https://www.eirtechs.com/packages/?SA" "Mozilla/5.0 (Linux; Android 7.0;) AppleWebKit/537.36 (KHTML, like Gecko) Mobile Safari/537.36 (compatible; PetalBot;+https://webmaster.petalsearch.com/site/petalbot)"
114.119.136.199 - - [06/Feb/2025:13:14:54 -0500] "GET /admin/vendor/fontawesome-free/svgs/regular/file-audio.svg HTTP/1.1" 200 416 "https://eirtechs.com/admin/vendor/fontawesome-free/svgs/regular/?MA" "Mozilla/5.0 (Linux; Android 7.0;) AppleWebKit/537.36 (KHTML, like Gecko) Mobile Safari/537.36 (compatible; PetalBot;+https://webmaster.petalsearch.com/site/petalbot)"
69.176.89.77 - - [06/Feb/2025:13:17:24 -0500] "GET / HTTP/1.1" 200 2234 "-" "Mozilla/5.0 (Windows; U; Windows NT 6.1; en-US) AppleWebKit/534.3 (KHTML, like Gecko) Chrome/6.0.461.0 Safari/534.3"
114.119.128.203 - - [06/Feb/2025:13:19:49 -0500] "GET /admin/vendor/fontawesome-free/svgs/brands/git.svg HTTP/1.1" 200 570 "https://eirtechs.com/admin/vendor/fontawesome-free/svgs/brands/" "Mozilla/5.0 (Linux; Android 7.0;) AppleWebKit/537.36 (KHTML, like Gecko) Mobile Safari/537.36 (compatible; PetalBot;+https://webmaster.petalsearch.com/site/petalbot)"
114.119.154.65 - - [06/Feb/2025:13:19:56 -0500] "GET /mail/form.config.php HTTP/1.1" 200 0 "https://www.eirtechs.com/mail/?SD" "Mozilla/5.0 (Linux; Android 7.0;) AppleWebKit/537.36 (KHTML, like Gecko) Mobile Safari/537.36 (compatible; PetalBot;+https://webmaster.petalsearch.com/site/petalbot)"
81.88.147.235 - - [06/Feb/2025:13:23:13 -0500] "GET / HTTP/1.0" 200 10800 "https://eirtechs.com/" "Mozilla/5.0 (Windows NT 10.0; Win64; x64) AppleWebKit/537.36 (KHTML, like Gecko) Chrome/131.0.0.0 Safari/537.36 Avast/131.0.0.0"
81.88.147.235 - - [06/Feb/2025:13:23:14 -0500] "GET /contact.php HTTP/1.0" 200 43266 "https://eirtechs.com/contact.php" "Mozilla/5.0 (Windows NT 10.0; Win64; x64) AppleWebKit/537.36 (KHTML, like Gecko) Chrome/131.0.0.0 Safari/537.36 Avast/131.0.0.0"
81.88.147.235 - - [06/Feb/2025:13:23:18 -0500] "POST /contact.php HTTP/1.0" 200 43602 "https://eirtechs.com/contact.php" "Mozilla/5.0 (Windows NT 10.0; Win64; x64) AppleWebKit/537.36 (KHTML, like Gecko) Chrome/131.0.0.0 Safari/537.36 Avast/131.0.0.0"
81.88.147.235 - - [06/Feb/2025:13:23:20 -0500] "GET /contact.php HTTP/1.0" 200 43266 "https://eirtechs.com/contact.php" "Mozilla/5.0 (Windows NT 10.0; Win64; x64) AppleWebKit/537.36 (KHTML, like Gecko) Chrome/131.0.0.0 Safari/537.36 Avast/131.0.0.0"
81.88.147.235 - - [06/Feb/2025:13:23:21 -0500] "GET /contact.php HTTP/1.0" 200 43266 "https://eirtechs.com/contact.php" "Mozilla/5.0 (Windows NT 10.0; Win64; x64) AppleWebKit/537.36 (KHTML, like Gecko) Chrome/131.0.0.0 Safari/537.36 Avast/131.0.0.0"
114.119.128.244 - - [06/Feb/2025:13:24:48 -0500] "GET /admin/vendor/fontawesome-free/svgs/brands/creative-commons-remix.svg HTTP/1.1" 200 402 "https://eirtechs.com/admin/vendor/fontawesome-free/svgs/brands/" "Mozilla/5.0 (Linux; Android 7.0;) AppleWebKit/537.36 (KHTML, like Gecko) Mobile Safari/537.36 (compatible; PetalBot;+https://webmaster.petalsearch.com/site/petalbot)"
114.119.135.120 - - [06/Feb/2025:13:24:56 -0500] "GET /inc/ HTTP/1.1" 200 1470 "https://www.eirtechs.com/?NA" "Mozilla/5.0 (Linux; Android 7.0;) AppleWebKit/537.36 (KHTML, like Gecko) Mobile Safari/537.36 (compatible; PetalBot;+https://webmaster.petalsearch.com/site/petalbot)"
195.2.84.198 - - [06/Feb/2025:13:26:40 -0500] "GET / HTTP/1.0" 200 10800 "https://eirtechs.com/" "Mozilla/5.0 (Windows NT 10.0; Win64; x64) AppleWebKit/537.36 (KHTML, like Gecko) Chrome/131.0.0.0 Safari/537.36 Avast/131.0.0.0"
195.2.84.198 - - [06/Feb/2025:13:26:41 -0500] "GET /contact.php HTTP/1.0" 200 43266 "https://eirtechs.com/contact.php" "Mozilla/5.0 (Windows NT 10.0; Win64; x64) AppleWebKit/537.36 (KHTML, like Gecko) Chrome/131.0.0.0 Safari/537.36 Avast/131.0.0.0"
195.2.84.198 - - [06/Feb/2025:13:26:43 -0500] "POST /contact.php HTTP/1.0" 200 43602 "https://eirtechs.com/contact.php" "Mozilla/5.0 (Windows NT 10.0; Win64; x64) AppleWebKit/537.36 (KHTML, like Gecko) Chrome/131.0.0.0 Safari/537.36 Avast/131.0.0.0"
85.208.96.193 - - [06/Feb/2025:13:28:21 -0500] "GET /robots.txt HTTP/1.1" 404 1251 "-" "Mozilla/5.0 (compatible; SemrushBot/7~bl; +http://www.semrush.com/bot.html)"
85.208.96.206 - - [06/Feb/2025:13:28:23 -0500] "GET /service/software-development/ecommerce_solutions.php HTTP/1.1" 200 10892 "-" "Mozilla/5.0 (compatible; SemrushBot/7~bl; +http://www.semrush.com/bot.html)"
51.222.253.13 - - [06/Feb/2025:13:28:57 -0500] "GET /build/js/?MD HTTP/1.1" 200 1064 "-" "Mozilla/5.0 (compatible; AhrefsBot/7.0; +http://ahrefs.com/robot/)"
114.119.128.203 - - [06/Feb/2025:13:29:53 -0500] "GET /admin/vendor/fontawesome-free/svgs/solid/laugh-squint.svg HTTP/1.1" 200 327 "https://eirtechs.com/admin/vendor/fontawesome-free/svgs/solid/?NA" "Mozilla/5.0 (Linux; Android 7.0;) AppleWebKit/537.36 (KHTML, like Gecko) Mobile Safari/537.36 (compatible; PetalBot;+https://webmaster.petalsearch.com/site/petalbot)"
114.119.135.120 - - [06/Feb/2025:13:29:56 -0500] "GET /expertise/development.php HTTP/1.1" 200 7413 "https://www.eirtechs.com/career.php" "Mozilla/5.0 (Linux; Android 7.0;) AppleWebKit/537.36 (KHTML, like Gecko) Mobile Safari/537.36 (compatible; PetalBot;+https://webmaster.petalsearch.com/site/petalbot)"
69.16.157.192 - - [06/Feb/2025:13:30:17 -0500] "GET / HTTP/1.0" 200 10800 "https://eirtechs.com/" "Mozilla/5.0 (Windows NT 10.0; Win64; x64) AppleWebKit/537.36 (KHTML, like Gecko) Chrome/130.0.0.0 Safari/537.36 CCleaner/130.0.0.0"
69.16.157.192 - - [06/Feb/2025:13:30:19 -0500] "GET /contact.php HTTP/1.0" 200 43267 "https://eirtechs.com/contact.php" "Mozilla/5.0 (Windows NT 10.0; Win64; x64) AppleWebKit/537.36 (KHTML, like Gecko) Chrome/130.0.0.0 Safari/537.36 CCleaner/130.0.0.0"
69.16.157.192 - - [06/Feb/2025:13:30:20 -0500] "POST /contact.php HTTP/1.0" 200 43603 "https://eirtechs.com/contact.php" "Mozilla/5.0 (Windows NT 10.0; Win64; x64) AppleWebKit/537.36 (KHTML, like Gecko) Chrome/130.0.0.0 Safari/537.36 CCleaner/130.0.0.0"
94.103.90.150 - - [06/Feb/2025:13:32:37 -0500] "GET / HTTP/1.0" 200 10800 "https://eirtechs.com/" "Mozilla/5.0 (Windows NT 10.0; Win64; x64) AppleWebKit/537.36 (KHTML, like Gecko) Chrome/131.0.0.0 Safari/537.36 Avast/131.0.0.0"
94.103.90.150 - - [06/Feb/2025:13:32:37 -0500] "GET /contact.php HTTP/1.0" 200 43266 "https://eirtechs.com/contact.php" "Mozilla/5.0 (Windows NT 10.0; Win64; x64) AppleWebKit/537.36 (KHTML, like Gecko) Chrome/131.0.0.0 Safari/537.36 Avast/131.0.0.0"
94.103.90.150 - - [06/Feb/2025:13:32:40 -0500] "POST /contact.php HTTP/1.0" 200 43602 "https://eirtechs.com/contact.php" "Mozilla/5.0 (Windows NT 10.0; Win64; x64) AppleWebKit/537.36 (KHTML, like Gecko) Chrome/131.0.0.0 Safari/537.36 Avast/131.0.0.0"
47.128.16.204 - - [06/Feb/2025:13:34:15 -0500] "GET /customorder.php HTTP/1.1" 200 609 "-" "Mozilla/5.0 (Linux; Android 5.0) AppleWebKit/537.36 (KHTML, like Gecko) Mobile Safari/537.36 (compatible; Bytespider; spider-feedback@bytedance.com)"
114.119.166.95 - - [06/Feb/2025:13:34:53 -0500] "GET /assets/videos/?MA HTTP/1.1" 200 1478 "https://www.eirtechs.com/assets/videos/?SD" "Mozilla/5.0 (Linux; Android 7.0;) AppleWebKit/537.36 (KHTML, like Gecko) Mobile Safari/537.36 (compatible; PetalBot;+https://webmaster.petalsearch.com/site/petalbot)"
114.119.145.115 - - [06/Feb/2025:13:34:55 -0500] "GET /admin/vendor/fontawesome-free/svgs/solid/eye-slash.svg HTTP/1.1" 200 472 "https://eirtechs.com/admin/vendor/fontawesome-free/svgs/solid/?SD" "Mozilla/5.0 (Linux; Android 7.0;) AppleWebKit/537.36 (KHTML, like Gecko) Mobile Safari/537.36 (compatible; PetalBot;+https://webmaster.petalsearch.com/site/petalbot)"
114.119.128.244 - - [06/Feb/2025:13:39:54 -0500] "GET /assets/scss/bootstrap/utilities/?ND HTTP/1.1" 200 1426 "https://www.eirtechs.com/assets/scss/bootstrap/utilities/?NA" "Mozilla/5.0 (Linux; Android 7.0;) AppleWebKit/537.36 (KHTML, like Gecko) Mobile Safari/537.36 (compatible; PetalBot;+https://webmaster.petalsearch.com/site/petalbot)"
114.119.145.115 - - [06/Feb/2025:13:39:55 -0500] "GET /admin/vendor/fontawesome-free/svgs/solid/filter.svg HTTP/1.1" 200 285 "https://eirtechs.com/admin/vendor/fontawesome-free/svgs/solid/?NA" "Mozilla/5.0 (Linux; Android 7.0;) AppleWebKit/537.36 (KHTML, like Gecko) Mobile Safari/537.36 (compatible; PetalBot;+https://webmaster.petalsearch.com/site/petalbot)"
182.42.104.32 - - [06/Feb/2025:13:43:03 -0500] "GET / HTTP/1.1" 200 2204 "http://www.eirtechs.com" "Mozilla/5.0 (iPhone; CPU iPhone OS 13_2_3 like Mac OS X) AppleWebKit/605.1.15 (KHTML, like Gecko) Version/13.0.3 Mobile/15E148 Safari/604.1"
114.119.145.115 - - [06/Feb/2025:13:44:48 -0500] "GET /admin/vendor/fontawesome-free/svgs/solid/book-open.svg HTTP/1.1" 200 351 "https://eirtechs.com/admin/vendor/fontawesome-free/svgs/solid/?NA" "Mozilla/5.0 (Linux; Android 7.0;) AppleWebKit/537.36 (KHTML, like Gecko) Mobile Safari/537.36 (compatible; PetalBot;+https://webmaster.petalsearch.com/site/petalbot)"
51.222.253.3 - - [06/Feb/2025:13:44:55 -0500] "GET /testbeta-atif/assets/scss/ HTTP/1.1" 200 731 "-" "Mozilla/5.0 (compatible; AhrefsBot/7.0; +http://ahrefs.com/robot/)"
114.119.128.244 - - [06/Feb/2025:13:44:55 -0500] "GET /thankyou/signup.php HTTP/1.1" 200 5265 "https://www.eirtechs.com/thankyou/?ND" "Mozilla/5.0 (Linux; Android 7.0;) AppleWebKit/537.36 (KHTML, like Gecko) Mobile Safari/537.36 (compatible; PetalBot;+https://webmaster.petalsearch.com/site/petalbot)"
114.119.128.203 - - [06/Feb/2025:13:49:53 -0500] "GET /admin/vendor/fontawesome-free/svgs/brands/creative-commons-nc.svg HTTP/1.1" 200 446 "https://eirtechs.com/admin/vendor/fontawesome-free/svgs/brands/" "Mozilla/5.0 (Linux; Android 7.0;) AppleWebKit/537.36 (KHTML, like Gecko) Mobile Safari/537.36 (compatible; PetalBot;+https://webmaster.petalsearch.com/site/petalbot)"
114.119.128.203 - - [06/Feb/2025:13:49:54 -0500] "GET /testbeta/services/ HTTP/1.1" 200 854 "https://www.eirtechs.com/testbeta/?SA" "Mozilla/5.0 (Linux; Android 7.0;) AppleWebKit/537.36 (KHTML, like Gecko) Mobile Safari/537.36 (compatible; PetalBot;+https://webmaster.petalsearch.com/site/petalbot)"
114.119.128.203 - - [06/Feb/2025:13:54:51 -0500] "GET /testbeta/root_stripe/stripe/tests/Stripe/Util/?SD HTTP/1.1" 200 877 "https://www.eirtechs.com/testbeta/root_stripe/stripe/tests/Stripe/Util/?SA" "Mozilla/5.0 (Linux; Android 7.0;) AppleWebKit/537.36 (KHTML, like Gecko) Mobile Safari/537.36 (compatible; PetalBot;+https://webmaster.petalsearch.com/site/petalbot)"
114.119.128.203 - - [06/Feb/2025:13:54:54 -0500] "GET /admin/vendor/fontawesome-free/svgs/solid/chevron-circle-down.svg HTTP/1.1" 200 223 "https://eirtechs.com/admin/vendor/fontawesome-free/svgs/solid/?NA" "Mozilla/5.0 (Linux; Android 7.0;) AppleWebKit/537.36 (KHTML, like Gecko) Mobile Safari/537.36 (compatible; PetalBot;+https://webmaster.petalsearch.com/site/petalbot)"
114.119.166.95 - - [06/Feb/2025:13:59:56 -0500] "GET /admin/vendor/fontawesome-free/svgs/solid/eraser.svg HTTP/1.1" 200 259 "https://eirtechs.com/admin/vendor/fontawesome-free/svgs/solid/?NA" "Mozilla/5.0 (Linux; Android 7.0;) AppleWebKit/537.36 (KHTML, like Gecko) Mobile Safari/537.36 (compatible; PetalBot;+https://webmaster.petalsearch.com/site/petalbot)"
114.119.145.225 - - [06/Feb/2025:13:59:59 -0500] "GET /testbeta/root_stripe/stripe/tests/Stripe/Sigma/?NA HTTP/1.1" 200 816 "https://www.eirtechs.com/testbeta/root_stripe/stripe/tests/Stripe/Sigma/?SD" "Mozilla/5.0 (Linux; Android 7.0;) AppleWebKit/537.36 (KHTML, like Gecko) Mobile Safari/537.36 (compatible; PetalBot;+https://webmaster.petalsearch.com/site/petalbot)"
51.222.253.13 - - [06/Feb/2025:14:01:15 -0500] "GET /testbeta-atif/assets/images/portfolio/branding/?MD HTTP/1.1" 200 1422 "-" "Mozilla/5.0 (compatible; AhrefsBot/7.0; +http://ahrefs.com/robot/)"
114.119.166.95 - - [06/Feb/2025:14:04:49 -0500] "GET /admin/vendor/fontawesome-free/svgs/brands/old-republic.svg HTTP/1.1" 200 5432 "https://eirtechs.com/admin/vendor/fontawesome-free/svgs/brands/" "Mozilla/5.0 (Linux; Android 7.0;) AppleWebKit/537.36 (KHTML, like Gecko) Mobile Safari/537.36 (compatible; PetalBot;+https://webmaster.petalsearch.com/site/petalbot)"
114.119.136.199 - - [06/Feb/2025:14:04:57 -0500] "GET /testbeta/root_stripe/stripe/tests/Stripe/ HTTP/1.1" 200 2599 "https://www.eirtechs.com/testbeta/root_stripe/stripe/tests/Stripe/Reporting/?SD" "Mozilla/5.0 (Linux; Android 7.0;) AppleWebKit/537.36 (KHTML, like Gecko) Mobile Safari/537.36 (compatible; PetalBot;+https://webmaster.petalsearch.com/site/petalbot)"
156.59.198.135 - - [06/Feb/2025:14:06:16 -0500] "GET /assets/images/portfolio/new/stationerydesign.jpg HTTP/1.1" 404 1251 "-" "Mozilla/5.0 (Linux; Android 5.0) AppleWebKit/537.36 (KHTML, like Gecko) Mobile Safari/537.36 (compatible; Bytespider; spider-feedback@bytedance.com)"
185.231.154.128 - - [06/Feb/2025:14:08:51 -0500] "GET / HTTP/1.0" 200 10800 "https://eirtechs.com/" "Mozilla/5.0 (Windows NT 10.0; Win64; x64) AppleWebKit/537.36 (KHTML, like Gecko) Chrome/130.0.0.0 Safari/537.36 CCleaner/130.0.0.0"
185.231.154.128 - - [06/Feb/2025:14:08:52 -0500] "GET /contact.php HTTP/1.0" 200 43266 "https://eirtechs.com/contact.php" "Mozilla/5.0 (Windows NT 10.0; Win64; x64) AppleWebKit/537.36 (KHTML, like Gecko) Chrome/130.0.0.0 Safari/537.36 CCleaner/130.0.0.0"
185.231.154.128 - - [06/Feb/2025:14:08:54 -0500] "POST /contact.php HTTP/1.0" 200 43602 "https://eirtechs.com/contact.php" "Mozilla/5.0 (Windows NT 10.0; Win64; x64) AppleWebKit/537.36 (KHTML, like Gecko) Chrome/130.0.0.0 Safari/537.36 CCleaner/130.0.0.0"
114.119.145.115 - - [06/Feb/2025:14:09:52 -0500] "GET /admin/vendor/fontawesome-free/svgs/solid/digital-tachograph.svg HTTP/1.1" 200 314 "https://eirtechs.com/admin/vendor/fontawesome-free/svgs/solid/?SD" "Mozilla/5.0 (Linux; Android 7.0;) AppleWebKit/537.36 (KHTML, like Gecko) Mobile Safari/537.36 (compatible; PetalBot;+https://webmaster.petalsearch.com/site/petalbot)"
114.119.166.95 - - [06/Feb/2025:14:10:03 -0500] "GET /testbeta/root_stripe/stripe/examples/?SD HTTP/1.1" 200 790 "https://www.eirtechs.com/testbeta/root_stripe/stripe/examples/?SA" "Mozilla/5.0 (Linux; Android 7.0;) AppleWebKit/537.36 (KHTML, like Gecko) Mobile Safari/537.36 (compatible; PetalBot;+https://webmaster.petalsearch.com/site/petalbot)"
114.119.145.225 - - [06/Feb/2025:14:14:49 -0500] "GET /admin/vendor/fontawesome-free/svgs/brands/cloudscale.svg HTTP/1.1" 200 371 "https://eirtechs.com/admin/vendor/fontawesome-free/svgs/brands/" "Mozilla/5.0 (Linux; Android 7.0;) AppleWebKit/537.36 (KHTML, like Gecko) Mobile Safari/537.36 (compatible; PetalBot;+https://webmaster.petalsearch.com/site/petalbot)"
114.119.136.199 - - [06/Feb/2025:14:14:52 -0500] "GET /testbeta/root_stripe/?ND HTTP/1.1" 200 764 "https://www.eirtechs.com/testbeta/root_stripe/" "Mozilla/5.0 (Linux; Android 7.0;) AppleWebKit/537.36 (KHTML, like Gecko) Mobile Safari/537.36 (compatible; PetalBot;+https://webmaster.petalsearch.com/site/petalbot)"
51.222.253.9 - - [06/Feb/2025:14:17:26 -0500] "GET /testbeta-atif/assets/images/?ND HTTP/1.1" 200 2099 "-" "Mozilla/5.0 (compatible; AhrefsBot/7.0; +http://ahrefs.com/robot/)"
114.119.128.244 - - [06/Feb/2025:14:19:52 -0500] "GET /admin/vendor/fontawesome-free/svgs/brands/centercode.svg HTTP/1.1" 200 293 "https://eirtechs.com/admin/vendor/fontawesome-free/svgs/brands/" "Mozilla/5.0 (Linux; Android 7.0;) AppleWebKit/537.36 (KHTML, like Gecko) Mobile Safari/537.36 (compatible; PetalBot;+https://webmaster.petalsearch.com/site/petalbot)"
114.119.166.95 - - [06/Feb/2025:14:19:57 -0500] "GET /testbeta/packages/web.php HTTP/1.1" 200 5853 "https://www.eirtechs.com/testbeta/packages/?SD" "Mozilla/5.0 (Linux; Android 7.0;) AppleWebKit/537.36 (KHTML, like Gecko) Mobile Safari/537.36 (compatible; PetalBot;+https://webmaster.petalsearch.com/site/petalbot)"
114.119.145.115 - - [06/Feb/2025:14:24:55 -0500] "GET /testbeta/packages/seo.php HTTP/1.1" 200 5329 "https://www.eirtechs.com/testbeta/packages/?SD" "Mozilla/5.0 (Linux; Android 7.0;) AppleWebKit/537.36 (KHTML, like Gecko) Mobile Safari/537.36 (compatible; PetalBot;+https://webmaster.petalsearch.com/site/petalbot)"
114.119.145.225 - - [06/Feb/2025:14:24:59 -0500] "GET /admin/vendor/fontawesome-free/svgs/brands/bimobject.svg HTTP/1.1" 200 313 "https://eirtechs.com/admin/vendor/fontawesome-free/svgs/brands/" "Mozilla/5.0 (Linux; Android 7.0;) AppleWebKit/537.36 (KHTML, like Gecko) Mobile Safari/537.36 (compatible; PetalBot;+https://webmaster.petalsearch.com/site/petalbot)"
195.2.84.198 - - [06/Feb/2025:14:29:01 -0500] "GET / HTTP/1.0" 200 10800 "https://eirtechs.com/" "Mozilla/5.0 (Windows NT 10.0; Win64; x64) AppleWebKit/537.36 (KHTML, like Gecko) Chrome/130.0.0.0 Safari/537.36"
195.2.84.198 - - [06/Feb/2025:14:29:02 -0500] "GET /contact.php HTTP/1.0" 200 43266 "https://eirtechs.com/contact.php" "Mozilla/5.0 (Windows NT 10.0; Win64; x64) AppleWebKit/537.36 (KHTML, like Gecko) Chrome/130.0.0.0 Safari/537.36"
195.2.84.198 - - [06/Feb/2025:14:29:04 -0500] "POST /contact.php HTTP/1.0" 200 43602 "https://eirtechs.com/contact.php" "Mozilla/5.0 (Windows NT 10.0; Win64; x64) AppleWebKit/537.36 (KHTML, like Gecko) Chrome/130.0.0.0 Safari/537.36"
114.119.145.115 - - [06/Feb/2025:14:29:55 -0500] "GET /admin/vendor/fontawesome-free/svgs/brands/earlybirds.svg HTTP/1.1" 200 976 "https://eirtechs.com/admin/vendor/fontawesome-free/svgs/brands/?ND" "Mozilla/5.0 (Linux; Android 7.0;) AppleWebKit/537.36 (KHTML, like Gecko) Mobile Safari/537.36 (compatible; PetalBot;+https://webmaster.petalsearch.com/site/petalbot)"
114.119.154.65 - - [06/Feb/2025:14:29:57 -0500] "GET /testbeta/assets/images/portfolio/logo/?NA HTTP/1.1" 200 2209 "https://www.eirtechs.com/testbeta/assets/images/portfolio/logo/?SA" "Mozilla/5.0 (Linux; Android 7.0;) AppleWebKit/537.36 (KHTML, like Gecko) Mobile Safari/537.36 (compatible; PetalBot;+https://webmaster.petalsearch.com/site/petalbot)"
51.222.253.7 - - [06/Feb/2025:14:33:32 -0500] "GET /root_stripe/stripe/lib/Terminal/?NA HTTP/1.1" 200 689 "-" "Mozilla/5.0 (compatible; AhrefsBot/7.0; +http://ahrefs.com/robot/)"
114.119.135.120 - - [06/Feb/2025:14:34:58 -0500] "GET /admin/vendor/fontawesome-free/svgs/solid/bus.svg HTTP/1.1" 200 323 "https://eirtechs.com/admin/vendor/fontawesome-free/svgs/solid/?SD" "Mozilla/5.0 (Linux; Android 7.0;) AppleWebKit/537.36 (KHTML, like Gecko) Mobile Safari/537.36 (compatible; PetalBot;+https://webmaster.petalsearch.com/site/petalbot)"
114.119.166.95 - - [06/Feb/2025:14:34:58 -0500] "GET /testbeta/assets/images/portfolio/branding/?SA HTTP/1.1" 200 1760 "https://www.eirtechs.com/testbeta/assets/images/portfolio/branding/?MA" "Mozilla/5.0 (Linux; Android 7.0;) AppleWebKit/537.36 (KHTML, like Gecko) Mobile Safari/537.36 (compatible; PetalBot;+https://webmaster.petalsearch.com/site/petalbot)"
114.119.166.95 - - [06/Feb/2025:14:39:50 -0500] "GET /admin/vendor/fontawesome-free/svgs/brands/asymmetrik.svg HTTP/1.1" 200 465 "https://eirtechs.com/admin/vendor/fontawesome-free/svgs/brands/" "Mozilla/5.0 (Linux; Android 7.0;) AppleWebKit/537.36 (KHTML, like Gecko) Mobile Safari/537.36 (compatible; PetalBot;+https://webmaster.petalsearch.com/site/petalbot)"
114.119.135.120 - - [06/Feb/2025:14:39:53 -0500] "GET /testbeta/assets/fonts/open-iconic/?MA HTTP/1.1" 200 910 "https://www.eirtechs.com/testbeta/assets/fonts/open-iconic/?SD" "Mozilla/5.0 (Linux; Android 7.0;) AppleWebKit/537.36 (KHTML, like Gecko) Mobile Safari/537.36 (compatible; PetalBot;+https://webmaster.petalsearch.com/site/petalbot)"
114.119.145.115 - - [06/Feb/2025:14:44:50 -0500] "GET /admin/vendor/fontawesome-free/svgs/brands/android.svg HTTP/1.1" 200 475 "https://eirtechs.com/admin/vendor/fontawesome-free/svgs/brands/" "Mozilla/5.0 (Linux; Android 7.0;) AppleWebKit/537.36 (KHTML, like Gecko) Mobile Safari/537.36 (compatible; PetalBot;+https://webmaster.petalsearch.com/site/petalbot)"
114.119.166.95 - - [06/Feb/2025:14:44:51 -0500] "GET /testbeta/assets/fonts/ionicons/?SA HTTP/1.1" 200 788 "https://www.eirtechs.com/testbeta/assets/fonts/ionicons/?MD" "Mozilla/5.0 (Linux; Android 7.0;) AppleWebKit/537.36 (KHTML, like Gecko) Mobile Safari/537.36 (compatible; PetalBot;+https://webmaster.petalsearch.com/site/petalbot)"
49.51.36.179 - - [06/Feb/2025:14:46:44 -0500] "GET / HTTP/1.1" 200 2237 "http://www.eirtechs.com" "Mozilla/5.0 (iPhone; CPU iPhone OS 13_2_3 like Mac OS X) AppleWebKit/605.1.15 (KHTML, like Gecko) Version/13.0.3 Mobile/15E148 Safari/604.1"
51.222.253.20 - - [06/Feb/2025:14:49:50 -0500] "GET /testbeta/packages/?MA HTTP/1.1" 200 695 "-" "Mozilla/5.0 (compatible; AhrefsBot/7.0; +http://ahrefs.com/robot/)"
114.119.154.65 - - [06/Feb/2025:14:49:59 -0500] "GET /admin/vendor/fontawesome-free/svgs/regular/map.svg HTTP/1.1" 200 376 "https://eirtechs.com/admin/vendor/fontawesome-free/svgs/regular/?MA" "Mozilla/5.0 (Linux; Android 7.0;) AppleWebKit/537.36 (KHTML, like Gecko) Mobile Safari/537.36 (compatible; PetalBot;+https://webmaster.petalsearch.com/site/petalbot)"
114.119.128.244 - - [06/Feb/2025:14:50:01 -0500] "GET /testbeta/assets/css/css/ HTTP/1.1" 200 828 "https://www.eirtechs.com/testbeta/assets/css/css/mixins/?MD" "Mozilla/5.0 (Linux; Android 7.0;) AppleWebKit/537.36 (KHTML, like Gecko) Mobile Safari/537.36 (compatible; PetalBot;+https://webmaster.petalsearch.com/site/petalbot)"
114.119.128.203 - - [06/Feb/2025:14:54:49 -0500] "GET /admin/vendor/fontawesome-free/svgs/solid/angry.svg HTTP/1.1" 200 429 "https://eirtechs.com/admin/vendor/fontawesome-free/svgs/solid/?SD" "Mozilla/5.0 (Linux; Android 7.0;) AppleWebKit/537.36 (KHTML, like Gecko) Mobile Safari/537.36 (compatible; PetalBot;+https://webmaster.petalsearch.com/site/petalbot)"
114.119.145.115 - - [06/Feb/2025:14:54:52 -0500] "GET /testbeta-atif/root_stripe/stripe/tests/Stripe/FileTest.php HTTP/1.1" 200 157 "https://www.eirtechs.com/testbeta-atif/root_stripe/stripe/tests/Stripe/?SD" "Mozilla/5.0 (Linux; Android 7.0;) AppleWebKit/537.36 (KHTML, like Gecko) Mobile Safari/537.36 (compatible; PetalBot;+https://webmaster.petalsearch.com/site/petalbot)"
47.128.24.54 - - [06/Feb/2025:14:56:09 -0500] "GET /testbeta/root_stripe/stripe/lib/TransferReversal.php HTTP/1.1" 200 146 "-" "Mozilla/5.0 (Linux; Android 5.0) AppleWebKit/537.36 (KHTML, like Gecko) Mobile Safari/537.36 (compatible; Bytespider; spider-feedback@bytedance.com)"
85.208.96.198 - - [06/Feb/2025:14:58:01 -0500] "GET /robots.txt HTTP/1.1" 404 1251 "-" "Mozilla/5.0 (compatible; SemrushBot/7~bl; +http://www.semrush.com/bot.html)"
85.208.96.210 - - [06/Feb/2025:14:58:03 -0500] "GET /mail/admin.php?method=forgotPassword HTTP/1.1" 200 1577 "-" "Mozilla/5.0 (compatible; SemrushBot/7~bl; +http://www.semrush.com/bot.html)"
114.119.145.225 - - [06/Feb/2025:14:59:50 -0500] "GET /admin/vendor/fontawesome-free/svgs/brands/amilia.svg HTTP/1.1" 200 376 "https://eirtechs.com/admin/vendor/fontawesome-free/svgs/brands/" "Mozilla/5.0 (Linux; Android 7.0;) AppleWebKit/537.36 (KHTML, like Gecko) Mobile Safari/537.36 (compatible; PetalBot;+https://webmaster.petalsearch.com/site/petalbot)"
114.119.128.203 - - [06/Feb/2025:14:59:55 -0500] "GET /testbeta-atif/root_stripe/stripe/tests/?MD HTTP/1.1" 200 926 "https://www.eirtechs.com/testbeta-atif/root_stripe/stripe/tests/?MA" "Mozilla/5.0 (Linux; Android 7.0;) AppleWebKit/537.36 (KHTML, like Gecko) Mobile Safari/537.36 (compatible; PetalBot;+https://webmaster.petalsearch.com/site/petalbot)"
114.119.128.244 - - [06/Feb/2025:15:04:54 -0500] "GET /testbeta-atif/root_stripe/stripe/lib/Terminal/ConnectionToken.php HTTP/1.1" 200 168 "https://www.eirtechs.com/testbeta-atif/root_stripe/stripe/lib/Terminal/?SD" "Mozilla/5.0 (Linux; Android 7.0;) AppleWebKit/537.36 (KHTML, like Gecko) Mobile Safari/537.36 (compatible; PetalBot;+https://webmaster.petalsearch.com/site/petalbot)"
114.119.128.203 - - [06/Feb/2025:15:04:57 -0500] "GET /admin/vendor/fontawesome-free/svgs/solid/hotdog.svg HTTP/1.1" 200 529 "https://eirtechs.com/admin/vendor/fontawesome-free/svgs/solid/?SD" "Mozilla/5.0 (Linux; Android 7.0;) AppleWebKit/537.36 (KHTML, like Gecko) Mobile Safari/537.36 (compatible; PetalBot;+https://webmaster.petalsearch.com/site/petalbot)"
51.222.253.8 - - [06/Feb/2025:15:06:04 -0500] "GET /cart.php HTTP/1.1" 200 4737 "-" "Mozilla/5.0 (compatible; AhrefsBot/7.0; +http://ahrefs.com/robot/)"
114.119.154.65 - - [06/Feb/2025:15:09:56 -0500] "GET /admin/vendor/fontawesome-free/svgs/brands/skype.svg HTTP/1.1" 200 439 "https://eirtechs.com/admin/vendor/fontawesome-free/svgs/brands/?ND" "Mozilla/5.0 (Linux; Android 7.0;) AppleWebKit/537.36 (KHTML, like Gecko) Mobile Safari/537.36 (compatible; PetalBot;+https://webmaster.petalsearch.com/site/petalbot)"
114.119.136.199 - - [06/Feb/2025:15:09:56 -0500] "GET /testbeta-atif/root_stripe/stripe/lib/Terminal/?MA HTTP/1.1" 200 865 "https://www.eirtechs.com/testbeta-atif/root_stripe/stripe/lib/Terminal/?SD" "Mozilla/5.0 (Linux; Android 7.0;) AppleWebKit/537.36 (KHTML, like Gecko) Mobile Safari/537.36 (compatible; PetalBot;+https://webmaster.petalsearch.com/site/petalbot)"
114.119.166.95 - - [06/Feb/2025:15:14:57 -0500] "GET /admin/vendor/fontawesome-free/svgs/brands/?NA HTTP/1.1" 200 10149 "https://eirtechs.com/admin/vendor/fontawesome-free/svgs/brands/?ND" "Mozilla/5.0 (Linux; Android 7.0;) AppleWebKit/537.36 (KHTML, like Gecko) Mobile Safari/537.36 (compatible; PetalBot;+https://webmaster.petalsearch.com/site/petalbot)"
114.119.128.244 - - [06/Feb/2025:15:14:59 -0500] "GET /testbeta-atif/root_stripe/stripe/lib/Error/OAuth/InvalidScope.php HTTP/1.1" 200 171 "https://www.eirtechs.com/testbeta-atif/root_stripe/stripe/lib/Error/OAuth/" "Mozilla/5.0 (Linux; Android 7.0;) AppleWebKit/537.36 (KHTML, like Gecko) Mobile Safari/537.36 (compatible; PetalBot;+https://webmaster.petalsearch.com/site/petalbot)"
164.132.171.176 - - [06/Feb/2025:15:16:32 -0500] "GET /wp-login.php HTTP/1.1" 404 1251 "-" "Mozilla/5.0 (compatible; DuckDuckGo-Favicons-Bot/1.0; +http://duckduckgo.com)"
114.119.154.65 - - [06/Feb/2025:15:19:52 -0500] "GET /admin/vendor/fontawesome-free/svgs/regular/plus-square.svg HTTP/1.1" 200 269 "https://eirtechs.com/admin/vendor/fontawesome-free/svgs/regular/?MA" "Mozilla/5.0 (Linux; Android 7.0;) AppleWebKit/537.36 (KHTML, like Gecko) Mobile Safari/537.36 (compatible; PetalBot;+https://webmaster.petalsearch.com/site/petalbot)"
114.119.136.199 - - [06/Feb/2025:15:19:53 -0500] "GET /testbeta-atif/root_stripe/stripe/lib/ApiOperations/Delete.php HTTP/1.1" 200 0 "https://www.eirtechs.com/testbeta-atif/root_stripe/stripe/lib/ApiOperations/?MD" "Mozilla/5.0 (Linux; Android 7.0;) AppleWebKit/537.36 (KHTML, like Gecko) Mobile Safari/537.36 (compatible; PetalBot;+https://webmaster.petalsearch.com/site/petalbot)"
51.222.253.15 - - [06/Feb/2025:15:22:55 -0500] "GET /testbeta-atif/contact.php HTTP/1.1" 200 3462 "-" "Mozilla/5.0 (compatible; AhrefsBot/7.0; +http://ahrefs.com/robot/)"
114.119.136.199 - - [06/Feb/2025:15:24:50 -0500] "GET /admin/vendor/fontawesome-free/scss/brands.scss HTTP/1.1" 200 600 "https://eirtechs.com/admin/vendor/fontawesome-free/scss/?ND" "Mozilla/5.0 (Linux; Android 7.0;) AppleWebKit/537.36 (KHTML, like Gecko) Mobile Safari/537.36 (compatible; PetalBot;+https://webmaster.petalsearch.com/site/petalbot)"
114.119.166.95 - - [06/Feb/2025:15:24:57 -0500] "GET /testbeta-atif/root_stripe/stripe/lib/ApiOperations/?MA HTTP/1.1" 200 1284 "https://www.eirtechs.com/testbeta-atif/root_stripe/stripe/lib/ApiOperations/?MD" "Mozilla/5.0 (Linux; Android 7.0;) AppleWebKit/537.36 (KHTML, like Gecko) Mobile Safari/537.36 (compatible; PetalBot;+https://webmaster.petalsearch.com/site/petalbot)"
114.119.136.199 - - [06/Feb/2025:15:29:54 -0500] "GET /admin/vendor/fontawesome-free/svgs/solid/crop.svg HTTP/1.1" 200 280 "https://eirtechs.com/admin/vendor/fontawesome-free/svgs/solid/?NA" "Mozilla/5.0 (Linux; Android 7.0;) AppleWebKit/537.36 (KHTML, like Gecko) Mobile Safari/537.36 (compatible; PetalBot;+https://webmaster.petalsearch.com/site/petalbot)"
114.119.135.120 - - [06/Feb/2025:15:29:56 -0500] "GET /testbeta-atif/mail/form.config.php HTTP/1.1" 200 0 "https://www.eirtechs.com/testbeta-atif/mail/?ND" "Mozilla/5.0 (Linux; Android 7.0;) AppleWebKit/537.36 (KHTML, like Gecko) Mobile Safari/537.36 (compatible; PetalBot;+https://webmaster.petalsearch.com/site/petalbot)"
114.119.166.95 - - [06/Feb/2025:15:34:52 -0500] "GET /testbeta-atif/assets/scss/style.scss HTTP/1.1" 200 44073 "https://www.eirtechs.com/testbeta-atif/assets/scss/" "Mozilla/5.0 (Linux; Android 7.0;) AppleWebKit/537.36 (KHTML, like Gecko) Mobile Safari/537.36 (compatible; PetalBot;+https://webmaster.petalsearch.com/site/petalbot)"
114.119.166.95 - - [06/Feb/2025:15:34:55 -0500] "GET /admin/vendor/fontawesome-free/svgs/brands/firefox.svg HTTP/1.1" 200 1320 "https://eirtechs.com/admin/vendor/fontawesome-free/svgs/brands/?ND" "Mozilla/5.0 (Linux; Android 7.0;) AppleWebKit/537.36 (KHTML, like Gecko) Mobile Safari/537.36 (compatible; PetalBot;+https://webmaster.petalsearch.com/site/petalbot)"
51.222.253.12 - - [06/Feb/2025:15:39:41 -0500] "GET /testbeta-atif/packages/ HTTP/1.1" 200 717 "-" "Mozilla/5.0 (compatible; AhrefsBot/7.0; +http://ahrefs.com/robot/)"
114.119.136.199 - - [06/Feb/2025:15:39:56 -0500] "GET /admin/vendor/fontawesome-free/scss/_variables.scss HTTP/1.1" 200 36148 "https://eirtechs.com/admin/vendor/fontawesome-free/scss/?ND" "Mozilla/5.0 (Linux; Android 7.0;) AppleWebKit/537.36 (KHTML, like Gecko) Mobile Safari/537.36 (compatible; PetalBot;+https://webmaster.petalsearch.com/site/petalbot)"
114.119.128.244 - - [06/Feb/2025:15:39:59 -0500] "GET /testbeta-atif/assets/scss/bootstrap/mixins/_text-hide.scss HTTP/1.1" 200 336 "https://www.eirtechs.com/testbeta-atif/assets/scss/bootstrap/mixins/?SA" "Mozilla/5.0 (Linux; Android 7.0;) AppleWebKit/537.36 (KHTML, like Gecko) Mobile Safari/537.36 (compatible; PetalBot;+https://webmaster.petalsearch.com/site/petalbot)"
114.119.166.95 - - [06/Feb/2025:15:44:58 -0500] "GET /testbeta-atif/assets/fonts/icomoon/icomoon.eot HTTP/1.1" 200 307332 "https://www.eirtechs.com/testbeta-atif/assets/fonts/icomoon/?ND" "Mozilla/5.0 (Linux; Android 7.0;) AppleWebKit/537.36 (KHTML, like Gecko) Mobile Safari/537.36 (compatible; PetalBot;+https://webmaster.petalsearch.com/site/petalbot)"
114.119.145.225 - - [06/Feb/2025:15:44:58 -0500] "GET /admin/vendor/fontawesome-free/scss/_larger.scss HTTP/1.1" 200 393 "https://eirtechs.com/admin/vendor/fontawesome-free/scss/?ND" "Mozilla/5.0 (Linux; Android 7.0;) AppleWebKit/537.36 (KHTML, like Gecko) Mobile Safari/537.36 (compatible; PetalBot;+https://webmaster.petalsearch.com/site/petalbot)"
114.119.154.65 - - [06/Feb/2025:15:49:53 -0500] "GET /admin/vendor/fontawesome-free/svgs/solid/cog.svg HTTP/1.1" 200 486 "https://eirtechs.com/admin/vendor/fontawesome-free/svgs/solid/?SD" "Mozilla/5.0 (Linux; Android 7.0;) AppleWebKit/537.36 (KHTML, like Gecko) Mobile Safari/537.36 (compatible; PetalBot;+https://webmaster.petalsearch.com/site/petalbot)"
114.119.154.65 - - [06/Feb/2025:15:49:58 -0500] "GET /testbeta-atif/assets/fonts/icomoon/?SD HTTP/1.1" 200 878 "https://www.eirtechs.com/testbeta-atif/assets/fonts/icomoon/?SA" "Mozilla/5.0 (Linux; Android 7.0;) AppleWebKit/537.36 (KHTML, like Gecko) Mobile Safari/537.36 (compatible; PetalBot;+https://webmaster.petalsearch.com/site/petalbot)"
114.119.166.95 - - [06/Feb/2025:15:54:58 -0500] "GET /admin/vendor/fontawesome-free/svgs/?SA HTTP/1.1" 200 831 "https://eirtechs.com/admin/vendor/fontawesome-free/svgs/?NA" "Mozilla/5.0 (Linux; Android 7.0;) AppleWebKit/537.36 (KHTML, like Gecko) Mobile Safari/537.36 (compatible; PetalBot;+https://webmaster.petalsearch.com/site/petalbot)"
114.119.135.120 - - [06/Feb/2025:15:54:59 -0500] "GET /services/corprate-branding.php HTTP/1.1" 200 9113 "https://www.eirtechs.com/services/?SA" "Mozilla/5.0 (Linux; Android 7.0;) AppleWebKit/537.36 (KHTML, like Gecko) Mobile Safari/537.36 (compatible; PetalBot;+https://webmaster.petalsearch.com/site/petalbot)"
51.222.253.17 - - [06/Feb/2025:15:56:43 -0500] "GET /assets/?SA HTTP/1.1" 200 1005 "-" "Mozilla/5.0 (compatible; AhrefsBot/7.0; +http://ahrefs.com/robot/)"
114.119.154.65 - - [06/Feb/2025:15:59:55 -0500] "GET /admin/vendor/fontawesome-free/svgs/regular/grin-tears.svg HTTP/1.1" 200 645 "https://eirtechs.com/admin/vendor/fontawesome-free/svgs/regular/?MA" "Mozilla/5.0 (Linux; Android 7.0;) AppleWebKit/537.36 (KHTML, like Gecko) Mobile Safari/537.36 (compatible; PetalBot;+https://webmaster.petalsearch.com/site/petalbot)"
114.119.135.120 - - [06/Feb/2025:16:00:02 -0500] "GET /service/web-cms-development/single_page_application.php HTTP/1.1" 200 10945 "https://www.eirtechs.com/service/mobile-application/android_application.php" "Mozilla/5.0 (Linux; Android 7.0;) AppleWebKit/537.36 (KHTML, like Gecko) Mobile Safari/537.36 (compatible; PetalBot;+https://webmaster.petalsearch.com/site/petalbot)"
114.119.135.120 - - [06/Feb/2025:16:05:00 -0500] "GET /admin/vendor/fontawesome-free/svgs/brands/vnv.svg HTTP/1.1" 200 386 "https://eirtechs.com/admin/vendor/fontawesome-free/svgs/brands/?ND" "Mozilla/5.0 (Linux; Android 7.0;) AppleWebKit/537.36 (KHTML, like Gecko) Mobile Safari/537.36 (compatible; PetalBot;+https://webmaster.petalsearch.com/site/petalbot)"
114.119.145.115 - - [06/Feb/2025:16:05:05 -0500] "GET /service/digital-marketing/email_marketing.php HTTP/1.1" 200 12563 "https://www.eirtechs.com/service/mobile-application/android_application.php" "Mozilla/5.0 (Linux; Android 7.0;) AppleWebKit/537.36 (KHTML, like Gecko) Mobile Safari/537.36 (compatible; PetalBot;+https://webmaster.petalsearch.com/site/petalbot)"
114.119.154.65 - - [06/Feb/2025:16:09:56 -0500] "GET /service/digital-marketing/?NA HTTP/1.1" 200 1275 "https://www.eirtechs.com/service/digital-marketing/?MA" "Mozilla/5.0 (Linux; Android 7.0;) AppleWebKit/537.36 (KHTML, like Gecko) Mobile Safari/537.36 (compatible; PetalBot;+https://webmaster.petalsearch.com/site/petalbot)"
114.119.128.244 - - [06/Feb/2025:16:09:58 -0500] "GET /admin/vendor/fontawesome-free/scss/_bordered-pulled.scss HTTP/1.1" 200 428 "https://eirtechs.com/admin/vendor/fontawesome-free/scss/?ND" "Mozilla/5.0 (Linux; Android 7.0;) AppleWebKit/537.36 (KHTML, like Gecko) Mobile Safari/537.36 (compatible; PetalBot;+https://webmaster.petalsearch.com/site/petalbot)"
51.222.253.9 - - [06/Feb/2025:16:13:39 -0500] "GET /testbeta-atif/assets/scss/bootstrap/mixins/?SD HTTP/1.1" 200 1538 "-" "Mozilla/5.0 (compatible; AhrefsBot/7.0; +http://ahrefs.com/robot/)"
114.119.154.65 - - [06/Feb/2025:16:14:58 -0500] "GET /admin/vendor/fontawesome-free/less/_variables.less HTTP/1.1" 200 38576 "https://eirtechs.com/admin/vendor/fontawesome-free/less/?NA" "Mozilla/5.0 (Linux; Android 7.0;) AppleWebKit/537.36 (KHTML, like Gecko) Mobile Safari/537.36 (compatible; PetalBot;+https://webmaster.petalsearch.com/site/petalbot)"
114.119.128.203 - - [06/Feb/2025:16:14:58 -0500] "GET /service/?SD HTTP/1.1" 200 1473 "https://www.eirtechs.com/service/?SA" "Mozilla/5.0 (Linux; Android 7.0;) AppleWebKit/537.36 (KHTML, like Gecko) Mobile Safari/537.36 (compatible; PetalBot;+https://webmaster.petalsearch.com/site/petalbot)"
85.208.96.210 - - [06/Feb/2025:16:19:26 -0500] "GET /robots.txt HTTP/1.1" 404 1251 "-" "Mozilla/5.0 (compatible; SemrushBot/7~bl; +http://www.semrush.com/bot.html)"
185.191.171.11 - - [06/Feb/2025:16:19:27 -0500] "GET /service/digital-marketing/app_marketing.php HTTP/1.1" 200 12445 "-" "Mozilla/5.0 (compatible; SemrushBot/7~bl; +http://www.semrush.com/bot.html)"
114.119.145.115 - - [06/Feb/2025:16:19:52 -0500] "GET /admin/vendor/fontawesome-free/svgs/solid/angle-up.svg HTTP/1.1" 200 269 "https://eirtechs.com/admin/vendor/fontawesome-free/svgs/solid/?NA" "Mozilla/5.0 (Linux; Android 7.0;) AppleWebKit/537.36 (KHTML, like Gecko) Mobile Safari/537.36 (compatible; PetalBot;+https://webmaster.petalsearch.com/site/petalbot)"
114.119.135.120 - - [06/Feb/2025:16:20:02 -0500] "GET /root_stripe/stripe/tests/Stripe/Terminal/?NA HTTP/1.1" 200 876 "https://www.eirtechs.com/root_stripe/stripe/tests/Stripe/Terminal/?ND" "Mozilla/5.0 (Linux; Android 7.0;) AppleWebKit/537.36 (KHTML, like Gecko) Mobile Safari/537.36 (compatible; PetalBot;+https://webmaster.petalsearch.com/site/petalbot)"
85.208.96.204 - - [06/Feb/2025:16:24:06 -0500] "GET /service/our-work/medusa.php HTTP/1.1" 200 8002 "-" "Mozilla/5.0 (compatible; SemrushBot/7~bl; +http://www.semrush.com/bot.html)"
114.119.166.95 - - [06/Feb/2025:16:24:53 -0500] "GET /admin/vendor/fontawesome-free/svgs/brands/alipay.svg HTTP/1.1" 200 454 "https://eirtechs.com/admin/vendor/fontawesome-free/svgs/brands/?ND" "Mozilla/5.0 (Linux; Android 7.0;) AppleWebKit/537.36 (KHTML, like Gecko) Mobile Safari/537.36 (compatible; PetalBot;+https://webmaster.petalsearch.com/site/petalbot)"
114.119.154.65 - - [06/Feb/2025:16:24:56 -0500] "GET /testbeta/services/?NA HTTP/1.1" 200 854 "https://www.eirtechs.com/testbeta/services/?MD" "Mozilla/5.0 (Linux; Android 7.0;) AppleWebKit/537.36 (KHTML, like Gecko) Mobile Safari/537.36 (compatible; PetalBot;+https://webmaster.petalsearch.com/site/petalbot)"
