54.38.85.36 - - [06/Feb/2025:09:36:03 -0500] "GET /root_stripe/stripe/tests/Stripe/ApplicationFeeTest.php HTTP/1.1" 200 144 "-" "Mozilla/5.0 (compatible; MJ12bot/v1.4.8; http://mj12bot.com/)"
54.38.85.36 - - [06/Feb/2025:09:36:05 -0500] "GET /root_stripe/stripe/tests/Stripe/BalanceTest.php HTTP/1.1" 200 141 "-" "Mozilla/5.0 (compatible; MJ12bot/v1.4.8; http://mj12bot.com/)"
54.38.85.36 - - [06/Feb/2025:09:36:07 -0500] "GET /root_stripe/stripe/tests/Stripe/BalanceTransactionTest.php HTTP/1.1" 200 147 "-" "Mozilla/5.0 (compatible; MJ12bot/v1.4.8; http://mj12bot.com/)"
54.38.85.36 - - [06/Feb/2025:09:36:09 -0500] "GET /root_stripe/stripe/tests/Stripe/BankAccountTest.php HTTP/1.1" 200 144 "-" "Mozilla/5.0 (compatible; MJ12bot/v1.4.8; http://mj12bot.com/)"
54.38.85.36 - - [06/Feb/2025:09:36:10 -0500] "GET /root_stripe/stripe/tests/Stripe/BitcoinReceiverTest.php HTTP/1.1" 200 145 "-" "Mozilla/5.0 (compatible; MJ12bot/v1.4.8; http://mj12bot.com/)"
54.38.85.36 - - [06/Feb/2025:09:36:12 -0500] "GET /root_stripe/stripe/tests/Stripe/CardTest.php HTTP/1.1" 200 139 "-" "Mozilla/5.0 (compatible; MJ12bot/v1.4.8; http://mj12bot.com/)"
54.38.85.36 - - [06/Feb/2025:09:36:14 -0500] "GET /root_stripe/stripe/tests/Stripe/ChargeTest.php HTTP/1.1" 200 140 "-" "Mozilla/5.0 (compatible; MJ12bot/v1.4.8; http://mj12bot.com/)"
54.38.85.36 - - [06/Feb/2025:09:36:16 -0500] "GET /root_stripe/stripe/tests/Stripe/CollectionTest.php HTTP/1.1" 200 138 "-" "Mozilla/5.0 (compatible; MJ12bot/v1.4.8; http://mj12bot.com/)"
54.38.85.36 - - [06/Feb/2025:09:36:18 -0500] "GET /root_stripe/stripe/tests/Stripe/CountrySpecTest.php HTTP/1.1" 200 143 "-" "Mozilla/5.0 (compatible; MJ12bot/v1.4.8; http://mj12bot.com/)"
54.38.85.36 - - [06/Feb/2025:09:36:19 -0500] "GET /root_stripe/stripe/tests/Stripe/CouponTest.php HTTP/1.1" 200 141 "-" "Mozilla/5.0 (compatible; MJ12bot/v1.4.8; http://mj12bot.com/)"
54.38.85.36 - - [06/Feb/2025:09:36:21 -0500] "GET /root_stripe/stripe/tests/Stripe/CustomerTest.php HTTP/1.1" 200 141 "-" "Mozilla/5.0 (compatible; MJ12bot/v1.4.8; http://mj12bot.com/)"
54.38.85.36 - - [06/Feb/2025:09:36:23 -0500] "GET /root_stripe/stripe/tests/Stripe/DisputeTest.php HTTP/1.1" 200 140 "-" "Mozilla/5.0 (compatible; MJ12bot/v1.4.8; http://mj12bot.com/)"
54.38.85.36 - - [06/Feb/2025:09:36:25 -0500] "GET /root_stripe/stripe/tests/Stripe/EphemeralKeyTest.php HTTP/1.1" 200 144 "-" "Mozilla/5.0 (compatible; MJ12bot/v1.4.8; http://mj12bot.com/)"
54.38.85.36 - - [06/Feb/2025:09:36:27 -0500] "GET /root_stripe/stripe/tests/Stripe/Error/ HTTP/1.1" 200 669 "-" "Mozilla/5.0 (compatible; MJ12bot/v1.4.8; http://mj12bot.com/)"
54.38.85.36 - - [06/Feb/2025:09:36:29 -0500] "GET /root_stripe/stripe/tests/Stripe/EventTest.php HTTP/1.1" 200 138 "-" "Mozilla/5.0 (compatible; MJ12bot/v1.4.8; http://mj12bot.com/)"
54.38.85.36 - - [06/Feb/2025:09:36:31 -0500] "GET /root_stripe/stripe/tests/Stripe/ExchangeRateTest.php HTTP/1.1" 200 146 "-" "Mozilla/5.0 (compatible; MJ12bot/v1.4.8; http://mj12bot.com/)"
54.38.85.36 - - [06/Feb/2025:09:36:32 -0500] "GET /root_stripe/stripe/tests/Stripe/FileCreationTest.php HTTP/1.1" 200 144 "-" "Mozilla/5.0 (compatible; MJ12bot/v1.4.8; http://mj12bot.com/)"
54.38.85.36 - - [06/Feb/2025:09:36:34 -0500] "GET /root_stripe/stripe/tests/Stripe/FileLinkTest.php HTTP/1.1" 200 141 "-" "Mozilla/5.0 (compatible; MJ12bot/v1.4.8; http://mj12bot.com/)"
54.38.85.36 - - [06/Feb/2025:09:36:36 -0500] "GET /root_stripe/stripe/tests/Stripe/FileTest.php HTTP/1.1" 200 139 "-" "Mozilla/5.0 (compatible; MJ12bot/v1.4.8; http://mj12bot.com/)"
54.38.85.36 - - [06/Feb/2025:09:36:38 -0500] "GET /root_stripe/stripe/tests/Stripe/FileUploadCreationTest.php HTTP/1.1" 200 146 "-" "Mozilla/5.0 (compatible; MJ12bot/v1.4.8; http://mj12bot.com/)"
54.38.85.36 - - [06/Feb/2025:09:36:39 -0500] "GET /root_stripe/stripe/tests/Stripe/FileUploadTest.php HTTP/1.1" 200 143 "-" "Mozilla/5.0 (compatible; MJ12bot/v1.4.8; http://mj12bot.com/)"
54.38.85.36 - - [06/Feb/2025:09:36:41 -0500] "GET /root_stripe/stripe/tests/Stripe/HttpClient/ HTTP/1.1" 200 647 "-" "Mozilla/5.0 (compatible; MJ12bot/v1.4.8; http://mj12bot.com/)"
54.38.85.36 - - [06/Feb/2025:09:36:43 -0500] "GET /root_stripe/stripe/tests/Stripe/InvoiceItemTest.php HTTP/1.1" 200 145 "-" "Mozilla/5.0 (compatible; MJ12bot/v1.4.8; http://mj12bot.com/)"
54.38.85.36 - - [06/Feb/2025:09:36:45 -0500] "GET /root_stripe/stripe/tests/Stripe/InvoiceTest.php HTTP/1.1" 200 141 "-" "Mozilla/5.0 (compatible; MJ12bot/v1.4.8; http://mj12bot.com/)"
54.38.85.36 - - [06/Feb/2025:09:36:46 -0500] "GET /root_stripe/stripe/tests/Stripe/IssuerFraudRecordTest.php HTTP/1.1" 200 146 "-" "Mozilla/5.0 (compatible; MJ12bot/v1.4.8; http://mj12bot.com/)"
54.38.85.36 - - [06/Feb/2025:09:36:48 -0500] "GET /root_stripe/stripe/tests/Stripe/Issuing/ HTTP/1.1" 200 744 "-" "Mozilla/5.0 (compatible; MJ12bot/v1.4.8; http://mj12bot.com/)"
54.38.85.36 - - [06/Feb/2025:09:36:49 -0500] "GET /root_stripe/stripe/tests/Stripe/OAuthTest.php HTTP/1.1" 200 140 "-" "Mozilla/5.0 (compatible; MJ12bot/v1.4.8; http://mj12bot.com/)"
54.38.85.36 - - [06/Feb/2025:09:36:51 -0500] "GET /root_stripe/stripe/tests/Stripe/OrderReturnTest.php HTTP/1.1" 200 142 "-" "Mozilla/5.0 (compatible; MJ12bot/v1.4.8; http://mj12bot.com/)"
54.38.85.36 - - [06/Feb/2025:09:36:53 -0500] "GET /root_stripe/stripe/tests/Stripe/OrderTest.php HTTP/1.1" 200 138 "-" "Mozilla/5.0 (compatible; MJ12bot/v1.4.8; http://mj12bot.com/)"
54.38.85.36 - - [06/Feb/2025:09:36:55 -0500] "GET /root_stripe/stripe/tests/Stripe/PaymentIntentTest.php HTTP/1.1" 200 145 "-" "Mozilla/5.0 (compatible; MJ12bot/v1.4.8; http://mj12bot.com/)"
54.38.85.36 - - [06/Feb/2025:09:36:56 -0500] "GET /root_stripe/stripe/tests/Stripe/PayoutTest.php HTTP/1.1" 200 142 "-" "Mozilla/5.0 (compatible; MJ12bot/v1.4.8; http://mj12bot.com/)"
54.38.85.36 - - [06/Feb/2025:09:36:58 -0500] "GET /root_stripe/stripe/tests/Stripe/PlanTest.php HTTP/1.1" 200 139 "-" "Mozilla/5.0 (compatible; MJ12bot/v1.4.8; http://mj12bot.com/)"
54.38.85.36 - - [06/Feb/2025:09:37:00 -0500] "GET /root_stripe/stripe/tests/Stripe/ProductTest.php HTTP/1.1" 200 139 "-" "Mozilla/5.0 (compatible; MJ12bot/v1.4.8; http://mj12bot.com/)"
54.38.85.36 - - [06/Feb/2025:09:37:02 -0500] "GET /root_stripe/stripe/tests/Stripe/RecipientTest.php HTTP/1.1" 200 142 "-" "Mozilla/5.0 (compatible; MJ12bot/v1.4.8; http://mj12bot.com/)"
54.38.85.36 - - [06/Feb/2025:09:37:04 -0500] "GET /root_stripe/stripe/tests/Stripe/RefundTest.php HTTP/1.1" 200 141 "-" "Mozilla/5.0 (compatible; MJ12bot/v1.4.8; http://mj12bot.com/)"
54.38.85.36 - - [06/Feb/2025:09:37:05 -0500] "GET /root_stripe/stripe/tests/Stripe/Reporting/ HTTP/1.1" 200 671 "-" "Mozilla/5.0 (compatible; MJ12bot/v1.4.8; http://mj12bot.com/)"
54.38.85.36 - - [06/Feb/2025:09:37:07 -0500] "GET /root_stripe/stripe/tests/Stripe/SKUTest.php HTTP/1.1" 200 139 "-" "Mozilla/5.0 (compatible; MJ12bot/v1.4.8; http://mj12bot.com/)"
54.38.85.36 - - [06/Feb/2025:09:37:09 -0500] "GET /root_stripe/stripe/tests/Stripe/Sigma/ HTTP/1.1" 200 650 "-" "Mozilla/5.0 (compatible; MJ12bot/v1.4.8; http://mj12bot.com/)"
54.38.85.36 - - [06/Feb/2025:09:37:11 -0500] "GET /root_stripe/stripe/tests/Stripe/SourceTest.php HTTP/1.1" 200 140 "-" "Mozilla/5.0 (compatible; MJ12bot/v1.4.8; http://mj12bot.com/)"
54.38.85.36 - - [06/Feb/2025:09:37:13 -0500] "GET /root_stripe/stripe/tests/Stripe/StripeObjectTest.php HTTP/1.1" 200 141 "-" "Mozilla/5.0 (compatible; MJ12bot/v1.4.8; http://mj12bot.com/)"
54.38.85.36 - - [06/Feb/2025:09:37:15 -0500] "GET /root_stripe/stripe/tests/Stripe/StripeTest.php HTTP/1.1" 200 136 "-" "Mozilla/5.0 (compatible; MJ12bot/v1.4.8; http://mj12bot.com/)"
54.38.85.36 - - [06/Feb/2025:09:37:17 -0500] "GET /root_stripe/stripe/tests/Stripe/SubscriptionItemTest.php HTTP/1.1" 200 146 "-" "Mozilla/5.0 (compatible; MJ12bot/v1.4.8; http://mj12bot.com/)"
54.38.85.36 - - [06/Feb/2025:09:37:19 -0500] "GET /root_stripe/stripe/tests/Stripe/SubscriptionTest.php HTTP/1.1" 200 144 "-" "Mozilla/5.0 (compatible; MJ12bot/v1.4.8; http://mj12bot.com/)"
54.38.85.36 - - [06/Feb/2025:09:37:21 -0500] "GET /root_stripe/stripe/tests/Stripe/Terminal/ HTTP/1.1" 200 697 "-" "Mozilla/5.0 (compatible; MJ12bot/v1.4.8; http://mj12bot.com/)"
54.38.85.36 - - [06/Feb/2025:09:37:23 -0500] "GET /root_stripe/stripe/tests/Stripe/ThreeDSecureTest.php HTTP/1.1" 200 142 "-" "Mozilla/5.0 (compatible; MJ12bot/v1.4.8; http://mj12bot.com/)"
54.38.85.36 - - [06/Feb/2025:09:37:25 -0500] "GET /root_stripe/stripe/tests/Stripe/TokenTest.php HTTP/1.1" 200 140 "-" "Mozilla/5.0 (compatible; MJ12bot/v1.4.8; http://mj12bot.com/)"
54.38.85.36 - - [06/Feb/2025:09:37:27 -0500] "GET /root_stripe/stripe/tests/Stripe/TopupTest.php HTTP/1.1" 200 140 "-" "Mozilla/5.0 (compatible; MJ12bot/v1.4.8; http://mj12bot.com/)"
54.38.85.36 - - [06/Feb/2025:09:37:29 -0500] "GET /root_stripe/stripe/tests/Stripe/TransferReversalTest.php HTTP/1.1" 200 145 "-" "Mozilla/5.0 (compatible; MJ12bot/v1.4.8; http://mj12bot.com/)"
54.38.85.36 - - [06/Feb/2025:09:37:30 -0500] "GET /root_stripe/stripe/tests/Stripe/TransferTest.php HTTP/1.1" 200 139 "-" "Mozilla/5.0 (compatible; MJ12bot/v1.4.8; http://mj12bot.com/)"
54.38.85.36 - - [06/Feb/2025:09:37:33 -0500] "GET /root_stripe/stripe/tests/Stripe/UsageRecordTest.php HTTP/1.1" 200 143 "-" "Mozilla/5.0 (compatible; MJ12bot/v1.4.8; http://mj12bot.com/)"
54.38.85.36 - - [06/Feb/2025:09:37:35 -0500] "GET /root_stripe/stripe/tests/Stripe/Util/ HTTP/1.1" 200 705 "-" "Mozilla/5.0 (compatible; MJ12bot/v1.4.8; http://mj12bot.com/)"
54.38.85.36 - - [06/Feb/2025:09:37:36 -0500] "GET /root_stripe/stripe/tests/Stripe/WebhookTest.php HTTP/1.1" 200 142 "-" "Mozilla/5.0 (compatible; MJ12bot/v1.4.8; http://mj12bot.com/)"
54.38.85.36 - - [06/Feb/2025:09:37:38 -0500] "GET /root_stripe/stripe/tests/data/?MA HTTP/1.1" 200 625 "-" "Mozilla/5.0 (compatible; MJ12bot/v1.4.8; http://mj12bot.com/)"
54.38.85.36 - - [06/Feb/2025:09:37:40 -0500] "GET /root_stripe/stripe/tests/data/?ND HTTP/1.1" 200 619 "-" "Mozilla/5.0 (compatible; MJ12bot/v1.4.8; http://mj12bot.com/)"
54.38.85.36 - - [06/Feb/2025:09:37:42 -0500] "GET /root_stripe/stripe/tests/data/?SA HTTP/1.1" 200 624 "-" "Mozilla/5.0 (compatible; MJ12bot/v1.4.8; http://mj12bot.com/)"
51.222.253.10 - - [06/Feb/2025:09:37:42 -0500] "GET /portfolio.php HTTP/1.1" 200 4568 "-" "Mozilla/5.0 (compatible; AhrefsBot/7.0; +http://ahrefs.com/robot/)"
54.38.85.36 - - [06/Feb/2025:09:37:44 -0500] "GET /testbeta-atif/assets/css/bootstrap/?MA HTTP/1.1" 200 662 "-" "Mozilla/5.0 (compatible; MJ12bot/v1.4.8; http://mj12bot.com/)"
54.38.85.36 - - [06/Feb/2025:09:37:46 -0500] "GET /testbeta-atif/assets/css/bootstrap/?ND HTTP/1.1" 200 660 "-" "Mozilla/5.0 (compatible; MJ12bot/v1.4.8; http://mj12bot.com/)"
54.38.85.36 - - [06/Feb/2025:09:37:47 -0500] "GET /testbeta-atif/assets/css/bootstrap/?SA HTTP/1.1" 200 660 "-" "Mozilla/5.0 (compatible; MJ12bot/v1.4.8; http://mj12bot.com/)"
54.38.85.36 - - [06/Feb/2025:09:37:49 -0500] "GET /testbeta-atif/assets/css/bootstrap/bootstrap-grid.css HTTP/1.1" 200 3642 "-" "Mozilla/5.0 (compatible; MJ12bot/v1.4.8; http://mj12bot.com/)"
54.38.85.36 - - [06/Feb/2025:09:37:51 -0500] "GET /testbeta-atif/assets/css/bootstrap/bootstrap-reboot.css HTTP/1.1" 200 1494 "-" "Mozilla/5.0 (compatible; MJ12bot/v1.4.8; http://mj12bot.com/)"
54.38.85.36 - - [06/Feb/2025:09:37:53 -0500] "GET /testbeta-atif/assets/css/css/?MA HTTP/1.1" 200 682 "-" "Mozilla/5.0 (compatible; MJ12bot/v1.4.8; http://mj12bot.com/)"
54.38.85.36 - - [06/Feb/2025:09:37:55 -0500] "GET /testbeta-atif/assets/css/css/?ND HTTP/1.1" 200 676 "-" "Mozilla/5.0 (compatible; MJ12bot/v1.4.8; http://mj12bot.com/)"
54.38.85.36 - - [06/Feb/2025:09:37:57 -0500] "GET /testbeta-atif/assets/css/css/?SA HTTP/1.1" 200 679 "-" "Mozilla/5.0 (compatible; MJ12bot/v1.4.8; http://mj12bot.com/)"
54.38.85.36 - - [06/Feb/2025:09:37:59 -0500] "GET /testbeta-atif/assets/css/css/bootstrap-reboot.css HTTP/1.1" 200 1474 "-" "Mozilla/5.0 (compatible; MJ12bot/v1.4.8; http://mj12bot.com/)"
54.38.85.36 - - [06/Feb/2025:09:38:00 -0500] "GET /testbeta-atif/assets/css/css/mixins/ HTTP/1.1" 200 628 "-" "Mozilla/5.0 (compatible; MJ12bot/v1.4.8; http://mj12bot.com/)"
54.38.85.36 - - [06/Feb/2025:09:38:02 -0500] "GET /testbeta-atif/assets/fonts/flaticon/?MA HTTP/1.1" 200 692 "-" "Mozilla/5.0 (compatible; MJ12bot/v1.4.8; http://mj12bot.com/)"
54.38.85.36 - - [06/Feb/2025:09:38:04 -0500] "GET /testbeta-atif/assets/fonts/flaticon/?ND HTTP/1.1" 200 686 "-" "Mozilla/5.0 (compatible; MJ12bot/v1.4.8; http://mj12bot.com/)"
54.38.85.36 - - [06/Feb/2025:09:38:06 -0500] "GET /testbeta-atif/assets/fonts/flaticon/?SA HTTP/1.1" 200 694 "-" "Mozilla/5.0 (compatible; MJ12bot/v1.4.8; http://mj12bot.com/)"
54.38.85.36 - - [06/Feb/2025:09:38:08 -0500] "GET /testbeta-atif/assets/fonts/flaticon/backup.txt HTTP/1.1" 200 363 "-" "Mozilla/5.0 (compatible; MJ12bot/v1.4.8; http://mj12bot.com/)"
54.38.85.36 - - [06/Feb/2025:09:38:09 -0500] "GET /testbeta-atif/assets/fonts/flaticon/font/ HTTP/1.1" 200 1070 "-" "Mozilla/5.0 (compatible; MJ12bot/v1.4.8; http://mj12bot.com/)"
54.38.85.36 - - [06/Feb/2025:09:38:11 -0500] "GET /testbeta-atif/assets/fonts/flaticon/license/ HTTP/1.1" 200 637 "-" "Mozilla/5.0 (compatible; MJ12bot/v1.4.8; http://mj12bot.com/)"
54.38.85.36 - - [06/Feb/2025:09:38:14 -0500] "GET /testbeta-atif/assets/fonts/icomoon/?MA HTTP/1.1" 200 710 "-" "Mozilla/5.0 (compatible; MJ12bot/v1.4.8; http://mj12bot.com/)"
54.38.85.36 - - [06/Feb/2025:09:38:16 -0500] "GET /testbeta-atif/assets/fonts/icomoon/?ND HTTP/1.1" 200 707 "-" "Mozilla/5.0 (compatible; MJ12bot/v1.4.8; http://mj12bot.com/)"
54.38.85.36 - - [06/Feb/2025:09:38:18 -0500] "GET /testbeta-atif/assets/fonts/icomoon/?SA HTTP/1.1" 200 711 "-" "Mozilla/5.0 (compatible; MJ12bot/v1.4.8; http://mj12bot.com/)"
54.38.85.36 - - [06/Feb/2025:09:38:19 -0500] "GET /testbeta-atif/assets/fonts/ionicons/?MA HTTP/1.1" 200 634 "-" "Mozilla/5.0 (compatible; MJ12bot/v1.4.8; http://mj12bot.com/)"
54.38.85.36 - - [06/Feb/2025:09:38:21 -0500] "GET /testbeta-atif/assets/fonts/ionicons/?ND HTTP/1.1" 200 634 "-" "Mozilla/5.0 (compatible; MJ12bot/v1.4.8; http://mj12bot.com/)"
54.38.85.36 - - [06/Feb/2025:09:38:23 -0500] "GET /testbeta-atif/assets/fonts/ionicons/?SA HTTP/1.1" 200 635 "-" "Mozilla/5.0 (compatible; MJ12bot/v1.4.8; http://mj12bot.com/)"
54.38.85.36 - - [06/Feb/2025:09:38:25 -0500] "GET /testbeta-atif/assets/fonts/ionicons/css/ HTTP/1.1" 200 666 "-" "Mozilla/5.0 (compatible; MJ12bot/v1.4.8; http://mj12bot.com/)"
54.38.85.36 - - [06/Feb/2025:09:38:27 -0500] "GET /testbeta-atif/assets/fonts/ionicons/fonts/ HTTP/1.1" 200 729 "-" "Mozilla/5.0 (compatible; MJ12bot/v1.4.8; http://mj12bot.com/)"
54.38.85.36 - - [06/Feb/2025:09:38:29 -0500] "GET /testbeta-atif/assets/fonts/open-iconic/?MA HTTP/1.1" 200 728 "-" "Mozilla/5.0 (compatible; MJ12bot/v1.4.8; http://mj12bot.com/)"
54.38.85.36 - - [06/Feb/2025:09:38:32 -0500] "GET /testbeta-atif/assets/fonts/open-iconic/?ND HTTP/1.1" 200 726 "-" "Mozilla/5.0 (compatible; MJ12bot/v1.4.8; http://mj12bot.com/)"
54.38.85.36 - - [06/Feb/2025:09:38:34 -0500] "GET /testbeta-atif/assets/fonts/open-iconic/?SA HTTP/1.1" 200 729 "-" "Mozilla/5.0 (compatible; MJ12bot/v1.4.8; http://mj12bot.com/)"
54.38.85.36 - - [06/Feb/2025:09:38:37 -0500] "GET /testbeta-atif/assets/images/portfolio/?MA HTTP/1.1" 200 1307 "-" "Mozilla/5.0 (compatible; MJ12bot/v1.4.8; http://mj12bot.com/)"
54.38.85.36 - - [06/Feb/2025:09:38:39 -0500] "GET /testbeta-atif/assets/images/portfolio/?ND HTTP/1.1" 200 1307 "-" "Mozilla/5.0 (compatible; MJ12bot/v1.4.8; http://mj12bot.com/)"
54.38.85.36 - - [06/Feb/2025:09:38:41 -0500] "GET /testbeta-atif/assets/images/portfolio/?SA HTTP/1.1" 200 1304 "-" "Mozilla/5.0 (compatible; MJ12bot/v1.4.8; http://mj12bot.com/)"
54.38.85.36 - - [06/Feb/2025:09:38:42 -0500] "GET /testbeta-atif/assets/images/portfolio/app/ HTTP/1.1" 200 686 "-" "Mozilla/5.0 (compatible; MJ12bot/v1.4.8; http://mj12bot.com/)"
54.38.85.36 - - [06/Feb/2025:09:38:44 -0500] "GET /testbeta-atif/assets/images/portfolio/branding/ HTTP/1.1" 200 1370 "-" "Mozilla/5.0 (compatible; MJ12bot/v1.4.8; http://mj12bot.com/)"
54.38.85.36 - - [06/Feb/2025:09:38:46 -0500] "GET /testbeta-atif/assets/images/portfolio/logo/ HTTP/1.1" 200 1650 "-" "Mozilla/5.0 (compatible; MJ12bot/v1.4.8; http://mj12bot.com/)"
54.38.85.36 - - [06/Feb/2025:09:38:48 -0500] "GET /testbeta-atif/assets/images/portfolio/topbrands/ HTTP/1.1" 200 1070 "-" "Mozilla/5.0 (compatible; MJ12bot/v1.4.8; http://mj12bot.com/)"
54.38.85.36 - - [06/Feb/2025:09:38:49 -0500] "GET /testbeta-atif/assets/images/portfolio/website/ HTTP/1.1" 200 1296 "-" "Mozilla/5.0 (compatible; MJ12bot/v1.4.8; http://mj12bot.com/)"
54.38.85.36 - - [06/Feb/2025:09:38:51 -0500] "GET /testbeta-atif/assets/images/services/?MA HTTP/1.1" 200 727 "-" "Mozilla/5.0 (compatible; MJ12bot/v1.4.8; http://mj12bot.com/)"
54.38.85.36 - - [06/Feb/2025:09:38:53 -0500] "GET /testbeta-atif/assets/images/services/?ND HTTP/1.1" 200 728 "-" "Mozilla/5.0 (compatible; MJ12bot/v1.4.8; http://mj12bot.com/)"
54.38.85.36 - - [06/Feb/2025:09:38:55 -0500] "GET /testbeta-atif/assets/images/services/?SA HTTP/1.1" 200 730 "-" "Mozilla/5.0 (compatible; MJ12bot/v1.4.8; http://mj12bot.com/)"
54.38.85.36 - - [06/Feb/2025:09:38:57 -0500] "GET /testbeta-atif/assets/scss/bootstrap/?MA HTTP/1.1" 200 1924 "-" "Mozilla/5.0 (compatible; MJ12bot/v1.4.8; http://mj12bot.com/)"
54.38.85.36 - - [06/Feb/2025:09:38:59 -0500] "GET /testbeta-atif/assets/scss/bootstrap/?ND HTTP/1.1" 200 1915 "-" "Mozilla/5.0 (compatible; MJ12bot/v1.4.8; http://mj12bot.com/)"
54.38.85.36 - - [06/Feb/2025:09:39:01 -0500] "GET /testbeta-atif/assets/scss/bootstrap/?SA HTTP/1.1" 200 1923 "-" "Mozilla/5.0 (compatible; MJ12bot/v1.4.8; http://mj12bot.com/)"
54.38.85.36 - - [06/Feb/2025:09:39:03 -0500] "GET /testbeta-atif/assets/scss/bootstrap/bootstrap-grid.css HTTP/1.1" 200 2828 "-" "Mozilla/5.0 (compatible; MJ12bot/v1.4.8; http://mj12bot.com/)"
54.38.85.36 - - [06/Feb/2025:09:39:05 -0500] "GET /testbeta-atif/assets/scss/bootstrap/bootstrap-reboot.css HTTP/1.1" 200 1521 "-" "Mozilla/5.0 (compatible; MJ12bot/v1.4.8; http://mj12bot.com/)"
54.38.85.36 - - [06/Feb/2025:09:39:07 -0500] "GET /testbeta-atif/assets/scss/bootstrap/bootstrap.css HTTP/1.1" 200 20596 "-" "Mozilla/5.0 (compatible; MJ12bot/v1.4.8; http://mj12bot.com/)"
54.38.85.36 - - [06/Feb/2025:09:39:09 -0500] "GET /testbeta-atif/assets/scss/bootstrap/mixins/ HTTP/1.1" 200 1539 "-" "Mozilla/5.0 (compatible; MJ12bot/v1.4.8; http://mj12bot.com/)"
54.38.85.36 - - [06/Feb/2025:09:39:11 -0500] "GET /testbeta-atif/assets/scss/bootstrap/utilities/ HTTP/1.1" 200 1208 "-" "Mozilla/5.0 (compatible; MJ12bot/v1.4.8; http://mj12bot.com/)"
114.119.145.225 - - [06/Feb/2025:09:39:40 -0500] "GET /admin/vendor/fontawesome-free/svgs/solid/trophy.svg HTTP/1.1" 200 407 "https://eirtechs.com/admin/vendor/fontawesome-free/svgs/solid/?SD" "Mozilla/5.0 (Linux; Android 7.0;) AppleWebKit/537.36 (KHTML, like Gecko) Mobile Safari/537.36 (compatible; PetalBot;+https://webmaster.petalsearch.com/site/petalbot)"
114.119.145.115 - - [06/Feb/2025:09:39:41 -0500] "GET /root_stripe/stripe/tests/Stripe/Terminal/?MD HTTP/1.1" 200 875 "https://www.eirtechs.com/root_stripe/stripe/tests/Stripe/Terminal/?MA" "Mozilla/5.0 (Linux; Android 7.0;) AppleWebKit/537.36 (KHTML, like Gecko) Mobile Safari/537.36 (compatible; PetalBot;+https://webmaster.petalsearch.com/site/petalbot)"
51.222.253.20 - - [06/Feb/2025:09:42:22 -0500] "GET /stripe/ HTTP/1.1" 200 719 "-" "Mozilla/5.0 (compatible; AhrefsBot/7.0; +http://ahrefs.com/robot/)"
114.119.135.120 - - [06/Feb/2025:09:44:43 -0500] "GET /admin/vendor/fontawesome-free/svgs/regular/hand-point-up.svg HTTP/1.1" 200 641 "https://eirtechs.com/admin/vendor/fontawesome-free/svgs/regular/?MA" "Mozilla/5.0 (Linux; Android 7.0;) AppleWebKit/537.36 (KHTML, like Gecko) Mobile Safari/537.36 (compatible; PetalBot;+https://webmaster.petalsearch.com/site/petalbot)"
114.119.145.115 - - [06/Feb/2025:09:44:44 -0500] "GET /testbeta/root_stripe/stripe/lib/Reporting/?NA HTTP/1.1" 200 822 "https://www.eirtechs.com/testbeta/root_stripe/stripe/lib/Reporting/?MA" "Mozilla/5.0 (Linux; Android 7.0;) AppleWebKit/537.36 (KHTML, like Gecko) Mobile Safari/537.36 (compatible; PetalBot;+https://webmaster.petalsearch.com/site/petalbot)"
51.222.253.7 - - [06/Feb/2025:09:46:56 -0500] "GET /testbeta/assets/images/portfolio/app/?SA HTTP/1.1" 200 687 "-" "Mozilla/5.0 (compatible; AhrefsBot/7.0; +http://ahrefs.com/robot/)"
114.119.136.199 - - [06/Feb/2025:09:49:43 -0500] "GET /admin/vendor/fontawesome-free/svgs/solid/laugh-wink.svg HTTP/1.1" 200 321 "https://eirtechs.com/admin/vendor/fontawesome-free/svgs/solid/?NA" "Mozilla/5.0 (Linux; Android 7.0;) AppleWebKit/537.36 (KHTML, like Gecko) Mobile Safari/537.36 (compatible; PetalBot;+https://webmaster.petalsearch.com/site/petalbot)"
114.119.135.120 - - [06/Feb/2025:09:49:47 -0500] "GET /testbeta/root_stripe/stripe/lib/HttpClient/?NA HTTP/1.1" 200 840 "https://www.eirtechs.com/testbeta/root_stripe/stripe/lib/HttpClient/?ND" "Mozilla/5.0 (Linux; Android 7.0;) AppleWebKit/537.36 (KHTML, like Gecko) Mobile Safari/537.36 (compatible; PetalBot;+https://webmaster.petalsearch.com/site/petalbot)"
51.222.253.18 - - [06/Feb/2025:09:50:59 -0500] "GET /root_stripe/stripe/tests/Stripe/Terminal/?NA HTTP/1.1" 200 701 "-" "Mozilla/5.0 (compatible; AhrefsBot/7.0; +http://ahrefs.com/robot/)"
114.119.166.95 - - [06/Feb/2025:09:54:43 -0500] "GET /admin/vendor/fontawesome-free/svgs/brands/internet-explorer.svg HTTP/1.1" 200 555 "https://eirtechs.com/admin/vendor/fontawesome-free/svgs/brands/" "Mozilla/5.0 (Linux; Android 7.0;) AppleWebKit/537.36 (KHTML, like Gecko) Mobile Safari/537.36 (compatible; PetalBot;+https://webmaster.petalsearch.com/site/petalbot)"
114.119.145.115 - - [06/Feb/2025:09:54:48 -0500] "GET /testbeta-atif/services/logo.php HTTP/1.1" 200 6590 "https://www.eirtechs.com/testbeta-atif/services/?ND" "Mozilla/5.0 (Linux; Android 7.0;) AppleWebKit/537.36 (KHTML, like Gecko) Mobile Safari/537.36 (compatible; PetalBot;+https://webmaster.petalsearch.com/site/petalbot)"
51.222.253.3 - - [06/Feb/2025:09:55:19 -0500] "GET /assets/images/portfolio/topbrands/?NA HTTP/1.1" 200 1229 "-" "Mozilla/5.0 (compatible; AhrefsBot/7.0; +http://ahrefs.com/robot/)"
114.119.145.115 - - [06/Feb/2025:09:59:46 -0500] "GET /admin/vendor/bootstrap/scss/utilities/_stretched-link.scss HTTP/1.1" 200 431 "https://eirtechs.com/admin/vendor/bootstrap/scss/utilities/?ND" "Mozilla/5.0 (Linux; Android 7.0;) AppleWebKit/537.36 (KHTML, like Gecko) Mobile Safari/537.36 (compatible; PetalBot;+https://webmaster.petalsearch.com/site/petalbot)"
114.119.136.199 - - [06/Feb/2025:09:59:51 -0500] "GET /testbeta-atif/root_stripe/stripe/lib/Issuing/Dispute.php HTTP/1.1" 200 163 "https://www.eirtechs.com/testbeta-atif/root_stripe/stripe/lib/Issuing/?MD" "Mozilla/5.0 (Linux; Android 7.0;) AppleWebKit/537.36 (KHTML, like Gecko) Mobile Safari/537.36 (compatible; PetalBot;+https://webmaster.petalsearch.com/site/petalbot)"
51.222.253.12 - - [06/Feb/2025:09:59:52 -0500] "GET /testbeta-atif/inc/?ND HTTP/1.1" 200 673 "-" "Mozilla/5.0 (compatible; AhrefsBot/7.0; +http://ahrefs.com/robot/)"
114.119.135.120 - - [06/Feb/2025:10:04:41 -0500] "GET /testbeta-atif/assets/scss/bootstrap/mixins/_gradients.scss HTTP/1.1" 200 2050 "https://www.eirtechs.com/testbeta-atif/assets/scss/bootstrap/mixins/?SA" "Mozilla/5.0 (Linux; Android 7.0;) AppleWebKit/537.36 (KHTML, like Gecko) Mobile Safari/537.36 (compatible; PetalBot;+https://webmaster.petalsearch.com/site/petalbot)"
114.119.128.244 - - [06/Feb/2025:10:04:42 -0500] "GET /admin/vendor/fontawesome-free/svgs/regular/kiss-wink-heart.svg HTTP/1.1" 200 628 "https://eirtechs.com/admin/vendor/fontawesome-free/svgs/regular/?MA" "Mozilla/5.0 (Linux; Android 7.0;) AppleWebKit/537.36 (KHTML, like Gecko) Mobile Safari/537.36 (compatible; PetalBot;+https://webmaster.petalsearch.com/site/petalbot)"
45.151.152.229 - - [06/Feb/2025:10:09:16 -0500] "GET /chosen.php?p= HTTP/1.1" 404 1251 "-" "Mozilla/5.0 (Linux; Android 7.0; SM-G892A Build/NRD90M; wv) AppleWebKit/537.36 (KHTML, like Gecko) Version/4.0 Chrome/60.0.3112.107 Mobile Safari/537.36"
51.222.253.9 - - [06/Feb/2025:10:09:28 -0500] "GET /pay/ HTTP/1.1" 200 780 "-" "Mozilla/5.0 (compatible; AhrefsBot/7.0; +http://ahrefs.com/robot/)"
114.119.128.203 - - [06/Feb/2025:10:09:45 -0500] "GET /admin/vendor/fontawesome-free/svgs/regular/arrow-alt-circle-left.svg HTTP/1.1" 200 255 "https://eirtechs.com/admin/vendor/fontawesome-free/svgs/regular/?MA" "Mozilla/5.0 (Linux; Android 7.0;) AppleWebKit/537.36 (KHTML, like Gecko) Mobile Safari/537.36 (compatible; PetalBot;+https://webmaster.petalsearch.com/site/petalbot)"
114.119.145.115 - - [06/Feb/2025:10:09:49 -0500] "GET /testbeta-atif/assets/fonts/flaticon/font/Flaticon.ttf HTTP/1.1" 200 3700 "https://www.eirtechs.com/testbeta-atif/assets/fonts/flaticon/font/?SA" "Mozilla/5.0 (Linux; Android 7.0;) AppleWebKit/537.36 (KHTML, like Gecko) Mobile Safari/537.36 (compatible; PetalBot;+https://webmaster.petalsearch.com/site/petalbot)"
51.222.253.15 - - [06/Feb/2025:10:13:37 -0500] "GET /assest/image/icons/ HTTP/1.1" 200 967 "-" "Mozilla/5.0 (compatible; AhrefsBot/7.0; +http://ahrefs.com/robot/)"
114.119.166.95 - - [06/Feb/2025:10:14:43 -0500] "GET /testbeta-atif/assets/css/bootstrap.min.css HTTP/1.1" 200 28171 "https://www.eirtechs.com/testbeta-atif/assets/css/?SD" "Mozilla/5.0 (Linux; Android 7.0;) AppleWebKit/537.36 (KHTML, like Gecko) Mobile Safari/537.36 (compatible; PetalBot;+https://webmaster.petalsearch.com/site/petalbot)"
114.119.145.225 - - [06/Feb/2025:10:14:47 -0500] "GET /admin/vendor/fontawesome-free/svgs/solid/hand-paper.svg HTTP/1.1" 200 395 "https://eirtechs.com/admin/vendor/fontawesome-free/svgs/solid/?SD" "Mozilla/5.0 (Linux; Android 7.0;) AppleWebKit/537.36 (KHTML, like Gecko) Mobile Safari/537.36 (compatible; PetalBot;+https://webmaster.petalsearch.com/site/petalbot)"
51.222.253.4 - - [06/Feb/2025:10:18:46 -0500] "GET /thankyou/ HTTP/1.1" 200 748 "-" "Mozilla/5.0 (compatible; AhrefsBot/7.0; +http://ahrefs.com/robot/)"
114.119.154.65 - - [06/Feb/2025:10:19:43 -0500] "GET /admin/vendor/fontawesome-free/svgs/solid/file-medical.svg HTTP/1.1" 200 277 "https://eirtechs.com/admin/vendor/fontawesome-free/svgs/solid/?NA" "Mozilla/5.0 (Linux; Android 7.0;) AppleWebKit/537.36 (KHTML, like Gecko) Mobile Safari/537.36 (compatible; PetalBot;+https://webmaster.petalsearch.com/site/petalbot)"
114.119.135.120 - - [06/Feb/2025:10:19:52 -0500] "GET /service/web-cms-development/?SA HTTP/1.1" 200 1308 "https://www.eirtechs.com/service/web-cms-development/?SD" "Mozilla/5.0 (Linux; Android 7.0;) AppleWebKit/537.36 (KHTML, like Gecko) Mobile Safari/537.36 (compatible; PetalBot;+https://webmaster.petalsearch.com/site/petalbot)"
51.222.253.3 - - [06/Feb/2025:10:23:10 -0500] "GET /root_stripe/stripe/tests/Stripe/Error/BaseTest.php HTTP/1.1" 200 142 "-" "Mozilla/5.0 (compatible; AhrefsBot/7.0; +http://ahrefs.com/robot/)"
114.119.166.95 - - [06/Feb/2025:10:24:44 -0500] "GET /admin/vendor/fontawesome-free/svgs/solid/glasses.svg HTTP/1.1" 200 744 "https://eirtechs.com/admin/vendor/fontawesome-free/svgs/solid/?SD" "Mozilla/5.0 (Linux; Android 7.0;) AppleWebKit/537.36 (KHTML, like Gecko) Mobile Safari/537.36 (compatible; PetalBot;+https://webmaster.petalsearch.com/site/petalbot)"
114.119.166.95 - - [06/Feb/2025:10:24:44 -0500] "GET /service/software-development/?SD HTTP/1.1" 200 1288 "https://www.eirtechs.com/service/software-development/?SA" "Mozilla/5.0 (Linux; Android 7.0;) AppleWebKit/537.36 (KHTML, like Gecko) Mobile Safari/537.36 (compatible; PetalBot;+https://webmaster.petalsearch.com/site/petalbot)"
51.222.253.12 - - [06/Feb/2025:10:28:42 -0500] "GET /public_html/ HTTP/1.1" 200 621 "-" "Mozilla/5.0 (compatible; AhrefsBot/7.0; +http://ahrefs.com/robot/)"
114.119.128.203 - - [06/Feb/2025:10:29:43 -0500] "GET /admin/vendor/fontawesome-free/svgs/solid/eject.svg HTTP/1.1" 200 254 "https://eirtechs.com/admin/vendor/fontawesome-free/svgs/solid/?NA" "Mozilla/5.0 (Linux; Android 7.0;) AppleWebKit/537.36 (KHTML, like Gecko) Mobile Safari/537.36 (compatible; PetalBot;+https://webmaster.petalsearch.com/site/petalbot)"
114.119.135.120 - - [06/Feb/2025:10:29:46 -0500] "GET /service/digital-marketing/?SA HTTP/1.1" 200 1277 "https://www.eirtechs.com/service/digital-marketing/?MA" "Mozilla/5.0 (Linux; Android 7.0;) AppleWebKit/537.36 (KHTML, like Gecko) Mobile Safari/537.36 (compatible; PetalBot;+https://webmaster.petalsearch.com/site/petalbot)"
54.36.148.7 - - [06/Feb/2025:10:32:29 -0500] "GET /robots.txt HTTP/1.1" 404 1251 "-" "Mozilla/5.0 (compatible; AhrefsBot/7.0; +http://ahrefs.com/robot/)"
51.222.253.15 - - [06/Feb/2025:10:32:31 -0500] "GET /assest/image/slider/ HTTP/1.1" 200 1583 "-" "Mozilla/5.0 (compatible; AhrefsBot/7.0; +http://ahrefs.com/robot/)"
114.119.154.65 - - [06/Feb/2025:10:34:42 -0500] "GET /root_stripe/stripe/tests/Stripe/HttpClient/ HTTP/1.1" 200 806 "https://www.eirtechs.com/root_stripe/stripe/tests/Stripe/?MD" "Mozilla/5.0 (Linux; Android 7.0;) AppleWebKit/537.36 (KHTML, like Gecko) Mobile Safari/537.36 (compatible; PetalBot;+https://webmaster.petalsearch.com/site/petalbot)"
114.119.145.115 - - [06/Feb/2025:10:34:43 -0500] "GET /admin/vendor/fontawesome-free/svgs/regular/file-pdf.svg HTTP/1.1" 200 523 "https://eirtechs.com/admin/vendor/fontawesome-free/svgs/regular/?MA" "Mozilla/5.0 (Linux; Android 7.0;) AppleWebKit/537.36 (KHTML, like Gecko) Mobile Safari/537.36 (compatible; PetalBot;+https://webmaster.petalsearch.com/site/petalbot)"
51.222.253.20 - - [06/Feb/2025:10:36:45 -0500] "GET /testbeta/assets/fonts/open-iconic/?NA HTTP/1.1" 200 720 "-" "Mozilla/5.0 (compatible; AhrefsBot/7.0; +http://ahrefs.com/robot/)"
114.119.128.244 - - [06/Feb/2025:10:39:50 -0500] "GET /admin/vendor/fontawesome-free/svgs/solid/wine-glass.svg HTTP/1.1" 200 260 "https://eirtechs.com/admin/vendor/fontawesome-free/svgs/solid/?MD" "Mozilla/5.0 (Linux; Android 7.0;) AppleWebKit/537.36 (KHTML, like Gecko) Mobile Safari/537.36 (compatible; PetalBot;+https://webmaster.petalsearch.com/site/petalbot)"
114.119.145.115 - - [06/Feb/2025:10:39:53 -0500] "GET /root_stripe/stripe/tests/?MD HTTP/1.1" 200 915 "https://www.eirtechs.com/root_stripe/stripe/tests/?MA" "Mozilla/5.0 (Linux; Android 7.0;) AppleWebKit/537.36 (KHTML, like Gecko) Mobile Safari/537.36 (compatible; PetalBot;+https://webmaster.petalsearch.com/site/petalbot)"
51.222.253.12 - - [06/Feb/2025:10:41:28 -0500] "GET /custom_link.html HTTP/1.1" 200 535 "-" "Mozilla/5.0 (compatible; AhrefsBot/7.0; +http://ahrefs.com/robot/)"
114.119.136.199 - - [06/Feb/2025:10:44:44 -0500] "GET /admin/vendor/fontawesome-free/svgs/regular/hourglass.svg HTTP/1.1" 200 318 "https://eirtechs.com/admin/vendor/fontawesome-free/svgs/regular/?MA" "Mozilla/5.0 (Linux; Android 7.0;) AppleWebKit/537.36 (KHTML, like Gecko) Mobile Safari/537.36 (compatible; PetalBot;+https://webmaster.petalsearch.com/site/petalbot)"
114.119.135.120 - - [06/Feb/2025:10:44:46 -0500] "GET /root_stripe/stripe/lib/Terminal/?NA HTTP/1.1" 200 852 "https://www.eirtechs.com/root_stripe/stripe/lib/Terminal/?SA" "Mozilla/5.0 (Linux; Android 7.0;) AppleWebKit/537.36 (KHTML, like Gecko) Mobile Safari/537.36 (compatible; PetalBot;+https://webmaster.petalsearch.com/site/petalbot)"
51.222.253.5 - - [06/Feb/2025:10:45:32 -0500] "GET /custom_link.php HTTP/1.1" 200 259 "-" "Mozilla/5.0 (compatible; AhrefsBot/7.0; +http://ahrefs.com/robot/)"
85.208.96.212 - - [06/Feb/2025:10:47:34 -0500] "GET /robots.txt HTTP/1.1" 404 1251 "-" "Mozilla/5.0 (compatible; SemrushBot/7~bl; +http://www.semrush.com/bot.html)"
85.208.96.206 - - [06/Feb/2025:10:47:34 -0500] "GET /service/web-cms-development/cms.php HTTP/1.1" 200 10962 "-" "Mozilla/5.0 (compatible; SemrushBot/7~bl; +http://www.semrush.com/bot.html)"
51.222.253.1 - - [06/Feb/2025:10:49:31 -0500] "GET /testbeta-atif/assets/fonts/ionicons/?MD HTTP/1.1" 200 638 "-" "Mozilla/5.0 (compatible; AhrefsBot/7.0; +http://ahrefs.com/robot/)"
114.119.145.225 - - [06/Feb/2025:10:49:51 -0500] "GET /admin/vendor/fontawesome-free/svgs/solid/file-archive.svg HTTP/1.1" 200 357 "https://eirtechs.com/admin/vendor/fontawesome-free/svgs/solid/?SD" "Mozilla/5.0 (Linux; Android 7.0;) AppleWebKit/537.36 (KHTML, like Gecko) Mobile Safari/537.36 (compatible; PetalBot;+https://webmaster.petalsearch.com/site/petalbot)"
114.119.154.65 - - [06/Feb/2025:10:49:55 -0500] "GET /root_stripe/stripe/lib/Issuing/?SD HTTP/1.1" 200 1235 "https://www.eirtechs.com/root_stripe/stripe/lib/Issuing/?SA" "Mozilla/5.0 (Linux; Android 7.0;) AppleWebKit/537.36 (KHTML, like Gecko) Mobile Safari/537.36 (compatible; PetalBot;+https://webmaster.petalsearch.com/site/petalbot)"
51.222.253.12 - - [06/Feb/2025:10:53:30 -0500] "GET /testbeta/assets/css/bootstrap/?MA HTTP/1.1" 200 659 "-" "Mozilla/5.0 (compatible; AhrefsBot/7.0; +http://ahrefs.com/robot/)"
114.119.145.225 - - [06/Feb/2025:10:54:49 -0500] "GET /root_stripe/stripe/lib/Error/OAuth/OAuthBase.php HTTP/1.1" 200 152 "https://www.eirtechs.com/root_stripe/stripe/lib/Error/OAuth/?NA" "Mozilla/5.0 (Linux; Android 7.0;) AppleWebKit/537.36 (KHTML, like Gecko) Mobile Safari/537.36 (compatible; PetalBot;+https://webmaster.petalsearch.com/site/petalbot)"
114.119.135.120 - - [06/Feb/2025:10:54:51 -0500] "GET /admin/vendor/fontawesome-free/svgs/regular/clock.svg HTTP/1.1" 200 271 "https://eirtechs.com/admin/vendor/fontawesome-free/svgs/regular/?MA" "Mozilla/5.0 (Linux; Android 7.0;) AppleWebKit/537.36 (KHTML, like Gecko) Mobile Safari/537.36 (compatible; PetalBot;+https://webmaster.petalsearch.com/site/petalbot)"
51.222.253.9 - - [06/Feb/2025:10:57:21 -0500] "GET /testbeta/mail/?NA HTTP/1.1" 200 1090 "-" "Mozilla/5.0 (compatible; AhrefsBot/7.0; +http://ahrefs.com/robot/)"
92.38.186.115 - - [06/Feb/2025:10:59:46 -0500] "GET /.env HTTP/1.1" 404 1251 "-" "python-httpx/0.13.3"
114.119.128.244 - - [06/Feb/2025:10:59:48 -0500] "GET /admin/vendor/fontawesome-free/svgs/regular/bell.svg HTTP/1.1" 200 397 "https://eirtechs.com/admin/vendor/fontawesome-free/svgs/regular/?MA" "Mozilla/5.0 (Linux; Android 7.0;) AppleWebKit/537.36 (KHTML, like Gecko) Mobile Safari/537.36 (compatible; PetalBot;+https://webmaster.petalsearch.com/site/petalbot)"
114.119.128.244 - - [06/Feb/2025:10:59:52 -0500] "GET /root_stripe/stripe/lib/BalanceTransaction.php HTTP/1.1" 200 157 "https://www.eirtechs.com/root_stripe/stripe/lib/?SA" "Mozilla/5.0 (Linux; Android 7.0;) AppleWebKit/537.36 (KHTML, like Gecko) Mobile Safari/537.36 (compatible; PetalBot;+https://webmaster.petalsearch.com/site/petalbot)"
92.38.186.115 - - [06/Feb/2025:10:59:55 -0500] "GET /.env HTTP/1.1" 404 1251 "-" "python-httpx/0.13.3"
92.38.186.115 - - [06/Feb/2025:11:00:03 -0500] "POST / HTTP/1.1" 200 2200 "-" "python-httpx/0.13.3"
92.38.186.115 - - [06/Feb/2025:11:00:09 -0500] "POST / HTTP/1.1" 200 2200 "-" "python-httpx/0.13.3"
51.222.253.14 - - [06/Feb/2025:11:00:34 -0500] "GET /packages/corprate-branding.php HTTP/1.1" 200 7471 "-" "Mozilla/5.0 (compatible; AhrefsBot/7.0; +http://ahrefs.com/robot/)"
51.222.253.10 - - [06/Feb/2025:11:03:44 -0500] "GET /about/contact.php HTTP/1.1" 404 1251 "-" "Mozilla/5.0 (compatible; AhrefsBot/7.0; +http://ahrefs.com/robot/)"
114.119.135.120 - - [06/Feb/2025:11:04:48 -0500] "GET /admin/vendor/fontawesome-free/svgs/solid/hand-scissors.svg HTTP/1.1" 200 331 "https://eirtechs.com/admin/vendor/fontawesome-free/svgs/solid/?NA" "Mozilla/5.0 (Linux; Android 7.0;) AppleWebKit/537.36 (KHTML, like Gecko) Mobile Safari/537.36 (compatible; PetalBot;+https://webmaster.petalsearch.com/site/petalbot)"
114.119.145.115 - - [06/Feb/2025:11:04:49 -0500] "GET /testbeta/root_stripe/stripe/tests/Stripe/CustomerTest.php HTTP/1.1" 200 155 "https://www.eirtechs.com/testbeta/root_stripe/stripe/tests/Stripe/?MD" "Mozilla/5.0 (Linux; Android 7.0;) AppleWebKit/537.36 (KHTML, like Gecko) Mobile Safari/537.36 (compatible; PetalBot;+https://webmaster.petalsearch.com/site/petalbot)"
51.222.253.18 - - [06/Feb/2025:11:06:43 -0500] "GET /assets/images/portfolio/new1/?NA HTTP/1.1" 200 1250 "-" "Mozilla/5.0 (compatible; AhrefsBot/7.0; +http://ahrefs.com/robot/)"
51.222.253.2 - - [06/Feb/2025:11:09:48 -0500] "GET /testbeta/assets/fonts/ionicons/fonts/?MA HTTP/1.1" 200 742 "-" "Mozilla/5.0 (compatible; AhrefsBot/7.0; +http://ahrefs.com/robot/)"
114.119.128.203 - - [06/Feb/2025:11:09:48 -0500] "GET /admin/vendor/fontawesome-free/svgs/regular/window-close.svg HTTP/1.1" 200 316 "https://eirtechs.com/admin/vendor/fontawesome-free/svgs/regular/?MA" "Mozilla/5.0 (Linux; Android 7.0;) AppleWebKit/537.36 (KHTML, like Gecko) Mobile Safari/537.36 (compatible; PetalBot;+https://webmaster.petalsearch.com/site/petalbot)"
114.119.154.65 - - [06/Feb/2025:11:09:51 -0500] "GET /testbeta/root_stripe/stripe/tests/Stripe/BalanceTest.php HTTP/1.1" 200 156 "https://www.eirtechs.com/testbeta/root_stripe/stripe/tests/Stripe/?MD" "Mozilla/5.0 (Linux; Android 7.0;) AppleWebKit/537.36 (KHTML, like Gecko) Mobile Safari/537.36 (compatible; PetalBot;+https://webmaster.petalsearch.com/site/petalbot)"
51.222.253.12 - - [06/Feb/2025:11:12:57 -0500] "GET /admin/vendor/bootstrap/scss/?MA HTTP/1.1" 200 1820 "-" "Mozilla/5.0 (compatible; AhrefsBot/7.0; +http://ahrefs.com/robot/)"
128.199.21.27 - - [06/Feb/2025:11:14:44 -0500] "GET /wp-admin/css/ HTTP/1.1" 404 1251 "binance.com" "Mozilla/5.0 (Windows NT 10.0; Win64; x64) AppleWebKit/537.36 (KHTML, like Gecko) Chrome/90.0.4430.85 Safari/537.36"
114.119.145.115 - - [06/Feb/2025:11:14:45 -0500] "GET /admin/vendor/fontawesome-free/svgs/solid/door-open.svg HTTP/1.1" 200 289 "https://eirtechs.com/admin/vendor/fontawesome-free/svgs/solid/?NA" "Mozilla/5.0 (Linux; Android 7.0;) AppleWebKit/537.36 (KHTML, like Gecko) Mobile Safari/537.36 (compatible; PetalBot;+https://webmaster.petalsearch.com/site/petalbot)"
114.119.166.95 - - [06/Feb/2025:11:14:50 -0500] "GET /testbeta/root_stripe/stripe/lib/UsageRecordSummary.php HTTP/1.1" 200 163 "https://www.eirtechs.com/testbeta/root_stripe/stripe/lib/?MA" "Mozilla/5.0 (Linux; Android 7.0;) AppleWebKit/537.36 (KHTML, like Gecko) Mobile Safari/537.36 (compatible; PetalBot;+https://webmaster.petalsearch.com/site/petalbot)"
128.199.21.27 - - [06/Feb/2025:11:14:51 -0500] "GET /.well-known/ HTTP/1.1" 200 764 "binance.com" "Mozilla/5.0 (Windows NT 10.0; Win64; x64) AppleWebKit/537.36 (KHTML, like Gecko) Chrome/90.0.4430.85 Safari/537.36"
128.199.21.27 - - [06/Feb/2025:11:15:03 -0500] "GET /sites/default/files/ HTTP/1.1" 404 1251 "binance.com" "Mozilla/5.0 (Windows NT 10.0; Win64; x64) AppleWebKit/537.36 (KHTML, like Gecko) Chrome/90.0.4430.85 Safari/537.36"
128.199.21.27 - - [06/Feb/2025:11:15:11 -0500] "GET /admin/controller/extension/extension/ HTTP/1.1" 404 1251 "binance.com" "Mozilla/5.0 (Windows NT 10.0; Win64; x64) AppleWebKit/537.36 (KHTML, like Gecko) Chrome/90.0.4430.85 Safari/537.36"
128.199.21.27 - - [06/Feb/2025:11:15:18 -0500] "GET /uploads/ HTTP/1.1" 404 1251 "binance.com" "Mozilla/5.0 (Windows NT 10.0; Win64; x64) AppleWebKit/537.36 (KHTML, like Gecko) Chrome/90.0.4430.85 Safari/537.36"
128.199.21.27 - - [06/Feb/2025:11:15:25 -0500] "GET /images/ HTTP/1.1" 404 1251 "binance.com" "Mozilla/5.0 (Windows NT 10.0; Win64; x64) AppleWebKit/537.36 (KHTML, like Gecko) Chrome/90.0.4430.85 Safari/537.36"
128.199.21.27 - - [06/Feb/2025:11:15:32 -0500] "GET /files/ HTTP/1.1" 404 1251 "binance.com" "Mozilla/5.0 (Windows NT 10.0; Win64; x64) AppleWebKit/537.36 (KHTML, like Gecko) Chrome/90.0.4430.85 Safari/537.36"
51.222.253.2 - - [06/Feb/2025:11:15:48 -0500] "GET /about/ HTTP/1.1" 200 1078 "-" "Mozilla/5.0 (compatible; AhrefsBot/7.0; +http://ahrefs.com/robot/)"
51.222.253.12 - - [06/Feb/2025:11:18:55 -0500] "GET /testbeta-atif/root_stripe/stripe/tests/?MA HTTP/1.1" 200 761 "-" "Mozilla/5.0 (compatible; AhrefsBot/7.0; +http://ahrefs.com/robot/)"
114.119.154.65 - - [06/Feb/2025:11:19:48 -0500] "GET /admin/vendor/fontawesome-free/svgs/regular/comments.svg HTTP/1.1" 200 561 "https://eirtechs.com/admin/vendor/fontawesome-free/svgs/regular/?MA" "Mozilla/5.0 (Linux; Android 7.0;) AppleWebKit/537.36 (KHTML, like Gecko) Mobile Safari/537.36 (compatible; PetalBot;+https://webmaster.petalsearch.com/site/petalbot)"
114.119.136.199 - - [06/Feb/2025:11:19:49 -0500] "GET /testbeta/root_stripe/stripe/?MA HTTP/1.1" 200 1492 "https://www.eirtechs.com/testbeta/root_stripe/stripe/?SD" "Mozilla/5.0 (Linux; Android 7.0;) AppleWebKit/537.36 (KHTML, like Gecko) Mobile Safari/537.36 (compatible; PetalBot;+https://webmaster.petalsearch.com/site/petalbot)"
51.222.253.14 - - [06/Feb/2025:11:22:00 -0500] "GET /inc/ HTTP/1.1" 200 1225 "-" "Mozilla/5.0 (compatible; AhrefsBot/7.0; +http://ahrefs.com/robot/)"
114.119.145.225 - - [06/Feb/2025:11:24:43 -0500] "GET /admin/vendor/fontawesome-free/svgs/regular/?MD HTTP/1.1" 200 4417 "https://eirtechs.com/admin/vendor/fontawesome-free/svgs/regular/?MA" "Mozilla/5.0 (Linux; Android 7.0;) AppleWebKit/537.36 (KHTML, like Gecko) Mobile Safari/537.36 (compatible; PetalBot;+https://webmaster.petalsearch.com/site/petalbot)"
114.119.154.65 - - [06/Feb/2025:11:24:48 -0500] "GET /testbeta/assets/scss/bootstrap/mixins/_text-emphasis.scss HTTP/1.1" 200 259 "https://www.eirtechs.com/testbeta/assets/scss/bootstrap/mixins/?ND" "Mozilla/5.0 (Linux; Android 7.0;) AppleWebKit/537.36 (KHTML, like Gecko) Mobile Safari/537.36 (compatible; PetalBot;+https://webmaster.petalsearch.com/site/petalbot)"
51.222.253.9 - - [06/Feb/2025:11:25:17 -0500] "GET /admin/vendor/fontawesome-free/css/?MA HTTP/1.1" 200 1217 "-" "Mozilla/5.0 (compatible; AhrefsBot/7.0; +http://ahrefs.com/robot/)"
51.222.253.4 - - [06/Feb/2025:11:28:28 -0500] "GET /testbeta-atif/root_stripe/stripe/tests/?SA HTTP/1.1" 200 753 "-" "Mozilla/5.0 (compatible; AhrefsBot/7.0; +http://ahrefs.com/robot/)"
185.191.171.8 - - [06/Feb/2025:11:29:29 -0500] "GET /service/web-cms-development/custom_development.php HTTP/1.1" 200 11033 "-" "Mozilla/5.0 (compatible; SemrushBot/7~bl; +http://www.semrush.com/bot.html)"
114.119.128.244 - - [06/Feb/2025:11:29:51 -0500] "GET /testbeta/assets/scss/bootstrap/_print.scss HTTP/1.1" 200 2747 "https://www.eirtechs.com/testbeta/assets/scss/bootstrap/?NA" "Mozilla/5.0 (Linux; Android 7.0;) AppleWebKit/537.36 (KHTML, like Gecko) Mobile Safari/537.36 (compatible; PetalBot;+https://webmaster.petalsearch.com/site/petalbot)"
114.119.128.203 - - [06/Feb/2025:11:29:52 -0500] "GET /admin/vendor/fontawesome-free/svgs/brands/studiovinari.svg HTTP/1.1" 200 364 "https://eirtechs.com/admin/vendor/fontawesome-free/svgs/brands/" "Mozilla/5.0 (Linux; Android 7.0;) AppleWebKit/537.36 (KHTML, like Gecko) Mobile Safari/537.36 (compatible; PetalBot;+https://webmaster.petalsearch.com/site/petalbot)"
195.191.219.132 - - [06/Feb/2025:11:30:46 -0500] "GET /robots.txt HTTP/1.1" 404 1251 "-" "Mozilla/5.0 (compatible; MJ12bot/v1.4.8; http://mj12bot.com/)"
195.191.219.132 - - [06/Feb/2025:11:30:50 -0500] "GET / HTTP/1.1" 200 1857 "-" "Mozilla/5.0 (compatible; MJ12bot/v1.4.8; http://mj12bot.com/)"
51.222.253.9 - - [06/Feb/2025:11:34:36 -0500] "GET /service/software-development/?ND HTTP/1.1" 200 1064 "-" "Mozilla/5.0 (compatible; AhrefsBot/7.0; +http://ahrefs.com/robot/)"
114.119.166.95 - - [06/Feb/2025:11:34:45 -0500] "GET /admin/vendor/fontawesome-free/svgs/brands/odnoklassniki-square.svg HTTP/1.1" 200 428 "https://eirtechs.com/admin/vendor/fontawesome-free/svgs/brands/" "Mozilla/5.0 (Linux; Android 7.0;) AppleWebKit/537.36 (KHTML, like Gecko) Mobile Safari/537.36 (compatible; PetalBot;+https://webmaster.petalsearch.com/site/petalbot)"
114.119.154.65 - - [06/Feb/2025:11:34:46 -0500] "GET /testbeta/assets/js/?SA HTTP/1.1" 200 1621 "https://www.eirtechs.com/testbeta/assets/js/?SD" "Mozilla/5.0 (Linux; Android 7.0;) AppleWebKit/537.36 (KHTML, like Gecko) Mobile Safari/537.36 (compatible; PetalBot;+https://webmaster.petalsearch.com/site/petalbot)"
51.222.253.12 - - [06/Feb/2025:11:37:34 -0500] "GET /?SA HTTP/1.1" 200 1845 "-" "Mozilla/5.0 (compatible; AhrefsBot/7.0; +http://ahrefs.com/robot/)"
114.119.136.199 - - [06/Feb/2025:11:39:48 -0500] "GET /testbeta/assets/images/portfolio/topbrands/ HTTP/1.1" 200 1293 "https://www.eirtechs.com/testbeta/assets/images/portfolio/?NA" "Mozilla/5.0 (Linux; Android 7.0;) AppleWebKit/537.36 (KHTML, like Gecko) Mobile Safari/537.36 (compatible; PetalBot;+https://webmaster.petalsearch.com/site/petalbot)"
114.119.145.225 - - [06/Feb/2025:11:39:48 -0500] "GET /admin/vendor/fontawesome-free/svgs/solid/graduation-cap.svg HTTP/1.1" 200 432 "https://eirtechs.com/admin/vendor/fontawesome-free/svgs/solid/?SD" "Mozilla/5.0 (Linux; Android 7.0;) AppleWebKit/537.36 (KHTML, like Gecko) Mobile Safari/537.36 (compatible; PetalBot;+https://webmaster.petalsearch.com/site/petalbot)"
51.222.253.9 - - [06/Feb/2025:11:40:37 -0500] "GET /testbeta-atif/assets/?ND HTTP/1.1" 200 659 "-" "Mozilla/5.0 (compatible; AhrefsBot/7.0; +http://ahrefs.com/robot/)"
51.222.253.1 - - [06/Feb/2025:11:43:28 -0500] "GET /testbeta-atif/mail/ HTTP/1.1" 200 1096 "-" "Mozilla/5.0 (compatible; AhrefsBot/7.0; +http://ahrefs.com/robot/)"
114.119.135.120 - - [06/Feb/2025:11:44:46 -0500] "GET /admin/vendor/fontawesome-free/svgs/brands/jedi-order.svg HTTP/1.1" 200 403 "https://eirtechs.com/admin/vendor/fontawesome-free/svgs/brands/" "Mozilla/5.0 (Linux; Android 7.0;) AppleWebKit/537.36 (KHTML, like Gecko) Mobile Safari/537.36 (compatible; PetalBot;+https://webmaster.petalsearch.com/site/petalbot)"
114.119.166.95 - - [06/Feb/2025:11:44:50 -0500] "GET /testbeta/assets/images/portfolio/branding/ HTTP/1.1" 200 1723 "https://www.eirtechs.com/testbeta/assets/images/portfolio/?NA" "Mozilla/5.0 (Linux; Android 7.0;) AppleWebKit/537.36 (KHTML, like Gecko) Mobile Safari/537.36 (compatible; PetalBot;+https://webmaster.petalsearch.com/site/petalbot)"
51.222.253.13 - - [06/Feb/2025:11:47:02 -0500] "GET /inc/header.php HTTP/1.1" 200 2433 "-" "Mozilla/5.0 (compatible; AhrefsBot/7.0; +http://ahrefs.com/robot/)"
51.222.253.13 - - [06/Feb/2025:11:49:41 -0500] "GET /assets/css/ HTTP/1.1" 200 1353 "-" "Mozilla/5.0 (compatible; AhrefsBot/7.0; +http://ahrefs.com/robot/)"
114.119.154.65 - - [06/Feb/2025:11:49:54 -0500] "GET /admin/vendor/fontawesome-free/svgs/solid/car-side.svg HTTP/1.1" 200 323 "https://eirtechs.com/admin/vendor/fontawesome-free/svgs/solid/?SD" "Mozilla/5.0 (Linux; Android 7.0;) AppleWebKit/537.36 (KHTML, like Gecko) Mobile Safari/537.36 (compatible; PetalBot;+https://webmaster.petalsearch.com/site/petalbot)"
114.119.154.65 - - [06/Feb/2025:11:49:57 -0500] "GET /testbeta/assets/?MA HTTP/1.1" 200 822 "https://www.eirtechs.com/testbeta/assets/?MD" "Mozilla/5.0 (Linux; Android 7.0;) AppleWebKit/537.36 (KHTML, like Gecko) Mobile Safari/537.36 (compatible; PetalBot;+https://webmaster.petalsearch.com/site/petalbot)"
51.222.253.10 - - [06/Feb/2025:11:52:21 -0500] "GET /testbeta-atif/stripe/ HTTP/1.1" 200 658 "-" "Mozilla/5.0 (compatible; AhrefsBot/7.0; +http://ahrefs.com/robot/)"
94.103.90.150 - - [06/Feb/2025:11:52:30 -0500] "GET / HTTP/1.0" 200 10800 "https://eirtechs.com/" "Mozilla/5.0 (Windows NT 10.0; Win64; x64) AppleWebKit/537.36 (KHTML, like Gecko) Chrome/130.0.0.0 Safari/537.36 CCleaner/130.0.0.0"
94.103.90.150 - - [06/Feb/2025:11:52:34 -0500] "GET /contact.php HTTP/1.0" 200 43266 "https://eirtechs.com/contact.php" "Mozilla/5.0 (Windows NT 10.0; Win64; x64) AppleWebKit/537.36 (KHTML, like Gecko) Chrome/130.0.0.0 Safari/537.36 CCleaner/130.0.0.0"
94.103.90.150 - - [06/Feb/2025:11:52:44 -0500] "POST /contact.php HTTP/1.0" 200 43602 "https://eirtechs.com/contact.php" "Mozilla/5.0 (Windows NT 10.0; Win64; x64) AppleWebKit/537.36 (KHTML, like Gecko) Chrome/130.0.0.0 Safari/537.36 CCleaner/130.0.0.0"
114.119.128.203 - - [06/Feb/2025:11:54:51 -0500] "GET /testbeta-atif/services/seo.php HTTP/1.1" 200 5613 "https://www.eirtechs.com/testbeta-atif/services/?ND" "Mozilla/5.0 (Linux; Android 7.0;) AppleWebKit/537.36 (KHTML, like Gecko) Mobile Safari/537.36 (compatible; PetalBot;+https://webmaster.petalsearch.com/site/petalbot)"
114.119.145.225 - - [06/Feb/2025:11:54:53 -0500] "GET /admin/vendor/fontawesome-free/svgs/brands/free-code-camp.svg HTTP/1.1" 200 687 "https://eirtechs.com/admin/vendor/fontawesome-free/svgs/brands/" "Mozilla/5.0 (Linux; Android 7.0;) AppleWebKit/537.36 (KHTML, like Gecko) Mobile Safari/537.36 (compatible; PetalBot;+https://webmaster.petalsearch.com/site/petalbot)"
51.222.253.2 - - [06/Feb/2025:11:55:21 -0500] "GET /testbeta-atif/assets/css/bootstrap/?SA HTTP/1.1" 200 664 "-" "Mozilla/5.0 (compatible; AhrefsBot/7.0; +http://ahrefs.com/robot/)"
51.222.253.3 - - [06/Feb/2025:11:58:08 -0500] "GET /root_stripe/stripe/ HTTP/1.1" 200 1242 "-" "Mozilla/5.0 (compatible; AhrefsBot/7.0; +http://ahrefs.com/robot/)"
114.119.145.115 - - [06/Feb/2025:11:59:50 -0500] "GET /admin/vendor/fontawesome-free/svgs/brands/first-order-alt.svg HTTP/1.1" 200 764 "https://eirtechs.com/admin/vendor/fontawesome-free/svgs/brands/" "Mozilla/5.0 (Linux; Android 7.0;) AppleWebKit/537.36 (KHTML, like Gecko) Mobile Safari/537.36 (compatible; PetalBot;+https://webmaster.petalsearch.com/site/petalbot)"
114.119.166.95 - - [06/Feb/2025:11:59:51 -0500] "GET /testbeta-atif/root_stripe/stripe/lib/Subscription.php HTTP/1.1" 200 161 "https://www.eirtechs.com/testbeta-atif/root_stripe/stripe/lib/?SD" "Mozilla/5.0 (Linux; Android 7.0;) AppleWebKit/537.36 (KHTML, like Gecko) Mobile Safari/537.36 (compatible; PetalBot;+https://webmaster.petalsearch.com/site/petalbot)"
195.2.84.198 - - [06/Feb/2025:12:03:41 -0500] "GET / HTTP/1.0" 200 10800 "https://eirtechs.com/" "Mozilla/5.0 (Windows NT 10.0; Win64; x64) AppleWebKit/537.36 (KHTML, like Gecko) Chrome/130.0.0.0 Safari/537.36"
195.2.84.198 - - [06/Feb/2025:12:03:45 -0500] "GET /contact.php HTTP/1.0" 200 43266 "https://eirtechs.com/contact.php" "Mozilla/5.0 (Windows NT 10.0; Win64; x64) AppleWebKit/537.36 (KHTML, like Gecko) Chrome/130.0.0.0 Safari/537.36"
