114.119.136.199 - - [07/Feb/2025:03:45:14 -0500] "GET /admin/vendor/fontawesome-free/svgs/solid/arrow-alt-circle-right.svg HTTP/1.1" 200 230 "https://eirtechs.com/admin/vendor/fontawesome-free/svgs/solid/?NA" "Mozilla/5.0 (Linux; Android 7.0;) AppleWebKit/537.36 (KHTML, like Gecko) Mobile Safari/537.36 (compatible; PetalBot;+https://webmaster.petalsearch.com/site/petalbot)"
114.119.136.199 - - [07/Feb/2025:03:45:16 -0500] "GET /testbeta/root_stripe/stripe/tests/Stripe/TokenTest.php HTTP/1.1" 200 154 "https://www.eirtechs.com/testbeta/root_stripe/stripe/tests/Stripe/" "Mozilla/5.0 (Linux; Android 7.0;) AppleWebKit/537.36 (KHTML, like Gecko) Mobile Safari/537.36 (compatible; PetalBot;+https://webmaster.petalsearch.com/site/petalbot)"
217.113.194.118 - - [07/Feb/2025:03:45:22 -0500] "GET /database.php HTTP/1.1" 200 0 "-" "Mozilla/5.0 (compatible; Barkrowler/0.9; +https://babbar.tech/crawler)"
217.113.194.112 - - [07/Feb/2025:03:45:35 -0500] "GET /order.php HTTP/1.1" 200 784 "-" "Mozilla/5.0 (compatible; Barkrowler/0.9; +https://babbar.tech/crawler)"
217.113.194.116 - - [07/Feb/2025:03:45:48 -0500] "GET /?MA HTTP/1.1" 200 2162 "-" "Mozilla/5.0 (compatible; Barkrowler/0.9; +https://babbar.tech/crawler)"
217.113.194.117 - - [07/Feb/2025:03:46:02 -0500] "GET /?MD HTTP/1.1" 200 2159 "-" "Mozilla/5.0 (compatible; Barkrowler/0.9; +https://babbar.tech/crawler)"
217.113.194.115 - - [07/Feb/2025:03:46:15 -0500] "GET /?SA HTTP/1.1" 200 2185 "-" "Mozilla/5.0 (compatible; Barkrowler/0.9; +https://babbar.tech/crawler)"
217.113.194.116 - - [07/Feb/2025:03:46:29 -0500] "GET /?SD HTTP/1.1" 200 2188 "-" "Mozilla/5.0 (compatible; Barkrowler/0.9; +https://babbar.tech/crawler)"
217.113.194.112 - - [07/Feb/2025:03:46:42 -0500] "GET /?NA HTTP/1.1" 200 2200 "-" "Mozilla/5.0 (compatible; Barkrowler/0.9; +https://babbar.tech/crawler)"
217.113.194.112 - - [07/Feb/2025:03:46:55 -0500] "GET /?ND HTTP/1.1" 200 2182 "-" "Mozilla/5.0 (compatible; Barkrowler/0.9; +https://babbar.tech/crawler)"
217.113.194.120 - - [07/Feb/2025:03:47:08 -0500] "GET /about/contact.php HTTP/1.1" 404 1251 "-" "Mozilla/5.0 (compatible; Barkrowler/0.9; +https://babbar.tech/crawler)"
217.113.194.119 - - [07/Feb/2025:03:47:23 -0500] "GET /about/partners.php HTTP/1.1" 200 11792 "-" "Mozilla/5.0 (compatible; Barkrowler/0.9; +https://babbar.tech/crawler)"
217.113.194.121 - - [07/Feb/2025:03:47:37 -0500] "GET /customlink.php HTTP/1.1" 200 679 "-" "Mozilla/5.0 (compatible; Barkrowler/0.9; +https://babbar.tech/crawler)"
217.113.194.112 - - [07/Feb/2025:03:47:50 -0500] "GET /assets/fonts/ HTTP/1.1" 200 822 "-" "Mozilla/5.0 (compatible; Barkrowler/0.9; +https://babbar.tech/crawler)"
217.113.194.113 - - [07/Feb/2025:03:48:03 -0500] "GET /assets/videos/ HTTP/1.1" 200 1462 "-" "Mozilla/5.0 (compatible; Barkrowler/0.9; +https://babbar.tech/crawler)"
217.113.194.114 - - [07/Feb/2025:03:48:16 -0500] "GET /assets/css/ HTTP/1.1" 200 1604 "-" "Mozilla/5.0 (compatible; Barkrowler/0.9; +https://babbar.tech/crawler)"
217.113.194.114 - - [07/Feb/2025:03:48:28 -0500] "GET /assets/js/ HTTP/1.1" 200 1647 "-" "Mozilla/5.0 (compatible; Barkrowler/0.9; +https://babbar.tech/crawler)"
217.113.194.120 - - [07/Feb/2025:03:48:41 -0500] "GET /assets/images/ HTTP/1.1" 200 3202 "-" "Mozilla/5.0 (compatible; Barkrowler/0.9; +https://babbar.tech/crawler)"
217.113.194.116 - - [07/Feb/2025:03:48:55 -0500] "GET /expertise/ HTTP/1.1" 200 889 "-" "Mozilla/5.0 (compatible; Barkrowler/0.9; +https://babbar.tech/crawler)"
217.113.194.112 - - [07/Feb/2025:03:49:08 -0500] "GET /public_html/ HTTP/1.1" 200 766 "-" "Mozilla/5.0 (compatible; Barkrowler/0.9; +https://babbar.tech/crawler)"
217.113.194.117 - - [07/Feb/2025:03:49:22 -0500] "GET /admin/includes/ HTTP/1.1" 200 900 "-" "Mozilla/5.0 (compatible; Barkrowler/0.9; +https://babbar.tech/crawler)"
217.113.194.119 - - [07/Feb/2025:03:49:35 -0500] "GET /admin/blank.html HTTP/1.1" 304 0 "-" "Mozilla/5.0 (compatible; Barkrowler/0.9; +https://babbar.tech/crawler)"
217.113.194.121 - - [07/Feb/2025:03:49:49 -0500] "GET /admin/register.php HTTP/1.1" 200 5394 "-" "Mozilla/5.0 (compatible; Barkrowler/0.9; +https://babbar.tech/crawler)"
217.113.194.116 - - [07/Feb/2025:03:50:02 -0500] "GET /services/contact.php HTTP/1.1" 404 1251 "-" "Mozilla/5.0 (compatible; Barkrowler/0.9; +https://babbar.tech/crawler)"
114.119.145.225 - - [07/Feb/2025:03:50:14 -0500] "GET /testbeta/root_stripe/stripe/tests/Stripe/Issuing/CardholderTest.php HTTP/1.1" 200 162 "https://www.eirtechs.com/testbeta/root_stripe/stripe/tests/Stripe/Issuing/?MD" "Mozilla/5.0 (Linux; Android 7.0;) AppleWebKit/537.36 (KHTML, like Gecko) Mobile Safari/537.36 (compatible; PetalBot;+https://webmaster.petalsearch.com/site/petalbot)"
217.113.194.112 - - [07/Feb/2025:03:50:15 -0500] "GET /services/web.php HTTP/1.1" 200 8265 "-" "Mozilla/5.0 (compatible; Barkrowler/0.9; +https://babbar.tech/crawler)"
114.119.136.199 - - [07/Feb/2025:03:50:17 -0500] "GET /admin/vendor/fontawesome-free/svgs/solid/angle-double-down.svg HTTP/1.1" 200 245 "https://eirtechs.com/admin/vendor/fontawesome-free/svgs/solid/?NA" "Mozilla/5.0 (Linux; Android 7.0;) AppleWebKit/537.36 (KHTML, like Gecko) Mobile Safari/537.36 (compatible; PetalBot;+https://webmaster.petalsearch.com/site/petalbot)"
217.113.194.113 - - [07/Feb/2025:03:50:28 -0500] "GET /services/seo.php HTTP/1.1" 200 7833 "-" "Mozilla/5.0 (compatible; Barkrowler/0.9; +https://babbar.tech/crawler)"
217.113.194.112 - - [07/Feb/2025:03:50:41 -0500] "GET /service/our-work/ HTTP/1.1" 200 7786 "-" "Mozilla/5.0 (compatible; Barkrowler/0.9; +https://babbar.tech/crawler)"
217.113.194.120 - - [07/Feb/2025:03:50:54 -0500] "GET /services/logo.php HTTP/1.1" 200 8797 "-" "Mozilla/5.0 (compatible; Barkrowler/0.9; +https://babbar.tech/crawler)"
154.54.249.204 - - [07/Feb/2025:03:51:07 -0500] "GET /build/js/ HTTP/1.1" 200 1287 "-" "Mozilla/5.0 (compatible; Barkrowler/0.9; +https://babbar.tech/crawler)"
217.113.194.118 - - [07/Feb/2025:03:51:20 -0500] "GET /paynow/ HTTP/1.1" 200 848 "-" "Mozilla/5.0 (compatible; Barkrowler/0.9; +https://babbar.tech/crawler)"
51.222.253.14 - - [07/Feb/2025:03:51:21 -0500] "GET /assets/scss/?ND HTTP/1.1" 200 739 "-" "Mozilla/5.0 (compatible; AhrefsBot/7.0; +http://ahrefs.com/robot/)"
217.113.194.119 - - [07/Feb/2025:03:51:32 -0500] "GET /mail/?MD HTTP/1.1" 200 1293 "-" "Mozilla/5.0 (compatible; Barkrowler/0.9; +https://babbar.tech/crawler)"
217.113.194.121 - - [07/Feb/2025:03:51:45 -0500] "GET /mail/?SA HTTP/1.1" 200 1292 "-" "Mozilla/5.0 (compatible; Barkrowler/0.9; +https://babbar.tech/crawler)"
217.113.194.115 - - [07/Feb/2025:03:51:57 -0500] "GET /mail/?SD HTTP/1.1" 200 1298 "-" "Mozilla/5.0 (compatible; Barkrowler/0.9; +https://babbar.tech/crawler)"
217.113.194.119 - - [07/Feb/2025:03:52:10 -0500] "GET /mail/?NA HTTP/1.1" 200 1286 "-" "Mozilla/5.0 (compatible; Barkrowler/0.9; +https://babbar.tech/crawler)"
217.113.194.112 - - [07/Feb/2025:03:52:23 -0500] "GET /mail/?ND HTTP/1.1" 200 1285 "-" "Mozilla/5.0 (compatible; Barkrowler/0.9; +https://babbar.tech/crawler)"
217.113.194.116 - - [07/Feb/2025:03:52:35 -0500] "GET /thankyou/ HTTP/1.1" 200 916 "-" "Mozilla/5.0 (compatible; Barkrowler/0.9; +https://babbar.tech/crawler)"
217.113.194.112 - - [07/Feb/2025:03:52:48 -0500] "GET /custom_link.html HTTP/1.1" 304 0 "-" "Mozilla/5.0 (compatible; Barkrowler/0.9; +https://babbar.tech/crawler)"
217.113.194.116 - - [07/Feb/2025:03:53:01 -0500] "GET /custom_link.php HTTP/1.1" 200 282 "-" "Mozilla/5.0 (compatible; Barkrowler/0.9; +https://babbar.tech/crawler)"
217.113.194.114 - - [07/Feb/2025:03:53:14 -0500] "GET /assest/ HTTP/1.1" 200 827 "-" "Mozilla/5.0 (compatible; Barkrowler/0.9; +https://babbar.tech/crawler)"
217.113.194.121 - - [07/Feb/2025:03:53:53 -0500] "GET /insert_cart.php HTTP/1.1" 302 0 "-" "Mozilla/5.0 (compatible; Barkrowler/0.9; +https://babbar.tech/crawler)"
217.113.194.121 - - [07/Feb/2025:03:54:07 -0500] "GET /admin/buttons.html HTTP/1.1" 304 0 "-" "Mozilla/5.0 (compatible; Barkrowler/0.9; +https://babbar.tech/crawler)"
217.113.194.118 - - [07/Feb/2025:03:54:19 -0500] "GET /admin/?MA HTTP/1.1" 200 1558 "-" "Mozilla/5.0 (compatible; Barkrowler/0.9; +https://babbar.tech/crawler)"
217.113.194.115 - - [07/Feb/2025:03:54:32 -0500] "GET /admin/?SA HTTP/1.1" 200 1560 "-" "Mozilla/5.0 (compatible; Barkrowler/0.9; +https://babbar.tech/crawler)"
217.113.194.114 - - [07/Feb/2025:03:54:45 -0500] "GET /admin/scss/ HTTP/1.1" 200 1436 "-" "Mozilla/5.0 (compatible; Barkrowler/0.9; +https://babbar.tech/crawler)"
217.113.194.112 - - [07/Feb/2025:03:54:58 -0500] "GET /admin/login.php HTTP/1.1" 200 1256 "-" "Mozilla/5.0 (compatible; Barkrowler/0.9; +https://babbar.tech/crawler)"
114.119.128.244 - - [07/Feb/2025:03:55:09 -0500] "GET /admin/vendor/fontawesome-free/svgs/regular/smile.svg HTTP/1.1" 200 318 "https://eirtechs.com/admin/vendor/fontawesome-free/svgs/regular/?MD" "Mozilla/5.0 (Linux; Android 7.0;) AppleWebKit/537.36 (KHTML, like Gecko) Mobile Safari/537.36 (compatible; PetalBot;+https://webmaster.petalsearch.com/site/petalbot)"
114.119.136.199 - - [07/Feb/2025:03:55:10 -0500] "GET /testbeta/root_stripe/stripe/tests/Stripe/Issuing/?SD HTTP/1.1" 200 915 "https://www.eirtechs.com/testbeta/root_stripe/stripe/tests/Stripe/Issuing/?SA" "Mozilla/5.0 (Linux; Android 7.0;) AppleWebKit/537.36 (KHTML, like Gecko) Mobile Safari/537.36 (compatible; PetalBot;+https://webmaster.petalsearch.com/site/petalbot)"
217.113.194.113 - - [07/Feb/2025:03:55:10 -0500] "GET /admin/users.php HTTP/1.1" 200 5101 "-" "Mozilla/5.0 (compatible; Barkrowler/0.9; +https://babbar.tech/crawler)"
51.222.253.7 - - [07/Feb/2025:03:55:23 -0500] "GET /?SA HTTP/1.1" 200 1848 "-" "Mozilla/5.0 (compatible; AhrefsBot/7.0; +http://ahrefs.com/robot/)"
217.113.194.117 - - [07/Feb/2025:03:55:23 -0500] "GET /services/eir.php HTTP/1.1" 200 8247 "-" "Mozilla/5.0 (compatible; Barkrowler/0.9; +https://babbar.tech/crawler)"
217.113.194.114 - - [07/Feb/2025:03:55:36 -0500] "GET /service/?ND HTTP/1.1" 200 1468 "-" "Mozilla/5.0 (compatible; Barkrowler/0.9; +https://babbar.tech/crawler)"
47.128.117.18 - - [07/Feb/2025:03:55:41 -0500] "GET /testbeta-atif/root_stripe/stripe/tests/Stripe/AlipayAccountTest.php HTTP/1.1" 200 154 "-" "Mozilla/5.0 (Linux; Android 5.0) AppleWebKit/537.36 (KHTML, like Gecko) Mobile Safari/537.36 (compatible; Bytespider; spider-feedback@bytedance.com)"
217.113.194.116 - - [07/Feb/2025:03:55:50 -0500] "GET /service/?NA HTTP/1.1" 200 1465 "-" "Mozilla/5.0 (compatible; Barkrowler/0.9; +https://babbar.tech/crawler)"
217.113.194.119 - - [07/Feb/2025:03:56:03 -0500] "GET /service/?MA HTTP/1.1" 200 1465 "-" "Mozilla/5.0 (compatible; Barkrowler/0.9; +https://babbar.tech/crawler)"
217.113.194.113 - - [07/Feb/2025:03:56:15 -0500] "GET /service/?SD HTTP/1.1" 200 1469 "-" "Mozilla/5.0 (compatible; Barkrowler/0.9; +https://babbar.tech/crawler)"
217.113.194.119 - - [07/Feb/2025:03:56:28 -0500] "GET /about/?ND HTTP/1.1" 200 1299 "-" "Mozilla/5.0 (compatible; Barkrowler/0.9; +https://babbar.tech/crawler)"
217.113.194.113 - - [07/Feb/2025:03:56:41 -0500] "GET /about/?MA HTTP/1.1" 200 1299 "-" "Mozilla/5.0 (compatible; Barkrowler/0.9; +https://babbar.tech/crawler)"
217.113.194.116 - - [07/Feb/2025:03:56:53 -0500] "GET /about/?SD HTTP/1.1" 200 1304 "-" "Mozilla/5.0 (compatible; Barkrowler/0.9; +https://babbar.tech/crawler)"
217.113.194.120 - - [07/Feb/2025:03:57:06 -0500] "GET /customorder.php HTTP/1.1" 200 697 "-" "Mozilla/5.0 (compatible; Barkrowler/0.9; +https://babbar.tech/crawler)"
217.113.194.116 - - [07/Feb/2025:03:57:19 -0500] "GET /assets/?MA HTTP/1.1" 200 1210 "-" "Mozilla/5.0 (compatible; Barkrowler/0.9; +https://babbar.tech/crawler)"
157.55.39.63 - - [07/Feb/2025:03:57:22 -0500] "GET /assets/images/portfolio/logo/20-min.jpg HTTP/1.1" 200 5779 "-" "Mozilla/5.0 AppleWebKit/537.36 (KHTML, like Gecko; compatible; bingbot/2.0; +http://www.bing.com/bingbot.htm) Chrome/116.0.1938.76 Safari/537.36"
217.113.194.117 - - [07/Feb/2025:03:57:31 -0500] "GET /assets/?SA HTTP/1.1" 200 1207 "-" "Mozilla/5.0 (compatible; Barkrowler/0.9; +https://babbar.tech/crawler)"
217.113.194.114 - - [07/Feb/2025:03:57:44 -0500] "GET /assets/?NA HTTP/1.1" 200 1204 "-" "Mozilla/5.0 (compatible; Barkrowler/0.9; +https://babbar.tech/crawler)"
217.113.194.115 - - [07/Feb/2025:03:57:58 -0500] "GET /assets/scss/ HTTP/1.1" 200 902 "-" "Mozilla/5.0 (compatible; Barkrowler/0.9; +https://babbar.tech/crawler)"
217.113.194.118 - - [07/Feb/2025:03:58:11 -0500] "GET /assets/images/logos/ HTTP/1.1" 200 1899 "-" "Mozilla/5.0 (compatible; Barkrowler/0.9; +https://babbar.tech/crawler)"
217.113.194.121 - - [07/Feb/2025:03:58:24 -0500] "GET /assets/images/services/ HTTP/1.1" 200 1350 "-" "Mozilla/5.0 (compatible; Barkrowler/0.9; +https://babbar.tech/crawler)"
217.113.194.119 - - [07/Feb/2025:03:58:37 -0500] "GET /stripe/logo.php HTTP/1.1" 200 8363 "-" "Mozilla/5.0 (compatible; Barkrowler/0.9; +https://babbar.tech/crawler)"
217.113.194.121 - - [07/Feb/2025:03:58:51 -0500] "GET /stripe/checkout.php HTTP/1.1" 200 481 "-" "Mozilla/5.0 (compatible; Barkrowler/0.9; +https://babbar.tech/crawler)"
217.113.194.112 - - [07/Feb/2025:03:59:05 -0500] "GET /root_stripe/ HTTP/1.1" 200 753 "-" "Mozilla/5.0 (compatible; Barkrowler/0.9; +https://babbar.tech/crawler)"
217.113.194.115 - - [07/Feb/2025:03:59:18 -0500] "GET /service/software-development/ HTTP/1.1" 200 1286 "-" "Mozilla/5.0 (compatible; Barkrowler/0.9; +https://babbar.tech/crawler)"
217.113.194.117 - - [07/Feb/2025:03:59:31 -0500] "GET /services/?NA HTTP/1.1" 200 1365 "-" "Mozilla/5.0 (compatible; Barkrowler/0.9; +https://babbar.tech/crawler)"
217.113.194.121 - - [07/Feb/2025:03:59:44 -0500] "GET /services/?MD HTTP/1.1" 200 1376 "-" "Mozilla/5.0 (compatible; Barkrowler/0.9; +https://babbar.tech/crawler)"
217.113.194.120 - - [07/Feb/2025:03:59:57 -0500] "GET /services/?SD HTTP/1.1" 200 1363 "-" "Mozilla/5.0 (compatible; Barkrowler/0.9; +https://babbar.tech/crawler)"
114.119.145.225 - - [07/Feb/2025:04:00:10 -0500] "GET /admin/vendor/fontawesome-free/svgs/regular/heart.svg HTTP/1.1" 200 315 "https://eirtechs.com/admin/vendor/fontawesome-free/svgs/regular/?MD" "Mozilla/5.0 (Linux; Android 7.0;) AppleWebKit/537.36 (KHTML, like Gecko) Mobile Safari/537.36 (compatible; PetalBot;+https://webmaster.petalsearch.com/site/petalbot)"
217.113.194.114 - - [07/Feb/2025:04:00:10 -0500] "GET /build/?ND HTTP/1.1" 200 782 "-" "Mozilla/5.0 (compatible; Barkrowler/0.9; +https://babbar.tech/crawler)"
114.119.128.244 - - [07/Feb/2025:04:00:12 -0500] "GET /testbeta/root_stripe/stripe/tests/Stripe/Issuing/?MA HTTP/1.1" 200 916 "https://www.eirtechs.com/testbeta/root_stripe/stripe/tests/Stripe/Issuing/?MD" "Mozilla/5.0 (Linux; Android 7.0;) AppleWebKit/537.36 (KHTML, like Gecko) Mobile Safari/537.36 (compatible; PetalBot;+https://webmaster.petalsearch.com/site/petalbot)"
217.113.194.115 - - [07/Feb/2025:04:00:23 -0500] "GET /build/?NA HTTP/1.1" 200 782 "-" "Mozilla/5.0 (compatible; Barkrowler/0.9; +https://babbar.tech/crawler)"
217.113.194.121 - - [07/Feb/2025:04:00:36 -0500] "GET /build/?MA HTTP/1.1" 200 790 "-" "Mozilla/5.0 (compatible; Barkrowler/0.9; +https://babbar.tech/crawler)"
217.113.194.120 - - [07/Feb/2025:04:00:49 -0500] "GET /build/?SA HTTP/1.1" 200 785 "-" "Mozilla/5.0 (compatible; Barkrowler/0.9; +https://babbar.tech/crawler)"
217.113.194.121 - - [07/Feb/2025:04:01:01 -0500] "GET /testbeta/services/ HTTP/1.1" 200 851 "-" "Mozilla/5.0 (compatible; Barkrowler/0.9; +https://babbar.tech/crawler)"
217.113.194.113 - - [07/Feb/2025:04:01:14 -0500] "GET /testbeta/index.html HTTP/1.1" 404 1251 "-" "Mozilla/5.0 (compatible; Barkrowler/0.9; +https://babbar.tech/crawler)"
217.113.194.115 - - [07/Feb/2025:04:01:27 -0500] "GET /testbeta/assets/ HTTP/1.1" 200 819 "-" "Mozilla/5.0 (compatible; Barkrowler/0.9; +https://babbar.tech/crawler)"
217.113.194.113 - - [07/Feb/2025:04:01:39 -0500] "GET /testbeta/packages/ HTTP/1.1" 200 851 "-" "Mozilla/5.0 (compatible; Barkrowler/0.9; +https://babbar.tech/crawler)"
217.113.194.113 - - [07/Feb/2025:04:01:52 -0500] "GET /pay/?SA HTTP/1.1" 200 945 "-" "Mozilla/5.0 (compatible; Barkrowler/0.9; +https://babbar.tech/crawler)"
217.113.194.117 - - [07/Feb/2025:04:02:06 -0500] "GET /pay/make-payment/ HTTP/1.1" 200 23 "-" "Mozilla/5.0 (compatible; Barkrowler/0.9; +https://babbar.tech/crawler)"
217.113.194.112 - - [07/Feb/2025:04:02:19 -0500] "GET /paynow/create/ HTTP/1.1" 302 23 "-" "Mozilla/5.0 (compatible; Barkrowler/0.9; +https://babbar.tech/crawler)"
154.54.249.204 - - [07/Feb/2025:04:02:31 -0500] "GET /inc/?ND HTTP/1.1" 200 1460 "-" "Mozilla/5.0 (compatible; Barkrowler/0.9; +https://babbar.tech/crawler)"
51.222.253.12 - - [07/Feb/2025:04:02:39 -0500] "GET /testbeta/assets/images/services/?MA HTTP/1.1" 200 731 "-" "Mozilla/5.0 (compatible; AhrefsBot/7.0; +http://ahrefs.com/robot/)"
217.113.194.121 - - [07/Feb/2025:04:02:44 -0500] "GET /inc/?MA HTTP/1.1" 200 1455 "-" "Mozilla/5.0 (compatible; Barkrowler/0.9; +https://babbar.tech/crawler)"
217.113.194.114 - - [07/Feb/2025:04:02:57 -0500] "GET /inc/?SD HTTP/1.1" 200 1459 "-" "Mozilla/5.0 (compatible; Barkrowler/0.9; +https://babbar.tech/crawler)"
217.113.194.112 - - [07/Feb/2025:04:03:09 -0500] "GET /inc/header.php HTTP/1.1" 200 2891 "-" "Mozilla/5.0 (compatible; Barkrowler/0.9; +https://babbar.tech/crawler)"
217.113.194.114 - - [07/Feb/2025:04:03:22 -0500] "GET /inc/footer.php HTTP/1.1" 200 1916 "-" "Mozilla/5.0 (compatible; Barkrowler/0.9; +https://babbar.tech/crawler)"
217.113.194.118 - - [07/Feb/2025:04:03:35 -0500] "GET /thankyou/signup.php HTTP/1.1" 200 5229 "-" "Mozilla/5.0 (compatible; Barkrowler/0.9; +https://babbar.tech/crawler)"
217.113.194.112 - - [07/Feb/2025:04:03:48 -0500] "GET /assets/images/portfolio/ HTTP/1.1" 200 1778 "-" "Mozilla/5.0 (compatible; Barkrowler/0.9; +https://babbar.tech/crawler)"
217.113.194.113 - - [07/Feb/2025:04:04:01 -0500] "GET /assest/image/ HTTP/1.1" 200 4307 "-" "Mozilla/5.0 (compatible; Barkrowler/0.9; +https://babbar.tech/crawler)"
217.113.194.120 - - [07/Feb/2025:04:04:13 -0500] "GET /assest/css/ HTTP/1.1" 200 768 "-" "Mozilla/5.0 (compatible; Barkrowler/0.9; +https://babbar.tech/crawler)"
217.113.194.115 - - [07/Feb/2025:04:04:26 -0500] "GET /expertise/contact.php HTTP/1.1" 404 1251 "-" "Mozilla/5.0 (compatible; Barkrowler/0.9; +https://babbar.tech/crawler)"
154.54.249.204 - - [07/Feb/2025:04:04:40 -0500] "GET /stripe/?NA HTTP/1.1" 200 874 "-" "Mozilla/5.0 (compatible; Barkrowler/0.9; +https://babbar.tech/crawler)"
217.113.194.114 - - [07/Feb/2025:04:04:53 -0500] "GET /stripe/?MD HTTP/1.1" 200 879 "-" "Mozilla/5.0 (compatible; Barkrowler/0.9; +https://babbar.tech/crawler)"
217.113.194.113 - - [07/Feb/2025:04:05:08 -0500] "GET /stripe/?SD HTTP/1.1" 200 876 "-" "Mozilla/5.0 (compatible; Barkrowler/0.9; +https://babbar.tech/crawler)"
114.119.136.199 - - [07/Feb/2025:04:05:15 -0500] "GET /admin/vendor/fontawesome-free/svgs/regular/frown-open.svg HTTP/1.1" 200 313 "https://eirtechs.com/admin/vendor/fontawesome-free/svgs/regular/?MD" "Mozilla/5.0 (Linux; Android 7.0;) AppleWebKit/537.36 (KHTML, like Gecko) Mobile Safari/537.36 (compatible; PetalBot;+https://webmaster.petalsearch.com/site/petalbot)"
114.119.128.203 - - [07/Feb/2025:04:05:20 -0500] "GET /testbeta/root_stripe/stripe/tests/Stripe/EphemeralKeyTest.php HTTP/1.1" 200 160 "https://www.eirtechs.com/testbeta/root_stripe/stripe/tests/Stripe/" "Mozilla/5.0 (Linux; Android 7.0;) AppleWebKit/537.36 (KHTML, like Gecko) Mobile Safari/537.36 (compatible; PetalBot;+https://webmaster.petalsearch.com/site/petalbot)"
217.113.194.120 - - [07/Feb/2025:04:05:22 -0500] "GET /service/mobile_application.php HTTP/1.1" 200 9302 "-" "Mozilla/5.0 (compatible; Barkrowler/0.9; +https://babbar.tech/crawler)"
217.113.194.112 - - [07/Feb/2025:04:05:36 -0500] "GET /service/digital_marketing.php HTTP/1.1" 200 9571 "-" "Mozilla/5.0 (compatible; Barkrowler/0.9; +https://babbar.tech/crawler)"
217.113.194.121 - - [07/Feb/2025:04:05:51 -0500] "GET /testbeta/services/web.php HTTP/1.1" 200 5882 "-" "Mozilla/5.0 (compatible; Barkrowler/0.9; +https://babbar.tech/crawler)"
217.113.194.118 - - [07/Feb/2025:04:06:05 -0500] "GET /testbeta/about.php HTTP/1.1" 200 4299 "-" "Mozilla/5.0 (compatible; Barkrowler/0.9; +https://babbar.tech/crawler)"
51.222.253.10 - - [07/Feb/2025:04:06:12 -0500] "GET /testbeta/assets/images/portfolio/?MA HTTP/1.1" 200 1304 "-" "Mozilla/5.0 (compatible; AhrefsBot/7.0; +http://ahrefs.com/robot/)"
217.113.194.115 - - [07/Feb/2025:04:06:18 -0500] "GET /assets/videos/?MA HTTP/1.1" 200 1474 "-" "Mozilla/5.0 (compatible; Barkrowler/0.9; +https://babbar.tech/crawler)"
217.113.194.116 - - [07/Feb/2025:04:06:31 -0500] "GET /assets/videos/?SA HTTP/1.1" 200 1466 "-" "Mozilla/5.0 (compatible; Barkrowler/0.9; +https://babbar.tech/crawler)"
217.113.194.113 - - [07/Feb/2025:04:06:44 -0500] "GET /assets/js/?MD HTTP/1.1" 200 1636 "-" "Mozilla/5.0 (compatible; Barkrowler/0.9; +https://babbar.tech/crawler)"
217.113.194.115 - - [07/Feb/2025:04:06:57 -0500] "GET /assets/js/?SA HTTP/1.1" 200 1644 "-" "Mozilla/5.0 (compatible; Barkrowler/0.9; +https://babbar.tech/crawler)"
217.113.194.112 - - [07/Feb/2025:04:07:11 -0500] "GET /assets/images/?MA HTTP/1.1" 200 3211 "-" "Mozilla/5.0 (compatible; Barkrowler/0.9; +https://babbar.tech/crawler)"
217.113.194.119 - - [07/Feb/2025:04:07:25 -0500] "GET /assets/images/?SA HTTP/1.1" 200 3230 "-" "Mozilla/5.0 (compatible; Barkrowler/0.9; +https://babbar.tech/crawler)"
217.113.194.121 - - [07/Feb/2025:04:07:38 -0500] "GET /assest/?SD HTTP/1.1" 200 829 "-" "Mozilla/5.0 (compatible; Barkrowler/0.9; +https://babbar.tech/crawler)"
217.113.194.121 - - [07/Feb/2025:04:07:52 -0500] "GET /assest/?NA HTTP/1.1" 200 827 "-" "Mozilla/5.0 (compatible; Barkrowler/0.9; +https://babbar.tech/crawler)"
217.113.194.117 - - [07/Feb/2025:04:08:06 -0500] "GET /public_html/?SD HTTP/1.1" 200 767 "-" "Mozilla/5.0 (compatible; Barkrowler/0.9; +https://babbar.tech/crawler)"
217.113.194.115 - - [07/Feb/2025:04:08:19 -0500] "GET /public_html/?NA HTTP/1.1" 200 766 "-" "Mozilla/5.0 (compatible; Barkrowler/0.9; +https://babbar.tech/crawler)"
217.113.194.119 - - [07/Feb/2025:04:08:33 -0500] "GET /build/js/?MD HTTP/1.1" 200 1288 "-" "Mozilla/5.0 (compatible; Barkrowler/0.9; +https://babbar.tech/crawler)"
217.113.194.117 - - [07/Feb/2025:04:08:47 -0500] "GET /testbeta/?SD HTTP/1.1" 200 1346 "-" "Mozilla/5.0 (compatible; Barkrowler/0.9; +https://babbar.tech/crawler)"
154.54.249.204 - - [07/Feb/2025:04:09:00 -0500] "GET /pay/create_gbp/ HTTP/1.1" 302 23 "-" "Mozilla/5.0 (compatible; Barkrowler/0.9; +https://babbar.tech/crawler)"
217.113.194.118 - - [07/Feb/2025:04:09:15 -0500] "GET /thankyou/?ND HTTP/1.1" 200 912 "-" "Mozilla/5.0 (compatible; Barkrowler/0.9; +https://babbar.tech/crawler)"
217.113.194.112 - - [07/Feb/2025:04:09:28 -0500] "GET /thankyou/?MA HTTP/1.1" 200 914 "-" "Mozilla/5.0 (compatible; Barkrowler/0.9; +https://babbar.tech/crawler)"
51.222.253.6 - - [07/Feb/2025:04:09:34 -0500] "GET /testbeta/assets/images/portfolio/?NA HTTP/1.1" 200 1314 "-" "Mozilla/5.0 (compatible; AhrefsBot/7.0; +http://ahrefs.com/robot/)"
217.113.194.114 - - [07/Feb/2025:04:09:41 -0500] "GET /thankyou/?SD HTTP/1.1" 200 917 "-" "Mozilla/5.0 (compatible; Barkrowler/0.9; +https://babbar.tech/crawler)"
217.113.194.115 - - [07/Feb/2025:04:09:54 -0500] "GET /assets/fonts/?NA HTTP/1.1" 200 822 "-" "Mozilla/5.0 (compatible; Barkrowler/0.9; +https://babbar.tech/crawler)"
217.113.194.121 - - [07/Feb/2025:04:10:07 -0500] "GET /assets/fonts/?MD HTTP/1.1" 200 817 "-" "Mozilla/5.0 (compatible; Barkrowler/0.9; +https://babbar.tech/crawler)"
114.119.135.120 - - [07/Feb/2025:04:10:12 -0500] "GET /testbeta/root_stripe/stripe/lib/Error/RateLimit.php HTTP/1.1" 200 164 "https://www.eirtechs.com/testbeta/root_stripe/stripe/lib/Error/?MD" "Mozilla/5.0 (Linux; Android 7.0;) AppleWebKit/537.36 (KHTML, like Gecko) Mobile Safari/537.36 (compatible; PetalBot;+https://webmaster.petalsearch.com/site/petalbot)"
114.119.136.199 - - [07/Feb/2025:04:10:16 -0500] "GET /admin/vendor/fontawesome-free/svgs/regular/file-image.svg HTTP/1.1" 200 305 "https://eirtechs.com/admin/vendor/fontawesome-free/svgs/regular/?MD" "Mozilla/5.0 (Linux; Android 7.0;) AppleWebKit/537.36 (KHTML, like Gecko) Mobile Safari/537.36 (compatible; PetalBot;+https://webmaster.petalsearch.com/site/petalbot)"
154.54.249.204 - - [07/Feb/2025:04:10:20 -0500] "GET /assets/css/?MD HTTP/1.1" 200 1622 "-" "Mozilla/5.0 (compatible; Barkrowler/0.9; +https://babbar.tech/crawler)"
217.113.194.115 - - [07/Feb/2025:04:10:33 -0500] "GET /assets/css/?SD HTTP/1.1" 200 1617 "-" "Mozilla/5.0 (compatible; Barkrowler/0.9; +https://babbar.tech/crawler)"
154.54.249.204 - - [07/Feb/2025:04:10:46 -0500] "GET /assets/scss/?MD HTTP/1.1" 200 904 "-" "Mozilla/5.0 (compatible; Barkrowler/0.9; +https://babbar.tech/crawler)"
217.113.194.112 - - [07/Feb/2025:04:10:59 -0500] "GET /assets/images/portfolio/website/ HTTP/1.1" 200 1632 "-" "Mozilla/5.0 (compatible; Barkrowler/0.9; +https://babbar.tech/crawler)"
154.54.249.204 - - [07/Feb/2025:04:11:12 -0500] "GET /service/digital-marketing/?ND HTTP/1.1" 200 1277 "-" "Mozilla/5.0 (compatible; Barkrowler/0.9; +https://babbar.tech/crawler)"
217.113.194.117 - - [07/Feb/2025:04:11:24 -0500] "GET /service/mobile-application/?MA HTTP/1.1" 200 1283 "-" "Mozilla/5.0 (compatible; Barkrowler/0.9; +https://babbar.tech/crawler)"
217.113.194.113 - - [07/Feb/2025:04:11:37 -0500] "GET /testbeta-atif/?MA HTTP/1.1" 200 1341 "-" "Mozilla/5.0 (compatible; Barkrowler/0.9; +https://babbar.tech/crawler)"
217.113.194.120 - - [07/Feb/2025:04:11:50 -0500] "GET /testbeta-atif/?SA HTTP/1.1" 200 1338 "-" "Mozilla/5.0 (compatible; Barkrowler/0.9; +https://babbar.tech/crawler)"
217.113.194.115 - - [07/Feb/2025:04:12:03 -0500] "GET /testbeta-atif/?ND HTTP/1.1" 200 1332 "-" "Mozilla/5.0 (compatible; Barkrowler/0.9; +https://babbar.tech/crawler)"
217.113.194.115 - - [07/Feb/2025:04:12:15 -0500] "GET /testbeta/stripe/?MA HTTP/1.1" 200 806 "-" "Mozilla/5.0 (compatible; Barkrowler/0.9; +https://babbar.tech/crawler)"
217.113.194.117 - - [07/Feb/2025:04:12:28 -0500] "GET /testbeta/stripe/?SD HTTP/1.1" 200 806 "-" "Mozilla/5.0 (compatible; Barkrowler/0.9; +https://babbar.tech/crawler)"
217.113.194.121 - - [07/Feb/2025:04:12:41 -0500] "GET /testbeta/stripe/?ND HTTP/1.1" 200 802 "-" "Mozilla/5.0 (compatible; Barkrowler/0.9; +https://babbar.tech/crawler)"
154.54.249.204 - - [07/Feb/2025:04:12:53 -0500] "GET /testbeta/inc/?ND HTTP/1.1" 200 816 "-" "Mozilla/5.0 (compatible; Barkrowler/0.9; +https://babbar.tech/crawler)"
217.113.194.117 - - [07/Feb/2025:04:13:06 -0500] "GET /testbeta/inc/?SD HTTP/1.1" 200 820 "-" "Mozilla/5.0 (compatible; Barkrowler/0.9; +https://babbar.tech/crawler)"
217.113.194.121 - - [07/Feb/2025:04:13:18 -0500] "GET /testbeta/mail/?MD HTTP/1.1" 200 1306 "-" "Mozilla/5.0 (compatible; Barkrowler/0.9; +https://babbar.tech/crawler)"
217.113.194.119 - - [07/Feb/2025:04:13:31 -0500] "GET /testbeta/assets/?MD HTTP/1.1" 200 818 "-" "Mozilla/5.0 (compatible; Barkrowler/0.9; +https://babbar.tech/crawler)"
154.54.249.204 - - [07/Feb/2025:04:13:43 -0500] "GET /testbeta/assets/?SD HTTP/1.1" 200 819 "-" "Mozilla/5.0 (compatible; Barkrowler/0.9; +https://babbar.tech/crawler)"
217.113.194.119 - - [07/Feb/2025:04:13:56 -0500] "GET /assets/images/portfolio/?MD HTTP/1.1" 200 1784 "-" "Mozilla/5.0 (compatible; Barkrowler/0.9; +https://babbar.tech/crawler)"
217.113.194.113 - - [07/Feb/2025:04:14:09 -0500] "GET /service/corporate-branding/?ND HTTP/1.1" 200 1280 "-" "Mozilla/5.0 (compatible; Barkrowler/0.9; +https://babbar.tech/crawler)"
217.113.194.121 - - [07/Feb/2025:04:14:23 -0500] "GET /service/web-cms-development/?SD HTTP/1.1" 200 1300 "-" "Mozilla/5.0 (compatible; Barkrowler/0.9; +https://babbar.tech/crawler)"
217.113.194.116 - - [07/Feb/2025:04:14:36 -0500] "GET /testbeta-atif/inc/contact.php HTTP/1.1" 404 1251 "-" "Mozilla/5.0 (compatible; Barkrowler/0.9; +https://babbar.tech/crawler)"
217.113.194.117 - - [07/Feb/2025:04:14:49 -0500] "GET /testbeta-atif/assets/images/ HTTP/1.1" 200 2486 "-" "Mozilla/5.0 (compatible; Barkrowler/0.9; +https://babbar.tech/crawler)"
217.113.194.118 - - [07/Feb/2025:04:15:02 -0500] "GET /testbeta-atif/packages/web.php HTTP/1.1" 200 6120 "-" "Mozilla/5.0 (compatible; Barkrowler/0.9; +https://babbar.tech/crawler)"
114.119.128.244 - - [07/Feb/2025:04:15:13 -0500] "GET /admin/vendor/fontawesome-free/svgs/regular/file-alt.svg HTTP/1.1" 200 315 "https://eirtechs.com/admin/vendor/fontawesome-free/svgs/regular/?MD" "Mozilla/5.0 (Linux; Android 7.0;) AppleWebKit/537.36 (KHTML, like Gecko) Mobile Safari/537.36 (compatible; PetalBot;+https://webmaster.petalsearch.com/site/petalbot)"
154.54.249.204 - - [07/Feb/2025:04:15:16 -0500] "GET /testbeta/inc/services/seo.php HTTP/1.1" 404 1251 "-" "Mozilla/5.0 (compatible; Barkrowler/0.9; +https://babbar.tech/crawler)"
114.119.128.244 - - [07/Feb/2025:04:15:19 -0500] "GET /testbeta/root_stripe/stripe/lib/Error/Permission.php HTTP/1.1" 200 155 "https://www.eirtechs.com/testbeta/root_stripe/stripe/lib/Error/?MD" "Mozilla/5.0 (Linux; Android 7.0;) AppleWebKit/537.36 (KHTML, like Gecko) Mobile Safari/537.36 (compatible; PetalBot;+https://webmaster.petalsearch.com/site/petalbot)"
217.113.194.121 - - [07/Feb/2025:04:15:28 -0500] "GET /testbeta/mail/form.config.php HTTP/1.1" 200 0 "-" "Mozilla/5.0 (compatible; Barkrowler/0.9; +https://babbar.tech/crawler)"
217.113.194.114 - - [07/Feb/2025:04:15:42 -0500] "GET /testbeta/assets/css/?ND HTTP/1.1" 200 1564 "-" "Mozilla/5.0 (compatible; Barkrowler/0.9; +https://babbar.tech/crawler)"
217.113.194.121 - - [07/Feb/2025:04:15:55 -0500] "GET /testbeta/assets/scss/?ND HTTP/1.1" 200 886 "-" "Mozilla/5.0 (compatible; Barkrowler/0.9; +https://babbar.tech/crawler)"
217.113.194.112 - - [07/Feb/2025:04:16:07 -0500] "GET /testbeta/assets/fonts/?ND HTTP/1.1" 200 830 "-" "Mozilla/5.0 (compatible; Barkrowler/0.9; +https://babbar.tech/crawler)"
217.113.194.119 - - [07/Feb/2025:04:16:20 -0500] "GET /assest/javascript/?SD HTTP/1.1" 200 771 "-" "Mozilla/5.0 (compatible; Barkrowler/0.9; +https://babbar.tech/crawler)"
217.113.194.115 - - [07/Feb/2025:04:16:34 -0500] "GET /testbeta-atif/mail/admin.php HTTP/1.1" 200 1597 "-" "Mozilla/5.0 (compatible; Barkrowler/0.9; +https://babbar.tech/crawler)"
217.113.194.114 - - [07/Feb/2025:04:16:47 -0500] "GET /testbeta-atif/services/logo.php HTTP/1.1" 200 6590 "-" "Mozilla/5.0 (compatible; Barkrowler/0.9; +https://babbar.tech/crawler)"
217.113.194.117 - - [07/Feb/2025:04:16:59 -0500] "GET /testbeta-atif/index%20-%20Copy.php HTTP/1.1" 200 7221 "-" "Mozilla/5.0 (compatible; Barkrowler/0.9; +https://babbar.tech/crawler)"
51.222.253.2 - - [07/Feb/2025:04:17:02 -0500] "GET /stripe/checkout.php HTTP/1.1" 200 459 "-" "Mozilla/5.0 (compatible; AhrefsBot/7.0; +http://ahrefs.com/robot/)"
217.113.194.112 - - [07/Feb/2025:04:17:12 -0500] "GET /testbeta/inc/services/eir.php HTTP/1.1" 404 1251 "-" "Mozilla/5.0 (compatible; Barkrowler/0.9; +https://babbar.tech/crawler)"
217.113.194.114 - - [07/Feb/2025:04:17:25 -0500] "GET /assets/images/portfolio/new1/?ND HTTP/1.1" 200 1564 "-" "Mozilla/5.0 (compatible; Barkrowler/0.9; +https://babbar.tech/crawler)"
217.113.194.115 - - [07/Feb/2025:04:17:38 -0500] "GET /assest/image/icons/?ND HTTP/1.1" 200 1186 "-" "Mozilla/5.0 (compatible; Barkrowler/0.9; +https://babbar.tech/crawler)"
217.113.194.121 - - [07/Feb/2025:04:17:51 -0500] "GET /testbeta-atif/inc/services/web.php HTTP/1.1" 404 1251 "-" "Mozilla/5.0 (compatible; Barkrowler/0.9; +https://babbar.tech/crawler)"
217.113.194.114 - - [07/Feb/2025:04:18:04 -0500] "GET /testbeta-atif/services/?MD HTTP/1.1" 200 1243 "-" "Mozilla/5.0 (compatible; Barkrowler/0.9; +https://babbar.tech/crawler)"
217.113.194.115 - - [07/Feb/2025:04:18:17 -0500] "GET /testbeta-atif/root_stripe/ HTTP/1.1" 200 768 "-" "Mozilla/5.0 (compatible; Barkrowler/0.9; +https://babbar.tech/crawler)"
217.113.194.120 - - [07/Feb/2025:04:18:30 -0500] "GET /testbeta-atif/packages/seo.php HTTP/1.1" 200 5569 "-" "Mozilla/5.0 (compatible; Barkrowler/0.9; +https://babbar.tech/crawler)"
217.113.194.115 - - [07/Feb/2025:04:18:45 -0500] "GET /assets/fonts/flaticon/font/?ND HTTP/1.1" 200 1293 "-" "Mozilla/5.0 (compatible; Barkrowler/0.9; +https://babbar.tech/crawler)"
217.113.194.113 - - [07/Feb/2025:04:18:58 -0500] "GET /assets/images/portfolio/branding/?ND HTTP/1.1" 200 1723 "-" "Mozilla/5.0 (compatible; Barkrowler/0.9; +https://babbar.tech/crawler)"
217.113.194.120 - - [07/Feb/2025:04:19:12 -0500] "GET /root_stripe/stripe/data/?ND HTTP/1.1" 200 774 "-" "Mozilla/5.0 (compatible; Barkrowler/0.9; +https://babbar.tech/crawler)"
217.113.194.112 - - [07/Feb/2025:04:19:25 -0500] "GET /root_stripe/stripe/lib/Card.php HTTP/1.1" 200 147 "-" "Mozilla/5.0 (compatible; Barkrowler/0.9; +https://babbar.tech/crawler)"
217.113.194.119 - - [07/Feb/2025:04:19:40 -0500] "GET /testbeta-atif/inc/services/seo.php HTTP/1.1" 404 1251 "-" "Mozilla/5.0 (compatible; Barkrowler/0.9; +https://babbar.tech/crawler)"
217.113.194.121 - - [07/Feb/2025:04:19:53 -0500] "GET /testbeta-atif/inc/services/logo.php HTTP/1.1" 404 1251 "-" "Mozilla/5.0 (compatible; Barkrowler/0.9; +https://babbar.tech/crawler)"
217.113.194.118 - - [07/Feb/2025:04:20:07 -0500] "GET /testbeta-atif/inc/services/eir.php HTTP/1.1" 404 1251 "-" "Mozilla/5.0 (compatible; Barkrowler/0.9; +https://babbar.tech/crawler)"
114.119.145.225 - - [07/Feb/2025:04:20:14 -0500] "GET /admin/vendor/fontawesome-free/svgs/regular/edit.svg HTTP/1.1" 200 366 "https://eirtechs.com/admin/vendor/fontawesome-free/svgs/regular/?MD" "Mozilla/5.0 (Linux; Android 7.0;) AppleWebKit/537.36 (KHTML, like Gecko) Mobile Safari/537.36 (compatible; PetalBot;+https://webmaster.petalsearch.com/site/petalbot)"
114.119.128.244 - - [07/Feb/2025:04:20:15 -0500] "GET /testbeta/inc/ HTTP/1.1" 200 823 "https://www.eirtechs.com/testbeta/?MD" "Mozilla/5.0 (Linux; Android 7.0;) AppleWebKit/537.36 (KHTML, like Gecko) Mobile Safari/537.36 (compatible; PetalBot;+https://webmaster.petalsearch.com/site/petalbot)"
217.113.194.115 - - [07/Feb/2025:04:20:20 -0500] "GET /testbeta-atif/assets/js/?SA HTTP/1.1" 200 1621 "-" "Mozilla/5.0 (compatible; Barkrowler/0.9; +https://babbar.tech/crawler)"
217.113.194.113 - - [07/Feb/2025:04:20:32 -0500] "GET /testbeta-atif/assets/js/?ND HTTP/1.1" 200 1626 "-" "Mozilla/5.0 (compatible; Barkrowler/0.9; +https://babbar.tech/crawler)"
51.222.253.17 - - [07/Feb/2025:04:20:43 -0500] "GET /assets/fonts/flaticon/ HTTP/1.1" 200 681 "-" "Mozilla/5.0 (compatible; AhrefsBot/7.0; +http://ahrefs.com/robot/)"
217.113.194.116 - - [07/Feb/2025:04:20:47 -0500] "GET /root_stripe/stripe/lib/ApiOperations/ HTTP/1.1" 200 1272 "-" "Mozilla/5.0 (compatible; Barkrowler/0.9; +https://babbar.tech/crawler)"
51.222.253.7 - - [07/Feb/2025:04:24:25 -0500] "GET /testbeta/assets/css/css/mixins/?NA HTTP/1.1" 200 626 "-" "Mozilla/5.0 (compatible; AhrefsBot/7.0; +http://ahrefs.com/robot/)"
114.119.166.95 - - [07/Feb/2025:04:25:28 -0500] "GET /admin/vendor/fontawesome-free/svgs/regular/building.svg HTTP/1.1" 200 294 "https://eirtechs.com/admin/vendor/fontawesome-free/svgs/regular/?MD" "Mozilla/5.0 (Linux; Android 7.0;) AppleWebKit/537.36 (KHTML, like Gecko) Mobile Safari/537.36 (compatible; PetalBot;+https://webmaster.petalsearch.com/site/petalbot)"
114.119.166.95 - - [07/Feb/2025:04:25:29 -0500] "GET /testbeta/assets/scss/bootstrap/utilities/_borders.scss HTTP/1.1" 200 1551 "https://www.eirtechs.com/testbeta/assets/scss/bootstrap/utilities/?SA" "Mozilla/5.0 (Linux; Android 7.0;) AppleWebKit/537.36 (KHTML, like Gecko) Mobile Safari/537.36 (compatible; PetalBot;+https://webmaster.petalsearch.com/site/petalbot)"
51.222.253.2 - - [07/Feb/2025:04:28:08 -0500] "GET /services/?ND HTTP/1.1" 200 1149 "-" "Mozilla/5.0 (compatible; AhrefsBot/7.0; +http://ahrefs.com/robot/)"
114.119.154.65 - - [07/Feb/2025:04:30:22 -0500] "GET /admin/vendor/fontawesome-free/svgs/brands/tumblr.svg HTTP/1.1" 200 296 "https://eirtechs.com/admin/vendor/fontawesome-free/svgs/brands/?NA" "Mozilla/5.0 (Linux; Android 7.0;) AppleWebKit/537.36 (KHTML, like Gecko) Mobile Safari/537.36 (compatible; PetalBot;+https://webmaster.petalsearch.com/site/petalbot)"
114.119.128.244 - - [07/Feb/2025:04:30:23 -0500] "GET /testbeta/assets/scss/bootstrap/?MA HTTP/1.1" 200 2257 "https://www.eirtechs.com/testbeta/assets/scss/bootstrap/?SA" "Mozilla/5.0 (Linux; Android 7.0;) AppleWebKit/537.36 (KHTML, like Gecko) Mobile Safari/537.36 (compatible; PetalBot;+https://webmaster.petalsearch.com/site/petalbot)"
51.222.253.7 - - [07/Feb/2025:04:31:55 -0500] "GET /admin/includes/?SA HTTP/1.1" 200 736 "-" "Mozilla/5.0 (compatible; AhrefsBot/7.0; +http://ahrefs.com/robot/)"
51.222.253.3 - - [07/Feb/2025:04:34:59 -0500] "GET /service/digital-marketing/?SD HTTP/1.1" 200 1068 "-" "Mozilla/5.0 (compatible; AhrefsBot/7.0; +http://ahrefs.com/robot/)"
114.119.166.95 - - [07/Feb/2025:04:35:17 -0500] "GET /admin/vendor/fontawesome-free/svgs/brands/sass.svg HTTP/1.1" 200 1429 "https://eirtechs.com/admin/vendor/fontawesome-free/svgs/brands/?NA" "Mozilla/5.0 (Linux; Android 7.0;) AppleWebKit/537.36 (KHTML, like Gecko) Mobile Safari/537.36 (compatible; PetalBot;+https://webmaster.petalsearch.com/site/petalbot)"
114.119.145.225 - - [07/Feb/2025:04:35:18 -0500] "GET /testbeta/assets/scss/bootstrap/ HTTP/1.1" 200 2252 "https://www.eirtechs.com/testbeta/assets/scss/bootstrap/utilities/?SA" "Mozilla/5.0 (Linux; Android 7.0;) AppleWebKit/537.36 (KHTML, like Gecko) Mobile Safari/537.36 (compatible; PetalBot;+https://webmaster.petalsearch.com/site/petalbot)"
114.119.154.65 - - [07/Feb/2025:04:40:16 -0500] "GET /admin/vendor/fontawesome-free/svgs/brands/ravelry.svg HTTP/1.1" 200 704 "https://eirtechs.com/admin/vendor/fontawesome-free/svgs/brands/?NA" "Mozilla/5.0 (Linux; Android 7.0;) AppleWebKit/537.36 (KHTML, like Gecko) Mobile Safari/537.36 (compatible; PetalBot;+https://webmaster.petalsearch.com/site/petalbot)"
114.119.128.244 - - [07/Feb/2025:04:40:20 -0500] "GET /testbeta/assets/js/aos.js HTTP/1.1" 200 4950 "https://www.eirtechs.com/testbeta/assets/js/?SA" "Mozilla/5.0 (Linux; Android 7.0;) AppleWebKit/537.36 (KHTML, like Gecko) Mobile Safari/537.36 (compatible; PetalBot;+https://webmaster.petalsearch.com/site/petalbot)"
51.222.253.8 - - [07/Feb/2025:04:41:25 -0500] "GET /assets/fonts/flaticon/?ND HTTP/1.1" 200 683 "-" "Mozilla/5.0 (compatible; AhrefsBot/7.0; +http://ahrefs.com/robot/)"
51.222.253.19 - - [07/Feb/2025:04:44:59 -0500] "GET /admin/vendor/datatables/?MD HTTP/1.1" 200 1035 "-" "Mozilla/5.0 (compatible; AhrefsBot/7.0; +http://ahrefs.com/robot/)"
114.119.166.95 - - [07/Feb/2025:04:45:19 -0500] "GET /admin/vendor/fontawesome-free/svgs/solid/folder-minus.svg HTTP/1.1" 200 222 "https://eirtechs.com/admin/vendor/fontawesome-free/svgs/solid/?NA" "Mozilla/5.0 (Linux; Android 7.0;) AppleWebKit/537.36 (KHTML, like Gecko) Mobile Safari/537.36 (compatible; PetalBot;+https://webmaster.petalsearch.com/site/petalbot)"
114.119.136.199 - - [07/Feb/2025:04:45:23 -0500] "GET /testbeta/assets/fonts/ionicons/fonts/ionicons.woff2 HTTP/1.1" 200 50592 "https://www.eirtechs.com/testbeta/assets/fonts/ionicons/fonts/?MA" "Mozilla/5.0 (Linux; Android 7.0;) AppleWebKit/537.36 (KHTML, like Gecko) Mobile Safari/537.36 (compatible; PetalBot;+https://webmaster.petalsearch.com/site/petalbot)"
125.94.144.102 - - [07/Feb/2025:04:45:58 -0500] "GET / HTTP/1.1" 200 2200 "http://eirtechs.com" "Mozilla/5.0 (iPhone; CPU iPhone OS 13_2_3 like Mac OS X) AppleWebKit/605.1.15 (KHTML, like Gecko) Version/13.0.3 Mobile/15E148 Safari/604.1"
51.222.253.13 - - [07/Feb/2025:04:48:17 -0500] "GET /testbeta-atif/services/logo.php HTTP/1.1" 200 5112 "-" "Mozilla/5.0 (compatible; AhrefsBot/7.0; +http://ahrefs.com/robot/)"
114.119.128.244 - - [07/Feb/2025:04:50:18 -0500] "GET /admin/vendor/fontawesome-free/svgs/solid/external-link-square-alt.svg HTTP/1.1" 200 291 "https://eirtechs.com/admin/vendor/fontawesome-free/svgs/solid/?NA" "Mozilla/5.0 (Linux; Android 7.0;) AppleWebKit/537.36 (KHTML, like Gecko) Mobile Safari/537.36 (compatible; PetalBot;+https://webmaster.petalsearch.com/site/petalbot)"
114.119.128.203 - - [07/Feb/2025:04:50:25 -0500] "GET /testbeta/assets/fonts/ionicons/fonts/ HTTP/1.1" 200 905 "https://www.eirtechs.com/testbeta/assets/fonts/ionicons/?SA" "Mozilla/5.0 (Linux; Android 7.0;) AppleWebKit/537.36 (KHTML, like Gecko) Mobile Safari/537.36 (compatible; PetalBot;+https://webmaster.petalsearch.com/site/petalbot)"
51.222.253.4 - - [07/Feb/2025:04:51:53 -0500] "GET /testbeta-atif/assets/css/bootstrap/?NA HTTP/1.1" 200 660 "-" "Mozilla/5.0 (compatible; AhrefsBot/7.0; +http://ahrefs.com/robot/)"
51.222.253.3 - - [07/Feb/2025:04:55:07 -0500] "GET /testbeta/assets/fonts/?NA HTTP/1.1" 200 666 "-" "Mozilla/5.0 (compatible; AhrefsBot/7.0; +http://ahrefs.com/robot/)"
114.119.128.203 - - [07/Feb/2025:04:55:17 -0500] "GET /admin/vendor/fontawesome-free/svgs/solid/crow.svg HTTP/1.1" 200 363 "https://eirtechs.com/admin/vendor/fontawesome-free/svgs/solid/?SD" "Mozilla/5.0 (Linux; Android 7.0;) AppleWebKit/537.36 (KHTML, like Gecko) Mobile Safari/537.36 (compatible; PetalBot;+https://webmaster.petalsearch.com/site/petalbot)"
114.119.166.95 - - [07/Feb/2025:04:55:23 -0500] "GET /testbeta/assets/fonts/flaticon/font/?NA HTTP/1.1" 200 1297 "https://www.eirtechs.com/testbeta/assets/fonts/flaticon/font/?MD" "Mozilla/5.0 (Linux; Android 7.0;) AppleWebKit/537.36 (KHTML, like Gecko) Mobile Safari/537.36 (compatible; PetalBot;+https://webmaster.petalsearch.com/site/petalbot)"