114.119.166.95 - - [06/Feb/2025:16:30:01 -0500] "GET /admin/vendor/fontawesome-free/svgs/brands/wix.svg HTTP/1.1" 200 695 "https://eirtechs.com/admin/vendor/fontawesome-free/svgs/brands/?ND" "Mozilla/5.0 (Linux; Android 7.0;) AppleWebKit/537.36 (KHTML, like Gecko) Mobile Safari/537.36 (compatible; PetalBot;+https://webmaster.petalsearch.com/site/petalbot)"
114.119.128.203 - - [06/Feb/2025:16:30:07 -0500] "GET /testbeta/root_stripe/stripe/tests/Stripe/Issuing/TransactionTest.php HTTP/1.1" 200 163 "https://www.eirtechs.com/testbeta/root_stripe/stripe/tests/Stripe/Issuing/?MD" "Mozilla/5.0 (Linux; Android 7.0;) AppleWebKit/537.36 (KHTML, like Gecko) Mobile Safari/537.36 (compatible; PetalBot;+https://webmaster.petalsearch.com/site/petalbot)"
51.222.253.14 - - [06/Feb/2025:16:31:23 -0500] "GET /packages/office-training.php HTTP/1.1" 200 6925 "-" "Mozilla/5.0 (compatible; AhrefsBot/7.0; +http://ahrefs.com/robot/)"
114.119.136.199 - - [06/Feb/2025:16:34:59 -0500] "GET /admin/vendor/fontawesome-free/svgs/solid/cloud-moon.svg HTTP/1.1" 200 410 "https://eirtechs.com/admin/vendor/fontawesome-free/svgs/solid/?SD" "Mozilla/5.0 (Linux; Android 7.0;) AppleWebKit/537.36 (KHTML, like Gecko) Mobile Safari/537.36 (compatible; PetalBot;+https://webmaster.petalsearch.com/site/petalbot)"
85.208.96.209 - - [06/Feb/2025:16:35:00 -0500] "GET /testbeta-atif/mail/admin.php HTTP/1.1" 200 1597 "-" "Mozilla/5.0 (compatible; SemrushBot/7~bl; +http://www.semrush.com/bot.html)"
114.119.136.199 - - [06/Feb/2025:16:35:06 -0500] "GET /testbeta/root_stripe/stripe/tests/Stripe/HttpClient/ HTTP/1.1" 200 811 "https://www.eirtechs.com/testbeta/root_stripe/stripe/tests/Stripe/?MD" "Mozilla/5.0 (Linux; Android 7.0;) AppleWebKit/537.36 (KHTML, like Gecko) Mobile Safari/537.36 (compatible; PetalBot;+https://webmaster.petalsearch.com/site/petalbot)"
114.119.145.115 - - [06/Feb/2025:16:39:56 -0500] "GET /testbeta/root_stripe/stripe/tests/Stripe/?NA HTTP/1.1" 200 2599 "https://www.eirtechs.com/testbeta/root_stripe/stripe/tests/Stripe/?MD" "Mozilla/5.0 (Linux; Android 7.0;) AppleWebKit/537.36 (KHTML, like Gecko) Mobile Safari/537.36 (compatible; PetalBot;+https://webmaster.petalsearch.com/site/petalbot)"
114.119.136.199 - - [06/Feb/2025:16:39:58 -0500] "GET /admin/vendor/fontawesome-free/svgs/regular/check-square.svg HTTP/1.1" 200 302 "https://eirtechs.com/admin/vendor/fontawesome-free/svgs/regular/?MA" "Mozilla/5.0 (Linux; Android 7.0;) AppleWebKit/537.36 (KHTML, like Gecko) Mobile Safari/537.36 (compatible; PetalBot;+https://webmaster.petalsearch.com/site/petalbot)"
114.119.128.203 - - [06/Feb/2025:16:44:52 -0500] "GET /admin/vendor/fontawesome-free/svgs/solid/hryvnia.svg HTTP/1.1" 200 510 "https://eirtechs.com/admin/vendor/fontawesome-free/svgs/solid/?SD" "Mozilla/5.0 (Linux; Android 7.0;) AppleWebKit/537.36 (KHTML, like Gecko) Mobile Safari/537.36 (compatible; PetalBot;+https://webmaster.petalsearch.com/site/petalbot)"
114.119.145.225 - - [06/Feb/2025:16:44:54 -0500] "GET /testbeta/root_stripe/stripe/lib/Webhook.php HTTP/1.1" 200 0 "https://www.eirtechs.com/testbeta/root_stripe/stripe/lib/?MA" "Mozilla/5.0 (Linux; Android 7.0;) AppleWebKit/537.36 (KHTML, like Gecko) Mobile Safari/537.36 (compatible; PetalBot;+https://webmaster.petalsearch.com/site/petalbot)"
51.222.253.2 - - [06/Feb/2025:16:49:29 -0500] "GET /root_stripe/?NA HTTP/1.1" 200 608 "-" "Mozilla/5.0 (compatible; AhrefsBot/7.0; +http://ahrefs.com/robot/)"
114.119.128.244 - - [06/Feb/2025:16:50:01 -0500] "GET /testbeta/root_stripe/stripe/lib/Stripe.php HTTP/1.1" 200 0 "https://www.eirtechs.com/testbeta/root_stripe/stripe/lib/?MA" "Mozilla/5.0 (Linux; Android 7.0;) AppleWebKit/537.36 (KHTML, like Gecko) Mobile Safari/537.36 (compatible; PetalBot;+https://webmaster.petalsearch.com/site/petalbot)"
185.191.171.17 - - [06/Feb/2025:16:50:20 -0500] "GET /pay/gbp.php HTTP/1.1" 200 5045 "-" "Mozilla/5.0 (compatible; SemrushBot/7~bl; +http://www.semrush.com/bot.html)"
114.119.166.95 - - [06/Feb/2025:16:54:57 -0500] "GET /admin/vendor/fontawesome-free/svgs/solid/i-cursor.svg HTTP/1.1" 200 478 "https://eirtechs.com/admin/vendor/fontawesome-free/svgs/solid/?SD" "Mozilla/5.0 (Linux; Android 7.0;) AppleWebKit/537.36 (KHTML, like Gecko) Mobile Safari/537.36 (compatible; PetalBot;+https://webmaster.petalsearch.com/site/petalbot)"
114.119.136.199 - - [06/Feb/2025:16:55:05 -0500] "GET /testbeta/root_stripe/stripe/lib/ApiOperations/?MA HTTP/1.1" 200 1281 "https://www.eirtechs.com/testbeta/root_stripe/stripe/lib/ApiOperations/?MD" "Mozilla/5.0 (Linux; Android 7.0;) AppleWebKit/537.36 (KHTML, like Gecko) Mobile Safari/537.36 (compatible; PetalBot;+https://webmaster.petalsearch.com/site/petalbot)"
114.119.128.203 - - [06/Feb/2025:17:00:02 -0500] "GET /testbeta/root_stripe/stripe/lib/?ND HTTP/1.1" 200 2874 "https://www.eirtechs.com/testbeta/root_stripe/stripe/lib/" "Mozilla/5.0 (Linux; Android 7.0;) AppleWebKit/537.36 (KHTML, like Gecko) Mobile Safari/537.36 (compatible; PetalBot;+https://webmaster.petalsearch.com/site/petalbot)"
47.128.38.67 - - [06/Feb/2025:17:03:49 -0500] "GET /inc/vars.php HTTP/1.1" 200 6 "-" "Mozilla/5.0 (Linux; Android 5.0) AppleWebKit/537.36 (KHTML, like Gecko) Mobile Safari/537.36 (compatible; Bytespider; spider-feedback@bytedance.com)"
114.119.154.65 - - [06/Feb/2025:17:04:53 -0500] "GET /admin/vendor/fontawesome-free/svgs/solid/industry.svg HTTP/1.1" 200 222 "https://eirtechs.com/admin/vendor/fontawesome-free/svgs/solid/?NA" "Mozilla/5.0 (Linux; Android 7.0;) AppleWebKit/537.36 (KHTML, like Gecko) Mobile Safari/537.36 (compatible; PetalBot;+https://webmaster.petalsearch.com/site/petalbot)"
114.119.136.199 - - [06/Feb/2025:17:04:59 -0500] "GET /testbeta/root_stripe/stripe/?SA HTTP/1.1" 200 1485 "https://www.eirtechs.com/testbeta/root_stripe/stripe/?SD" "Mozilla/5.0 (Linux; Android 7.0;) AppleWebKit/537.36 (KHTML, like Gecko) Mobile Safari/537.36 (compatible; PetalBot;+https://webmaster.petalsearch.com/site/petalbot)"
51.222.253.4 - - [06/Feb/2025:17:06:51 -0500] "GET /packages/eir.php HTTP/1.1" 200 6572 "-" "Mozilla/5.0 (compatible; AhrefsBot/7.0; +http://ahrefs.com/robot/)"
114.119.128.203 - - [06/Feb/2025:17:09:56 -0500] "GET /admin/vendor/fontawesome-free/svgs/solid/fire-alt.svg HTTP/1.1" 200 336 "https://eirtechs.com/admin/vendor/fontawesome-free/svgs/solid/?NA" "Mozilla/5.0 (Linux; Android 7.0;) AppleWebKit/537.36 (KHTML, like Gecko) Mobile Safari/537.36 (compatible; PetalBot;+https://webmaster.petalsearch.com/site/petalbot)"
114.119.145.225 - - [06/Feb/2025:17:10:00 -0500] "GET /testbeta/mail/admin.php HTTP/1.1" 200 1594 "https://www.eirtechs.com/testbeta/mail/?MD" "Mozilla/5.0 (Linux; Android 7.0;) AppleWebKit/537.36 (KHTML, like Gecko) Mobile Safari/537.36 (compatible; PetalBot;+https://webmaster.petalsearch.com/site/petalbot)"
114.119.145.115 - - [06/Feb/2025:17:14:56 -0500] "GET /admin/vendor/fontawesome-free/svgs/solid/file-download.svg HTTP/1.1" 200 314 "https://eirtechs.com/admin/vendor/fontawesome-free/svgs/solid/?NA" "Mozilla/5.0 (Linux; Android 7.0;) AppleWebKit/537.36 (KHTML, like Gecko) Mobile Safari/537.36 (compatible; PetalBot;+https://webmaster.petalsearch.com/site/petalbot)"
114.119.145.225 - - [06/Feb/2025:17:15:01 -0500] "GET /testbeta/mail/?NA HTTP/1.1" 200 1302 "https://www.eirtechs.com/testbeta/mail/?MD" "Mozilla/5.0 (Linux; Android 7.0;) AppleWebKit/537.36 (KHTML, like Gecko) Mobile Safari/537.36 (compatible; PetalBot;+https://webmaster.petalsearch.com/site/petalbot)"
114.119.128.244 - - [06/Feb/2025:17:20:02 -0500] "GET /admin/vendor/fontawesome-free/svgs/solid/archway.svg HTTP/1.1" 200 234 "https://eirtechs.com/admin/vendor/fontawesome-free/svgs/solid/?NA" "Mozilla/5.0 (Linux; Android 7.0;) AppleWebKit/537.36 (KHTML, like Gecko) Mobile Safari/537.36 (compatible; PetalBot;+https://webmaster.petalsearch.com/site/petalbot)"
114.119.166.95 - - [06/Feb/2025:17:20:05 -0500] "GET /testbeta/root_stripe/stripe/lib/Subscription.php HTTP/1.1" 200 157 "https://www.eirtechs.com/testbeta/root_stripe/stripe/lib/?MA" "Mozilla/5.0 (Linux; Android 7.0;) AppleWebKit/537.36 (KHTML, like Gecko) Mobile Safari/537.36 (compatible; PetalBot;+https://webmaster.petalsearch.com/site/petalbot)"
51.222.253.13 - - [06/Feb/2025:17:24:39 -0500] "GET /database.php HTTP/1.1" 200 0 "-" "Mozilla/5.0 (compatible; AhrefsBot/7.0; +http://ahrefs.com/robot/)"
114.119.128.203 - - [06/Feb/2025:17:24:54 -0500] "GET /admin/vendor/fontawesome-free/svgs/regular/user-circle.svg HTTP/1.1" 200 388 "https://eirtechs.com/admin/vendor/fontawesome-free/svgs/regular/?MA" "Mozilla/5.0 (Linux; Android 7.0;) AppleWebKit/537.36 (KHTML, like Gecko) Mobile Safari/537.36 (compatible; PetalBot;+https://webmaster.petalsearch.com/site/petalbot)"
114.119.128.244 - - [06/Feb/2025:17:25:02 -0500] "GET /testbeta/assets/scss/bootstrap/utilities/_screenreaders.scss HTTP/1.1" 200 115 "https://www.eirtechs.com/testbeta/assets/scss/bootstrap/utilities/" "Mozilla/5.0 (Linux; Android 7.0;) AppleWebKit/537.36 (KHTML, like Gecko) Mobile Safari/537.36 (compatible; PetalBot;+https://webmaster.petalsearch.com/site/petalbot)"
114.119.128.244 - - [06/Feb/2025:17:29:54 -0500] "GET /admin/vendor/fontawesome-free/svgs/regular/envelope-open.svg HTTP/1.1" 200 655 "https://eirtechs.com/admin/vendor/fontawesome-free/svgs/regular/?MA" "Mozilla/5.0 (Linux; Android 7.0;) AppleWebKit/537.36 (KHTML, like Gecko) Mobile Safari/537.36 (compatible; PetalBot;+https://webmaster.petalsearch.com/site/petalbot)"
114.119.166.95 - - [06/Feb/2025:17:29:58 -0500] "GET /testbeta/assets/scss/bootstrap/utilities/_flex.scss HTTP/1.1" 200 2769 "https://www.eirtechs.com/testbeta/assets/scss/bootstrap/utilities/" "Mozilla/5.0 (Linux; Android 7.0;) AppleWebKit/537.36 (KHTML, like Gecko) Mobile Safari/537.36 (compatible; PetalBot;+https://webmaster.petalsearch.com/site/petalbot)"
114.119.145.115 - - [06/Feb/2025:17:34:56 -0500] "GET /admin/vendor/fontawesome-free/svgs/brands/twitter.svg HTTP/1.1" 200 506 "https://eirtechs.com/admin/vendor/fontawesome-free/svgs/brands/?ND" "Mozilla/5.0 (Linux; Android 7.0;) AppleWebKit/537.36 (KHTML, like Gecko) Mobile Safari/537.36 (compatible; PetalBot;+https://webmaster.petalsearch.com/site/petalbot)"
114.119.128.203 - - [06/Feb/2025:17:34:56 -0500] "GET /testbeta/assets/scss/bootstrap/utilities/?SA HTTP/1.1" 200 1424 "https://www.eirtechs.com/testbeta/assets/scss/bootstrap/utilities/" "Mozilla/5.0 (Linux; Android 7.0;) AppleWebKit/537.36 (KHTML, like Gecko) Mobile Safari/537.36 (compatible; PetalBot;+https://webmaster.petalsearch.com/site/petalbot)"
114.119.136.199 - - [06/Feb/2025:17:39:56 -0500] "GET /admin/vendor/fontawesome-free/svgs/brands/tencent-weibo.svg HTTP/1.1" 200 319 "https://eirtechs.com/admin/vendor/fontawesome-free/svgs/brands/?ND" "Mozilla/5.0 (Linux; Android 7.0;) AppleWebKit/537.36 (KHTML, like Gecko) Mobile Safari/537.36 (compatible; PetalBot;+https://webmaster.petalsearch.com/site/petalbot)"
114.119.145.115 - - [06/Feb/2025:17:40:01 -0500] "GET /testbeta/assets/scss/bootstrap/mixins/_grid-framework.scss HTTP/1.1" 200 1899 "https://www.eirtechs.com/testbeta/assets/scss/bootstrap/mixins/?ND" "Mozilla/5.0 (Linux; Android 7.0;) AppleWebKit/537.36 (KHTML, like Gecko) Mobile Safari/537.36 (compatible; PetalBot;+https://webmaster.petalsearch.com/site/petalbot)"
51.222.253.10 - - [06/Feb/2025:17:43:57 -0500] "GET /root_stripe/?ND HTTP/1.1" 200 609 "-" "Mozilla/5.0 (compatible; AhrefsBot/7.0; +http://ahrefs.com/robot/)"
114.119.128.203 - - [06/Feb/2025:17:44:59 -0500] "GET /testbeta/assets/scss/bootstrap/mixins/_breakpoints.scss HTTP/1.1" 200 4468 "https://www.eirtechs.com/testbeta/assets/scss/bootstrap/mixins/?ND" "Mozilla/5.0 (Linux; Android 7.0;) AppleWebKit/537.36 (KHTML, like Gecko) Mobile Safari/537.36 (compatible; PetalBot;+https://webmaster.petalsearch.com/site/petalbot)"
114.119.136.199 - - [06/Feb/2025:17:45:02 -0500] "GET /admin/vendor/fontawesome-free/svgs/brands/schlix.svg HTTP/1.1" 200 520 "https://eirtechs.com/admin/vendor/fontawesome-free/svgs/brands/?ND" "Mozilla/5.0 (Linux; Android 7.0;) AppleWebKit/537.36 (KHTML, like Gecko) Mobile Safari/537.36 (compatible; PetalBot;+https://webmaster.petalsearch.com/site/petalbot)"
114.119.128.203 - - [06/Feb/2025:17:49:55 -0500] "GET /testbeta/assets/fonts/open-iconic/open-iconic.svg HTTP/1.1" 200 16673 "https://eirtechs.com/testbeta/assets/fonts/open-iconic/?ND" "Mozilla/5.0 (Linux; Android 7.0;) AppleWebKit/537.36 (KHTML, like Gecko) Mobile Safari/537.36 (compatible; PetalBot;+https://webmaster.petalsearch.com/site/petalbot)"
114.119.136.199 - - [06/Feb/2025:17:49:56 -0500] "GET /testbeta/assets/js/scrollax.min.js HTTP/1.1" 200 3385 "https://www.eirtechs.com/testbeta/assets/js/?SD" "Mozilla/5.0 (Linux; Android 7.0;) AppleWebKit/537.36 (KHTML, like Gecko) Mobile Safari/537.36 (compatible; PetalBot;+https://webmaster.petalsearch.com/site/petalbot)"
114.119.128.203 - - [06/Feb/2025:17:55:00 -0500] "GET /admin/vendor/fontawesome-free/svgs/solid/camera.svg HTTP/1.1" 200 267 "https://eirtechs.com/admin/vendor/fontawesome-free/svgs/solid/?NA" "Mozilla/5.0 (Linux; Android 7.0;) AppleWebKit/537.36 (KHTML, like Gecko) Mobile Safari/537.36 (compatible; PetalBot;+https://webmaster.petalsearch.com/site/petalbot)"
114.119.166.95 - - [06/Feb/2025:17:55:01 -0500] "GET /testbeta/assets/js/jquery.stellar.min.js HTTP/1.1" 200 3932 "https://www.eirtechs.com/testbeta/assets/js/?SD" "Mozilla/5.0 (Linux; Android 7.0;) AppleWebKit/537.36 (KHTML, like Gecko) Mobile Safari/537.36 (compatible; PetalBot;+https://webmaster.petalsearch.com/site/petalbot)"
114.119.136.199 - - [06/Feb/2025:17:59:57 -0500] "GET /testbeta/assets/js/jquery.min.js HTTP/1.1" 200 97327 "https://www.eirtechs.com/testbeta/assets/js/?SD" "Mozilla/5.0 (Linux; Android 7.0;) AppleWebKit/537.36 (KHTML, like Gecko) Mobile Safari/537.36 (compatible; PetalBot;+https://webmaster.petalsearch.com/site/petalbot)"
114.119.128.203 - - [06/Feb/2025:18:00:00 -0500] "GET /admin/vendor/fontawesome-free/svgs/regular/window-restore.svg HTTP/1.1" 200 202 "https://eirtechs.com/admin/vendor/fontawesome-free/svgs/regular/?MA" "Mozilla/5.0 (Linux; Android 7.0;) AppleWebKit/537.36 (KHTML, like Gecko) Mobile Safari/537.36 (compatible; PetalBot;+https://webmaster.petalsearch.com/site/petalbot)"
51.222.253.6 - - [06/Feb/2025:18:00:33 -0500] "GET /packages/programming-training.php HTTP/1.1" 200 6148 "-" "Mozilla/5.0 (compatible; AhrefsBot/7.0; +http://ahrefs.com/robot/)"
114.119.145.115 - - [06/Feb/2025:18:04:55 -0500] "GET /admin/vendor/fontawesome-free/svgs/brands/reddit.svg HTTP/1.1" 200 508 "https://eirtechs.com/admin/vendor/fontawesome-free/svgs/brands/?ND" "Mozilla/5.0 (Linux; Android 7.0;) AppleWebKit/537.36 (KHTML, like Gecko) Mobile Safari/537.36 (compatible; PetalBot;+https://webmaster.petalsearch.com/site/petalbot)"
114.119.135.120 - - [06/Feb/2025:18:05:01 -0500] "GET /testbeta/assets/fonts/icomoon/?SD HTTP/1.1" 200 876 "https://www.eirtechs.com/testbeta/assets/fonts/icomoon/?SA" "Mozilla/5.0 (Linux; Android 7.0;) AppleWebKit/537.36 (KHTML, like Gecko) Mobile Safari/537.36 (compatible; PetalBot;+https://webmaster.petalsearch.com/site/petalbot)"
51.222.253.4 - - [06/Feb/2025:18:06:31 -0500] "GET /build/js/?MD HTTP/1.1" 200 1064 "-" "Mozilla/5.0 (compatible; AhrefsBot/7.0; +http://ahrefs.com/robot/)"
156.59.198.136 - - [06/Feb/2025:18:09:39 -0500] "GET /assets/images/portfolio/new/jewelry.jpg HTTP/1.1" 404 1251 "-" "Mozilla/5.0 (Linux; Android 5.0) AppleWebKit/537.36 (KHTML, like Gecko) Mobile Safari/537.36 (compatible; Bytespider; spider-feedback@bytedance.com)"
114.119.145.115 - - [06/Feb/2025:18:09:57 -0500] "GET /testbeta/assets/fonts/flaticon/font/?MD HTTP/1.1" 200 1309 "https://www.eirtechs.com/testbeta/assets/fonts/flaticon/font/?MA" "Mozilla/5.0 (Linux; Android 7.0;) AppleWebKit/537.36 (KHTML, like Gecko) Mobile Safari/537.36 (compatible; PetalBot;+https://webmaster.petalsearch.com/site/petalbot)"
114.119.128.244 - - [06/Feb/2025:18:10:05 -0500] "GET /admin/vendor/fontawesome-free/svgs/brands/pagelines.svg HTTP/1.1" 200 338 "https://eirtechs.com/admin/vendor/fontawesome-free/svgs/brands/?ND" "Mozilla/5.0 (Linux; Android 7.0;) AppleWebKit/537.36 (KHTML, like Gecko) Mobile Safari/537.36 (compatible; PetalBot;+https://webmaster.petalsearch.com/site/petalbot)"
51.222.253.9 - - [06/Feb/2025:18:10:29 -0500] "GET /testbeta-atif/assets/scss/ HTTP/1.1" 200 731 "-" "Mozilla/5.0 (compatible; AhrefsBot/7.0; +http://ahrefs.com/robot/)"
156.59.198.136 - - [06/Feb/2025:18:13:40 -0500] "GET /testbeta-atif/assets/images/add-uniquedesign.jpg HTTP/1.1" 404 1251 "-" "Mozilla/5.0 (Linux; Android 5.0) AppleWebKit/537.36 (KHTML, like Gecko) Mobile Safari/537.36 (compatible; Bytespider; spider-feedback@bytedance.com)"
51.222.253.12 - - [06/Feb/2025:18:13:51 -0500] "GET /testbeta-atif/assets/images/portfolio/branding/?MD HTTP/1.1" 200 1396 "-" "Mozilla/5.0 (compatible; AhrefsBot/7.0; +http://ahrefs.com/robot/)"
114.119.128.203 - - [06/Feb/2025:18:14:57 -0500] "GET /testbeta/assets/css/css/?MA HTTP/1.1" 200 831 "https://www.eirtechs.com/testbeta/assets/css/css/?MD" "Mozilla/5.0 (Linux; Android 7.0;) AppleWebKit/537.36 (KHTML, like Gecko) Mobile Safari/537.36 (compatible; PetalBot;+https://webmaster.petalsearch.com/site/petalbot)"
114.119.128.203 - - [06/Feb/2025:18:15:03 -0500] "GET /admin/vendor/fontawesome-free/svgs/brands/lyft.svg HTTP/1.1" 200 411 "https://eirtechs.com/admin/vendor/fontawesome-free/svgs/brands/?ND" "Mozilla/5.0 (Linux; Android 7.0;) AppleWebKit/537.36 (KHTML, like Gecko) Mobile Safari/537.36 (compatible; PetalBot;+https://webmaster.petalsearch.com/site/petalbot)"
51.222.253.2 - - [06/Feb/2025:18:17:29 -0500] "GET /admin/vendor/fontawesome-free/svgs/solid/?ND HTTP/1.1" 200 18681 "-" "Mozilla/5.0 (compatible; AhrefsBot/7.0; +http://ahrefs.com/robot/)"
114.119.145.225 - - [06/Feb/2025:18:20:00 -0500] "GET /testbeta/assets/?ND HTTP/1.1" 200 821 "https://www.eirtechs.com/testbeta/assets/?NA" "Mozilla/5.0 (Linux; Android 7.0;) AppleWebKit/537.36 (KHTML, like Gecko) Mobile Safari/537.36 (compatible; PetalBot;+https://webmaster.petalsearch.com/site/petalbot)"
114.119.128.244 - - [06/Feb/2025:18:20:00 -0500] "GET /admin/vendor/fontawesome-free/svgs/brands/lastfm.svg HTTP/1.1" 200 379 "https://eirtechs.com/admin/vendor/fontawesome-free/svgs/brands/?ND" "Mozilla/5.0 (Linux; Android 7.0;) AppleWebKit/537.36 (KHTML, like Gecko) Mobile Safari/537.36 (compatible; PetalBot;+https://webmaster.petalsearch.com/site/petalbot)"
51.222.253.17 - - [06/Feb/2025:18:21:40 -0500] "GET /testbeta-atif/assets/images/?ND HTTP/1.1" 200 2099 "-" "Mozilla/5.0 (compatible; AhrefsBot/7.0; +http://ahrefs.com/robot/)"
51.8.102.89 - - [06/Feb/2025:18:24:16 -0500] "GET /robots.txt HTTP/1.1" 404 1251 "-" "Mozilla/5.0 (Macintosh; Intel Mac OS X 10_15_7) AppleWebKit/537.36 (KHTML, like Gecko) Chrome/131.0.0.0 Safari/537.36; compatible; OAI-SearchBot/1.0; +https://openai.com/searchbot"
51.8.102.89 - - [06/Feb/2025:18:24:16 -0500] "GET /robots.txt HTTP/1.1" 404 1251 "-" "Mozilla/5.0 (Macintosh; Intel Mac OS X 10_15_7) AppleWebKit/537.36 (KHTML, like Gecko) Chrome/131.0.0.0 Safari/537.36; compatible; OAI-SearchBot/1.0; +https://openai.com/searchbot"
114.119.154.65 - - [06/Feb/2025:18:24:58 -0500] "GET /testbeta-atif/stripe/?SD HTTP/1.1" 200 818 "https://www.eirtechs.com/testbeta-atif/stripe/?SA" "Mozilla/5.0 (Linux; Android 7.0;) AppleWebKit/537.36 (KHTML, like Gecko) Mobile Safari/537.36 (compatible; PetalBot;+https://webmaster.petalsearch.com/site/petalbot)"
51.222.253.13 - - [06/Feb/2025:18:26:03 -0500] "GET /inc/footer.php HTTP/1.1" 200 1672 "-" "Mozilla/5.0 (compatible; AhrefsBot/7.0; +http://ahrefs.com/robot/)"
114.119.136.199 - - [06/Feb/2025:18:29:59 -0500] "GET /testbeta-atif/assets/fonts/flaticon/font/Flaticon.svg HTTP/1.1" 200 7596 "https://eirtechs.com/testbeta-atif/assets/fonts/flaticon/font/?SD" "Mozilla/5.0 (Linux; Android 7.0;) AppleWebKit/537.36 (KHTML, like Gecko) Mobile Safari/537.36 (compatible; PetalBot;+https://webmaster.petalsearch.com/site/petalbot)"
114.119.135.120 - - [06/Feb/2025:18:30:00 -0500] "GET /testbeta-atif/root_stripe/stripe/lib/Charge.php HTTP/1.1" 200 158 "https://www.eirtechs.com/testbeta-atif/root_stripe/stripe/lib/?SD" "Mozilla/5.0 (Linux; Android 7.0;) AppleWebKit/537.36 (KHTML, like Gecko) Mobile Safari/537.36 (compatible; PetalBot;+https://webmaster.petalsearch.com/site/petalbot)"
51.222.253.18 - - [06/Feb/2025:18:30:30 -0500] "GET /testbeta/assets/css/bootstrap/?SA HTTP/1.1" 200 658 "-" "Mozilla/5.0 (compatible; AhrefsBot/7.0; +http://ahrefs.com/robot/)"
47.128.48.30 - - [06/Feb/2025:18:30:47 -0500] "GET /robots.txt HTTP/1.1" 404 1251 "-" "Mozilla/5.0 (Linux; Android 5.0) AppleWebKit/537.36 (KHTML, like Gecko) Mobile Safari/537.36 (compatible; Bytespider; spider-feedback@bytedance.com)"
51.222.253.10 - - [06/Feb/2025:18:34:42 -0500] "GET /root_stripe/stripe/lib/Terminal/?NA HTTP/1.1" 200 689 "-" "Mozilla/5.0 (compatible; AhrefsBot/7.0; +http://ahrefs.com/robot/)"
47.128.31.84 - - [06/Feb/2025:18:34:48 -0500] "GET /robots.txt HTTP/1.1" 404 1251 "-" "Mozilla/5.0 (Linux; Android 5.0) AppleWebKit/537.36 (KHTML, like Gecko) Mobile Safari/537.36 (compatible; Bytespider; spider-feedback@bytedance.com)"
114.119.128.203 - - [06/Feb/2025:18:34:56 -0500] "GET /admin/vendor/fontawesome-free/svgs/solid/dharmachakra.svg HTTP/1.1" 200 958 "https://eirtechs.com/admin/vendor/fontawesome-free/svgs/solid/?SD" "Mozilla/5.0 (Linux; Android 7.0;) AppleWebKit/537.36 (KHTML, like Gecko) Mobile Safari/537.36 (compatible; PetalBot;+https://webmaster.petalsearch.com/site/petalbot)"
114.119.154.65 - - [06/Feb/2025:18:35:00 -0500] "GET /testbeta-atif/root_stripe/stripe/lib/BalanceTransaction.php HTTP/1.1" 200 165 "https://www.eirtechs.com/testbeta-atif/root_stripe/stripe/lib/?SD" "Mozilla/5.0 (Linux; Android 7.0;) AppleWebKit/537.36 (KHTML, like Gecko) Mobile Safari/537.36 (compatible; PetalBot;+https://webmaster.petalsearch.com/site/petalbot)"
49.7.227.204 - - [06/Feb/2025:18:36:12 -0500] "GET / HTTP/1.1" 200 2200 "http://eirtechs.com" "Mozilla/5.0 (iPhone; CPU iPhone OS 13_2_3 like Mac OS X) AppleWebKit/605.1.15 (KHTML, like Gecko) Version/13.0.3 Mobile/15E148 Safari/604.1"
51.222.253.16 - - [06/Feb/2025:18:38:27 -0500] "GET /testbeta-atif/assets/css/bootstrap/?MA HTTP/1.1" 200 665 "-" "Mozilla/5.0 (compatible; AhrefsBot/7.0; +http://ahrefs.com/robot/)"
47.128.52.162 - - [06/Feb/2025:18:38:49 -0500] "GET /robots.txt HTTP/1.1" 404 1251 "-" "Mozilla/5.0 (Linux; Android 5.0) AppleWebKit/537.36 (KHTML, like Gecko) Mobile Safari/537.36 (compatible; Bytespider; spider-feedback@bytedance.com)"
114.119.128.244 - - [06/Feb/2025:18:39:57 -0500] "GET /admin/vendor/fontawesome-free/svgs/regular/trash-alt.svg HTTP/1.1" 200 299 "https://eirtechs.com/admin/vendor/fontawesome-free/svgs/regular/?MA" "Mozilla/5.0 (Linux; Android 7.0;) AppleWebKit/537.36 (KHTML, like Gecko) Mobile Safari/537.36 (compatible; PetalBot;+https://webmaster.petalsearch.com/site/petalbot)"
114.119.136.199 - - [06/Feb/2025:18:39:57 -0500] "GET /testbeta/services/eir.php HTTP/1.1" 200 6018 "https://www.eirtechs.com/testbeta/services/?MD" "Mozilla/5.0 (Linux; Android 7.0;) AppleWebKit/537.36 (KHTML, like Gecko) Mobile Safari/537.36 (compatible; PetalBot;+https://webmaster.petalsearch.com/site/petalbot)"
51.222.253.19 - - [06/Feb/2025:18:42:35 -0500] "GET /inc/footer2.php HTTP/1.1" 200 1708 "-" "Mozilla/5.0 (compatible; AhrefsBot/7.0; +http://ahrefs.com/robot/)"
47.128.54.67 - - [06/Feb/2025:18:42:49 -0500] "GET /robots.txt HTTP/1.1" 404 1251 "-" "Mozilla/5.0 (Linux; Android 5.0) AppleWebKit/537.36 (KHTML, like Gecko) Mobile Safari/537.36 (compatible; Bytespider; spider-feedback@bytedance.com)"
114.119.128.244 - - [06/Feb/2025:18:45:00 -0500] "GET /testbeta/root_stripe/stripe/lib/Terminal/?SD HTTP/1.1" 200 861 "https://www.eirtechs.com/testbeta/root_stripe/stripe/lib/Terminal/?SA" "Mozilla/5.0 (Linux; Android 7.0;) AppleWebKit/537.36 (KHTML, like Gecko) Mobile Safari/537.36 (compatible; PetalBot;+https://webmaster.petalsearch.com/site/petalbot)"
114.119.145.115 - - [06/Feb/2025:18:45:01 -0500] "GET /admin/vendor/fontawesome-free/svgs/brands/vimeo-v.svg HTTP/1.1" 200 305 "https://eirtechs.com/admin/vendor/fontawesome-free/svgs/brands/?ND" "Mozilla/5.0 (Linux; Android 7.0;) AppleWebKit/537.36 (KHTML, like Gecko) Mobile Safari/537.36 (compatible; PetalBot;+https://webmaster.petalsearch.com/site/petalbot)"
51.222.253.10 - - [06/Feb/2025:18:46:51 -0500] "GET /cart.php HTTP/1.1" 200 4737 "-" "Mozilla/5.0 (compatible; AhrefsBot/7.0; +http://ahrefs.com/robot/)"
114.119.145.115 - - [06/Feb/2025:18:49:57 -0500] "GET /admin/vendor/fontawesome-free/svgs/brands/strava.svg HTTP/1.1" 200 186 "https://eirtechs.com/admin/vendor/fontawesome-free/svgs/brands/?ND" "Mozilla/5.0 (Linux; Android 7.0;) AppleWebKit/537.36 (KHTML, like Gecko) Mobile Safari/537.36 (compatible; PetalBot;+https://webmaster.petalsearch.com/site/petalbot)"
114.119.154.65 - - [06/Feb/2025:18:49:58 -0500] "GET /testbeta/root_stripe/stripe/lib/InvoiceItem.php HTTP/1.1" 200 157 "https://www.eirtechs.com/testbeta/root_stripe/stripe/lib/?MA" "Mozilla/5.0 (Linux; Android 7.0;) AppleWebKit/537.36 (KHTML, like Gecko) Mobile Safari/537.36 (compatible; PetalBot;+https://webmaster.petalsearch.com/site/petalbot)"
51.222.253.14 - - [06/Feb/2025:18:51:31 -0500] "GET /inc/header2.php HTTP/1.1" 200 2515 "-" "Mozilla/5.0 (compatible; AhrefsBot/7.0; +http://ahrefs.com/robot/)"
114.119.166.95 - - [06/Feb/2025:18:55:01 -0500] "GET /admin/vendor/fontawesome-free/svgs/brands/pied-piper-pp.svg HTTP/1.1" 200 416 "https://eirtechs.com/admin/vendor/fontawesome-free/svgs/brands/?ND" "Mozilla/5.0 (Linux; Android 7.0;) AppleWebKit/537.36 (KHTML, like Gecko) Mobile Safari/537.36 (compatible; PetalBot;+https://webmaster.petalsearch.com/site/petalbot)"
114.119.145.115 - - [06/Feb/2025:18:55:08 -0500] "GET /testbeta/root_stripe/?MA HTTP/1.1" 200 768 "https://www.eirtechs.com/testbeta/root_stripe/?SD" "Mozilla/5.0 (Linux; Android 7.0;) AppleWebKit/537.36 (KHTML, like Gecko) Mobile Safari/537.36 (compatible; PetalBot;+https://webmaster.petalsearch.com/site/petalbot)"
51.222.253.14 - - [06/Feb/2025:18:55:26 -0500] "GET /testbeta-atif/contact.php HTTP/1.1" 200 3462 "-" "Mozilla/5.0 (compatible; AhrefsBot/7.0; +http://ahrefs.com/robot/)"
47.128.58.113 - - [06/Feb/2025:18:57:20 -0500] "GET /root_stripe/stripe/lib/AlipayAccount.php HTTP/1.1" 200 140 "-" "Mozilla/5.0 (Linux; Android 5.0) AppleWebKit/537.36 (KHTML, like Gecko) Mobile Safari/537.36 (compatible; Bytespider; spider-feedback@bytedance.com)"
51.222.253.17 - - [06/Feb/2025:18:59:50 -0500] "GET /root_stripe/stripe/tests/Stripe/Util/?NA HTTP/1.1" 200 709 "-" "Mozilla/5.0 (compatible; AhrefsBot/7.0; +http://ahrefs.com/robot/)"
114.119.128.203 - - [06/Feb/2025:19:00:03 -0500] "GET /admin/vendor/fontawesome-free/svgs/brands/megaport.svg HTTP/1.1" 200 262 "https://eirtechs.com/admin/vendor/fontawesome-free/svgs/brands/?ND" "Mozilla/5.0 (Linux; Android 7.0;) AppleWebKit/537.36 (KHTML, like Gecko) Mobile Safari/537.36 (compatible; PetalBot;+https://webmaster.petalsearch.com/site/petalbot)"
114.119.136.199 - - [06/Feb/2025:19:00:05 -0500] "GET /testbeta/inc/?SA HTTP/1.1" 200 827 "https://www.eirtechs.com/testbeta/inc/?ND" "Mozilla/5.0 (Linux; Android 7.0;) AppleWebKit/537.36 (KHTML, like Gecko) Mobile Safari/537.36 (compatible; PetalBot;+https://webmaster.petalsearch.com/site/petalbot)"
51.222.253.1 - - [06/Feb/2025:19:03:58 -0500] "GET /inc/cta-training.php HTTP/1.1" 200 382 "-" "Mozilla/5.0 (compatible; AhrefsBot/7.0; +http://ahrefs.com/robot/)"
114.119.145.115 - - [06/Feb/2025:19:05:02 -0500] "GET /admin/vendor/fontawesome-free/svgs/brands/keybase.svg HTTP/1.1" 200 1026 "https://eirtechs.com/admin/vendor/fontawesome-free/svgs/brands/?ND" "Mozilla/5.0 (Linux; Android 7.0;) AppleWebKit/537.36 (KHTML, like Gecko) Mobile Safari/537.36 (compatible; PetalBot;+https://webmaster.petalsearch.com/site/petalbot)"
114.119.128.244 - - [06/Feb/2025:19:05:05 -0500] "GET /testbeta-atif/root_stripe/stripe/tests/Stripe/?MD HTTP/1.1" 200 2647 "https://www.eirtechs.com/testbeta-atif/root_stripe/stripe/tests/Stripe/?MA" "Mozilla/5.0 (Linux; Android 7.0;) AppleWebKit/537.36 (KHTML, like Gecko) Mobile Safari/537.36 (compatible; PetalBot;+https://webmaster.petalsearch.com/site/petalbot)"
51.222.253.14 - - [06/Feb/2025:19:08:02 -0500] "GET /testbeta-atif/packages/ HTTP/1.1" 200 717 "-" "Mozilla/5.0 (compatible; AhrefsBot/7.0; +http://ahrefs.com/robot/)"
114.119.135.120 - - [06/Feb/2025:19:10:04 -0500] "GET /admin/vendor/fontawesome-free/svgs/brands/hotjar.svg HTTP/1.1" 200 252 "https://eirtechs.com/admin/vendor/fontawesome-free/svgs/brands/?ND" "Mozilla/5.0 (Linux; Android 7.0;) AppleWebKit/537.36 (KHTML, like Gecko) Mobile Safari/537.36 (compatible; PetalBot;+https://webmaster.petalsearch.com/site/petalbot)"
114.119.145.225 - - [06/Feb/2025:19:10:07 -0500] "GET /testbeta-atif/root_stripe/stripe/lib/Reporting/?SD HTTP/1.1" 200 828 "https://www.eirtechs.com/testbeta-atif/root_stripe/stripe/lib/Reporting/?SA" "Mozilla/5.0 (Linux; Android 7.0;) AppleWebKit/537.36 (KHTML, like Gecko) Mobile Safari/537.36 (compatible; PetalBot;+https://webmaster.petalsearch.com/site/petalbot)"
51.222.253.7 - - [06/Feb/2025:19:11:48 -0500] "GET /testbeta-atif/assets/images/portfolio/website/ HTTP/1.1" 200 1301 "-" "Mozilla/5.0 (compatible; AhrefsBot/7.0; +http://ahrefs.com/robot/)"
114.119.166.95 - - [06/Feb/2025:19:14:59 -0500] "GET /testbeta-atif/root_stripe/stripe/lib/ApiOperations/?NA HTTP/1.1" 200 1282 "https://www.eirtechs.com/testbeta-atif/root_stripe/stripe/lib/ApiOperations/?MD" "Mozilla/5.0 (Linux; Android 7.0;) AppleWebKit/537.36 (KHTML, like Gecko) Mobile Safari/537.36 (compatible; PetalBot;+https://webmaster.petalsearch.com/site/petalbot)"
114.119.154.65 - - [06/Feb/2025:19:15:08 -0500] "GET /admin/vendor/fontawesome-free/svgs/brands/etsy.svg HTTP/1.1" 200 414 "https://eirtechs.com/admin/vendor/fontawesome-free/svgs/brands/?ND" "Mozilla/5.0 (Linux; Android 7.0;) AppleWebKit/537.36 (KHTML, like Gecko) Mobile Safari/537.36 (compatible; PetalBot;+https://webmaster.petalsearch.com/site/petalbot)"
51.222.253.18 - - [06/Feb/2025:19:15:26 -0500] "GET /testbeta/packages/?MA HTTP/1.1" 200 695 "-" "Mozilla/5.0 (compatible; AhrefsBot/7.0; +http://ahrefs.com/robot/)"
51.222.253.13 - - [06/Feb/2025:19:18:43 -0500] "GET /about/clients.php HTTP/1.1" 200 5532 "-" "Mozilla/5.0 (compatible; AhrefsBot/7.0; +http://ahrefs.com/robot/)"
114.119.166.95 - - [06/Feb/2025:19:20:00 -0500] "GET /testbeta-atif/root_stripe/stripe/?SD HTTP/1.1" 200 1485 "https://www.eirtechs.com/testbeta-atif/root_stripe/stripe/?SA" "Mozilla/5.0 (Linux; Android 7.0;) AppleWebKit/537.36 (KHTML, like Gecko) Mobile Safari/537.36 (compatible; PetalBot;+https://webmaster.petalsearch.com/site/petalbot)"
114.119.135.120 - - [06/Feb/2025:19:20:02 -0500] "GET /admin/vendor/fontawesome-free/svgs/brands/drupal.svg HTTP/1.1" 200 453 "https://eirtechs.com/admin/vendor/fontawesome-free/svgs/brands/?ND" "Mozilla/5.0 (Linux; Android 7.0;) AppleWebKit/537.36 (KHTML, like Gecko) Mobile Safari/537.36 (compatible; PetalBot;+https://webmaster.petalsearch.com/site/petalbot)"
51.222.253.14 - - [06/Feb/2025:19:21:55 -0500] "GET /testbeta-atif/assets/fonts/open-iconic/?NA HTTP/1.1" 200 722 "-" "Mozilla/5.0 (compatible; AhrefsBot/7.0; +http://ahrefs.com/robot/)"
51.222.253.4 - - [06/Feb/2025:19:25:06 -0500] "GET /assets/?SA HTTP/1.1" 200 1005 "-" "Mozilla/5.0 (compatible; AhrefsBot/7.0; +http://ahrefs.com/robot/)"
114.119.135.120 - - [06/Feb/2025:19:25:06 -0500] "GET /admin/vendor/fontawesome-free/svgs/solid/fill.svg HTTP/1.1" 200 377 "https://eirtechs.com/admin/vendor/fontawesome-free/svgs/solid/?SD" "Mozilla/5.0 (Linux; Android 7.0;) AppleWebKit/537.36 (KHTML, like Gecko) Mobile Safari/537.36 (compatible; PetalBot;+https://webmaster.petalsearch.com/site/petalbot)"
114.119.135.120 - - [06/Feb/2025:19:25:08 -0500] "GET /testbeta-atif/root_stripe/stripe/?NA HTTP/1.1" 200 1481 "https://www.eirtechs.com/testbeta-atif/root_stripe/stripe/?ND" "Mozilla/5.0 (Linux; Android 7.0;) AppleWebKit/537.36 (KHTML, like Gecko) Mobile Safari/537.36 (compatible; PetalBot;+https://webmaster.petalsearch.com/site/petalbot)"
51.222.253.9 - - [06/Feb/2025:19:28:27 -0500] "GET /testbeta-atif/assets/scss/bootstrap/mixins/?SD HTTP/1.1" 200 1538 "-" "Mozilla/5.0 (compatible; AhrefsBot/7.0; +http://ahrefs.com/robot/)"
114.119.145.225 - - [06/Feb/2025:19:30:05 -0500] "GET /testbeta-atif/root_stripe/?MD HTTP/1.1" 200 773 "https://www.eirtechs.com/testbeta-atif/root_stripe/?MA" "Mozilla/5.0 (Linux; Android 7.0;) AppleWebKit/537.36 (KHTML, like Gecko) Mobile Safari/537.36 (compatible; PetalBot;+https://webmaster.petalsearch.com/site/petalbot)"
114.119.154.65 - - [06/Feb/2025:19:30:07 -0500] "GET /admin/vendor/fontawesome-free/svgs/solid/desktop.svg HTTP/1.1" 200 221 "https://eirtechs.com/admin/vendor/fontawesome-free/svgs/solid/?NA" "Mozilla/5.0 (Linux; Android 7.0;) AppleWebKit/537.36 (KHTML, like Gecko) Mobile Safari/537.36 (compatible; PetalBot;+https://webmaster.petalsearch.com/site/petalbot)"
51.222.253.8 - - [06/Feb/2025:19:31:48 -0500] "GET /inc/vars.php HTTP/1.1" 200 6 "-" "Mozilla/5.0 (compatible; AhrefsBot/7.0; +http://ahrefs.com/robot/)"
35.237.89.55 - - [06/Feb/2025:19:32:56 -0500] "GET /getcmd HTTP/1.1" 404 1251 "http://162.213.251.239:80/getcmd" "Mozilla/5.0 (Windows NT 10.0; Win64; x64) AppleWebKit/537.36 (KHTML, like Gecko) Chrome/70.0.3538.77 Safari/537.36"
35.237.89.55 - - [06/Feb/2025:19:32:56 -0500] "GET /assets/ HTTP/1.1" 200 0 "http://162.213.251.239:80/assets/" "Mozilla/5.0 (Windows NT 10.0; Win64; x64) AppleWebKit/537.36 (KHTML, like Gecko) Chrome/70.0.3538.77 Safari/537.36"
35.237.89.55 - - [06/Feb/2025:19:32:56 -0500] "GET / HTTP/1.1" 200 0 "http://162.213.251.239:80" "Mozilla/5.0 (Windows NT 10.0; Win64; x64) AppleWebKit/537.36 (KHTML, like Gecko) Chrome/70.0.3538.77 Safari/537.36"
35.237.119.210 - - [06/Feb/2025:19:33:09 -0500] "GET /getcmd HTTP/1.1" 404 1251 "-" "Mozilla/5.0 (Windows NT 10.0; Win64; x64) AppleWebKit/537.36 (KHTML, like Gecko) Chrome/70.0.3538.77 Safari/537.36"
35.237.119.210 - - [06/Feb/2025:19:33:09 -0500] "GET /inc/ HTTP/1.1" 200 1467 "-" "Mozilla/5.0 (Windows NT 10.0; Win64; x64) AppleWebKit/537.36 (KHTML, like Gecko) Chrome/70.0.3538.77 Safari/537.36"
35.237.119.210 - - [06/Feb/2025:19:33:09 -0500] "GET / HTTP/1.1" 200 2200 "-" "Mozilla/5.0 (Windows NT 10.0; Win64; x64) AppleWebKit/537.36 (KHTML, like Gecko) Chrome/70.0.3538.77 Safari/537.36"
35.237.89.55 - - [06/Feb/2025:19:33:11 -0500] "GET /getcmd HTTP/1.1" 404 1251 "-" "Mozilla/5.0 (Windows NT 10.0; Win64; x64) AppleWebKit/537.36 (KHTML, like Gecko) Chrome/70.0.3538.77 Safari/537.36"
35.237.89.55 - - [06/Feb/2025:19:33:11 -0500] "GET / HTTP/1.1" 200 2200 "-" "Mozilla/5.0 (Windows NT 10.0; Win64; x64) AppleWebKit/537.36 (KHTML, like Gecko) Chrome/70.0.3538.77 Safari/537.36"
85.208.96.205 - - [06/Feb/2025:19:34:14 -0500] "GET /robots.txt HTTP/1.1" 404 1251 "-" "Mozilla/5.0 (compatible; SemrushBot/7~bl; +http://www.semrush.com/bot.html)"
85.208.96.205 - - [06/Feb/2025:19:34:15 -0500] "GET /packages/eir.php HTTP/1.1" 200 8004 "-" "Mozilla/5.0 (compatible; SemrushBot/7~bl; +http://www.semrush.com/bot.html)"
114.119.128.244 - - [06/Feb/2025:19:35:05 -0500] "GET /testbeta-atif/assets/scss/bootstrap/mixins/_caret.scss HTTP/1.1" 200 1478 "https://www.eirtechs.com/testbeta-atif/assets/scss/bootstrap/mixins/?NA" "Mozilla/5.0 (Linux; Android 7.0;) AppleWebKit/537.36 (KHTML, like Gecko) Mobile Safari/537.36 (compatible; PetalBot;+https://webmaster.petalsearch.com/site/petalbot)"
114.119.166.95 - - [06/Feb/2025:19:35:09 -0500] "GET /admin/vendor/fontawesome-free/svgs/solid/car-crash.svg HTTP/1.1" 200 1057 "https://eirtechs.com/admin/vendor/fontawesome-free/svgs/solid/?SD" "Mozilla/5.0 (Linux; Android 7.0;) AppleWebKit/537.36 (KHTML, like Gecko) Mobile Safari/537.36 (compatible; PetalBot;+https://webmaster.petalsearch.com/site/petalbot)"
51.222.253.13 - - [06/Feb/2025:19:35:44 -0500] "GET /root_stripe/stripe/tests/Stripe/Sigma/ScheduledQueryRunTest.php HTTP/1.1" 200 153 "-" "Mozilla/5.0 (compatible; AhrefsBot/7.0; +http://ahrefs.com/robot/)"
35.243.221.111 - - [06/Feb/2025:19:35:46 -0500] "GET /getcmd HTTP/1.1" 404 1251 "-" "Mozilla/5.0 (Windows NT 10.0; Win64; x64) AppleWebKit/537.36 (KHTML, like Gecko) Chrome/70.0.3538.77 Safari/537.36"
35.243.221.111 - - [06/Feb/2025:19:35:46 -0500] "GET / HTTP/1.1" 200 2200 "-" "Mozilla/5.0 (Windows NT 10.0; Win64; x64) AppleWebKit/537.36 (KHTML, like Gecko) Chrome/70.0.3538.77 Safari/537.36"
35.243.221.111 - - [06/Feb/2025:19:35:47 -0500] "GET /mail/ HTTP/1.1" 200 1286 "-" "Mozilla/5.0 (Windows NT 10.0; Win64; x64) AppleWebKit/537.36 (KHTML, like Gecko) Chrome/70.0.3538.77 Safari/537.36"
51.222.253.8 - - [06/Feb/2025:19:38:53 -0500] "GET /inc/cta.php HTTP/1.1" 200 602 "-" "Mozilla/5.0 (compatible; AhrefsBot/7.0; +http://ahrefs.com/robot/)"
114.119.128.244 - - [06/Feb/2025:19:39:58 -0500] "GET /admin/vendor/fontawesome-free/svgs/regular/grin-beam-sweat.svg HTTP/1.1" 200 535 "https://eirtechs.com/admin/vendor/fontawesome-free/svgs/regular/?MA" "Mozilla/5.0 (Linux; Android 7.0;) AppleWebKit/537.36 (KHTML, like Gecko) Mobile Safari/537.36 (compatible; PetalBot;+https://webmaster.petalsearch.com/site/petalbot)"
114.119.128.244 - - [06/Feb/2025:19:40:08 -0500] "GET /testbeta-atif/assets/scss/bootstrap/_pagination.scss HTTP/1.1" 200 1874 "https://www.eirtechs.com/testbeta-atif/assets/scss/bootstrap/?MD" "Mozilla/5.0 (Linux; Android 7.0;) AppleWebKit/537.36 (KHTML, like Gecko) Mobile Safari/537.36 (compatible; PetalBot;+https://webmaster.petalsearch.com/site/petalbot)"
35.237.89.55 - - [06/Feb/2025:19:41:37 -0500] "GET /expertise/ HTTP/1.1" 200 889 "-" "Mozilla/5.0 (Windows NT 10.0; Win64; x64) AppleWebKit/537.36 (KHTML, like Gecko) Chrome/70.0.3538.77 Safari/537.36"
35.237.89.55 - - [06/Feb/2025:19:41:37 -0500] "GET / HTTP/1.1" 200 2200 "-" "Mozilla/5.0 (Windows NT 10.0; Win64; x64) AppleWebKit/537.36 (KHTML, like Gecko) Chrome/70.0.3538.77 Safari/537.36"
35.237.89.55 - - [06/Feb/2025:19:41:38 -0500] "GET /getcmd HTTP/1.1" 404 1251 "-" "Mozilla/5.0 (Windows NT 10.0; Win64; x64) AppleWebKit/537.36 (KHTML, like Gecko) Chrome/70.0.3538.77 Safari/537.36"
35.237.119.210 - - [06/Feb/2025:19:41:49 -0500] "GET /cgi-bin/ HTTP/1.1" 403 1242 "http://162.213.251.239:80/cgi-bin/" "Mozilla/5.0 (Windows NT 10.0; Win64; x64) AppleWebKit/537.36 (KHTML, like Gecko) Chrome/70.0.3538.77 Safari/537.36"
35.237.119.210 - - [06/Feb/2025:19:41:49 -0500] "GET /getcmd HTTP/1.1" 404 1251 "http://162.213.251.239:80/getcmd" "Mozilla/5.0 (Windows NT 10.0; Win64; x64) AppleWebKit/537.36 (KHTML, like Gecko) Chrome/70.0.3538.77 Safari/537.36"
51.222.253.12 - - [06/Feb/2025:19:42:09 -0500] "GET /packages/ HTTP/1.1" 200 1164 "-" "Mozilla/5.0 (compatible; AhrefsBot/7.0; +http://ahrefs.com/robot/)"
114.119.135.120 - - [06/Feb/2025:19:45:02 -0500] "GET /testbeta-atif/assets/scss/bootstrap/_button-group.scss HTTP/1.1" 200 3740 "https://www.eirtechs.com/testbeta-atif/assets/scss/bootstrap/?MD" "Mozilla/5.0 (Linux; Android 7.0;) AppleWebKit/537.36 (KHTML, like Gecko) Mobile Safari/537.36 (compatible; PetalBot;+https://webmaster.petalsearch.com/site/petalbot)"
114.119.136.199 - - [06/Feb/2025:19:45:09 -0500] "GET /admin/vendor/fontawesome-free/svgs/regular/gem.svg HTTP/1.1" 200 301 "https://eirtechs.com/admin/vendor/fontawesome-free/svgs/regular/?MA" "Mozilla/5.0 (Linux; Android 7.0;) AppleWebKit/537.36 (KHTML, like Gecko) Mobile Safari/537.36 (compatible; PetalBot;+https://webmaster.petalsearch.com/site/petalbot)"
51.222.253.15 - - [06/Feb/2025:19:49:05 -0500] "GET /admin/vendor/fontawesome-free/css/?SA HTTP/1.1" 200 1204 "-" "Mozilla/5.0 (compatible; AhrefsBot/7.0; +http://ahrefs.com/robot/)"
114.119.166.95 - - [06/Feb/2025:19:49:58 -0500] "GET /admin/vendor/fontawesome-free/svgs/regular/calendar-minus.svg HTTP/1.1" 200 259 "https://eirtechs.com/admin/vendor/fontawesome-free/svgs/regular/?MA" "Mozilla/5.0 (Linux; Android 7.0;) AppleWebKit/537.36 (KHTML, like Gecko) Mobile Safari/537.36 (compatible; PetalBot;+https://webmaster.petalsearch.com/site/petalbot)"
114.119.145.115 - - [06/Feb/2025:19:50:00 -0500] "GET /testbeta-atif/assets/scss/?MD HTTP/1.1" 200 897 "https://www.eirtechs.com/testbeta-atif/assets/scss/?MA" "Mozilla/5.0 (Linux; Android 7.0;) AppleWebKit/537.36 (KHTML, like Gecko) Mobile Safari/537.36 (compatible; PetalBot;+https://webmaster.petalsearch.com/site/petalbot)"
35.237.89.55 - - [06/Feb/2025:19:52:39 -0500] "GET /getcmd HTTP/1.1" 404 1251 "-" "Mozilla/5.0 (Windows NT 10.0; Win64; x64) AppleWebKit/537.36 (KHTML, like Gecko) Chrome/70.0.3538.77 Safari/537.36"
35.237.89.55 - - [06/Feb/2025:19:52:39 -0500] "GET /build/ HTTP/1.1" 200 782 "-" "Mozilla/5.0 (Windows NT 10.0; Win64; x64) AppleWebKit/537.36 (KHTML, like Gecko) Chrome/70.0.3538.77 Safari/537.36"
35.237.89.55 - - [06/Feb/2025:19:52:39 -0500] "GET / HTTP/1.1" 200 2200 "-" "Mozilla/5.0 (Windows NT 10.0; Win64; x64) AppleWebKit/537.36 (KHTML, like Gecko) Chrome/70.0.3538.77 Safari/537.36"
51.222.253.12 - - [06/Feb/2025:19:52:52 -0500] "GET /inc/customers.php HTTP/1.1" 200 1042 "-" "Mozilla/5.0 (compatible; AhrefsBot/7.0; +http://ahrefs.com/robot/)"
35.237.119.210 - - [06/Feb/2025:19:52:57 -0500] "GET /getcmd HTTP/1.1" 404 1251 "-" "Mozilla/5.0 (Windows NT 10.0; Win64; x64) AppleWebKit/537.36 (KHTML, like Gecko) Chrome/70.0.3538.77 Safari/537.36"
35.237.119.210 - - [06/Feb/2025:19:52:57 -0500] "GET /public_html/ HTTP/1.1" 200 766 "-" "Mozilla/5.0 (Windows NT 10.0; Win64; x64) AppleWebKit/537.36 (KHTML, like Gecko) Chrome/70.0.3538.77 Safari/537.36"
35.237.119.210 - - [06/Feb/2025:19:52:57 -0500] "GET / HTTP/1.1" 200 2200 "-" "Mozilla/5.0 (Windows NT 10.0; Win64; x64) AppleWebKit/537.36 (KHTML, like Gecko) Chrome/70.0.3538.77 Safari/537.36"
35.190.139.212 - - [06/Feb/2025:19:53:04 -0500] "GET /getcmd HTTP/1.1" 404 1251 "-" "Mozilla/5.0 (Windows NT 10.0; Win64; x64) AppleWebKit/537.36 (KHTML, like Gecko) Chrome/70.0.3538.77 Safari/537.36"
35.190.139.212 - - [06/Feb/2025:19:53:04 -0500] "GET / HTTP/1.1" 200 2200 "-" "Mozilla/5.0 (Windows NT 10.0; Win64; x64) AppleWebKit/537.36 (KHTML, like Gecko) Chrome/70.0.3538.77 Safari/537.36"
35.190.139.212 - - [06/Feb/2025:19:53:04 -0500] "GET /about/ HTTP/1.1" 200 1298 "-" "Mozilla/5.0 (Windows NT 10.0; Win64; x64) AppleWebKit/537.36 (KHTML, like Gecko) Chrome/70.0.3538.77 Safari/537.36"
35.190.139.212 - - [06/Feb/2025:19:53:15 -0500] "GET /getcmd HTTP/1.1" 404 1251 "http://162.213.251.239:80/getcmd" "Mozilla/5.0 (Windows NT 10.0; Win64; x64) AppleWebKit/537.36 (KHTML, like Gecko) Chrome/70.0.3538.77 Safari/537.36"
35.190.139.212 - - [06/Feb/2025:19:53:15 -0500] "GET /getcmd HTTP/1.1" 404 1251 "http://162.213.251.239:80/getcmd" "Mozilla/5.0 (Windows NT 10.0; Win64; x64) AppleWebKit/537.36 (KHTML, like Gecko) Chrome/70.0.3538.77 Safari/537.36"
35.190.139.212 - - [06/Feb/2025:19:53:15 -0500] "GET /expertise/ HTTP/1.1" 200 889 "http://162.213.251.239:80/expertise/" "Mozilla/5.0 (Windows NT 10.0; Win64; x64) AppleWebKit/537.36 (KHTML, like Gecko) Chrome/70.0.3538.77 Safari/537.36"
35.190.139.212 - - [06/Feb/2025:19:53:15 -0500] "GET /pay/ HTTP/1.1" 200 940 "http://162.213.251.239:80/pay/" "Mozilla/5.0 (Windows NT 10.0; Win64; x64) AppleWebKit/537.36 (KHTML, like Gecko) Chrome/70.0.3538.77 Safari/537.36"
35.190.139.212 - - [06/Feb/2025:19:53:15 -0500] "GET / HTTP/1.1" 200 2200 "http://162.213.251.239:80" "Mozilla/5.0 (Windows NT 10.0; Win64; x64) AppleWebKit/537.36 (KHTML, like Gecko) Chrome/70.0.3538.77 Safari/537.36"
35.190.139.212 - - [06/Feb/2025:19:53:15 -0500] "GET / HTTP/1.1" 200 2200 "http://162.213.251.239:80" "Mozilla/5.0 (Windows NT 10.0; Win64; x64) AppleWebKit/537.36 (KHTML, like Gecko) Chrome/70.0.3538.77 Safari/537.36"
35.243.221.111 - - [06/Feb/2025:19:54:13 -0500] "GET / HTTP/1.1" 200 2200 "-" "Mozilla/5.0 (Windows NT 10.0; Win64; x64) AppleWebKit/537.36 (KHTML, like Gecko) Chrome/70.0.3538.77 Safari/537.36"
35.243.221.111 - - [06/Feb/2025:19:54:14 -0500] "GET /getcmd HTTP/1.1" 404 1251 "-" "Mozilla/5.0 (Windows NT 10.0; Win64; x64) AppleWebKit/537.36 (KHTML, like Gecko) Chrome/70.0.3538.77 Safari/537.36"
114.119.136.199 - - [06/Feb/2025:19:55:02 -0500] "GET /admin/vendor/fontawesome-free/svgs/brands/vaadin.svg HTTP/1.1" 200 451 "https://eirtechs.com/admin/vendor/fontawesome-free/svgs/brands/?ND" "Mozilla/5.0 (Linux; Android 7.0;) AppleWebKit/537.36 (KHTML, like Gecko) Mobile Safari/537.36 (compatible; PetalBot;+https://webmaster.petalsearch.com/site/petalbot)"
114.119.128.244 - - [06/Feb/2025:19:55:08 -0500] "GET /testbeta-atif/assets/images/portfolio/?SA HTTP/1.1" 200 1549 "https://www.eirtechs.com/testbeta-atif/assets/images/portfolio/?ND" "Mozilla/5.0 (Linux; Android 7.0;) AppleWebKit/537.36 (KHTML, like Gecko) Mobile Safari/537.36 (compatible; PetalBot;+https://webmaster.petalsearch.com/site/petalbot)"
51.222.253.4 - - [06/Feb/2025:19:57:01 -0500] "GET /testbeta-atif/assets/fonts/ HTTP/1.1" 200 666 "-" "Mozilla/5.0 (compatible; AhrefsBot/7.0; +http://ahrefs.com/robot/)"
114.119.154.65 - - [06/Feb/2025:19:59:58 -0500] "GET /admin/vendor/fontawesome-free/svgs/brands/product-hunt.svg HTTP/1.1" 200 228 "https://eirtechs.com/admin/vendor/fontawesome-free/svgs/brands/?ND" "Mozilla/5.0 (Linux; Android 7.0;) AppleWebKit/537.36 (KHTML, like Gecko) Mobile Safari/537.36 (compatible; PetalBot;+https://webmaster.petalsearch.com/site/petalbot)"
114.119.145.115 - - [06/Feb/2025:20:00:03 -0500] "GET /testbeta/root_stripe/stripe/tests/Stripe/Terminal/?SD HTTP/1.1" 200 884 "https://www.eirtechs.com/testbeta/root_stripe/stripe/tests/Stripe/Terminal/?SA" "Mozilla/5.0 (Linux; Android 7.0;) AppleWebKit/537.36 (KHTML, like Gecko) Mobile Safari/537.36 (compatible; PetalBot;+https://webmaster.petalsearch.com/site/petalbot)"
51.222.253.18 - - [06/Feb/2025:20:00:43 -0500] "GET /inc/logo2.php HTTP/1.1" 200 3081 "-" "Mozilla/5.0 (compatible; AhrefsBot/7.0; +http://ahrefs.com/robot/)"
51.222.253.11 - - [06/Feb/2025:20:04:40 -0500] "GET /testbeta/root_stripe/stripe/tests/Stripe/HttpClient/?SA HTTP/1.1" 200 665 "-" "Mozilla/5.0 (compatible; AhrefsBot/7.0; +http://ahrefs.com/robot/)"
114.119.128.203 - - [06/Feb/2025:20:05:04 -0500] "GET /admin/vendor/fontawesome-free/svgs/brands/neos.svg HTTP/1.1" 200 343 "https://eirtechs.com/admin/vendor/fontawesome-free/svgs/brands/?ND" "Mozilla/5.0 (Linux; Android 7.0;) AppleWebKit/537.36 (KHTML, like Gecko) Mobile Safari/537.36 (compatible; PetalBot;+https://webmaster.petalsearch.com/site/petalbot)"
114.119.154.65 - - [06/Feb/2025:20:05:06 -0500] "GET /testbeta/packages/?NA HTTP/1.1" 200 854 "https://www.eirtechs.com/testbeta/packages/?SD" "Mozilla/5.0 (Linux; Android 7.0;) AppleWebKit/537.36 (KHTML, like Gecko) Mobile Safari/537.36 (compatible; PetalBot;+https://webmaster.petalsearch.com/site/petalbot)"
51.222.253.18 - - [06/Feb/2025:20:08:39 -0500] "GET /admin/vendor/fontawesome-free/svgs/regular/?ND HTTP/1.1" 200 3772 "-" "Mozilla/5.0 (compatible; AhrefsBot/7.0; +http://ahrefs.com/robot/)"
40.77.167.144 - - [06/Feb/2025:20:09:37 -0500] "GET /assets/images/portfolio/logo/49-min.jpg HTTP/1.1" 200 4799 "-" "Mozilla/5.0 AppleWebKit/537.36 (KHTML, like Gecko; compatible; bingbot/2.0; +http://www.bing.com/bingbot.htm) Chrome/116.0.1938.76 Safari/537.36"
114.119.128.244 - - [06/Feb/2025:20:10:01 -0500] "GET /admin/vendor/fontawesome-free/svgs/brands/draft2digital.svg HTTP/1.1" 200 460 "https://eirtechs.com/admin/vendor/fontawesome-free/svgs/brands/?ND" "Mozilla/5.0 (Linux; Android 7.0;) AppleWebKit/537.36 (KHTML, like Gecko) Mobile Safari/537.36 (compatible; PetalBot;+https://webmaster.petalsearch.com/site/petalbot)"
114.119.154.65 - - [06/Feb/2025:20:10:03 -0500] "GET /testbeta/mail/vendor.css HTTP/1.1" 200 1838 "https://www.eirtechs.com/testbeta/mail/?MD" "Mozilla/5.0 (Linux; Android 7.0;) AppleWebKit/537.36 (KHTML, like Gecko) Mobile Safari/537.36 (compatible; PetalBot;+https://webmaster.petalsearch.com/site/petalbot)"
51.222.253.7 - - [06/Feb/2025:20:12:39 -0500] "GET /testbeta-atif/root_stripe/stripe/phpunit.no_autoload.xml HTTP/1.1" 200 201 "-" "Mozilla/5.0 (compatible; AhrefsBot/7.0; +http://ahrefs.com/robot/)"
114.119.166.95 - - [06/Feb/2025:20:14:59 -0500] "GET /admin/vendor/fontawesome-free/svgs/brands/dev.svg HTTP/1.1" 200 461 "https://eirtechs.com/admin/vendor/fontawesome-free/svgs/brands/?ND" "Mozilla/5.0 (Linux; Android 7.0;) AppleWebKit/537.36 (KHTML, like Gecko) Mobile Safari/537.36 (compatible; PetalBot;+https://webmaster.petalsearch.com/site/petalbot)"
114.119.128.244 - - [06/Feb/2025:20:15:02 -0500] "GET /testbeta/assets/scss/bootstrap/_popover.scss HTTP/1.1" 200 4536 "https://www.eirtechs.com/testbeta/assets/scss/bootstrap/?SA" "Mozilla/5.0 (Linux; Android 7.0;) AppleWebKit/537.36 (KHTML, like Gecko) Mobile Safari/537.36 (compatible; PetalBot;+https://webmaster.petalsearch.com/site/petalbot)"
51.222.253.2 - - [06/Feb/2025:20:16:08 -0500] "GET /admin/js/?ND HTTP/1.1" 200 690 "-" "Mozilla/5.0 (compatible; AhrefsBot/7.0; +http://ahrefs.com/robot/)"
114.119.136.199 - - [06/Feb/2025:20:20:00 -0500] "GET /testbeta/assets/scss/bootstrap/?ND HTTP/1.1" 200 2249 "https://www.eirtechs.com/testbeta/assets/scss/bootstrap/?NA" "Mozilla/5.0 (Linux; Android 7.0;) AppleWebKit/537.36 (KHTML, like Gecko) Mobile Safari/537.36 (compatible; PetalBot;+https://webmaster.petalsearch.com/site/petalbot)"
51.222.253.19 - - [06/Feb/2025:20:20:04 -0500] "GET /root_stripe/stripe/lib/SubscriptionItem.php HTTP/1.1" 200 139 "-" "Mozilla/5.0 (compatible; AhrefsBot/7.0; +http://ahrefs.com/robot/)"
114.119.145.115 - - [06/Feb/2025:20:20:05 -0500] "GET /admin/vendor/fontawesome-free/svgs/brands/cuttlefish.svg HTTP/1.1" 200 235 "https://eirtechs.com/admin/vendor/fontawesome-free/svgs/brands/?ND" "Mozilla/5.0 (Linux; Android 7.0;) AppleWebKit/537.36 (KHTML, like Gecko) Mobile Safari/537.36 (compatible; PetalBot;+https://webmaster.petalsearch.com/site/petalbot)"
