114.119.136.199 - - [07/Feb/2025:00:00:08 -0500] "GET /testbeta/root_stripe/stripe/tests/Stripe/Issuing/?NA HTTP/1.1" 200 915 "https://www.eirtechs.com/testbeta/root_stripe/stripe/tests/Stripe/Issuing/?MD" "Mozilla/5.0 (Linux; Android 7.0;) AppleWebKit/537.36 (KHTML, like Gecko) Mobile Safari/537.36 (compatible; PetalBot;+https://webmaster.petalsearch.com/site/petalbot)"
51.222.253.18 - - [07/Feb/2025:00:02:14 -0500] "GET /testbeta/assets/fonts/open-iconic/ HTTP/1.1" 200 720 "-" "Mozilla/5.0 (compatible; AhrefsBot/7.0; +http://ahrefs.com/robot/)"
114.119.128.244 - - [07/Feb/2025:00:05:05 -0500] "GET /testbeta/root_stripe/stripe/tests/Stripe/FileUploadTest.php HTTP/1.1" 200 157 "https://www.eirtechs.com/testbeta/root_stripe/stripe/tests/Stripe/" "Mozilla/5.0 (Linux; Android 7.0;) AppleWebKit/537.36 (KHTML, like Gecko) Mobile Safari/537.36 (compatible; PetalBot;+https://webmaster.petalsearch.com/site/petalbot)"
114.119.154.65 - - [07/Feb/2025:00:05:09 -0500] "GET /admin/vendor/fontawesome-free/svgs/solid/fast-forward.svg HTTP/1.1" 200 233 "https://eirtechs.com/admin/vendor/fontawesome-free/svgs/solid/?NA" "Mozilla/5.0 (Linux; Android 7.0;) AppleWebKit/537.36 (KHTML, like Gecko) Mobile Safari/537.36 (compatible; PetalBot;+https://webmaster.petalsearch.com/site/petalbot)"
51.222.253.16 - - [07/Feb/2025:00:06:27 -0500] "GET /packages/web-development.php HTTP/1.1" 200 7257 "-" "Mozilla/5.0 (compatible; AhrefsBot/7.0; +http://ahrefs.com/robot/)"
114.119.145.225 - - [07/Feb/2025:00:10:08 -0500] "GET /admin/vendor/fontawesome-free/svgs/solid/dice-four.svg HTTP/1.1" 200 212 "https://eirtechs.com/admin/vendor/fontawesome-free/svgs/solid/?NA" "Mozilla/5.0 (Linux; Android 7.0;) AppleWebKit/537.36 (KHTML, like Gecko) Mobile Safari/537.36 (compatible; PetalBot;+https://webmaster.petalsearch.com/site/petalbot)"
114.119.154.65 - - [07/Feb/2025:00:10:12 -0500] "GET /testbeta/root_stripe/stripe/tests/Stripe/?ND HTTP/1.1" 200 2607 "https://www.eirtechs.com/testbeta/root_stripe/stripe/tests/Stripe/" "Mozilla/5.0 (Linux; Android 7.0;) AppleWebKit/537.36 (KHTML, like Gecko) Mobile Safari/537.36 (compatible; PetalBot;+https://webmaster.petalsearch.com/site/petalbot)"
51.222.253.20 - - [07/Feb/2025:00:10:21 -0500] "GET /testbeta/assets/css/css/mixins/ HTTP/1.1" 200 626 "-" "Mozilla/5.0 (compatible; AhrefsBot/7.0; +http://ahrefs.com/robot/)"
51.222.253.19 - - [07/Feb/2025:00:14:14 -0500] "GET /thankyou/signup.php HTTP/1.1" 200 4463 "-" "Mozilla/5.0 (compatible; AhrefsBot/7.0; +http://ahrefs.com/robot/)"
114.119.135.120 - - [07/Feb/2025:00:15:07 -0500] "GET /admin/vendor/fontawesome-free/svgs/solid/compress-arrows-alt.svg HTTP/1.1" 200 431 "https://eirtechs.com/admin/vendor/fontawesome-free/svgs/solid/?SD" "Mozilla/5.0 (Linux; Android 7.0;) AppleWebKit/537.36 (KHTML, like Gecko) Mobile Safari/537.36 (compatible; PetalBot;+https://webmaster.petalsearch.com/site/petalbot)"
114.119.135.120 - - [07/Feb/2025:00:15:08 -0500] "GET /testbeta/root_stripe/stripe/examples/?MA HTTP/1.1" 200 790 "https://www.eirtechs.com/testbeta/root_stripe/stripe/examples/?SD" "Mozilla/5.0 (Linux; Android 7.0;) AppleWebKit/537.36 (KHTML, like Gecko) Mobile Safari/537.36 (compatible; PetalBot;+https://webmaster.petalsearch.com/site/petalbot)"
51.222.253.18 - - [07/Feb/2025:00:17:45 -0500] "GET /admin/vendor/fontawesome-free/svgs/regular/?MA HTTP/1.1" 200 3989 "-" "Mozilla/5.0 (compatible; AhrefsBot/7.0; +http://ahrefs.com/robot/)"
47.128.58.155 - - [07/Feb/2025:00:20:02 -0500] "GET /root_stripe/stripe/lib/SubscriptionItem.php HTTP/1.1" 200 139 "-" "Mozilla/5.0 (Linux; Android 5.0) AppleWebKit/537.36 (KHTML, like Gecko) Mobile Safari/537.36 (compatible; Bytespider; spider-feedback@bytedance.com)"
114.119.136.199 - - [07/Feb/2025:00:20:08 -0500] "GET /testbeta/assets/scss/bootstrap/utilities/_spacing.scss HTTP/1.1" 200 1406 "https://www.eirtechs.com/testbeta/assets/scss/bootstrap/utilities/?SA" "Mozilla/5.0 (Linux; Android 7.0;) AppleWebKit/537.36 (KHTML, like Gecko) Mobile Safari/537.36 (compatible; PetalBot;+https://webmaster.petalsearch.com/site/petalbot)"
114.119.154.65 - - [07/Feb/2025:00:20:08 -0500] "GET /admin/vendor/fontawesome-free/svgs/solid/bold.svg HTTP/1.1" 200 452 "https://eirtechs.com/admin/vendor/fontawesome-free/svgs/solid/?SD" "Mozilla/5.0 (Linux; Android 7.0;) AppleWebKit/537.36 (KHTML, like Gecko) Mobile Safari/537.36 (compatible; PetalBot;+https://webmaster.petalsearch.com/site/petalbot)"
51.222.253.3 - - [07/Feb/2025:00:21:17 -0500] "GET /testbeta-atif/assets/js/ HTTP/1.1" 200 1354 "-" "Mozilla/5.0 (compatible; AhrefsBot/7.0; +http://ahrefs.com/robot/)"
149.40.52.211 - - [07/Feb/2025:00:22:11 -0500] "GET /contact.php HTTP/1.1" 200 9433 "-" "Mozilla/5.0 (Macintosh; Intel Mac OS X 12_5) AppleWebKit/537.36 (KHTML, like Gecko) Chrome/114.0.0.0 Safari/537.36 Vivaldi/5.3.2679.68"
77.91.70.87 - - [07/Feb/2025:00:22:57 -0500] "GET / HTTP/1.0" 200 10800 "https://eirtechs.com/" "Mozilla/5.0 (Windows NT 10.0; Win64; x64) AppleWebKit/537.36 (KHTML, like Gecko) Chrome/130.0.0.0 Safari/537.36 CCleaner/130.0.0.0"
77.91.70.87 - - [07/Feb/2025:00:22:58 -0500] "GET /contact.php HTTP/1.0" 200 43268 "https://eirtechs.com/contact.php" "Mozilla/5.0 (Windows NT 10.0; Win64; x64) AppleWebKit/537.36 (KHTML, like Gecko) Chrome/130.0.0.0 Safari/537.36 CCleaner/130.0.0.0"
77.91.70.87 - - [07/Feb/2025:00:23:00 -0500] "POST /contact.php HTTP/1.0" 200 43604 "https://eirtechs.com/contact.php" "Mozilla/5.0 (Windows NT 10.0; Win64; x64) AppleWebKit/537.36 (KHTML, like Gecko) Chrome/130.0.0.0 Safari/537.36 CCleaner/130.0.0.0"
114.119.154.65 - - [07/Feb/2025:00:25:07 -0500] "GET /admin/vendor/fontawesome-free/svgs/solid/air-freshener.svg HTTP/1.1" 200 392 "https://eirtechs.com/admin/vendor/fontawesome-free/svgs/solid/?SD" "Mozilla/5.0 (Linux; Android 7.0;) AppleWebKit/537.36 (KHTML, like Gecko) Mobile Safari/537.36 (compatible; PetalBot;+https://webmaster.petalsearch.com/site/petalbot)"
114.119.154.65 - - [07/Feb/2025:00:25:08 -0500] "GET /testbeta/assets/scss/bootstrap/_buttons.scss HTTP/1.1" 200 2740 "https://www.eirtechs.com/testbeta/assets/scss/bootstrap/?SA" "Mozilla/5.0 (Linux; Android 7.0;) AppleWebKit/537.36 (KHTML, like Gecko) Mobile Safari/537.36 (compatible; PetalBot;+https://webmaster.petalsearch.com/site/petalbot)"
51.222.253.20 - - [07/Feb/2025:00:25:18 -0500] "GET /testbeta-atif/root_stripe/stripe/examples/?SD HTTP/1.1" 200 640 "-" "Mozilla/5.0 (compatible; AhrefsBot/7.0; +http://ahrefs.com/robot/)"
51.222.253.15 - - [07/Feb/2025:00:28:57 -0500] "GET /assest/image/casestudy/Medusa/?SA HTTP/1.1" 200 751 "-" "Mozilla/5.0 (compatible; AhrefsBot/7.0; +http://ahrefs.com/robot/)"
114.119.128.203 - - [07/Feb/2025:00:30:04 -0500] "GET /admin/vendor/fontawesome-free/svgs/regular/address-card.svg HTTP/1.1" 200 339 "https://eirtechs.com/admin/vendor/fontawesome-free/svgs/regular/?MD" "Mozilla/5.0 (Linux; Android 7.0;) AppleWebKit/537.36 (KHTML, like Gecko) Mobile Safari/537.36 (compatible; PetalBot;+https://webmaster.petalsearch.com/site/petalbot)"
114.119.145.225 - - [07/Feb/2025:00:30:08 -0500] "GET /testbeta/assets/scss/bootstrap/?ND HTTP/1.1" 200 2286 "https://www.eirtechs.com/testbeta/assets/scss/bootstrap/?NA" "Mozilla/5.0 (Linux; Android 7.0;) AppleWebKit/537.36 (KHTML, like Gecko) Mobile Safari/537.36 (compatible; PetalBot;+https://webmaster.petalsearch.com/site/petalbot)"
51.222.253.16 - - [07/Feb/2025:00:32:47 -0500] "GET /testbeta-atif/assets/fonts/ionicons/css/?MD HTTP/1.1" 200 671 "-" "Mozilla/5.0 (compatible; AhrefsBot/7.0; +http://ahrefs.com/robot/)"
114.119.128.244 - - [07/Feb/2025:00:35:10 -0500] "GET /admin/vendor/fontawesome-free/svgs/brands/viadeo-square.svg HTTP/1.1" 200 509 "https://eirtechs.com/admin/vendor/fontawesome-free/svgs/brands/?NA" "Mozilla/5.0 (Linux; Android 7.0;) AppleWebKit/537.36 (KHTML, like Gecko) Mobile Safari/537.36 (compatible; PetalBot;+https://webmaster.petalsearch.com/site/petalbot)"
114.119.128.203 - - [07/Feb/2025:00:35:11 -0500] "GET /testbeta/assets/fonts/ionicons/?SD HTTP/1.1" 200 791 "https://www.eirtechs.com/testbeta/assets/fonts/ionicons/?SA" "Mozilla/5.0 (Linux; Android 7.0;) AppleWebKit/537.36 (KHTML, like Gecko) Mobile Safari/537.36 (compatible; PetalBot;+https://webmaster.petalsearch.com/site/petalbot)"
51.222.253.15 - - [07/Feb/2025:00:36:28 -0500] "GET /testbeta/assets/scss/?SA HTTP/1.1" 200 724 "-" "Mozilla/5.0 (compatible; AhrefsBot/7.0; +http://ahrefs.com/robot/)"
185.191.171.6 - - [07/Feb/2025:00:37:06 -0500] "GET /robots.txt HTTP/1.1" 404 1251 "-" "Mozilla/5.0 (compatible; SemrushBot/7~bl; +http://www.semrush.com/bot.html)"
85.208.96.206 - - [07/Feb/2025:00:37:07 -0500] "GET /service/mobile-application/ios_application.php HTTP/1.1" 200 13092 "-" "Mozilla/5.0 (compatible; SemrushBot/7~bl; +http://www.semrush.com/bot.html)"
114.119.166.95 - - [07/Feb/2025:00:40:10 -0500] "GET /testbeta/assets/fonts/flaticon/?ND HTTP/1.1" 200 845 "https://www.eirtechs.com/testbeta/assets/fonts/flaticon/" "Mozilla/5.0 (Linux; Android 7.0;) AppleWebKit/537.36 (KHTML, like Gecko) Mobile Safari/537.36 (compatible; PetalBot;+https://webmaster.petalsearch.com/site/petalbot)"
114.119.128.244 - - [07/Feb/2025:00:40:12 -0500] "GET /admin/vendor/fontawesome-free/svgs/brands/telegram.svg HTTP/1.1" 200 264 "https://eirtechs.com/admin/vendor/fontawesome-free/svgs/brands/?NA" "Mozilla/5.0 (Linux; Android 7.0;) AppleWebKit/537.36 (KHTML, like Gecko) Mobile Safari/537.36 (compatible; PetalBot;+https://webmaster.petalsearch.com/site/petalbot)"
51.222.253.1 - - [07/Feb/2025:00:43:26 -0500] "GET /testbeta-atif/assets/fonts/ionicons/css/?SD HTTP/1.1" 200 671 "-" "Mozilla/5.0 (compatible; AhrefsBot/7.0; +http://ahrefs.com/robot/)"
114.119.145.225 - - [07/Feb/2025:00:45:04 -0500] "GET /admin/vendor/fontawesome-free/svgs/brands/stumbleupon.svg HTTP/1.1" 200 305 "https://eirtechs.com/admin/vendor/fontawesome-free/svgs/brands/?NA" "Mozilla/5.0 (Linux; Android 7.0;) AppleWebKit/537.36 (KHTML, like Gecko) Mobile Safari/537.36 (compatible; PetalBot;+https://webmaster.petalsearch.com/site/petalbot)"
114.119.154.65 - - [07/Feb/2025:00:45:05 -0500] "GET /testbeta/assets/css/css/mixins/?SD HTTP/1.1" 200 781 "https://www.eirtechs.com/testbeta/assets/css/css/mixins/?SA" "Mozilla/5.0 (Linux; Android 7.0;) AppleWebKit/537.36 (KHTML, like Gecko) Mobile Safari/537.36 (compatible; PetalBot;+https://webmaster.petalsearch.com/site/petalbot)"
51.222.253.19 - - [07/Feb/2025:00:46:50 -0500] "GET /inc/qualities.php HTTP/1.1" 200 448 "-" "Mozilla/5.0 (compatible; AhrefsBot/7.0; +http://ahrefs.com/robot/)"
94.103.90.150 - - [07/Feb/2025:00:49:56 -0500] "GET / HTTP/1.0" 200 10800 "https://eirtechs.com/" "Mozilla/5.0 (Windows NT 10.0; Win64; x64) AppleWebKit/537.36 (KHTML, like Gecko) Chrome/129.0.0.0 Safari/537.36"
94.103.90.150 - - [07/Feb/2025:00:49:57 -0500] "GET /contact.php HTTP/1.0" 200 43266 "https://eirtechs.com/contact.php" "Mozilla/5.0 (Windows NT 10.0; Win64; x64) AppleWebKit/537.36 (KHTML, like Gecko) Chrome/129.0.0.0 Safari/537.36"
114.119.166.95 - - [07/Feb/2025:00:50:04 -0500] "GET /admin/vendor/fontawesome-free/svgs/brands/snapchat-square.svg HTTP/1.1" 200 591 "https://eirtechs.com/admin/vendor/fontawesome-free/svgs/brands/?NA" "Mozilla/5.0 (Linux; Android 7.0;) AppleWebKit/537.36 (KHTML, like Gecko) Mobile Safari/537.36 (compatible; PetalBot;+https://webmaster.petalsearch.com/site/petalbot)"
114.119.136.199 - - [07/Feb/2025:00:50:06 -0500] "GET /testbeta-atif/root_stripe/stripe/tests/Stripe/Terminal/ HTTP/1.1" 200 883 "https://www.eirtechs.com/testbeta-atif/root_stripe/stripe/tests/Stripe/?NA" "Mozilla/5.0 (Linux; Android 7.0;) AppleWebKit/537.36 (KHTML, like Gecko) Mobile Safari/537.36 (compatible; PetalBot;+https://webmaster.petalsearch.com/site/petalbot)"
51.222.253.11 - - [07/Feb/2025:00:50:49 -0500] "GET /testbeta/assets/fonts/ionicons/css/?MA HTTP/1.1" 200 669 "-" "Mozilla/5.0 (compatible; AhrefsBot/7.0; +http://ahrefs.com/robot/)"
51.222.253.3 - - [07/Feb/2025:00:54:35 -0500] "GET /admin/vendor/bootstrap/js/?SA HTTP/1.1" 200 1093 "-" "Mozilla/5.0 (compatible; AhrefsBot/7.0; +http://ahrefs.com/robot/)"
114.119.154.65 - - [07/Feb/2025:00:55:06 -0500] "GET /admin/vendor/fontawesome-free/svgs/brands/searchengin.svg HTTP/1.1" 200 462 "https://eirtechs.com/admin/vendor/fontawesome-free/svgs/brands/?NA" "Mozilla/5.0 (Linux; Android 7.0;) AppleWebKit/537.36 (KHTML, like Gecko) Mobile Safari/537.36 (compatible; PetalBot;+https://webmaster.petalsearch.com/site/petalbot)"
114.119.135.120 - - [07/Feb/2025:00:55:10 -0500] "GET /testbeta-atif/root_stripe/stripe/tests/?SD HTTP/1.1" 200 925 "https://www.eirtechs.com/testbeta-atif/root_stripe/stripe/tests/?SA" "Mozilla/5.0 (Linux; Android 7.0;) AppleWebKit/537.36 (KHTML, like Gecko) Mobile Safari/537.36 (compatible; PetalBot;+https://webmaster.petalsearch.com/site/petalbot)"
51.222.253.12 - - [07/Feb/2025:00:58:41 -0500] "GET /testbeta/assets/css/bootstrap/?NA HTTP/1.1" 200 657 "-" "Mozilla/5.0 (compatible; AhrefsBot/7.0; +http://ahrefs.com/robot/)"
185.231.154.128 - - [07/Feb/2025:00:59:19 -0500] "GET / HTTP/1.0" 200 10800 "https://eirtechs.com/" "Mozilla/5.0 (Windows NT 10.0; Win64; x64) AppleWebKit/537.36 (KHTML, like Gecko) Chrome/129.0.0.0 Safari/537.36"
185.231.154.128 - - [07/Feb/2025:00:59:20 -0500] "GET /contact.php HTTP/1.0" 200 43266 "https://eirtechs.com/contact.php" "Mozilla/5.0 (Windows NT 10.0; Win64; x64) AppleWebKit/537.36 (KHTML, like Gecko) Chrome/129.0.0.0 Safari/537.36"
185.231.154.128 - - [07/Feb/2025:00:59:22 -0500] "POST /contact.php HTTP/1.0" 200 43602 "https://eirtechs.com/contact.php" "Mozilla/5.0 (Windows NT 10.0; Win64; x64) AppleWebKit/537.36 (KHTML, like Gecko) Chrome/129.0.0.0 Safari/537.36"
114.119.145.115 - - [07/Feb/2025:01:00:09 -0500] "GET /admin/vendor/fontawesome-free/svgs/brands/reacteurope.svg HTTP/1.1" 200 2260 "https://eirtechs.com/admin/vendor/fontawesome-free/svgs/brands/?NA" "Mozilla/5.0 (Linux; Android 7.0;) AppleWebKit/537.36 (KHTML, like Gecko) Mobile Safari/537.36 (compatible; PetalBot;+https://webmaster.petalsearch.com/site/petalbot)"
114.119.128.244 - - [07/Feb/2025:01:00:13 -0500] "GET /testbeta-atif/root_stripe/stripe/lib/InvoiceLineItem.php HTTP/1.1" 200 164 "https://www.eirtechs.com/testbeta-atif/root_stripe/stripe/lib/?SD" "Mozilla/5.0 (Linux; Android 7.0;) AppleWebKit/537.36 (KHTML, like Gecko) Mobile Safari/537.36 (compatible; PetalBot;+https://webmaster.petalsearch.com/site/petalbot)"
114.119.154.65 - - [07/Feb/2025:01:05:05 -0500] "GET /admin/vendor/fontawesome-free/svgs/regular/calendar-check.svg HTTP/1.1" 200 351 "https://eirtechs.com/admin/vendor/fontawesome-free/svgs/regular/?MD" "Mozilla/5.0 (Linux; Android 7.0;) AppleWebKit/537.36 (KHTML, like Gecko) Mobile Safari/537.36 (compatible; PetalBot;+https://webmaster.petalsearch.com/site/petalbot)"
114.119.128.203 - - [07/Feb/2025:01:05:11 -0500] "GET /testbeta-atif/packages/seo.php HTTP/1.1" 200 5569 "https://www.eirtechs.com/testbeta-atif/packages/?SD" "Mozilla/5.0 (Linux; Android 7.0;) AppleWebKit/537.36 (KHTML, like Gecko) Mobile Safari/537.36 (compatible; PetalBot;+https://webmaster.petalsearch.com/site/petalbot)"
51.222.253.7 - - [07/Feb/2025:01:06:37 -0500] "GET /admin/includes/?MA HTTP/1.1" 200 738 "-" "Mozilla/5.0 (compatible; AhrefsBot/7.0; +http://ahrefs.com/robot/)"
216.244.66.244 - - [07/Feb/2025:01:07:21 -0500] "GET /robots.txt HTTP/1.1" 404 1251 "-" "Mozilla/5.0 (compatible; DotBot/1.2; +https://opensiteexplorer.org/dotbot; help@moz.com)"
114.119.166.95 - - [07/Feb/2025:01:10:05 -0500] "GET /admin/vendor/fontawesome-free/svgs/brands/raspberry-pi.svg HTTP/1.1" 200 1859 "https://eirtechs.com/admin/vendor/fontawesome-free/svgs/brands/?NA" "Mozilla/5.0 (Linux; Android 7.0;) AppleWebKit/537.36 (KHTML, like Gecko) Mobile Safari/537.36 (compatible; PetalBot;+https://webmaster.petalsearch.com/site/petalbot)"
114.119.128.203 - - [07/Feb/2025:01:10:13 -0500] "GET /testbeta-atif/assets/scss/bootstrap/mixins/_resize.scss HTTP/1.1" 200 202 "https://www.eirtechs.com/testbeta-atif/assets/scss/bootstrap/mixins/?NA" "Mozilla/5.0 (Linux; Android 7.0;) AppleWebKit/537.36 (KHTML, like Gecko) Mobile Safari/537.36 (compatible; PetalBot;+https://webmaster.petalsearch.com/site/petalbot)"
94.103.90.150 - - [07/Feb/2025:01:14:20 -0500] "GET / HTTP/1.0" 200 10800 "https://eirtechs.com/" "Mozilla/5.0 (Windows NT 10.0; Win64; x64) AppleWebKit/537.36 (KHTML, like Gecko) Chrome/130.0.0.0 Safari/537.36"
94.103.90.150 - - [07/Feb/2025:01:14:21 -0500] "GET /contact.php HTTP/1.0" 200 43266 "https://eirtechs.com/contact.php" "Mozilla/5.0 (Windows NT 10.0; Win64; x64) AppleWebKit/537.36 (KHTML, like Gecko) Chrome/130.0.0.0 Safari/537.36"
94.103.90.150 - - [07/Feb/2025:01:14:43 -0500] "POST /contact.php HTTP/1.0" 200 43602 "https://eirtechs.com/contact.php" "Mozilla/5.0 (Windows NT 10.0; Win64; x64) AppleWebKit/537.36 (KHTML, like Gecko) Chrome/130.0.0.0 Safari/537.36"
114.119.145.225 - - [07/Feb/2025:01:15:11 -0500] "GET /testbeta-atif/assets/scss/bootstrap/mixins/_badge.scss HTTP/1.1" 200 230 "https://www.eirtechs.com/testbeta-atif/assets/scss/bootstrap/mixins/?NA" "Mozilla/5.0 (Linux; Android 7.0;) AppleWebKit/537.36 (KHTML, like Gecko) Mobile Safari/537.36 (compatible; PetalBot;+https://webmaster.petalsearch.com/site/petalbot)"
114.119.128.244 - - [07/Feb/2025:01:15:13 -0500] "GET /admin/vendor/fontawesome-free/svgs/brands/playstation.svg HTTP/1.1" 200 419 "https://eirtechs.com/admin/vendor/fontawesome-free/svgs/brands/?NA" "Mozilla/5.0 (Linux; Android 7.0;) AppleWebKit/537.36 (KHTML, like Gecko) Mobile Safari/537.36 (compatible; PetalBot;+https://webmaster.petalsearch.com/site/petalbot)"
51.222.253.2 - - [07/Feb/2025:01:18:36 -0500] "GET /testbeta-atif/services/?SA HTTP/1.1" 200 1025 "-" "Mozilla/5.0 (compatible; AhrefsBot/7.0; +http://ahrefs.com/robot/)"
185.191.171.14 - - [07/Feb/2025:01:19:47 -0500] "GET /testbeta/mail/form.html HTTP/1.1" 200 2556 "-" "Mozilla/5.0 (compatible; SemrushBot/7~bl; +http://www.semrush.com/bot.html)"
114.119.166.95 - - [07/Feb/2025:01:20:07 -0500] "GET /testbeta/assets/fonts/open-iconic/?NA HTTP/1.1" 200 902 "https://www.eirtechs.com/testbeta/assets/fonts/open-iconic/?MA" "Mozilla/5.0 (Linux; Android 7.0;) AppleWebKit/537.36 (KHTML, like Gecko) Mobile Safari/537.36 (compatible; PetalBot;+https://webmaster.petalsearch.com/site/petalbot)"
114.119.135.120 - - [07/Feb/2025:01:20:10 -0500] "GET /admin/vendor/fontawesome-free/svgs/brands/page4.svg HTTP/1.1" 200 487 "https://eirtechs.com/admin/vendor/fontawesome-free/svgs/brands/?NA" "Mozilla/5.0 (Linux; Android 7.0;) AppleWebKit/537.36 (KHTML, like Gecko) Mobile Safari/537.36 (compatible; PetalBot;+https://webmaster.petalsearch.com/site/petalbot)"
216.244.66.244 - - [07/Feb/2025:01:21:01 -0500] "GET /pay/gbp.php HTTP/1.1" 200 19066 "-" "Mozilla/5.0 (compatible; DotBot/1.2; +https://opensiteexplorer.org/dotbot; help@moz.com)"
173.245.207.242 - - [07/Feb/2025:01:22:11 -0500] "GET / HTTP/1.0" 200 10800 "https://eirtechs.com/" "Mozilla/5.0 (Windows NT 10.0; Win64; x64) AppleWebKit/537.36 (KHTML, like Gecko) Chrome/130.0.0.0 Safari/537.36 CCleaner/130.0.0.0"
173.245.207.242 - - [07/Feb/2025:01:22:13 -0500] "GET /contact.php HTTP/1.0" 200 43267 "https://eirtechs.com/contact.php" "Mozilla/5.0 (Windows NT 10.0; Win64; x64) AppleWebKit/537.36 (KHTML, like Gecko) Chrome/130.0.0.0 Safari/537.36 CCleaner/130.0.0.0"
173.245.207.242 - - [07/Feb/2025:01:22:16 -0500] "POST /contact.php HTTP/1.0" 200 43603 "https://eirtechs.com/contact.php" "Mozilla/5.0 (Windows NT 10.0; Win64; x64) AppleWebKit/537.36 (KHTML, like Gecko) Chrome/130.0.0.0 Safari/537.36 CCleaner/130.0.0.0"
51.222.253.3 - - [07/Feb/2025:01:22:44 -0500] "GET /testbeta/assets/fonts/icomoon/ HTTP/1.1" 200 699 "-" "Mozilla/5.0 (compatible; AhrefsBot/7.0; +http://ahrefs.com/robot/)"
114.119.128.203 - - [07/Feb/2025:01:25:05 -0500] "GET /admin/vendor/fontawesome-free/svgs/brands/opera.svg HTTP/1.1" 200 320 "https://eirtechs.com/admin/vendor/fontawesome-free/svgs/brands/?NA" "Mozilla/5.0 (Linux; Android 7.0;) AppleWebKit/537.36 (KHTML, like Gecko) Mobile Safari/537.36 (compatible; PetalBot;+https://webmaster.petalsearch.com/site/petalbot)"
114.119.136.199 - - [07/Feb/2025:01:25:09 -0500] "GET /testbeta/assets/fonts/ionicons/css/?NA HTTP/1.1" 200 825 "https://www.eirtechs.com/testbeta/assets/fonts/ionicons/css/?MD" "Mozilla/5.0 (Linux; Android 7.0;) AppleWebKit/537.36 (KHTML, like Gecko) Mobile Safari/537.36 (compatible; PetalBot;+https://webmaster.petalsearch.com/site/petalbot)"
51.222.253.15 - - [07/Feb/2025:01:26:09 -0500] "GET /admin/vendor/fontawesome-free/js/ HTTP/1.1" 200 1185 "-" "Mozilla/5.0 (compatible; AhrefsBot/7.0; +http://ahrefs.com/robot/)"
51.222.253.2 - - [07/Feb/2025:01:30:00 -0500] "GET /testbeta/assets/images/portfolio/website/?NA HTTP/1.1" 200 1292 "-" "Mozilla/5.0 (compatible; AhrefsBot/7.0; +http://ahrefs.com/robot/)"
114.119.128.203 - - [07/Feb/2025:01:30:13 -0500] "GET /admin/vendor/fontawesome-free/svgs/brands/npm.svg HTTP/1.1" 200 254 "https://eirtechs.com/admin/vendor/fontawesome-free/svgs/brands/?NA" "Mozilla/5.0 (Linux; Android 7.0;) AppleWebKit/537.36 (KHTML, like Gecko) Mobile Safari/537.36 (compatible; PetalBot;+https://webmaster.petalsearch.com/site/petalbot)"
114.119.145.225 - - [07/Feb/2025:01:30:14 -0500] "GET /testbeta-atif/root_stripe/stripe/tests/?MA HTTP/1.1" 200 927 "https://www.eirtechs.com/testbeta-atif/root_stripe/stripe/tests/?MD" "Mozilla/5.0 (Linux; Android 7.0;) AppleWebKit/537.36 (KHTML, like Gecko) Mobile Safari/537.36 (compatible; PetalBot;+https://webmaster.petalsearch.com/site/petalbot)"
51.222.253.16 - - [07/Feb/2025:01:33:44 -0500] "GET /root_stripe/stripe/examples/?MD HTTP/1.1" 200 634 "-" "Mozilla/5.0 (compatible; AhrefsBot/7.0; +http://ahrefs.com/robot/)"
114.119.136.199 - - [07/Feb/2025:01:35:06 -0500] "GET /admin/vendor/fontawesome-free/svgs/brands/mix.svg HTTP/1.1" 200 224 "https://eirtechs.com/admin/vendor/fontawesome-free/svgs/brands/?NA" "Mozilla/5.0 (Linux; Android 7.0;) AppleWebKit/537.36 (KHTML, like Gecko) Mobile Safari/537.36 (compatible; PetalBot;+https://webmaster.petalsearch.com/site/petalbot)"
114.119.154.65 - - [07/Feb/2025:01:35:08 -0500] "GET /testbeta-atif/assets/scss/bootstrap/_variables.scss HTTP/1.1" 200 37763 "https://www.eirtechs.com/testbeta-atif/assets/scss/bootstrap/?MD" "Mozilla/5.0 (Linux; Android 7.0;) AppleWebKit/537.36 (KHTML, like Gecko) Mobile Safari/537.36 (compatible; PetalBot;+https://webmaster.petalsearch.com/site/petalbot)"
51.222.253.1 - - [07/Feb/2025:01:38:02 -0500] "GET /assest/image/casestudy/Medusa/?NA HTTP/1.1" 200 749 "-" "Mozilla/5.0 (compatible; AhrefsBot/7.0; +http://ahrefs.com/robot/)"
114.119.135.120 - - [07/Feb/2025:01:40:07 -0500] "GET /testbeta-atif/assets/scss/bootstrap/_navbar.scss HTTP/1.1" 200 6529 "https://www.eirtechs.com/testbeta-atif/assets/scss/bootstrap/?MD" "Mozilla/5.0 (Linux; Android 7.0;) AppleWebKit/537.36 (KHTML, like Gecko) Mobile Safari/537.36 (compatible; PetalBot;+https://webmaster.petalsearch.com/site/petalbot)"
114.119.135.120 - - [07/Feb/2025:01:40:08 -0500] "GET /admin/vendor/fontawesome-free/svgs/brands/medium.svg HTTP/1.1" 200 290 "https://eirtechs.com/admin/vendor/fontawesome-free/svgs/brands/?NA" "Mozilla/5.0 (Linux; Android 7.0;) AppleWebKit/537.36 (KHTML, like Gecko) Mobile Safari/537.36 (compatible; PetalBot;+https://webmaster.petalsearch.com/site/petalbot)"
114.119.128.244 - - [07/Feb/2025:01:45:07 -0500] "GET /admin/vendor/fontawesome-free/svgs/brands/js.svg HTTP/1.1" 200 377 "https://eirtechs.com/admin/vendor/fontawesome-free/svgs/brands/?NA" "Mozilla/5.0 (Linux; Android 7.0;) AppleWebKit/537.36 (KHTML, like Gecko) Mobile Safari/537.36 (compatible; PetalBot;+https://webmaster.petalsearch.com/site/petalbot)"
114.119.145.225 - - [07/Feb/2025:01:45:07 -0500] "GET /testbeta-atif/assets/scss/?ND HTTP/1.1" 200 893 "https://www.eirtechs.com/testbeta-atif/assets/scss/" "Mozilla/5.0 (Linux; Android 7.0;) AppleWebKit/537.36 (KHTML, like Gecko) Mobile Safari/537.36 (compatible; PetalBot;+https://webmaster.petalsearch.com/site/petalbot)"
114.119.154.65 - - [07/Feb/2025:01:50:11 -0500] "GET /admin/vendor/fontawesome-free/svgs/brands/ioxhost.svg HTTP/1.1" 200 366 "https://eirtechs.com/admin/vendor/fontawesome-free/svgs/brands/?NA" "Mozilla/5.0 (Linux; Android 7.0;) AppleWebKit/537.36 (KHTML, like Gecko) Mobile Safari/537.36 (compatible; PetalBot;+https://webmaster.petalsearch.com/site/petalbot)"
114.119.166.95 - - [07/Feb/2025:01:50:14 -0500] "GET /testbeta-atif/assets/images/?MD HTTP/1.1" 200 2550 "https://www.eirtechs.com/testbeta-atif/assets/images/?MA" "Mozilla/5.0 (Linux; Android 7.0;) AppleWebKit/537.36 (KHTML, like Gecko) Mobile Safari/537.36 (compatible; PetalBot;+https://webmaster.petalsearch.com/site/petalbot)"
51.222.253.17 - - [07/Feb/2025:01:54:20 -0500] "GET /testbeta/assets/fonts/ionicons/?MA HTTP/1.1" 200 634 "-" "Mozilla/5.0 (compatible; AhrefsBot/7.0; +http://ahrefs.com/robot/)"
114.119.154.65 - - [07/Feb/2025:01:55:07 -0500] "GET /testbeta-atif/assets/fonts/open-iconic/?ND HTTP/1.1" 200 912 "https://www.eirtechs.com/testbeta-atif/assets/fonts/open-iconic/?NA" "Mozilla/5.0 (Linux; Android 7.0;) AppleWebKit/537.36 (KHTML, like Gecko) Mobile Safari/537.36 (compatible; PetalBot;+https://webmaster.petalsearch.com/site/petalbot)"
114.119.128.244 - - [07/Feb/2025:01:55:17 -0500] "GET /admin/vendor/fontawesome-free/svgs/brands/gulp.svg HTTP/1.1" 200 1279 "https://eirtechs.com/admin/vendor/fontawesome-free/svgs/brands/?NA" "Mozilla/5.0 (Linux; Android 7.0;) AppleWebKit/537.36 (KHTML, like Gecko) Mobile Safari/537.36 (compatible; PetalBot;+https://webmaster.petalsearch.com/site/petalbot)"
51.222.253.17 - - [07/Feb/2025:01:57:39 -0500] "GET /testbeta-atif/root_stripe/stripe/examples/ HTTP/1.1" 200 635 "-" "Mozilla/5.0 (compatible; AhrefsBot/7.0; +http://ahrefs.com/robot/)"
114.119.166.95 - - [07/Feb/2025:02:00:36 -0500] "GET /admin/vendor/fontawesome-free/svgs/brands/google-plus.svg HTTP/1.1" 200 308 "https://eirtechs.com/admin/vendor/fontawesome-free/svgs/brands/?NA" "Mozilla/5.0 (Linux; Android 7.0;) AppleWebKit/537.36 (KHTML, like Gecko) Mobile Safari/537.36 (compatible; PetalBot;+https://webmaster.petalsearch.com/site/petalbot)"
51.222.253.5 - - [07/Feb/2025:02:01:28 -0500] "GET /testbeta/root_stripe/stripe/tests/Stripe/HttpClient/?MA HTTP/1.1" 200 663 "-" "Mozilla/5.0 (compatible; AhrefsBot/7.0; +http://ahrefs.com/robot/)"
51.222.253.16 - - [07/Feb/2025:02:05:05 -0500] "GET /testbeta/root_stripe/stripe/lib/Reporting/ReportRun.php HTTP/1.1" 200 143 "-" "Mozilla/5.0 (compatible; AhrefsBot/7.0; +http://ahrefs.com/robot/)"
114.119.136.199 - - [07/Feb/2025:02:05:06 -0500] "GET /admin/vendor/fontawesome-free/svgs/brands/google-play.svg HTTP/1.1" 200 233 "https://eirtechs.com/admin/vendor/fontawesome-free/svgs/brands/?NA" "Mozilla/5.0 (Linux; Android 7.0;) AppleWebKit/537.36 (KHTML, like Gecko) Mobile Safari/537.36 (compatible; PetalBot;+https://webmaster.petalsearch.com/site/petalbot)"
114.119.128.244 - - [07/Feb/2025:02:05:08 -0500] "GET /testbeta-atif/assets/css/?ND HTTP/1.1" 200 1576 "https://www.eirtechs.com/testbeta-atif/assets/css/?NA" "Mozilla/5.0 (Linux; Android 7.0;) AppleWebKit/537.36 (KHTML, like Gecko) Mobile Safari/537.36 (compatible; PetalBot;+https://webmaster.petalsearch.com/site/petalbot)"
87.236.176.92 - - [07/Feb/2025:02:06:19 -0500] "GET / HTTP/1.1" 200 2204 "-" "Mozilla/5.0 (compatible; InternetMeasurement/1.0; +https://internet-measurement.com/)"
51.222.253.20 - - [07/Feb/2025:02:08:46 -0500] "GET /admin/vendor/bootstrap/js/?MA HTTP/1.1" 200 1106 "-" "Mozilla/5.0 (compatible; AhrefsBot/7.0; +http://ahrefs.com/robot/)"
114.119.145.115 - - [07/Feb/2025:02:10:10 -0500] "GET /testbeta-atif/?MD HTTP/1.1" 200 1344 "https://www.eirtechs.com/testbeta-atif/?MA" "Mozilla/5.0 (Linux; Android 7.0;) AppleWebKit/537.36 (KHTML, like Gecko) Mobile Safari/537.36 (compatible; PetalBot;+https://webmaster.petalsearch.com/site/petalbot)"
114.119.136.199 - - [07/Feb/2025:02:10:13 -0500] "GET /admin/vendor/fontawesome-free/svgs/brands/glide-g.svg HTTP/1.1" 200 446 "https://eirtechs.com/admin/vendor/fontawesome-free/svgs/brands/?NA" "Mozilla/5.0 (Linux; Android 7.0;) AppleWebKit/537.36 (KHTML, like Gecko) Mobile Safari/537.36 (compatible; PetalBot;+https://webmaster.petalsearch.com/site/petalbot)"
114.119.136.199 - - [07/Feb/2025:02:15:06 -0500] "GET /admin/vendor/fontawesome-free/svgs/brands/font-awesome-flag.svg HTTP/1.1" 200 375 "https://eirtechs.com/admin/vendor/fontawesome-free/svgs/brands/?NA" "Mozilla/5.0 (Linux; Android 7.0;) AppleWebKit/537.36 (KHTML, like Gecko) Mobile Safari/537.36 (compatible; PetalBot;+https://webmaster.petalsearch.com/site/petalbot)"
114.119.128.244 - - [07/Feb/2025:02:15:09 -0500] "GET /root_stripe/stripe/tests/data/?SA HTTP/1.1" 200 777 "https://www.eirtechs.com/root_stripe/stripe/tests/data/?MD" "Mozilla/5.0 (Linux; Android 7.0;) AppleWebKit/537.36 (KHTML, like Gecko) Mobile Safari/537.36 (compatible; PetalBot;+https://webmaster.petalsearch.com/site/petalbot)"
51.222.253.14 - - [07/Feb/2025:02:16:05 -0500] "GET /testbeta/assets/fonts/flaticon/font/?NA HTTP/1.1" 200 1070 "-" "Mozilla/5.0 (compatible; AhrefsBot/7.0; +http://ahrefs.com/robot/)"
114.119.166.95 - - [07/Feb/2025:02:20:08 -0500] "GET /admin/vendor/fontawesome-free/svgs/brands/erlang.svg HTTP/1.1" 200 298 "https://eirtechs.com/admin/vendor/fontawesome-free/svgs/brands/?NA" "Mozilla/5.0 (Linux; Android 7.0;) AppleWebKit/537.36 (KHTML, like Gecko) Mobile Safari/537.36 (compatible; PetalBot;+https://webmaster.petalsearch.com/site/petalbot)"
114.119.166.95 - - [07/Feb/2025:02:20:07 -0500] "GET /root_stripe/stripe/tests/bootstrap.no_autoload.php HTTP/1.1" 200 120 "https://www.eirtechs.com/root_stripe/stripe/tests/?MD" "Mozilla/5.0 (Linux; Android 7.0;) AppleWebKit/537.36 (KHTML, like Gecko) Mobile Safari/537.36 (compatible; PetalBot;+https://webmaster.petalsearch.com/site/petalbot)"
47.128.30.209 - - [07/Feb/2025:02:21:43 -0500] "GET /testbeta/mail/form.config.php HTTP/1.1" 200 0 "-" "Mozilla/5.0 (Linux; Android 5.0) AppleWebKit/537.36 (KHTML, like Gecko) Mobile Safari/537.36 (compatible; Bytespider; spider-feedback@bytedance.com)"
51.222.253.12 - - [07/Feb/2025:02:23:36 -0500] "GET /mail/?SA HTTP/1.1" 200 1082 "-" "Mozilla/5.0 (compatible; AhrefsBot/7.0; +http://ahrefs.com/robot/)"
114.119.166.95 - - [07/Feb/2025:02:25:06 -0500] "GET /admin/vendor/fontawesome-free/scss/_shims.scss HTTP/1.1" 200 65172 "https://eirtechs.com/admin/vendor/fontawesome-free/scss/?ND" "Mozilla/5.0 (Linux; Android 7.0;) AppleWebKit/537.36 (KHTML, like Gecko) Mobile Safari/537.36 (compatible; PetalBot;+https://webmaster.petalsearch.com/site/petalbot)"
114.119.145.225 - - [07/Feb/2025:02:25:07 -0500] "GET /root_stripe/stripe/tests/Stripe/Util/?SD HTTP/1.1" 200 870 "https://www.eirtechs.com/root_stripe/stripe/tests/Stripe/Util/?SA" "Mozilla/5.0 (Linux; Android 7.0;) AppleWebKit/537.36 (KHTML, like Gecko) Mobile Safari/537.36 (compatible; PetalBot;+https://webmaster.petalsearch.com/site/petalbot)"
51.222.253.17 - - [07/Feb/2025:02:27:07 -0500] "GET /admin/vendor/fontawesome-free/scss/ HTTP/1.1" 200 1289 "-" "Mozilla/5.0 (compatible; AhrefsBot/7.0; +http://ahrefs.com/robot/)"
66.249.74.129 - - [07/Feb/2025:02:29:59 -0500] "GET /robots.txt HTTP/1.1" 404 1251 "-" "Mozilla/5.0 (compatible; Googlebot/2.1; +http://www.google.com/bot.html)"
114.119.135.120 - - [07/Feb/2025:02:30:09 -0500] "GET /testbeta-atif/assets/fonts/open-iconic/open-iconic.svg HTTP/1.1" 200 16673 "https://www.eirtechs.com/testbeta-atif/assets/fonts/open-iconic/?MA" "Mozilla/5.0 (Linux; Android 7.0;) AppleWebKit/537.36 (KHTML, like Gecko) Mobile Safari/537.36 (compatible; PetalBot;+https://webmaster.petalsearch.com/site/petalbot)"
114.119.136.199 - - [07/Feb/2025:02:30:14 -0500] "GET /root_stripe/stripe/tests/Stripe/OrderReturnTest.php HTTP/1.1" 200 154 "https://www.eirtechs.com/root_stripe/stripe/tests/Stripe/?MD" "Mozilla/5.0 (Linux; Android 7.0;) AppleWebKit/537.36 (KHTML, like Gecko) Mobile Safari/537.36 (compatible; PetalBot;+https://webmaster.petalsearch.com/site/petalbot)"
51.222.253.14 - - [07/Feb/2025:02:30:47 -0500] "GET /admin/vendor/jquery-easing/ HTTP/1.1" 200 686 "-" "Mozilla/5.0 (compatible; AhrefsBot/7.0; +http://ahrefs.com/robot/)"
51.222.253.7 - - [07/Feb/2025:02:34:33 -0500] "GET /testbeta/assets/images/services/?SA HTTP/1.1" 200 731 "-" "Mozilla/5.0 (compatible; AhrefsBot/7.0; +http://ahrefs.com/robot/)"
114.119.145.115 - - [07/Feb/2025:02:35:09 -0500] "GET /root_stripe/stripe/tests/Stripe/Issuing/?MA HTTP/1.1" 200 913 "https://www.eirtechs.com/root_stripe/stripe/tests/Stripe/Issuing/?MD" "Mozilla/5.0 (Linux; Android 7.0;) AppleWebKit/537.36 (KHTML, like Gecko) Mobile Safari/537.36 (compatible; PetalBot;+https://webmaster.petalsearch.com/site/petalbot)"
114.119.128.244 - - [07/Feb/2025:02:35:13 -0500] "GET /admin/vendor/fontawesome-free/svgs/solid/cloud-meatball.svg HTTP/1.1" 200 541 "https://eirtechs.com/admin/vendor/fontawesome-free/svgs/solid/?SD" "Mozilla/5.0 (Linux; Android 7.0;) AppleWebKit/537.36 (KHTML, like Gecko) Mobile Safari/537.36 (compatible; PetalBot;+https://webmaster.petalsearch.com/site/petalbot)"
51.222.253.14 - - [07/Feb/2025:02:37:57 -0500] "GET /mail/?MA HTTP/1.1" 200 1075 "-" "Mozilla/5.0 (compatible; AhrefsBot/7.0; +http://ahrefs.com/robot/)"
114.119.135.120 - - [07/Feb/2025:02:40:12 -0500] "GET /admin/vendor/fontawesome-free/svgs/solid/bicycle.svg HTTP/1.1" 200 812 "https://eirtechs.com/admin/vendor/fontawesome-free/svgs/solid/?SD" "Mozilla/5.0 (Linux; Android 7.0;) AppleWebKit/537.36 (KHTML, like Gecko) Mobile Safari/537.36 (compatible; PetalBot;+https://webmaster.petalsearch.com/site/petalbot)"
114.119.154.65 - - [07/Feb/2025:02:40:15 -0500] "GET /testbeta/assets/images/portfolio/branding/?ND HTTP/1.1" 200 1732 "https://www.eirtechs.com/testbeta/assets/images/portfolio/branding/" "Mozilla/5.0 (Linux; Android 7.0;) AppleWebKit/537.36 (KHTML, like Gecko) Mobile Safari/537.36 (compatible; PetalBot;+https://webmaster.petalsearch.com/site/petalbot)"
51.222.253.4 - - [07/Feb/2025:02:45:09 -0500] "GET /admin/vendor/fontawesome-free/less/ HTTP/1.1" 200 1289 "-" "Mozilla/5.0 (compatible; AhrefsBot/7.0; +http://ahrefs.com/robot/)"
114.119.128.203 - - [07/Feb/2025:02:45:12 -0500] "GET /testbeta-atif/assets/scss/bootstrap/bootstrap.scss HTTP/1.1" 200 882 "https://www.eirtechs.com/testbeta-atif/assets/scss/bootstrap/?MD" "Mozilla/5.0 (Linux; Android 7.0;) AppleWebKit/537.36 (KHTML, like Gecko) Mobile Safari/537.36 (compatible; PetalBot;+https://webmaster.petalsearch.com/site/petalbot)"
51.222.253.18 - - [07/Feb/2025:02:48:41 -0500] "GET /testbeta-atif/assets/css/css/mixins/ HTTP/1.1" 200 632 "-" "Mozilla/5.0 (compatible; AhrefsBot/7.0; +http://ahrefs.com/robot/)"
114.119.145.115 - - [07/Feb/2025:02:50:15 -0500] "GET /testbeta-atif/assets/images/portfolio/topbrands/?MA HTTP/1.1" 200 1300 "https://www.eirtechs.com/testbeta-atif/assets/images/portfolio/topbrands/" "Mozilla/5.0 (Linux; Android 7.0;) AppleWebKit/537.36 (KHTML, like Gecko) Mobile Safari/537.36 (compatible; PetalBot;+https://webmaster.petalsearch.com/site/petalbot)"
114.119.166.95 - - [07/Feb/2025:02:50:16 -0500] "GET /admin/vendor/fontawesome-free/svgs/solid/hand-pointer.svg HTTP/1.1" 200 297 "https://eirtechs.com/admin/vendor/fontawesome-free/svgs/solid/?NA" "Mozilla/5.0 (Linux; Android 7.0;) AppleWebKit/537.36 (KHTML, like Gecko) Mobile Safari/537.36 (compatible; PetalBot;+https://webmaster.petalsearch.com/site/petalbot)"
51.222.253.10 - - [07/Feb/2025:02:52:48 -0500] "GET /admin/vendor/jquery/ HTTP/1.1" 200 1062 "-" "Mozilla/5.0 (compatible; AhrefsBot/7.0; +http://ahrefs.com/robot/)"
51.222.253.10 - - [07/Feb/2025:03:07:05 -0500] "GET /testbeta-atif/assets/js/ HTTP/1.1" 200 1350 "-" "Mozilla/5.0 (compatible; AhrefsBot/7.0; +http://ahrefs.com/robot/)"
185.191.171.19 - - [07/Feb/2025:02:54:26 -0500] "GET /robots.txt HTTP/1.1" 404 1251 "-" "Mozilla/5.0 (compatible; SemrushBot/7~bl; +http://www.semrush.com/bot.html)"
85.208.96.208 - - [07/Feb/2025:02:54:26 -0500] "GET /service/mobile-application/hybrid_application.php HTTP/1.1" 200 13389 "-" "Mozilla/5.0 (compatible; SemrushBot/7~bl; +http://www.semrush.com/bot.html)"
114.119.166.95 - - [07/Feb/2025:02:55:07 -0500] "GET /testbeta-atif/assets/fonts/?ND HTTP/1.1" 200 840 "https://www.eirtechs.com/testbeta-atif/assets/fonts/?NA" "Mozilla/5.0 (Linux; Android 7.0;) AppleWebKit/537.36 (KHTML, like Gecko) Mobile Safari/537.36 (compatible; PetalBot;+https://webmaster.petalsearch.com/site/petalbot)"
114.119.135.120 - - [07/Feb/2025:02:55:13 -0500] "GET /admin/vendor/fontawesome-free/svgs/solid/dumpster.svg HTTP/1.1" 200 320 "https://eirtechs.com/admin/vendor/fontawesome-free/svgs/solid/?NA" "Mozilla/5.0 (Linux; Android 7.0;) AppleWebKit/537.36 (KHTML, like Gecko) Mobile Safari/537.36 (compatible; PetalBot;+https://webmaster.petalsearch.com/site/petalbot)"
51.222.253.11 - - [07/Feb/2025:02:56:43 -0500] "GET /testbeta/assets/css/css/ HTTP/1.1" 200 673 "-" "Mozilla/5.0 (compatible; AhrefsBot/7.0; +http://ahrefs.com/robot/)"
114.119.135.120 - - [07/Feb/2025:03:00:08 -0500] "GET /testbeta-atif/assets/?MA HTTP/1.1" 200 827 "https://www.eirtechs.com/testbeta-atif/assets/?MD" "Mozilla/5.0 (Linux; Android 7.0;) AppleWebKit/537.36 (KHTML, like Gecko) Mobile Safari/537.36 (compatible; PetalBot;+https://webmaster.petalsearch.com/site/petalbot)"
114.119.145.225 - - [07/Feb/2025:03:00:13 -0500] "GET /admin/vendor/fontawesome-free/svgs/solid/dumbbell.svg HTTP/1.1" 200 262 "https://eirtechs.com/admin/vendor/fontawesome-free/svgs/solid/?SD" "Mozilla/5.0 (Linux; Android 7.0;) AppleWebKit/537.36 (KHTML, like Gecko) Mobile Safari/537.36 (compatible; PetalBot;+https://webmaster.petalsearch.com/site/petalbot)"
51.222.253.15 - - [07/Feb/2025:03:00:31 -0500] "GET /testbeta-atif/assets/fonts/ionicons/?SD HTTP/1.1" 200 638 "-" "Mozilla/5.0 (compatible; AhrefsBot/7.0; +http://ahrefs.com/robot/)"
156.59.198.135 - - [07/Feb/2025:03:00:56 -0500] "GET /assets/images/portfolio/new/tidesign1.jpg HTTP/1.1" 404 1251 "-" "Mozilla/5.0 (Linux; Android 5.0) AppleWebKit/537.36 (KHTML, like Gecko) Mobile Safari/537.36 (compatible; Bytespider; spider-feedback@bytedance.com)"
85.208.96.198 - - [07/Feb/2025:03:04:29 -0500] "GET /testbeta/mail/admin.php HTTP/1.1" 200 1593 "-" "Mozilla/5.0 (compatible; SemrushBot/7~bl; +http://www.semrush.com/bot.html)"
114.119.128.244 - - [07/Feb/2025:03:05:09 -0500] "GET /root_stripe/stripe/tests/Stripe/EventTest.php HTTP/1.1" 200 149 "https://www.eirtechs.com/root_stripe/stripe/tests/Stripe/?MD" "Mozilla/5.0 (Linux; Android 7.0;) AppleWebKit/537.36 (KHTML, like Gecko) Mobile Safari/537.36 (compatible; PetalBot;+https://webmaster.petalsearch.com/site/petalbot)"
114.119.145.115 - - [07/Feb/2025:03:05:10 -0500] "GET /admin/vendor/fontawesome-free/svgs/solid/cut.svg HTTP/1.1" 200 361 "https://eirtechs.com/admin/vendor/fontawesome-free/svgs/solid/?SD" "Mozilla/5.0 (Linux; Android 7.0;) AppleWebKit/537.36 (KHTML, like Gecko) Mobile Safari/537.36 (compatible; PetalBot;+https://webmaster.petalsearch.com/site/petalbot)"
114.119.135.120 - - [07/Feb/2025:03:10:11 -0500] "GET /root_stripe/stripe/lib/Sigma/?MD HTTP/1.1" 200 804 "https://www.eirtechs.com/root_stripe/stripe/lib/Sigma/?MA" "Mozilla/5.0 (Linux; Android 7.0;) AppleWebKit/537.36 (KHTML, like Gecko) Mobile Safari/537.36 (compatible; PetalBot;+https://webmaster.petalsearch.com/site/petalbot)"
114.119.136.199 - - [07/Feb/2025:03:10:13 -0500] "GET /admin/vendor/fontawesome-free/svgs/solid/cookie.svg HTTP/1.1" 200 372 "https://eirtechs.com/admin/vendor/fontawesome-free/svgs/solid/?SD" "Mozilla/5.0 (Linux; Android 7.0;) AppleWebKit/537.36 (KHTML, like Gecko) Mobile Safari/537.36 (compatible; PetalBot;+https://webmaster.petalsearch.com/site/petalbot)"
51.222.253.1 - - [07/Feb/2025:03:10:28 -0500] "GET /testbeta/assets/images/portfolio/?SA HTTP/1.1" 200 1299 "-" "Mozilla/5.0 (compatible; AhrefsBot/7.0; +http://ahrefs.com/robot/)"
85.208.96.203 - - [07/Feb/2025:03:10:45 -0500] "GET /mail/admin.php HTTP/1.1" 200 1587 "-" "Mozilla/5.0 (compatible; SemrushBot/7~bl; +http://www.semrush.com/bot.html)"
51.222.253.11 - - [07/Feb/2025:03:14:17 -0500] "GET /testbeta-atif/assets/fonts/ionicons/?NA HTTP/1.1" 200 633 "-" "Mozilla/5.0 (compatible; AhrefsBot/7.0; +http://ahrefs.com/robot/)"
114.119.145.115 - - [07/Feb/2025:03:15:07 -0500] "GET /admin/vendor/fontawesome-free/svgs/solid/check-square.svg HTTP/1.1" 200 263 "https://eirtechs.com/admin/vendor/fontawesome-free/svgs/solid/?NA" "Mozilla/5.0 (Linux; Android 7.0;) AppleWebKit/537.36 (KHTML, like Gecko) Mobile Safari/537.36 (compatible; PetalBot;+https://webmaster.petalsearch.com/site/petalbot)"
114.119.145.115 - - [07/Feb/2025:03:15:08 -0500] "GET /root_stripe/stripe/lib/Plan.php HTTP/1.1" 200 147 "https://www.eirtechs.com/root_stripe/stripe/lib/?SA" "Mozilla/5.0 (Linux; Android 7.0;) AppleWebKit/537.36 (KHTML, like Gecko) Mobile Safari/537.36 (compatible; PetalBot;+https://webmaster.petalsearch.com/site/petalbot)"
51.222.253.20 - - [07/Feb/2025:03:18:05 -0500] "GET /admin/js/?ND HTTP/1.1" 200 685 "-" "Mozilla/5.0 (compatible; AhrefsBot/7.0; +http://ahrefs.com/robot/)"
114.119.135.120 - - [07/Feb/2025:03:20:07 -0500] "GET /admin/vendor/fontawesome-free/svgs/solid/arrow-circle-left.svg HTTP/1.1" 200 267 "https://eirtechs.com/admin/vendor/fontawesome-free/svgs/solid/?NA" "Mozilla/5.0 (Linux; Android 7.0;) AppleWebKit/537.36 (KHTML, like Gecko) Mobile Safari/537.36 (compatible; PetalBot;+https://webmaster.petalsearch.com/site/petalbot)"
114.119.128.203 - - [07/Feb/2025:03:20:14 -0500] "GET /root_stripe/stripe/lib/Issuing/ HTTP/1.1" 200 1232 "https://www.eirtechs.com/root_stripe/stripe/lib/?SA" "Mozilla/5.0 (Linux; Android 7.0;) AppleWebKit/537.36 (KHTML, like Gecko) Mobile Safari/537.36 (compatible; PetalBot;+https://webmaster.petalsearch.com/site/petalbot)"
51.222.253.19 - - [07/Feb/2025:03:21:46 -0500] "GET /testbeta-atif/root_stripe/stripe/tests/?MA HTTP/1.1" 200 766 "-" "Mozilla/5.0 (compatible; AhrefsBot/7.0; +http://ahrefs.com/robot/)"
114.119.135.120 - - [07/Feb/2025:03:25:10 -0500] "GET /admin/vendor/fontawesome-free/svgs/solid/inbox.svg HTTP/1.1" 200 260 "https://eirtechs.com/admin/vendor/fontawesome-free/svgs/solid/?NA" "Mozilla/5.0 (Linux; Android 7.0;) AppleWebKit/537.36 (KHTML, like Gecko) Mobile Safari/537.36 (compatible; PetalBot;+https://webmaster.petalsearch.com/site/petalbot)"
114.119.128.203 - - [07/Feb/2025:03:25:14 -0500] "GET /root_stripe/stripe/lib/IssuerFraudRecord.php HTTP/1.1" 200 155 "https://www.eirtechs.com/root_stripe/stripe/lib/?SA" "Mozilla/5.0 (Linux; Android 7.0;) AppleWebKit/537.36 (KHTML, like Gecko) Mobile Safari/537.36 (compatible; PetalBot;+https://webmaster.petalsearch.com/site/petalbot)"
51.222.253.2 - - [07/Feb/2025:03:25:33 -0500] "GET /?MA HTTP/1.1" 200 1852 "-" "Mozilla/5.0 (compatible; AhrefsBot/7.0; +http://ahrefs.com/robot/)"
216.244.66.244 - - [07/Feb/2025:03:27:04 -0500] "GET /robots.txt HTTP/1.1" 404 1251 "-" "Mozilla/5.0 (compatible; DotBot/1.2; +https://opensiteexplorer.org/dotbot; help@moz.com)"
51.222.253.6 - - [07/Feb/2025:03:29:01 -0500] "GET /testbeta/assets/images/portfolio/?SD HTTP/1.1" 200 1300 "-" "Mozilla/5.0 (compatible; AhrefsBot/7.0; +http://ahrefs.com/robot/)"
114.119.128.244 - - [07/Feb/2025:03:30:13 -0500] "GET /admin/vendor/fontawesome-free/svgs/solid/hospital.svg HTTP/1.1" 200 339 "https://eirtechs.com/admin/vendor/fontawesome-free/svgs/solid/?SD" "Mozilla/5.0 (Linux; Android 7.0;) AppleWebKit/537.36 (KHTML, like Gecko) Mobile Safari/537.36 (compatible; PetalBot;+https://webmaster.petalsearch.com/site/petalbot)"
114.119.166.95 - - [07/Feb/2025:03:30:14 -0500] "GET /root_stripe/stripe/lib/Error/ApiConnection.php HTTP/1.1" 200 153 "https://www.eirtechs.com/root_stripe/stripe/lib/Error/?MD" "Mozilla/5.0 (Linux; Android 7.0;) AppleWebKit/537.36 (KHTML, like Gecko) Mobile Safari/537.36 (compatible; PetalBot;+https://webmaster.petalsearch.com/site/petalbot)"
51.222.253.15 - - [07/Feb/2025:03:33:36 -0500] "GET /testbeta-atif/root_stripe/stripe/examples/?ND HTTP/1.1" 200 635 "-" "Mozilla/5.0 (compatible; AhrefsBot/7.0; +http://ahrefs.com/robot/)"
114.119.154.65 - - [07/Feb/2025:03:35:16 -0500] "GET /admin/vendor/fontawesome-free/svgs/solid/coffee.svg HTTP/1.1" 200 237 "https://eirtechs.com/admin/vendor/fontawesome-free/svgs/solid/?NA" "Mozilla/5.0 (Linux; Android 7.0;) AppleWebKit/537.36 (KHTML, like Gecko) Mobile Safari/537.36 (compatible; PetalBot;+https://webmaster.petalsearch.com/site/petalbot)"
114.119.145.115 - - [07/Feb/2025:03:35:18 -0500] "GET /root_stripe/stripe/lib/Discount.php HTTP/1.1" 200 148 "https://www.eirtechs.com/root_stripe/stripe/lib/?SA" "Mozilla/5.0 (Linux; Android 7.0;) AppleWebKit/537.36 (KHTML, like Gecko) Mobile Safari/537.36 (compatible; PetalBot;+https://webmaster.petalsearch.com/site/petalbot)"
217.113.194.117 - - [07/Feb/2025:03:39:38 -0500] "GET /robots.txt HTTP/1.1" 404 1251 "-" "Mozilla/5.0 (compatible; Barkrowler/0.9; +https://babbar.tech/crawler)"
217.113.194.116 - - [07/Feb/2025:03:39:58 -0500] "GET / HTTP/1.1" 200 2200 "-" "Mozilla/5.0 (compatible; Barkrowler/0.9; +https://babbar.tech/crawler)"
217.113.194.121 - - [07/Feb/2025:03:40:13 -0500] "GET /about/ HTTP/1.1" 200 1298 "-" "Mozilla/5.0 (compatible; Barkrowler/0.9; +https://babbar.tech/crawler)"
114.119.128.244 - - [07/Feb/2025:03:40:14 -0500] "GET /admin/vendor/fontawesome-free/svgs/solid/carrot.svg HTTP/1.1" 200 341 "https://eirtechs.com/admin/vendor/fontawesome-free/svgs/solid/?NA" "Mozilla/5.0 (Linux; Android 7.0;) AppleWebKit/537.36 (KHTML, like Gecko) Mobile Safari/537.36 (compatible; PetalBot;+https://webmaster.petalsearch.com/site/petalbot)"
114.119.154.65 - - [07/Feb/2025:03:40:16 -0500] "GET /root_stripe/stripe/lib/ApplicationFeeRefund.php HTTP/1.1" 200 157 "https://www.eirtechs.com/root_stripe/stripe/lib/?SA" "Mozilla/5.0 (Linux; Android 7.0;) AppleWebKit/537.36 (KHTML, like Gecko) Mobile Safari/537.36 (compatible; PetalBot;+https://webmaster.petalsearch.com/site/petalbot)"
217.113.194.113 - - [07/Feb/2025:03:40:26 -0500] "GET /admin/ HTTP/1.1" 200 1570 "-" "Mozilla/5.0 (compatible; Barkrowler/0.9; +https://babbar.tech/crawler)"
217.113.194.119 - - [07/Feb/2025:03:40:39 -0500] "GET /service/ HTTP/1.1" 200 1465 "-" "Mozilla/5.0 (compatible; Barkrowler/0.9; +https://babbar.tech/crawler)"
154.54.249.204 - - [07/Feb/2025:03:40:53 -0500] "GET /contact.php HTTP/1.1" 200 10964 "-" "Mozilla/5.0 (compatible; Barkrowler/0.9; +https://babbar.tech/crawler)"
217.113.194.112 - - [07/Feb/2025:03:41:07 -0500] "GET /assets/ HTTP/1.1" 200 1204 "-" "Mozilla/5.0 (compatible; Barkrowler/0.9; +https://babbar.tech/crawler)"
217.113.194.118 - - [07/Feb/2025:03:41:20 -0500] "GET /index.php HTTP/1.1" 404 1251 "-" "Mozilla/5.0 (compatible; Barkrowler/0.9; +https://babbar.tech/crawler)"
217.113.194.113 - - [07/Feb/2025:03:41:34 -0500] "GET /career.php HTTP/1.1" 200 6763 "-" "Mozilla/5.0 (compatible; Barkrowler/0.9; +https://babbar.tech/crawler)"
217.113.194.121 - - [07/Feb/2025:03:41:47 -0500] "GET /about.php HTTP/1.1" 200 6208 "-" "Mozilla/5.0 (compatible; Barkrowler/0.9; +https://babbar.tech/crawler)"
217.113.194.116 - - [07/Feb/2025:03:42:00 -0500] "GET /cart.php HTTP/1.1" 200 5595 "-" "Mozilla/5.0 (compatible; Barkrowler/0.9; +https://babbar.tech/crawler)"
217.113.194.115 - - [07/Feb/2025:03:42:15 -0500] "GET /services/ HTTP/1.1" 200 1365 "-" "Mozilla/5.0 (compatible; Barkrowler/0.9; +https://babbar.tech/crawler)"
217.113.194.118 - - [07/Feb/2025:03:42:28 -0500] "GET /build/ HTTP/1.1" 200 782 "-" "Mozilla/5.0 (compatible; Barkrowler/0.9; +https://babbar.tech/crawler)"
51.222.253.20 - - [07/Feb/2025:03:42:30 -0500] "GET /testbeta/assets/fonts/ionicons/css/?SA HTTP/1.1" 200 669 "-" "Mozilla/5.0 (compatible; AhrefsBot/7.0; +http://ahrefs.com/robot/)"
217.113.194.112 - - [07/Feb/2025:03:42:41 -0500] "GET /pay/ HTTP/1.1" 200 940 "-" "Mozilla/5.0 (compatible; Barkrowler/0.9; +https://babbar.tech/crawler)"
217.113.194.121 - - [07/Feb/2025:03:42:55 -0500] "GET /inc/ HTTP/1.1" 200 1467 "-" "Mozilla/5.0 (compatible; Barkrowler/0.9; +https://babbar.tech/crawler)"
217.113.194.113 - - [07/Feb/2025:03:43:08 -0500] "GET /get.php HTTP/1.1" 200 813 "-" "Mozilla/5.0 (compatible; Barkrowler/0.9; +https://babbar.tech/crawler)"
217.113.194.118 - - [07/Feb/2025:03:43:22 -0500] "GET /stripe/ HTTP/1.1" 200 874 "-" "Mozilla/5.0 (compatible; Barkrowler/0.9; +https://babbar.tech/crawler)"
217.113.194.121 - - [07/Feb/2025:03:43:35 -0500] "GET /mail/ HTTP/1.1" 200 1286 "-" "Mozilla/5.0 (compatible; Barkrowler/0.9; +https://babbar.tech/crawler)"
217.113.194.121 - - [07/Feb/2025:03:43:48 -0500] "GET /payment.php HTTP/1.1" 200 5322 "-" "Mozilla/5.0 (compatible; Barkrowler/0.9; +https://babbar.tech/crawler)"
217.113.194.118 - - [07/Feb/2025:03:44:02 -0500] "GET /admin/vendor/ HTTP/1.1" 200 1203 "-" "Mozilla/5.0 (compatible; Barkrowler/0.9; +https://babbar.tech/crawler)"
154.54.249.204 - - [07/Feb/2025:03:44:14 -0500] "GET /admin/404.html HTTP/1.1" 304 0 "-" "Mozilla/5.0 (compatible; Barkrowler/0.9; +https://babbar.tech/crawler)"
217.113.194.113 - - [07/Feb/2025:03:44:27 -0500] "GET /service/contact.php HTTP/1.1" 404 1251 "-" "Mozilla/5.0 (compatible; Barkrowler/0.9; +https://babbar.tech/crawler)"
217.113.194.118 - - [07/Feb/2025:03:44:40 -0500] "GET /build/css/ HTTP/1.1" 200 833 "-" "Mozilla/5.0 (compatible; Barkrowler/0.9; +https://babbar.tech/crawler)"
217.113.194.116 - - [07/Feb/2025:03:44:55 -0500] "GET /build/img/ HTTP/1.1" 200 806 "-" "Mozilla/5.0 (compatible; Barkrowler/0.9; +https://babbar.tech/crawler)"
217.113.194.118 - - [07/Feb/2025:03:45:08 -0500] "GET /testbeta/ HTTP/1.1" 200 1343 "-" "Mozilla/5.0 (compatible; Barkrowler/0.9; +https://babbar.tech/crawler)"
216.244.66.244 - - [07/Feb/2025:03:45:09 -0500] "GET /assets/videos/?SA HTTP/1.1" 200 4899 "-" "Mozilla/5.0 (compatible; DotBot/1.2; +https://opensiteexplorer.org/dotbot; help@moz.com)"
