51.222.253.3 - - [06/Feb/2025:20:24:16 -0500] "GET /testbeta-atif/root_stripe/stripe/update_certs.php HTTP/1.1" 200 23 "-" "Mozilla/5.0 (compatible; AhrefsBot/7.0; +http://ahrefs.com/robot/)"
114.119.128.244 - - [06/Feb/2025:20:25:01 -0500] "GET /admin/vendor/fontawesome-free/svgs/brands/creative-commons-pd.svg HTTP/1.1" 200 397 "https://eirtechs.com/admin/vendor/fontawesome-free/svgs/brands/?ND" "Mozilla/5.0 (Linux; Android 7.0;) AppleWebKit/537.36 (KHTML, like Gecko) Mobile Safari/537.36 (compatible; PetalBot;+https://webmaster.petalsearch.com/site/petalbot)"
114.119.135.120 - - [06/Feb/2025:20:25:05 -0500] "GET /testbeta-atif/root_stripe/stripe/tests/Stripe/ HTTP/1.1" 200 2601 "https://www.eirtechs.com/testbeta-atif/root_stripe/stripe/tests/Stripe/Reporting/?MA" "Mozilla/5.0 (Linux; Android 7.0;) AppleWebKit/537.36 (KHTML, like Gecko) Mobile Safari/537.36 (compatible; PetalBot;+https://webmaster.petalsearch.com/site/petalbot)"
51.222.253.1 - - [06/Feb/2025:20:28:10 -0500] "GET /root_stripe/stripe/lib/Topup.php HTTP/1.1" 200 134 "-" "Mozilla/5.0 (compatible; AhrefsBot/7.0; +http://ahrefs.com/robot/)"
114.119.135.120 - - [06/Feb/2025:20:30:01 -0500] "GET /testbeta-atif/root_stripe/stripe/lib/Terminal/?SA HTTP/1.1" 200 865 "https://www.eirtechs.com/testbeta-atif/root_stripe/stripe/lib/Terminal/?SD" "Mozilla/5.0 (Linux; Android 7.0;) AppleWebKit/537.36 (KHTML, like Gecko) Mobile Safari/537.36 (compatible; PetalBot;+https://webmaster.petalsearch.com/site/petalbot)"
114.119.154.65 - - [06/Feb/2025:20:30:01 -0500] "GET /admin/vendor/fontawesome-free/svgs/brands/amazon-pay.svg HTTP/1.1" 200 1656 "https://eirtechs.com/admin/vendor/fontawesome-free/svgs/brands/?ND" "Mozilla/5.0 (Linux; Android 7.0;) AppleWebKit/537.36 (KHTML, like Gecko) Mobile Safari/537.36 (compatible; PetalBot;+https://webmaster.petalsearch.com/site/petalbot)"
85.208.96.200 - - [06/Feb/2025:20:30:47 -0500] "GET /service/corporate-branding/logo_design.php HTTP/1.1" 200 15626 "-" "Mozilla/5.0 (compatible; SemrushBot/7~bl; +http://www.semrush.com/bot.html)"
51.222.253.10 - - [06/Feb/2025:20:32:29 -0500] "GET /service/corporate-branding/?ND HTTP/1.1" 200 1065 "-" "Mozilla/5.0 (compatible; AhrefsBot/7.0; +http://ahrefs.com/robot/)"
114.119.128.203 - - [06/Feb/2025:20:35:01 -0500] "GET /admin/vendor/fontawesome-free/sprites/regular.svg HTTP/1.1" 200 39262 "https://eirtechs.com/admin/vendor/fontawesome-free/sprites/?MA" "Mozilla/5.0 (Linux; Android 7.0;) AppleWebKit/537.36 (KHTML, like Gecko) Mobile Safari/537.36 (compatible; PetalBot;+https://webmaster.petalsearch.com/site/petalbot)"
114.119.135.120 - - [06/Feb/2025:20:35:03 -0500] "GET /testbeta-atif/root_stripe/stripe/lib/Product.php HTTP/1.1" 200 158 "https://www.eirtechs.com/testbeta-atif/root_stripe/stripe/lib/?SD" "Mozilla/5.0 (Linux; Android 7.0;) AppleWebKit/537.36 (KHTML, like Gecko) Mobile Safari/537.36 (compatible; PetalBot;+https://webmaster.petalsearch.com/site/petalbot)"
51.222.253.14 - - [06/Feb/2025:20:36:23 -0500] "GET /testbeta-atif/packages/?ND HTTP/1.1" 200 724 "-" "Mozilla/5.0 (compatible; AhrefsBot/7.0; +http://ahrefs.com/robot/)"
114.119.154.65 - - [06/Feb/2025:20:40:02 -0500] "GET /testbeta-atif/root_stripe/stripe/examples/?MD HTTP/1.1" 200 793 "https://www.eirtechs.com/testbeta-atif/root_stripe/stripe/examples/?MA" "Mozilla/5.0 (Linux; Android 7.0;) AppleWebKit/537.36 (KHTML, like Gecko) Mobile Safari/537.36 (compatible; PetalBot;+https://webmaster.petalsearch.com/site/petalbot)"
114.119.135.120 - - [06/Feb/2025:20:40:07 -0500] "GET /admin/vendor/fontawesome-free/svgs/solid/less-than-equal.svg HTTP/1.1" 200 324 "https://eirtechs.com/admin/vendor/fontawesome-free/svgs/solid/?NA" "Mozilla/5.0 (Linux; Android 7.0;) AppleWebKit/537.36 (KHTML, like Gecko) Mobile Safari/537.36 (compatible; PetalBot;+https://webmaster.petalsearch.com/site/petalbot)"
51.222.253.5 - - [06/Feb/2025:20:40:26 -0500] "GET /testbeta/assets/fonts/?SA HTTP/1.1" 200 668 "-" "Mozilla/5.0 (compatible; AhrefsBot/7.0; +http://ahrefs.com/robot/)"
51.222.253.15 - - [06/Feb/2025:20:44:03 -0500] "GET /assets/js/?ND HTTP/1.1" 200 1384 "-" "Mozilla/5.0 (compatible; AhrefsBot/7.0; +http://ahrefs.com/robot/)"
114.119.145.115 - - [06/Feb/2025:20:45:01 -0500] "GET /admin/vendor/fontawesome-free/svgs/solid/hiking.svg HTTP/1.1" 200 544 "https://eirtechs.com/admin/vendor/fontawesome-free/svgs/solid/?SD" "Mozilla/5.0 (Linux; Android 7.0;) AppleWebKit/537.36 (KHTML, like Gecko) Mobile Safari/537.36 (compatible; PetalBot;+https://webmaster.petalsearch.com/site/petalbot)"
114.119.166.95 - - [06/Feb/2025:20:45:08 -0500] "GET /testbeta-atif/assets/scss/bootstrap/utilities/_display.scss HTTP/1.1" 200 1409 "https://www.eirtechs.com/testbeta-atif/assets/scss/bootstrap/utilities/?MD" "Mozilla/5.0 (Linux; Android 7.0;) AppleWebKit/537.36 (KHTML, like Gecko) Mobile Safari/537.36 (compatible; PetalBot;+https://webmaster.petalsearch.com/site/petalbot)"
51.222.253.18 - - [06/Feb/2025:20:49:02 -0500] "GET /testbeta/root_stripe/stripe/data/?SD HTTP/1.1" 200 633 "-" "Mozilla/5.0 (compatible; AhrefsBot/7.0; +http://ahrefs.com/robot/)"
114.119.128.203 - - [06/Feb/2025:20:50:03 -0500] "GET /testbeta-atif/assets/fonts/ionicons/fonts/ionicons.woff2 HTTP/1.1" 200 50592 "https://www.eirtechs.com/testbeta-atif/assets/fonts/ionicons/fonts/?MA" "Mozilla/5.0 (Linux; Android 7.0;) AppleWebKit/537.36 (KHTML, like Gecko) Mobile Safari/537.36 (compatible; PetalBot;+https://webmaster.petalsearch.com/site/petalbot)"
114.119.128.203 - - [06/Feb/2025:20:50:05 -0500] "GET /admin/vendor/fontawesome-free/svgs/solid/cannabis.svg HTTP/1.1" 200 635 "https://eirtechs.com/admin/vendor/fontawesome-free/svgs/solid/?SD" "Mozilla/5.0 (Linux; Android 7.0;) AppleWebKit/537.36 (KHTML, like Gecko) Mobile Safari/537.36 (compatible; PetalBot;+https://webmaster.petalsearch.com/site/petalbot)"
51.222.253.15 - - [06/Feb/2025:20:53:08 -0500] "GET /assest/css/?ND HTTP/1.1" 200 621 "-" "Mozilla/5.0 (compatible; AhrefsBot/7.0; +http://ahrefs.com/robot/)"
114.119.166.95 - - [06/Feb/2025:20:55:05 -0500] "GET /testbeta-atif/assets/fonts/ionicons/css/?MD HTTP/1.1" 200 830 "https://www.eirtechs.com/testbeta-atif/assets/fonts/ionicons/css/?MA" "Mozilla/5.0 (Linux; Android 7.0;) AppleWebKit/537.36 (KHTML, like Gecko) Mobile Safari/537.36 (compatible; PetalBot;+https://webmaster.petalsearch.com/site/petalbot)"
114.119.145.225 - - [06/Feb/2025:20:55:08 -0500] "GET /admin/vendor/fontawesome-free/svgs/regular/thumbs-down.svg HTTP/1.1" 200 606 "https://eirtechs.com/admin/vendor/fontawesome-free/svgs/regular/?MA" "Mozilla/5.0 (Linux; Android 7.0;) AppleWebKit/537.36 (KHTML, like Gecko) Mobile Safari/537.36 (compatible; PetalBot;+https://webmaster.petalsearch.com/site/petalbot)"
51.222.253.20 - - [06/Feb/2025:20:56:57 -0500] "GET /assest/javascript/?ND HTTP/1.1" 200 626 "-" "Mozilla/5.0 (compatible; AhrefsBot/7.0; +http://ahrefs.com/robot/)"
51.222.253.17 - - [06/Feb/2025:21:00:39 -0500] "GET /testbeta-atif/assets/fonts/flaticon/license/?MA HTTP/1.1" 200 643 "-" "Mozilla/5.0 (compatible; AhrefsBot/7.0; +http://ahrefs.com/robot/)"
51.222.253.9 - - [06/Feb/2025:21:04:47 -0500] "GET /packages/training/ HTTP/1.1" 200 682 "-" "Mozilla/5.0 (compatible; AhrefsBot/7.0; +http://ahrefs.com/robot/)"
114.119.128.203 - - [06/Feb/2025:21:05:06 -0500] "GET /testbeta-atif/assets/fonts/flaticon/font/_flaticon.scss HTTP/1.1" 200 1208 "https://www.eirtechs.com/testbeta-atif/assets/fonts/flaticon/font/?MD" "Mozilla/5.0 (Linux; Android 7.0;) AppleWebKit/537.36 (KHTML, like Gecko) Mobile Safari/537.36 (compatible; PetalBot;+https://webmaster.petalsearch.com/site/petalbot)"
114.119.136.199 - - [06/Feb/2025:21:05:10 -0500] "GET /admin/vendor/fontawesome-free/svgs/regular/object-group.svg HTTP/1.1" 200 374 "https://eirtechs.com/admin/vendor/fontawesome-free/svgs/regular/?MA" "Mozilla/5.0 (Linux; Android 7.0;) AppleWebKit/537.36 (KHTML, like Gecko) Mobile Safari/537.36 (compatible; PetalBot;+https://webmaster.petalsearch.com/site/petalbot)"
51.222.253.2 - - [06/Feb/2025:21:08:33 -0500] "GET /robots.txt HTTP/1.1" 404 1251 "-" "Mozilla/5.0 (compatible; AhrefsBot/7.0; +http://ahrefs.com/robot/)"
51.222.253.7 - - [06/Feb/2025:21:08:35 -0500] "GET /assets/fonts/ionicons/fonts/?NA HTTP/1.1" 200 720 "-" "Mozilla/5.0 (compatible; AhrefsBot/7.0; +http://ahrefs.com/robot/)"
213.226.101.122 - - [06/Feb/2025:21:09:59 -0500] "GET / HTTP/1.0" 200 10800 "https://eirtechs.com/" "Mozilla/5.0 (Windows NT 10.0; Win64; x64) AppleWebKit/537.36 (KHTML, like Gecko) Chrome/131.0.0.0 Safari/537.36"
114.119.154.65 - - [06/Feb/2025:21:10:06 -0500] "GET /admin/vendor/fontawesome-free/svgs/regular/hand-point-left.svg HTTP/1.1" 200 654 "https://eirtechs.com/admin/vendor/fontawesome-free/svgs/regular/?MA" "Mozilla/5.0 (Linux; Android 7.0;) AppleWebKit/537.36 (KHTML, like Gecko) Mobile Safari/537.36 (compatible; PetalBot;+https://webmaster.petalsearch.com/site/petalbot)"
114.119.135.120 - - [06/Feb/2025:21:10:14 -0500] "GET /testbeta-atif/assets/fonts/?MA HTTP/1.1" 200 835 "https://www.eirtechs.com/testbeta-atif/assets/fonts/?SD" "Mozilla/5.0 (Linux; Android 7.0;) AppleWebKit/537.36 (KHTML, like Gecko) Mobile Safari/537.36 (compatible; PetalBot;+https://webmaster.petalsearch.com/site/petalbot)"
51.222.253.19 - - [06/Feb/2025:21:12:03 -0500] "GET /testbeta/assets/js/?NA HTTP/1.1" 200 1361 "-" "Mozilla/5.0 (compatible; AhrefsBot/7.0; +http://ahrefs.com/robot/)"
114.119.145.115 - - [06/Feb/2025:21:15:01 -0500] "GET /admin/vendor/fontawesome-free/svgs/regular/font-awesome-logo-full.svg HTTP/1.1" 200 1425 "https://eirtechs.com/admin/vendor/fontawesome-free/svgs/regular/?MA" "Mozilla/5.0 (Linux; Android 7.0;) AppleWebKit/537.36 (KHTML, like Gecko) Mobile Safari/537.36 (compatible; PetalBot;+https://webmaster.petalsearch.com/site/petalbot)"
114.119.166.95 - - [06/Feb/2025:21:15:12 -0500] "GET /testbeta-atif/assets/css/?NA HTTP/1.1" 200 1568 "https://www.eirtechs.com/testbeta-atif/assets/css/?SD" "Mozilla/5.0 (Linux; Android 7.0;) AppleWebKit/537.36 (KHTML, like Gecko) Mobile Safari/537.36 (compatible; PetalBot;+https://webmaster.petalsearch.com/site/petalbot)"
192.99.36.61 - - [06/Feb/2025:21:15:39 -0500] "GET /robots.txt HTTP/1.1" 404 1251 "-" "Mozilla/5.0 (compatible; MJ12bot/v1.4.8; http://mj12bot.com/)"
192.99.36.61 - - [06/Feb/2025:21:15:43 -0500] "GET /admin/vendor/bootstrap/js/?MD HTTP/1.1" 200 1092 "-" "Mozilla/5.0 (compatible; MJ12bot/v1.4.8; http://mj12bot.com/)"
192.99.36.61 - - [06/Feb/2025:21:15:47 -0500] "GET /admin/vendor/bootstrap/js/?NA HTTP/1.1" 200 1104 "-" "Mozilla/5.0 (compatible; MJ12bot/v1.4.8; http://mj12bot.com/)"
192.99.36.61 - - [06/Feb/2025:21:15:50 -0500] "GET /admin/vendor/bootstrap/js/?SD HTTP/1.1" 200 1098 "-" "Mozilla/5.0 (compatible; MJ12bot/v1.4.8; http://mj12bot.com/)"
192.99.36.61 - - [06/Feb/2025:21:15:56 -0500] "GET /admin/vendor/bootstrap/scss/?MD HTTP/1.1" 200 1819 "-" "Mozilla/5.0 (compatible; MJ12bot/v1.4.8; http://mj12bot.com/)"
192.99.36.61 - - [06/Feb/2025:21:15:59 -0500] "GET /admin/vendor/bootstrap/scss/?NA HTTP/1.1" 200 1814 "-" "Mozilla/5.0 (compatible; MJ12bot/v1.4.8; http://mj12bot.com/)"
192.99.36.61 - - [06/Feb/2025:21:16:01 -0500] "GET /admin/vendor/bootstrap/scss/?SD HTTP/1.1" 200 1759 "-" "Mozilla/5.0 (compatible; MJ12bot/v1.4.8; http://mj12bot.com/)"
51.222.253.4 - - [06/Feb/2025:21:16:01 -0500] "GET /packages/seo.php HTTP/1.1" 200 6838 "-" "Mozilla/5.0 (compatible; AhrefsBot/7.0; +http://ahrefs.com/robot/)"
192.99.36.61 - - [06/Feb/2025:21:16:04 -0500] "GET /admin/vendor/bootstrap/scss/mixins/?MA HTTP/1.1" 200 1585 "-" "Mozilla/5.0 (compatible; MJ12bot/v1.4.8; http://mj12bot.com/)"
192.99.36.61 - - [06/Feb/2025:21:16:07 -0500] "GET /admin/vendor/bootstrap/scss/mixins/?ND HTTP/1.1" 200 1551 "-" "Mozilla/5.0 (compatible; MJ12bot/v1.4.8; http://mj12bot.com/)"
192.99.36.61 - - [06/Feb/2025:21:16:11 -0500] "GET /admin/vendor/bootstrap/scss/mixins/?SA HTTP/1.1" 200 1562 "-" "Mozilla/5.0 (compatible; MJ12bot/v1.4.8; http://mj12bot.com/)"
192.99.36.61 - - [06/Feb/2025:21:16:14 -0500] "GET /admin/vendor/bootstrap/scss/utilities/?MA HTTP/1.1" 200 1261 "-" "Mozilla/5.0 (compatible; MJ12bot/v1.4.8; http://mj12bot.com/)"
192.99.36.61 - - [06/Feb/2025:21:16:17 -0500] "GET /admin/vendor/bootstrap/scss/utilities/?ND HTTP/1.1" 200 1259 "-" "Mozilla/5.0 (compatible; MJ12bot/v1.4.8; http://mj12bot.com/)"
192.99.36.61 - - [06/Feb/2025:21:16:20 -0500] "GET /admin/vendor/bootstrap/scss/utilities/?SA HTTP/1.1" 200 1278 "-" "Mozilla/5.0 (compatible; MJ12bot/v1.4.8; http://mj12bot.com/)"
192.99.36.61 - - [06/Feb/2025:21:16:24 -0500] "GET /admin/vendor/bootstrap/scss/vendor/?MA HTTP/1.1" 200 635 "-" "Mozilla/5.0 (compatible; MJ12bot/v1.4.8; http://mj12bot.com/)"
192.99.36.61 - - [06/Feb/2025:21:16:28 -0500] "GET /admin/vendor/bootstrap/scss/vendor/?ND HTTP/1.1" 200 627 "-" "Mozilla/5.0 (compatible; MJ12bot/v1.4.8; http://mj12bot.com/)"
192.99.36.61 - - [06/Feb/2025:21:16:32 -0500] "GET /admin/vendor/bootstrap/scss/vendor/?SA HTTP/1.1" 200 631 "-" "Mozilla/5.0 (compatible; MJ12bot/v1.4.8; http://mj12bot.com/)"
192.99.36.61 - - [06/Feb/2025:21:16:34 -0500] "GET /admin/vendor/fontawesome-free/css/?MD HTTP/1.1" 200 1214 "-" "Mozilla/5.0 (compatible; MJ12bot/v1.4.8; http://mj12bot.com/)"
192.99.36.61 - - [06/Feb/2025:21:16:37 -0500] "GET /admin/vendor/fontawesome-free/css/?NA HTTP/1.1" 200 1197 "-" "Mozilla/5.0 (compatible; MJ12bot/v1.4.8; http://mj12bot.com/)"
192.99.36.61 - - [06/Feb/2025:21:16:42 -0500] "GET /admin/vendor/fontawesome-free/css/?SD HTTP/1.1" 200 1207 "-" "Mozilla/5.0 (compatible; MJ12bot/v1.4.8; http://mj12bot.com/)"
192.99.36.61 - - [06/Feb/2025:21:16:47 -0500] "GET /admin/vendor/fontawesome-free/js/?MD HTTP/1.1" 200 1197 "-" "Mozilla/5.0 (compatible; MJ12bot/v1.4.8; http://mj12bot.com/)"
192.99.36.61 - - [06/Feb/2025:21:16:52 -0500] "GET /admin/vendor/fontawesome-free/js/?NA HTTP/1.1" 200 1181 "-" "Mozilla/5.0 (compatible; MJ12bot/v1.4.8; http://mj12bot.com/)"
192.99.36.61 - - [06/Feb/2025:21:16:55 -0500] "GET /admin/vendor/fontawesome-free/js/?SD HTTP/1.1" 200 1186 "-" "Mozilla/5.0 (compatible; MJ12bot/v1.4.8; http://mj12bot.com/)"
192.99.36.61 - - [06/Feb/2025:21:16:59 -0500] "GET /admin/vendor/fontawesome-free/less/?MD HTTP/1.1" 200 1291 "-" "Mozilla/5.0 (compatible; MJ12bot/v1.4.8; http://mj12bot.com/)"
192.99.36.61 - - [06/Feb/2025:21:17:02 -0500] "GET /admin/vendor/fontawesome-free/less/?NA HTTP/1.1" 200 1285 "-" "Mozilla/5.0 (compatible; MJ12bot/v1.4.8; http://mj12bot.com/)"
192.99.36.61 - - [06/Feb/2025:21:17:05 -0500] "GET /admin/vendor/fontawesome-free/less/?SD HTTP/1.1" 200 1285 "-" "Mozilla/5.0 (compatible; MJ12bot/v1.4.8; http://mj12bot.com/)"
192.99.36.61 - - [06/Feb/2025:21:17:08 -0500] "GET /admin/vendor/fontawesome-free/scss/?MD HTTP/1.1" 200 1300 "-" "Mozilla/5.0 (compatible; MJ12bot/v1.4.8; http://mj12bot.com/)"
192.99.36.61 - - [06/Feb/2025:21:17:12 -0500] "GET /admin/vendor/fontawesome-free/scss/?NA HTTP/1.1" 200 1285 "-" "Mozilla/5.0 (compatible; MJ12bot/v1.4.8; http://mj12bot.com/)"
192.99.36.61 - - [06/Feb/2025:21:17:16 -0500] "GET /admin/vendor/fontawesome-free/scss/?SD HTTP/1.1" 200 1288 "-" "Mozilla/5.0 (compatible; MJ12bot/v1.4.8; http://mj12bot.com/)"
192.99.36.61 - - [06/Feb/2025:21:17:19 -0500] "GET /admin/vendor/fontawesome-free/sprites/?MD HTTP/1.1" 200 700 "-" "Mozilla/5.0 (compatible; MJ12bot/v1.4.8; http://mj12bot.com/)"
192.99.36.61 - - [06/Feb/2025:21:17:22 -0500] "GET /admin/vendor/fontawesome-free/sprites/?NA HTTP/1.1" 200 694 "-" "Mozilla/5.0 (compatible; MJ12bot/v1.4.8; http://mj12bot.com/)"
192.99.36.61 - - [06/Feb/2025:21:17:24 -0500] "GET /admin/vendor/fontawesome-free/sprites/?SD HTTP/1.1" 200 699 "-" "Mozilla/5.0 (compatible; MJ12bot/v1.4.8; http://mj12bot.com/)"
192.99.36.61 - - [06/Feb/2025:21:17:27 -0500] "GET /admin/vendor/fontawesome-free/svgs/?MD HTTP/1.1" 200 669 "-" "Mozilla/5.0 (compatible; MJ12bot/v1.4.8; http://mj12bot.com/)"
192.99.36.61 - - [06/Feb/2025:21:17:30 -0500] "GET /admin/vendor/fontawesome-free/svgs/?NA HTTP/1.1" 200 663 "-" "Mozilla/5.0 (compatible; MJ12bot/v1.4.8; http://mj12bot.com/)"
192.99.36.61 - - [06/Feb/2025:21:17:32 -0500] "GET /admin/vendor/fontawesome-free/svgs/?SD HTTP/1.1" 200 669 "-" "Mozilla/5.0 (compatible; MJ12bot/v1.4.8; http://mj12bot.com/)"
192.99.36.61 - - [06/Feb/2025:21:17:35 -0500] "GET /admin/vendor/fontawesome-free/svgs/brands/?MA HTTP/1.1" 200 9539 "-" "Mozilla/5.0 (compatible; MJ12bot/v1.4.8; http://mj12bot.com/)"
192.99.36.61 - - [06/Feb/2025:21:17:38 -0500] "GET /admin/vendor/fontawesome-free/svgs/brands/?ND HTTP/1.1" 200 9248 "-" "Mozilla/5.0 (compatible; MJ12bot/v1.4.8; http://mj12bot.com/)"
192.99.36.61 - - [06/Feb/2025:21:17:42 -0500] "GET /admin/vendor/fontawesome-free/svgs/brands/?SA HTTP/1.1" 200 9873 "-" "Mozilla/5.0 (compatible; MJ12bot/v1.4.8; http://mj12bot.com/)"
34.231.21.20 - - [06/Feb/2025:21:19:18 -0500] "GET / HTTP/1.1" 200 2200 "-" "Mozilla/5.0 (Windows NT 10.0) AppleWebKit/537.36 (KHTML, like Gecko) Chrome/76.0.3809.100 Safari/537.36"
34.231.21.20 - - [06/Feb/2025:21:19:34 -0500] "GET /_autoindex/assets/js/tablesort.number.js HTTP/1.1" 200 374 "-" "Mozilla/5.0 (Windows NT 10.0; WOW64) AppleWebKit/537.36 (KHTML, like Gecko) Chrome/65.0.3325.162 Safari/537.36"
34.231.21.20 - - [06/Feb/2025:21:19:36 -0500] "GET /_autoindex/assets/js/tablesort.js HTTP/1.1" 200 2664 "-" "Mozilla/5.0 (X11; Linux i686; rv:12.0) Gecko/20120502 Firefox/12.0 SeaMonkey/2.9.1"
51.222.253.7 - - [06/Feb/2025:21:19:56 -0500] "GET /testbeta-atif/stripe/?NA HTTP/1.1" 200 658 "-" "Mozilla/5.0 (compatible; AhrefsBot/7.0; +http://ahrefs.com/robot/)"
114.119.128.203 - - [06/Feb/2025:21:20:06 -0500] "GET /admin/vendor/fontawesome-free/svgs/brands/sellsy.svg HTTP/1.1" 200 518 "https://eirtechs.com/admin/vendor/fontawesome-free/svgs/brands/?ND" "Mozilla/5.0 (Linux; Android 7.0;) AppleWebKit/537.36 (KHTML, like Gecko) Mobile Safari/537.36 (compatible; PetalBot;+https://webmaster.petalsearch.com/site/petalbot)"
114.119.154.65 - - [06/Feb/2025:21:20:08 -0500] "GET /testbeta/assets/css/?ND HTTP/1.1" 200 1567 "https://www.eirtechs.com/testbeta/assets/css/?NA" "Mozilla/5.0 (Linux; Android 7.0;) AppleWebKit/537.36 (KHTML, like Gecko) Mobile Safari/537.36 (compatible; PetalBot;+https://webmaster.petalsearch.com/site/petalbot)"
51.222.253.14 - - [06/Feb/2025:21:23:32 -0500] "GET /testbeta/assets/images/portfolio/topbrands/?NA HTTP/1.1" 200 1071 "-" "Mozilla/5.0 (compatible; AhrefsBot/7.0; +http://ahrefs.com/robot/)"
114.119.136.199 - - [06/Feb/2025:21:25:01 -0500] "GET /admin/vendor/fontawesome-free/svgs/brands/searchengin.svg HTTP/1.1" 200 462 "https://eirtechs.com/admin/vendor/fontawesome-free/svgs/brands/?ND" "Mozilla/5.0 (Linux; Android 7.0;) AppleWebKit/537.36 (KHTML, like Gecko) Mobile Safari/537.36 (compatible; PetalBot;+https://webmaster.petalsearch.com/site/petalbot)"
114.119.145.225 - - [06/Feb/2025:21:25:07 -0500] "GET /testbeta-atif/root_stripe/stripe/tests/Stripe/TransferReversalTest.php HTTP/1.1" 200 165 "https://www.eirtechs.com/testbeta-atif/root_stripe/stripe/tests/Stripe/?NA" "Mozilla/5.0 (Linux; Android 7.0;) AppleWebKit/537.36 (KHTML, like Gecko) Mobile Safari/537.36 (compatible; PetalBot;+https://webmaster.petalsearch.com/site/petalbot)"
47.128.35.232 - - [06/Feb/2025:21:26:13 -0500] "GET /root_stripe/stripe/lib/SKU.php HTTP/1.1" 200 134 "-" "Mozilla/5.0 (Linux; Android 5.0) AppleWebKit/537.36 (KHTML, like Gecko) Mobile Safari/537.36 (compatible; Bytespider; spider-feedback@bytedance.com)"
51.222.253.1 - - [06/Feb/2025:21:27:05 -0500] "GET /admin/scss/utilities/?MA HTTP/1.1" 200 1028 "-" "Mozilla/5.0 (compatible; AhrefsBot/7.0; +http://ahrefs.com/robot/)"
114.119.145.225 - - [06/Feb/2025:21:30:05 -0500] "GET /testbeta-atif/assets/images/portfolio/topbrands/?MA HTTP/1.1" 200 1300 "https://www.eirtechs.com/testbeta-atif/assets/images/portfolio/topbrands/" "Mozilla/5.0 (Linux; Android 7.0;) AppleWebKit/537.36 (KHTML, like Gecko) Mobile Safari/537.36 (compatible; PetalBot;+https://webmaster.petalsearch.com/site/petalbot)"
114.119.128.244 - - [06/Feb/2025:21:30:09 -0500] "GET /admin/vendor/fontawesome-free/svgs/brands/galactic-republic.svg HTTP/1.1" 200 835 "https://eirtechs.com/admin/vendor/fontawesome-free/svgs/brands/?ND" "Mozilla/5.0 (Linux; Android 7.0;) AppleWebKit/537.36 (KHTML, like Gecko) Mobile Safari/537.36 (compatible; PetalBot;+https://webmaster.petalsearch.com/site/petalbot)"
51.222.253.15 - - [06/Feb/2025:21:30:57 -0500] "GET /testbeta/assets/images/portfolio/ HTTP/1.1" 200 1314 "-" "Mozilla/5.0 (compatible; AhrefsBot/7.0; +http://ahrefs.com/robot/)"
51.222.253.3 - - [06/Feb/2025:21:34:24 -0500] "GET /services/bk_logo.php HTTP/1.1" 200 4884 "-" "Mozilla/5.0 (compatible; AhrefsBot/7.0; +http://ahrefs.com/robot/)"
114.119.145.225 - - [06/Feb/2025:21:35:01 -0500] "GET /admin/vendor/fontawesome-free/svgs/brands/fedex.svg HTTP/1.1" 200 492 "https://eirtechs.com/admin/vendor/fontawesome-free/svgs/brands/?ND" "Mozilla/5.0 (Linux; Android 7.0;) AppleWebKit/537.36 (KHTML, like Gecko) Mobile Safari/537.36 (compatible; PetalBot;+https://webmaster.petalsearch.com/site/petalbot)"
114.119.154.65 - - [06/Feb/2025:21:35:07 -0500] "GET /stripe/logo.php HTTP/1.1" 200 8363 "https://www.eirtechs.com/stripe/?SD" "Mozilla/5.0 (Linux; Android 7.0;) AppleWebKit/537.36 (KHTML, like Gecko) Mobile Safari/537.36 (compatible; PetalBot;+https://webmaster.petalsearch.com/site/petalbot)"
51.222.253.13 - - [06/Feb/2025:21:38:15 -0500] "GET /testbeta-atif/root_stripe/stripe/build.php HTTP/1.1" 200 23 "-" "Mozilla/5.0 (compatible; AhrefsBot/7.0; +http://ahrefs.com/robot/)"
114.119.145.115 - - [06/Feb/2025:21:40:13 -0500] "GET /stripe/checkout.php HTTP/1.1" 200 481 "https://www.eirtechs.com/stripe/?SD" "Mozilla/5.0 (Linux; Android 7.0;) AppleWebKit/537.36 (KHTML, like Gecko) Mobile Safari/537.36 (compatible; PetalBot;+https://webmaster.petalsearch.com/site/petalbot)"
114.119.128.203 - - [06/Feb/2025:21:40:22 -0500] "GET /admin/vendor/fontawesome-free/svgs/brands/elementor.svg HTTP/1.1" 200 216 "https://eirtechs.com/admin/vendor/fontawesome-free/svgs/brands/?ND" "Mozilla/5.0 (Linux; Android 7.0;) AppleWebKit/537.36 (KHTML, like Gecko) Mobile Safari/537.36 (compatible; PetalBot;+https://webmaster.petalsearch.com/site/petalbot)"
51.222.253.18 - - [06/Feb/2025:21:41:52 -0500] "GET /testbeta-atif/assets/css/?ND HTTP/1.1" 200 1319 "-" "Mozilla/5.0 (compatible; AhrefsBot/7.0; +http://ahrefs.com/robot/)"
114.119.128.244 - - [06/Feb/2025:21:45:00 -0500] "GET /admin/vendor/fontawesome-free/svgs/brands/diaspora.svg HTTP/1.1" 200 308 "https://eirtechs.com/admin/vendor/fontawesome-free/svgs/brands/?ND" "Mozilla/5.0 (Linux; Android 7.0;) AppleWebKit/537.36 (KHTML, like Gecko) Mobile Safari/537.36 (compatible; PetalBot;+https://webmaster.petalsearch.com/site/petalbot)"
114.119.128.203 - - [06/Feb/2025:21:45:06 -0500] "GET /services/?NA HTTP/1.1" 200 1369 "https://www.eirtechs.com/services/?SA" "Mozilla/5.0 (Linux; Android 7.0;) AppleWebKit/537.36 (KHTML, like Gecko) Mobile Safari/537.36 (compatible; PetalBot;+https://webmaster.petalsearch.com/site/petalbot)"
51.222.253.10 - - [06/Feb/2025:21:45:58 -0500] "GET /assets/?SD HTTP/1.1" 200 1008 "-" "Mozilla/5.0 (compatible; AhrefsBot/7.0; +http://ahrefs.com/robot/)"
157.55.39.56 - - [06/Feb/2025:21:46:36 -0500] "GET /assets/images/portfolio/logo/41-min.jpg HTTP/1.1" 200 5507 "-" "Mozilla/5.0 AppleWebKit/537.36 (KHTML, like Gecko; compatible; bingbot/2.0; +http://www.bing.com/bingbot.htm) Chrome/116.0.1938.76 Safari/537.36"
114.119.166.95 - - [06/Feb/2025:21:50:05 -0500] "GET /admin/vendor/fontawesome-free/scss/?NA HTTP/1.1" 200 1525 "https://eirtechs.com/admin/vendor/fontawesome-free/scss/?ND" "Mozilla/5.0 (Linux; Android 7.0;) AppleWebKit/537.36 (KHTML, like Gecko) Mobile Safari/537.36 (compatible; PetalBot;+https://webmaster.petalsearch.com/site/petalbot)"
114.119.154.65 - - [06/Feb/2025:21:50:09 -0500] "GET /service/software-development/erp.php HTTP/1.1" 200 12448 "https://www.eirtechs.com/service/mobile-application/mobile_games.php" "Mozilla/5.0 (Linux; Android 7.0;) AppleWebKit/537.36 (KHTML, like Gecko) Mobile Safari/537.36 (compatible; PetalBot;+https://webmaster.petalsearch.com/site/petalbot)"
51.222.253.17 - - [06/Feb/2025:21:50:46 -0500] "GET /about/the_company.php HTTP/1.1" 200 7183 "-" "Mozilla/5.0 (compatible; AhrefsBot/7.0; +http://ahrefs.com/robot/)"
114.119.145.225 - - [06/Feb/2025:21:55:03 -0500] "GET /service/software-development/?NA HTTP/1.1" 200 1290 "https://www.eirtechs.com/service/software-development/?ND" "Mozilla/5.0 (Linux; Android 7.0;) AppleWebKit/537.36 (KHTML, like Gecko) Mobile Safari/537.36 (compatible; PetalBot;+https://webmaster.petalsearch.com/site/petalbot)"
114.119.128.203 - - [06/Feb/2025:21:55:04 -0500] "GET /admin/vendor/fontawesome-free/less/_icons.less HTTP/1.1" 200 91539 "https://eirtechs.com/admin/vendor/fontawesome-free/less/?NA" "Mozilla/5.0 (Linux; Android 7.0;) AppleWebKit/537.36 (KHTML, like Gecko) Mobile Safari/537.36 (compatible; PetalBot;+https://webmaster.petalsearch.com/site/petalbot)"
51.222.253.5 - - [06/Feb/2025:21:55:48 -0500] "GET /database.php HTTP/1.1" 200 0 "-" "Mozilla/5.0 (compatible; AhrefsBot/7.0; +http://ahrefs.com/robot/)"
114.119.145.225 - - [06/Feb/2025:21:59:59 -0500] "GET /admin/vendor/fontawesome-free/less/_core.less HTTP/1.1" 200 291 "https://eirtechs.com/admin/vendor/fontawesome-free/less/?NA" "Mozilla/5.0 (Linux; Android 7.0;) AppleWebKit/537.36 (KHTML, like Gecko) Mobile Safari/537.36 (compatible; PetalBot;+https://webmaster.petalsearch.com/site/petalbot)"
114.119.145.115 - - [06/Feb/2025:22:00:02 -0500] "GET /service/mobile-application/?SA HTTP/1.1" 200 1286 "https://www.eirtechs.com/service/mobile-application/?NA" "Mozilla/5.0 (Linux; Android 7.0;) AppleWebKit/537.36 (KHTML, like Gecko) Mobile Safari/537.36 (compatible; PetalBot;+https://webmaster.petalsearch.com/site/petalbot)"
51.222.253.7 - - [06/Feb/2025:22:00:25 -0500] "GET /packages/office-training.php HTTP/1.1" 200 6925 "-" "Mozilla/5.0 (compatible; AhrefsBot/7.0; +http://ahrefs.com/robot/)"
51.222.253.12 - - [06/Feb/2025:22:04:48 -0500] "GET /packages/eir.php HTTP/1.1" 200 6572 "-" "Mozilla/5.0 (compatible; AhrefsBot/7.0; +http://ahrefs.com/robot/)"
114.119.145.225 - - [06/Feb/2025:22:05:01 -0500] "GET /admin/vendor/fontawesome-free/js/fontawesome.min.js HTTP/1.1" 200 13692 "https://eirtechs.com/admin/vendor/fontawesome-free/js/" "Mozilla/5.0 (Linux; Android 7.0;) AppleWebKit/537.36 (KHTML, like Gecko) Mobile Safari/537.36 (compatible; PetalBot;+https://webmaster.petalsearch.com/site/petalbot)"
114.119.135.120 - - [06/Feb/2025:22:05:02 -0500] "GET /service/corporate-branding/web-design.php HTTP/1.1" 200 15391 "https://www.eirtechs.com/service/mobile-application/mobile_games.php" "Mozilla/5.0 (Linux; Android 7.0;) AppleWebKit/537.36 (KHTML, like Gecko) Mobile Safari/537.36 (compatible; PetalBot;+https://webmaster.petalsearch.com/site/petalbot)"
51.222.253.16 - - [06/Feb/2025:22:09:32 -0500] "GET /assets/?NA HTTP/1.1" 200 1004 "-" "Mozilla/5.0 (compatible; AhrefsBot/7.0; +http://ahrefs.com/robot/)"
114.119.128.203 - - [06/Feb/2025:22:10:05 -0500] "GET /root_stripe/stripe/tests/Stripe/SubscriptionItemTest.php HTTP/1.1" 200 156 "https://www.eirtechs.com/root_stripe/stripe/tests/Stripe/?MD" "Mozilla/5.0 (Linux; Android 7.0;) AppleWebKit/537.36 (KHTML, like Gecko) Mobile Safari/537.36 (compatible; PetalBot;+https://webmaster.petalsearch.com/site/petalbot)"
114.119.166.95 - - [06/Feb/2025:22:10:08 -0500] "GET /admin/vendor/fontawesome-free/js/brands.js HTTP/1.1" 200 191866 "https://eirtechs.com/admin/vendor/fontawesome-free/js/" "Mozilla/5.0 (Linux; Android 7.0;) AppleWebKit/537.36 (KHTML, like Gecko) Mobile Safari/537.36 (compatible; PetalBot;+https://webmaster.petalsearch.com/site/petalbot)"
51.222.253.5 - - [06/Feb/2025:22:13:56 -0500] "GET /root_stripe/?NA HTTP/1.1" 200 608 "-" "Mozilla/5.0 (compatible; AhrefsBot/7.0; +http://ahrefs.com/robot/)"
114.119.136.199 - - [06/Feb/2025:22:15:05 -0500] "GET /root_stripe/stripe/tests/Stripe/Sigma/ HTTP/1.1" 200 810 "https://www.eirtechs.com/root_stripe/stripe/tests/Stripe/?MD" "Mozilla/5.0 (Linux; Android 7.0;) AppleWebKit/537.36 (KHTML, like Gecko) Mobile Safari/537.36 (compatible; PetalBot;+https://webmaster.petalsearch.com/site/petalbot)"
114.119.128.244 - - [06/Feb/2025:22:15:09 -0500] "GET /admin/vendor/fontawesome-free/js/?SA HTTP/1.1" 200 1400 "https://eirtechs.com/admin/vendor/fontawesome-free/js/" "Mozilla/5.0 (Linux; Android 7.0;) AppleWebKit/537.36 (KHTML, like Gecko) Mobile Safari/537.36 (compatible; PetalBot;+https://webmaster.petalsearch.com/site/petalbot)"
51.222.253.6 - - [06/Feb/2025:22:19:03 -0500] "GET /root_stripe/?ND HTTP/1.1" 200 609 "-" "Mozilla/5.0 (compatible; AhrefsBot/7.0; +http://ahrefs.com/robot/)"
114.119.145.225 - - [06/Feb/2025:22:20:05 -0500] "GET /admin/vendor/fontawesome-free/css/?ND HTTP/1.1" 200 1430 "https://eirtechs.com/admin/vendor/fontawesome-free/css/?NA" "Mozilla/5.0 (Linux; Android 7.0;) AppleWebKit/537.36 (KHTML, like Gecko) Mobile Safari/537.36 (compatible; PetalBot;+https://webmaster.petalsearch.com/site/petalbot)"
114.119.128.244 - - [06/Feb/2025:22:20:09 -0500] "GET /root_stripe/stripe/tests/Stripe/PlanTest.php HTTP/1.1" 200 149 "https://www.eirtechs.com/root_stripe/stripe/tests/Stripe/?MD" "Mozilla/5.0 (Linux; Android 7.0;) AppleWebKit/537.36 (KHTML, like Gecko) Mobile Safari/537.36 (compatible; PetalBot;+https://webmaster.petalsearch.com/site/petalbot)"
114.119.154.65 - - [06/Feb/2025:22:25:03 -0500] "GET /admin/vendor/fontawesome-free/?MD HTTP/1.1" 200 1338 "https://eirtechs.com/admin/vendor/fontawesome-free/?MA" "Mozilla/5.0 (Linux; Android 7.0;) AppleWebKit/537.36 (KHTML, like Gecko) Mobile Safari/537.36 (compatible; PetalBot;+https://webmaster.petalsearch.com/site/petalbot)"
114.119.145.115 - - [06/Feb/2025:22:25:03 -0500] "GET /root_stripe/stripe/tests/Stripe/Issuing/CardholderTest.php HTTP/1.1" 200 158 "https://www.eirtechs.com/root_stripe/stripe/tests/Stripe/Issuing/?MD" "Mozilla/5.0 (Linux; Android 7.0;) AppleWebKit/537.36 (KHTML, like Gecko) Mobile Safari/537.36 (compatible; PetalBot;+https://webmaster.petalsearch.com/site/petalbot)"
51.222.253.11 - - [06/Feb/2025:22:26:41 -0500] "GET /testbeta-atif/assets/fonts/flaticon/license/?SA HTTP/1.1" 200 643 "-" "Mozilla/5.0 (compatible; AhrefsBot/7.0; +http://ahrefs.com/robot/)"
114.119.166.95 - - [06/Feb/2025:22:30:03 -0500] "GET /admin/vendor/bootstrap/scss/utilities/_sizing.scss HTTP/1.1" 200 498 "https://eirtechs.com/admin/vendor/bootstrap/scss/utilities/?SA" "Mozilla/5.0 (Linux; Android 7.0;) AppleWebKit/537.36 (KHTML, like Gecko) Mobile Safari/537.36 (compatible; PetalBot;+https://webmaster.petalsearch.com/site/petalbot)"
114.119.128.203 - - [06/Feb/2025:22:30:02 -0500] "GET /root_stripe/stripe/tests/Stripe/InvoiceItemTest.php HTTP/1.1" 200 153 "https://www.eirtechs.com/root_stripe/stripe/tests/Stripe/?MD" "Mozilla/5.0 (Linux; Android 7.0;) AppleWebKit/537.36 (KHTML, like Gecko) Mobile Safari/537.36 (compatible; PetalBot;+https://webmaster.petalsearch.com/site/petalbot)"
51.222.253.7 - - [06/Feb/2025:22:33:12 -0500] "GET /testbeta/packages/?SA HTTP/1.1" 200 694 "-" "Mozilla/5.0 (compatible; AhrefsBot/7.0; +http://ahrefs.com/robot/)"
114.119.145.115 - - [06/Feb/2025:22:35:03 -0500] "GET /root_stripe/stripe/tests/Stripe/FileLinkTest.php HTTP/1.1" 200 152 "https://www.eirtechs.com/root_stripe/stripe/tests/Stripe/?MD" "Mozilla/5.0 (Linux; Android 7.0;) AppleWebKit/537.36 (KHTML, like Gecko) Mobile Safari/537.36 (compatible; PetalBot;+https://webmaster.petalsearch.com/site/petalbot)"
114.119.128.244 - - [06/Feb/2025:22:35:09 -0500] "GET /admin/vendor/bootstrap/scss/utilities/?SD HTTP/1.1" 200 1480 "https://eirtechs.com/admin/vendor/bootstrap/scss/utilities/?SA" "Mozilla/5.0 (Linux; Android 7.0;) AppleWebKit/537.36 (KHTML, like Gecko) Mobile Safari/537.36 (compatible; PetalBot;+https://webmaster.petalsearch.com/site/petalbot)"
51.222.253.9 - - [06/Feb/2025:22:39:32 -0500] "GET /robots.txt HTTP/1.1" 404 1251 "-" "Mozilla/5.0 (compatible; AhrefsBot/7.0; +http://ahrefs.com/robot/)"
51.222.253.12 - - [06/Feb/2025:22:39:33 -0500] "GET /admin/img/ HTTP/1.1" 200 631 "-" "Mozilla/5.0 (compatible; AhrefsBot/7.0; +http://ahrefs.com/robot/)"
114.119.154.65 - - [06/Feb/2025:22:40:03 -0500] "GET /root_stripe/stripe/tests/Stripe/ HTTP/1.1" 200 2597 "https://www.eirtechs.com/root_stripe/stripe/tests/Stripe/Sigma/?ND" "Mozilla/5.0 (Linux; Android 7.0;) AppleWebKit/537.36 (KHTML, like Gecko) Mobile Safari/537.36 (compatible; PetalBot;+https://webmaster.petalsearch.com/site/petalbot)"
114.119.154.65 - - [06/Feb/2025:22:40:07 -0500] "GET /admin/vendor/bootstrap/scss/utilities/?MA HTTP/1.1" 200 1490 "https://eirtechs.com/admin/vendor/bootstrap/scss/utilities/?SA" "Mozilla/5.0 (Linux; Android 7.0;) AppleWebKit/537.36 (KHTML, like Gecko) Mobile Safari/537.36 (compatible; PetalBot;+https://webmaster.petalsearch.com/site/petalbot)"
114.119.166.95 - - [06/Feb/2025:22:45:07 -0500] "GET /admin/vendor/bootstrap/scss/mixins/ HTTP/1.1" 200 1823 "https://eirtechs.com/admin/vendor/bootstrap/scss/?NA" "Mozilla/5.0 (Linux; Android 7.0;) AppleWebKit/537.36 (KHTML, like Gecko) Mobile Safari/537.36 (compatible; PetalBot;+https://webmaster.petalsearch.com/site/petalbot)"
114.119.166.95 - - [06/Feb/2025:22:45:07 -0500] "GET /root_stripe/stripe/lib/Util/?NA HTTP/1.1" 200 1341 "https://www.eirtechs.com/root_stripe/stripe/lib/Util/?SA" "Mozilla/5.0 (Linux; Android 7.0;) AppleWebKit/537.36 (KHTML, like Gecko) Mobile Safari/537.36 (compatible; PetalBot;+https://webmaster.petalsearch.com/site/petalbot)"
51.222.253.12 - - [06/Feb/2025:22:46:51 -0500] "GET /testbeta-atif/root_stripe/stripe/init.php HTTP/1.1" 200 0 "-" "Mozilla/5.0 (compatible; AhrefsBot/7.0; +http://ahrefs.com/robot/)"
139.59.77.246 - - [06/Feb/2025:22:49:11 -0500] "GET /assets/plugins/jquery.filer/php/readme.txt HTTP/1.1" 404 1251 "-" "Mozilla/5.0 (Windows NT 10.0; Win64; x64) AppleWebKit/537.36 (KHTML, like Gecko) Chrome/99.0.4859.172 Safari/537.36"
139.59.77.246 - - [06/Feb/2025:22:49:12 -0500] "GET /assets/vendor/jquery.filer/php/readme.txt HTTP/1.1" 404 1251 "-" "Mozilla/5.0 (Windows NT 10.0; Win64; x64) AppleWebKit/537.36 (KHTML, like Gecko) Chrome/99.0.4859.172 Safari/537.36"
139.59.77.246 - - [06/Feb/2025:22:49:14 -0500] "GET /plugins/jquery.filer/php/readme.txt HTTP/1.1" 404 1251 "-" "Mozilla/5.0 (Windows NT 10.0; Win64; x64) AppleWebKit/537.36 (KHTML, like Gecko) Chrome/99.0.4859.172 Safari/537.36"
139.59.77.246 - - [06/Feb/2025:22:49:15 -0500] "GET /assets/admin/bower_components/jquery.filer/php/readme.txt HTTP/1.1" 404 1251 "-" "Mozilla/5.0 (Windows NT 10.0; Win64; x64) AppleWebKit/537.36 (KHTML, like Gecko) Chrome/99.0.4859.172 Safari/537.36"
139.59.77.246 - - [06/Feb/2025:22:49:16 -0500] "GET /jquery.filer/php/readme.txt HTTP/1.1" 404 1251 "-" "Mozilla/5.0 (Windows NT 10.0; Win64; x64) AppleWebKit/537.36 (KHTML, like Gecko) Chrome/99.0.4859.172 Safari/537.36"
114.119.145.225 - - [06/Feb/2025:22:50:03 -0500] "GET /admin/vendor/bootstrap/scss/_type.scss HTTP/1.1" 200 2244 "https://eirtechs.com/admin/vendor/bootstrap/scss/?NA" "Mozilla/5.0 (Linux; Android 7.0;) AppleWebKit/537.36 (KHTML, like Gecko) Mobile Safari/537.36 (compatible; PetalBot;+https://webmaster.petalsearch.com/site/petalbot)"
114.119.136.199 - - [06/Feb/2025:22:50:07 -0500] "GET /root_stripe/stripe/lib/Stripe.php HTTP/1.1" 200 0 "https://www.eirtechs.com/root_stripe/stripe/lib/?SA" "Mozilla/5.0 (Linux; Android 7.0;) AppleWebKit/537.36 (KHTML, like Gecko) Mobile Safari/537.36 (compatible; PetalBot;+https://webmaster.petalsearch.com/site/petalbot)"
51.222.253.2 - - [06/Feb/2025:22:53:39 -0500] "GET /testbeta/assets/fonts/?MA HTTP/1.1" 200 670 "-" "Mozilla/5.0 (compatible; AhrefsBot/7.0; +http://ahrefs.com/robot/)"
114.119.154.65 - - [06/Feb/2025:22:55:07 -0500] "GET /admin/vendor/bootstrap/scss/_toasts.scss HTTP/1.1" 200 990 "https://eirtechs.com/admin/vendor/bootstrap/scss/?NA" "Mozilla/5.0 (Linux; Android 7.0;) AppleWebKit/537.36 (KHTML, like Gecko) Mobile Safari/537.36 (compatible; PetalBot;+https://webmaster.petalsearch.com/site/petalbot)"
114.119.128.203 - - [06/Feb/2025:22:55:08 -0500] "GET /root_stripe/stripe/lib/HttpClient/?ND HTTP/1.1" 200 835 "https://www.eirtechs.com/root_stripe/stripe/lib/HttpClient/" "Mozilla/5.0 (Linux; Android 7.0;) AppleWebKit/537.36 (KHTML, like Gecko) Mobile Safari/537.36 (compatible; PetalBot;+https://webmaster.petalsearch.com/site/petalbot)"
114.119.135.120 - - [06/Feb/2025:23:00:06 -0500] "GET /root_stripe/stripe/lib/FileUpload.php HTTP/1.1" 200 142 "https://www.eirtechs.com/root_stripe/stripe/lib/?SA" "Mozilla/5.0 (Linux; Android 7.0;) AppleWebKit/537.36 (KHTML, like Gecko) Mobile Safari/537.36 (compatible; PetalBot;+https://webmaster.petalsearch.com/site/petalbot)"
114.119.136.199 - - [06/Feb/2025:23:00:09 -0500] "GET /admin/vendor/bootstrap/scss/_navbar.scss HTTP/1.1" 200 6415 "https://eirtechs.com/admin/vendor/bootstrap/scss/?NA" "Mozilla/5.0 (Linux; Android 7.0;) AppleWebKit/537.36 (KHTML, like Gecko) Mobile Safari/537.36 (compatible; PetalBot;+https://webmaster.petalsearch.com/site/petalbot)"
51.222.253.4 - - [06/Feb/2025:23:02:58 -0500] "GET /root_stripe/stripe/tests/?NA HTTP/1.1" 200 734 "-" "Mozilla/5.0 (compatible; AhrefsBot/7.0; +http://ahrefs.com/robot/)"
77.75.77.109 - - [06/Feb/2025:23:03:56 -0500] "GET /robots.txt HTTP/1.1" 404 1251 "-" "Mozilla/5.0 (compatible; SeznamBot/4.0; +http://napoveda.seznam.cz/seznambot-intro/)"
77.75.77.109 - - [06/Feb/2025:23:03:56 -0500] "GET /cart.php HTTP/1.1" 200 5611 "-" "Mozilla/5.0 (compatible; SeznamBot/4.0; +http://napoveda.seznam.cz/seznambot-intro/)"
114.119.128.203 - - [06/Feb/2025:23:05:05 -0500] "GET /admin/vendor/bootstrap/scss/_nav.scss HTTP/1.1" 200 2069 "https://eirtechs.com/admin/vendor/bootstrap/scss/?NA" "Mozilla/5.0 (Linux; Android 7.0;) AppleWebKit/537.36 (KHTML, like Gecko) Mobile Safari/537.36 (compatible; PetalBot;+https://webmaster.petalsearch.com/site/petalbot)"
114.119.166.95 - - [06/Feb/2025:23:05:07 -0500] "GET /root_stripe/stripe/lib/Error/Authentication.php HTTP/1.1" 200 153 "https://www.eirtechs.com/root_stripe/stripe/lib/Error/?MD" "Mozilla/5.0 (Linux; Android 7.0;) AppleWebKit/537.36 (KHTML, like Gecko) Mobile Safari/537.36 (compatible; PetalBot;+https://webmaster.petalsearch.com/site/petalbot)"
51.222.253.12 - - [06/Feb/2025:23:06:52 -0500] "GET /assest/image/casestudy/Police-Doctor/?NA HTTP/1.1" 200 756 "-" "Mozilla/5.0 (compatible; AhrefsBot/7.0; +http://ahrefs.com/robot/)"
114.119.154.65 - - [06/Feb/2025:23:10:02 -0500] "GET /admin/vendor/bootstrap/scss/_jumbotron.scss HTTP/1.1" 200 405 "https://eirtechs.com/admin/vendor/bootstrap/scss/?NA" "Mozilla/5.0 (Linux; Android 7.0;) AppleWebKit/537.36 (KHTML, like Gecko) Mobile Safari/537.36 (compatible; PetalBot;+https://webmaster.petalsearch.com/site/petalbot)"
114.119.128.203 - - [06/Feb/2025:23:10:05 -0500] "GET /root_stripe/stripe/?ND HTTP/1.1" 200 1475 "https://www.eirtechs.com/root_stripe/stripe/?NA" "Mozilla/5.0 (Linux; Android 7.0;) AppleWebKit/537.36 (KHTML, like Gecko) Mobile Safari/537.36 (compatible; PetalBot;+https://webmaster.petalsearch.com/site/petalbot)"
51.222.253.20 - - [06/Feb/2025:23:13:59 -0500] "GET /packages/logo.php HTTP/1.1" 200 6678 "-" "Mozilla/5.0 (compatible; AhrefsBot/7.0; +http://ahrefs.com/robot/)"
156.59.198.136 - - [06/Feb/2025:23:14:07 -0500] "GET /assest/image/mobileperspective/digitalmarketing/digital/marketing1.svg HTTP/1.1" 404 1251 "-" "Mozilla/5.0 (Linux; Android 5.0) AppleWebKit/537.36 (KHTML, like Gecko) Mobile Safari/537.36 (compatible; Bytespider; spider-feedback@bytedance.com)"
114.119.135.120 - - [06/Feb/2025:23:15:02 -0500] "GET /admin/vendor/bootstrap/scss/_grid.scss HTTP/1.1" 200 1016 "https://eirtechs.com/admin/vendor/bootstrap/scss/?NA" "Mozilla/5.0 (Linux; Android 7.0;) AppleWebKit/537.36 (KHTML, like Gecko) Mobile Safari/537.36 (compatible; PetalBot;+https://webmaster.petalsearch.com/site/petalbot)"
114.119.166.95 - - [06/Feb/2025:23:15:05 -0500] "GET /root_stripe/?MD HTTP/1.1" 200 758 "https://www.eirtechs.com/root_stripe/?MA" "Mozilla/5.0 (Linux; Android 7.0;) AppleWebKit/537.36 (KHTML, like Gecko) Mobile Safari/537.36 (compatible; PetalBot;+https://webmaster.petalsearch.com/site/petalbot)"
51.222.253.20 - - [06/Feb/2025:23:17:25 -0500] "GET /packages/logo-design.php HTTP/1.1" 200 7422 "-" "Mozilla/5.0 (compatible; AhrefsBot/7.0; +http://ahrefs.com/robot/)"
114.119.145.115 - - [06/Feb/2025:23:20:07 -0500] "GET /paynow/?MD HTTP/1.1" 200 858 "https://www.eirtechs.com/paynow/?MA" "Mozilla/5.0 (Linux; Android 7.0;) AppleWebKit/537.36 (KHTML, like Gecko) Mobile Safari/537.36 (compatible; PetalBot;+https://webmaster.petalsearch.com/site/petalbot)"
114.119.135.120 - - [06/Feb/2025:23:20:09 -0500] "GET /admin/vendor/bootstrap/scss/_dropdown.scss HTTP/1.1" 200 4363 "https://eirtechs.com/admin/vendor/bootstrap/scss/?NA" "Mozilla/5.0 (Linux; Android 7.0;) AppleWebKit/537.36 (KHTML, like Gecko) Mobile Safari/537.36 (compatible; PetalBot;+https://webmaster.petalsearch.com/site/petalbot)"
114.119.145.225 - - [06/Feb/2025:23:25:08 -0500] "GET /packages/training/?NA HTTP/1.1" 200 851 "https://www.eirtechs.com/packages/training/?ND" "Mozilla/5.0 (Linux; Android 7.0;) AppleWebKit/537.36 (KHTML, like Gecko) Mobile Safari/537.36 (compatible; PetalBot;+https://webmaster.petalsearch.com/site/petalbot)"
51.222.253.19 - - [06/Feb/2025:23:25:11 -0500] "GET /testbeta/root_stripe/stripe/lib/Error/OAuth/?NA HTTP/1.1" 200 1077 "-" "Mozilla/5.0 (compatible; AhrefsBot/7.0; +http://ahrefs.com/robot/)"
51.222.253.4 - - [06/Feb/2025:23:28:50 -0500] "GET /root_stripe/stripe/examples/?MA HTTP/1.1" 200 631 "-" "Mozilla/5.0 (compatible; AhrefsBot/7.0; +http://ahrefs.com/robot/)"
114.119.145.115 - - [06/Feb/2025:23:30:06 -0500] "GET /admin/vendor/fontawesome-free/svgs/solid/icicles.svg HTTP/1.1" 200 236 "https://eirtechs.com/admin/vendor/fontawesome-free/svgs/solid/?NA" "Mozilla/5.0 (Linux; Android 7.0;) AppleWebKit/537.36 (KHTML, like Gecko) Mobile Safari/537.36 (compatible; PetalBot;+https://webmaster.petalsearch.com/site/petalbot)"
114.119.145.115 - - [06/Feb/2025:23:30:07 -0500] "GET /packages/bk_logo.php HTTP/1.1" 200 5830 "https://www.eirtechs.com/packages/?SA" "Mozilla/5.0 (Linux; Android 7.0;) AppleWebKit/537.36 (KHTML, like Gecko) Mobile Safari/537.36 (compatible; PetalBot;+https://webmaster.petalsearch.com/site/petalbot)"
124.226.222.66 - - [06/Feb/2025:23:32:29 -0500] "GET / HTTP/1.1" 200 2204 "http://www.eirtechs.com" "Mozilla/5.0 (iPhone; CPU iPhone OS 13_2_3 like Mac OS X) AppleWebKit/605.1.15 (KHTML, like Gecko) Version/13.0.3 Mobile/15E148 Safari/604.1"
51.222.253.2 - - [06/Feb/2025:23:33:02 -0500] "GET /testbeta/assets/fonts/ionicons/?SA HTTP/1.1" 200 634 "-" "Mozilla/5.0 (compatible; AhrefsBot/7.0; +http://ahrefs.com/robot/)"
114.119.154.65 - - [06/Feb/2025:23:35:04 -0500] "GET /admin/vendor/fontawesome-free/svgs/solid/house-damage.svg HTTP/1.1" 200 408 "https://eirtechs.com/admin/vendor/fontawesome-free/svgs/solid/?SD" "Mozilla/5.0 (Linux; Android 7.0;) AppleWebKit/537.36 (KHTML, like Gecko) Mobile Safari/537.36 (compatible; PetalBot;+https://webmaster.petalsearch.com/site/petalbot)"
114.119.128.203 - - [06/Feb/2025:23:35:09 -0500] "GET /inc/logo.php HTTP/1.1" 200 3547 "https://www.eirtechs.com/inc/?SD" "Mozilla/5.0 (Linux; Android 7.0;) AppleWebKit/537.36 (KHTML, like Gecko) Mobile Safari/537.36 (compatible; PetalBot;+https://webmaster.petalsearch.com/site/petalbot)"
91.142.73.116 - - [06/Feb/2025:23:36:40 -0500] "GET / HTTP/1.0" 200 10800 "https://eirtechs.com/" "Mozilla/5.0 (Windows NT 10.0; Win64; x64) AppleWebKit/537.36 (KHTML, like Gecko) Chrome/129.0.0.0 Safari/537.36"
91.142.73.116 - - [06/Feb/2025:23:36:41 -0500] "GET /contact.php HTTP/1.0" 200 43266 "https://eirtechs.com/contact.php" "Mozilla/5.0 (Windows NT 10.0; Win64; x64) AppleWebKit/537.36 (KHTML, like Gecko) Chrome/129.0.0.0 Safari/537.36"
91.142.73.116 - - [06/Feb/2025:23:36:44 -0500] "POST /contact.php HTTP/1.0" 200 43602 "https://eirtechs.com/contact.php" "Mozilla/5.0 (Windows NT 10.0; Win64; x64) AppleWebKit/537.36 (KHTML, like Gecko) Chrome/129.0.0.0 Safari/537.36"
51.222.253.7 - - [06/Feb/2025:23:36:49 -0500] "GET /testbeta/root_stripe/stripe/lib/Sigma/?MA HTTP/1.1" 200 660 "-" "Mozilla/5.0 (compatible; AhrefsBot/7.0; +http://ahrefs.com/robot/)"
114.119.135.120 - - [06/Feb/2025:23:40:07 -0500] "GET /admin/vendor/fontawesome-free/svgs/solid/frog.svg HTTP/1.1" 200 467 "https://eirtechs.com/admin/vendor/fontawesome-free/svgs/solid/?SD" "Mozilla/5.0 (Linux; Android 7.0;) AppleWebKit/537.36 (KHTML, like Gecko) Mobile Safari/537.36 (compatible; PetalBot;+https://webmaster.petalsearch.com/site/petalbot)"
114.119.145.115 - - [06/Feb/2025:23:40:09 -0500] "GET /expertise/post_launch.php HTTP/1.1" 200 7549 "https://www.eirtechs.com/expertise/strategy.php" "Mozilla/5.0 (Linux; Android 7.0;) AppleWebKit/537.36 (KHTML, like Gecko) Mobile Safari/537.36 (compatible; PetalBot;+https://webmaster.petalsearch.com/site/petalbot)"
51.222.253.14 - - [06/Feb/2025:23:40:47 -0500] "GET /testbeta-atif/services/ HTTP/1.1" 200 1031 "-" "Mozilla/5.0 (compatible; AhrefsBot/7.0; +http://ahrefs.com/robot/)"
51.222.253.17 - - [06/Feb/2025:23:44:17 -0500] "GET /testbeta-atif/services/?ND HTTP/1.1" 200 1033 "-" "Mozilla/5.0 (compatible; AhrefsBot/7.0; +http://ahrefs.com/robot/)"
114.119.145.225 - - [06/Feb/2025:23:45:05 -0500] "GET /expertise/?ND HTTP/1.1" 200 894 "https://www.eirtechs.com/expertise/?NA" "Mozilla/5.0 (Linux; Android 7.0;) AppleWebKit/537.36 (KHTML, like Gecko) Mobile Safari/537.36 (compatible; PetalBot;+https://webmaster.petalsearch.com/site/petalbot)"
114.119.135.120 - - [06/Feb/2025:23:45:06 -0500] "GET /admin/vendor/fontawesome-free/svgs/solid/file-invoice-dollar.svg HTTP/1.1" 200 576 "https://eirtechs.com/admin/vendor/fontawesome-free/svgs/solid/?SD" "Mozilla/5.0 (Linux; Android 7.0;) AppleWebKit/537.36 (KHTML, like Gecko) Mobile Safari/537.36 (compatible; PetalBot;+https://webmaster.petalsearch.com/site/petalbot)"
185.231.154.128 - - [06/Feb/2025:23:45:26 -0500] "GET / HTTP/1.0" 200 10800 "https://eirtechs.com/" "Mozilla/5.0 (Windows NT 10.0; Win64; x64) AppleWebKit/537.36 (KHTML, like Gecko) Chrome/129.0.0.0 Safari/537.36"
185.231.154.128 - - [06/Feb/2025:23:45:27 -0500] "GET /contact.php HTTP/1.0" 200 43266 "https://eirtechs.com/contact.php" "Mozilla/5.0 (Windows NT 10.0; Win64; x64) AppleWebKit/537.36 (KHTML, like Gecko) Chrome/129.0.0.0 Safari/537.36"
185.231.154.128 - - [06/Feb/2025:23:45:29 -0500] "POST /contact.php HTTP/1.0" 200 43602 "https://eirtechs.com/contact.php" "Mozilla/5.0 (Windows NT 10.0; Win64; x64) AppleWebKit/537.36 (KHTML, like Gecko) Chrome/129.0.0.0 Safari/537.36"
198.23.136.133 - - [06/Feb/2025:23:47:20 -0500] "GET /Public/Plugins/webuploader/server/preview.php HTTP/1.1" 404 1251 "-" "Mozilla/5.0 (Windows NT 10.0; Win64; x64) AppleWebKit/537.36 (KHTML, like Gecko) Chrome/90.0.4430.85 Safari/537.36"
198.23.136.133 - - [06/Feb/2025:23:47:20 -0500] "GET /keyuan/lib/webuploader/0.1.5/server/preview.php HTTP/1.1" 404 1251 "-" "Mozilla/5.0 (Windows NT 10.0; Win64; x64) AppleWebKit/537.36 (KHTML, like Gecko) Chrome/90.0.4430.85 Safari/537.36"
198.23.136.133 - - [06/Feb/2025:23:47:21 -0500] "GET /adm/preview.php HTTP/1.1" 404 1251 "-" "Mozilla/5.0 (Windows NT 10.0; Win64; x64) AppleWebKit/537.36 (KHTML, like Gecko) Chrome/90.0.4430.85 Safari/537.36"
51.222.253.11 - - [06/Feb/2025:23:48:25 -0500] "GET /assest/image/casestudy/Medusa/?MA HTTP/1.1" 200 754 "-" "Mozilla/5.0 (compatible; AhrefsBot/7.0; +http://ahrefs.com/robot/)"
114.119.145.115 - - [06/Feb/2025:23:50:06 -0500] "GET /build/js/?ND HTTP/1.1" 200 1288 "https://www.eirtechs.com/build/js/" "Mozilla/5.0 (Linux; Android 7.0;) AppleWebKit/537.36 (KHTML, like Gecko) Mobile Safari/537.36 (compatible; PetalBot;+https://webmaster.petalsearch.com/site/petalbot)"
114.119.128.244 - - [06/Feb/2025:23:50:08 -0500] "GET /admin/vendor/fontawesome-free/svgs/solid/chalkboard-teacher.svg HTTP/1.1" 200 377 "https://eirtechs.com/admin/vendor/fontawesome-free/svgs/solid/?SD" "Mozilla/5.0 (Linux; Android 7.0;) AppleWebKit/537.36 (KHTML, like Gecko) Mobile Safari/537.36 (compatible; PetalBot;+https://webmaster.petalsearch.com/site/petalbot)"
51.222.253.19 - - [06/Feb/2025:23:53:10 -0500] "GET /testbeta-atif/assets/images/?ND HTTP/1.1" 200 2095 "-" "Mozilla/5.0 (compatible; AhrefsBot/7.0; +http://ahrefs.com/robot/)"
114.119.136.199 - - [06/Feb/2025:23:55:06 -0500] "GET /admin/vendor/fontawesome-free/svgs/regular/font-awesome-logo-full.svg HTTP/1.1" 200 1425 "https://eirtechs.com/admin/vendor/fontawesome-free/svgs/regular/?MD" "Mozilla/5.0 (Linux; Android 7.0;) AppleWebKit/537.36 (KHTML, like Gecko) Mobile Safari/537.36 (compatible; PetalBot;+https://webmaster.petalsearch.com/site/petalbot)"
114.119.128.244 - - [06/Feb/2025:23:55:14 -0500] "GET /build/js/?MD HTTP/1.1" 200 1291 "https://www.eirtechs.com/build/js/?MA" "Mozilla/5.0 (Linux; Android 7.0;) AppleWebKit/537.36 (KHTML, like Gecko) Mobile Safari/537.36 (compatible; PetalBot;+https://webmaster.petalsearch.com/site/petalbot)"
51.222.253.15 - - [06/Feb/2025:23:57:34 -0500] "GET /testbeta-atif/assets/fonts/flaticon/license/?NA HTTP/1.1" 200 637 "-" "Mozilla/5.0 (compatible; AhrefsBot/7.0; +http://ahrefs.com/robot/)"
114.119.154.65 - - [07/Feb/2025:00:00:07 -0500] "GET /admin/vendor/fontawesome-free/svgs/solid/first-aid.svg HTTP/1.1" 200 249 "https://eirtechs.com/admin/vendor/fontawesome-free/svgs/solid/?NA" "Mozilla/5.0 (Linux; Android 7.0;) AppleWebKit/537.36 (KHTML, like Gecko) Mobile Safari/537.36 (compatible; PetalBot;+https://webmaster.petalsearch.com/site/petalbot)"
