%PDF- %PDF-
Direktori : /proc/self/root/proc/self/root/home/eirtvhdf/access-logs/ |
Current File : //proc/self/root/proc/self/root/home/eirtvhdf/access-logs/eirtechs.com-ssl_log |
51.222.253.17 - - [17/Jan/2025:07:03:22 -0500] "GET /admin/vendor/bootstrap/scss/utilities/?SD HTTP/1.1" 200 1265 "-" "Mozilla/5.0 (compatible; AhrefsBot/7.0; +http://ahrefs.com/robot/)"
114.119.128.203 - - [17/Jan/2025:07:03:25 -0500] "GET /testbeta/assets/images/portfolio/branding/?SD HTTP/1.1" 200 1720 "https://eirtechs.com/testbeta/assets/images/portfolio/branding/?SA" "Mozilla/5.0 (Linux; Android 7.0;) AppleWebKit/537.36 (KHTML, like Gecko) Mobile Safari/537.36 (compatible; PetalBot;+https://webmaster.petalsearch.com/site/petalbot)"
114.119.135.120 - - [17/Jan/2025:07:05:02 -0500] "GET /testbeta/assets/images/portfolio/?NA HTTP/1.1" 200 1546 "https://www.eirtechs.com/testbeta/assets/images/portfolio/?MD" "Mozilla/5.0 (Linux; Android 7.0;) AppleWebKit/537.36 (KHTML, like Gecko) Mobile Safari/537.36 (compatible; PetalBot;+https://webmaster.petalsearch.com/site/petalbot)"
51.222.253.6 - - [17/Jan/2025:07:06:14 -0500] "GET /testbeta-atif/root_stripe/stripe/tests/Stripe/Reporting/?SD HTTP/1.1" 200 695 "-" "Mozilla/5.0 (compatible; AhrefsBot/7.0; +http://ahrefs.com/robot/)"
34.148.223.186 - - [17/Jan/2025:07:06:15 -0500] "GET /cgi-bin/ HTTP/1.0" 403 1242 "-" "ZoominfoBot (zoominfobot at zoominfo dot com)"
114.119.154.65 - - [17/Jan/2025:07:08:25 -0500] "GET /testbeta/assets/fonts/open-iconic/?NA HTTP/1.1" 200 899 "https://eirtechs.com/testbeta/assets/fonts/open-iconic/?SA" "Mozilla/5.0 (Linux; Android 7.0;) AppleWebKit/537.36 (KHTML, like Gecko) Mobile Safari/537.36 (compatible; PetalBot;+https://webmaster.petalsearch.com/site/petalbot)"
114.119.135.120 - - [17/Jan/2025:07:10:07 -0500] "GET /testbeta/assets/css/bootstrap-datepicker.css HTTP/1.1" 200 2823 "https://www.eirtechs.com/testbeta/assets/css/?NA" "Mozilla/5.0 (Linux; Android 7.0;) AppleWebKit/537.36 (KHTML, like Gecko) Mobile Safari/537.36 (compatible; PetalBot;+https://webmaster.petalsearch.com/site/petalbot)"
51.222.253.11 - - [17/Jan/2025:07:11:58 -0500] "GET /testbeta/assets/css/css/?MD HTTP/1.1" 200 677 "-" "Mozilla/5.0 (compatible; AhrefsBot/7.0; +http://ahrefs.com/robot/)"
124.226.222.66 - - [17/Jan/2025:07:12:07 -0500] "GET / HTTP/1.1" 200 2204 "http://www.eirtechs.com" "Mozilla/5.0 (iPhone; CPU iPhone OS 13_2_3 like Mac OS X) AppleWebKit/605.1.15 (KHTML, like Gecko) Version/13.0.3 Mobile/15E148 Safari/604.1"
114.119.128.244 - - [17/Jan/2025:07:13:26 -0500] "GET /testbeta-atif/services/seo%20-%20Copy.php HTTP/1.1" 200 5018 "https://eirtechs.com/testbeta-atif/services/?NA" "Mozilla/5.0 (Linux; Android 7.0;) AppleWebKit/537.36 (KHTML, like Gecko) Mobile Safari/537.36 (compatible; PetalBot;+https://webmaster.petalsearch.com/site/petalbot)"
114.119.128.244 - - [17/Jan/2025:07:15:03 -0500] "GET /testbeta-atif/root_stripe/stripe/tests/Stripe/Issuing/?ND HTTP/1.1" 200 917 "https://www.eirtechs.com/testbeta-atif/root_stripe/stripe/tests/Stripe/Issuing/?NA" "Mozilla/5.0 (Linux; Android 7.0;) AppleWebKit/537.36 (KHTML, like Gecko) Mobile Safari/537.36 (compatible; PetalBot;+https://webmaster.petalsearch.com/site/petalbot)"
51.222.253.18 - - [17/Jan/2025:07:15:21 -0500] "GET /assets/scss/bootstrap/mixins/?SD HTTP/1.1" 200 1535 "-" "Mozilla/5.0 (compatible; AhrefsBot/7.0; +http://ahrefs.com/robot/)"
34.148.223.186 - - [17/Jan/2025:07:17:16 -0500] "GET /build/ HTTP/1.0" 200 782 "-" "ZoominfoBot (zoominfobot at zoominfo dot com)"
51.222.253.14 - - [17/Jan/2025:07:17:44 -0500] "GET /testbeta-atif/assets/js/?MD HTTP/1.1" 200 1365 "-" "Mozilla/5.0 (compatible; AhrefsBot/7.0; +http://ahrefs.com/robot/)"
114.119.166.95 - - [17/Jan/2025:07:18:25 -0500] "GET /testbeta-atif/root_stripe/stripe/tests/bootstrap.no_autoload.php HTTP/1.1" 200 120 "https://eirtechs.com/testbeta-atif/root_stripe/stripe/tests/" "Mozilla/5.0 (Linux; Android 7.0;) AppleWebKit/537.36 (KHTML, like Gecko) Mobile Safari/537.36 (compatible; PetalBot;+https://webmaster.petalsearch.com/site/petalbot)"
114.119.136.199 - - [17/Jan/2025:07:20:06 -0500] "GET /testbeta-atif/root_stripe/stripe/lib/Util/RandomGenerator.php HTTP/1.1" 200 0 "https://www.eirtechs.com/testbeta-atif/root_stripe/stripe/lib/Util/?MA" "Mozilla/5.0 (Linux; Android 7.0;) AppleWebKit/537.36 (KHTML, like Gecko) Mobile Safari/537.36 (compatible; PetalBot;+https://webmaster.petalsearch.com/site/petalbot)"
89.58.57.128 - - [17/Jan/2025:07:22:26 -0500] "GET /custom_link.php HTTP/1.1" 200 282 "-" "Mozilla/5.0 (Windows NT 10.0; Win64; x64) AppleWebKit/537.36 (KHTML, like Gecko) Chrome/100.0.2042.974 Safari/537.36"
114.119.135.120 - - [17/Jan/2025:07:23:26 -0500] "GET /testbeta-atif/root_stripe/stripe/tests/Stripe/?SA HTTP/1.1" 200 2587 "https://eirtechs.com/testbeta-atif/root_stripe/stripe/tests/Stripe/" "Mozilla/5.0 (Linux; Android 7.0;) AppleWebKit/537.36 (KHTML, like Gecko) Mobile Safari/537.36 (compatible; PetalBot;+https://webmaster.petalsearch.com/site/petalbot)"
51.222.253.13 - - [17/Jan/2025:07:23:54 -0500] "GET /testbeta/root_stripe/stripe/tests/?MD HTTP/1.1" 200 754 "-" "Mozilla/5.0 (compatible; AhrefsBot/7.0; +http://ahrefs.com/robot/)"
114.119.154.65 - - [17/Jan/2025:07:25:03 -0500] "GET /testbeta-atif/root_stripe/stripe/lib/Issuing/?MD HTTP/1.1" 200 1250 "https://www.eirtechs.com/testbeta-atif/root_stripe/stripe/lib/Issuing/?MA" "Mozilla/5.0 (Linux; Android 7.0;) AppleWebKit/537.36 (KHTML, like Gecko) Mobile Safari/537.36 (compatible; PetalBot;+https://webmaster.petalsearch.com/site/petalbot)"
51.222.253.15 - - [17/Jan/2025:07:26:54 -0500] "GET /testbeta-atif/?MA HTTP/1.1" 200 1131 "-" "Mozilla/5.0 (compatible; AhrefsBot/7.0; +http://ahrefs.com/robot/)"
114.119.135.120 - - [17/Jan/2025:07:28:25 -0500] "GET /testbeta-atif/root_stripe/stripe/lib/UsageRecord.php HTTP/1.1" 200 161 "https://eirtechs.com/testbeta-atif/root_stripe/stripe/lib/" "Mozilla/5.0 (Linux; Android 7.0;) AppleWebKit/537.36 (KHTML, like Gecko) Mobile Safari/537.36 (compatible; PetalBot;+https://webmaster.petalsearch.com/site/petalbot)"
51.222.253.19 - - [17/Jan/2025:07:29:48 -0500] "GET /assest/image/casestudy/?SD HTTP/1.1" 200 676 "-" "Mozilla/5.0 (compatible; AhrefsBot/7.0; +http://ahrefs.com/robot/)"
114.119.135.120 - - [17/Jan/2025:07:30:09 -0500] "GET /testbeta-atif/packages/?NA HTTP/1.1" 200 888 "https://www.eirtechs.com/testbeta-atif/packages/?SA" "Mozilla/5.0 (Linux; Android 7.0;) AppleWebKit/537.36 (KHTML, like Gecko) Mobile Safari/537.36 (compatible; PetalBot;+https://webmaster.petalsearch.com/site/petalbot)"
51.222.253.15 - - [17/Jan/2025:07:32:45 -0500] "GET /assest/image/mobile%20perspective/corporate%20branding/?SD HTTP/1.1" 200 1042 "-" "Mozilla/5.0 (compatible; AhrefsBot/7.0; +http://ahrefs.com/robot/)"
114.119.128.203 - - [17/Jan/2025:07:33:25 -0500] "GET /testbeta-atif/root_stripe/stripe/lib/Token.php HTTP/1.1" 200 157 "https://eirtechs.com/testbeta-atif/root_stripe/stripe/lib/" "Mozilla/5.0 (Linux; Android 7.0;) AppleWebKit/537.36 (KHTML, like Gecko) Mobile Safari/537.36 (compatible; PetalBot;+https://webmaster.petalsearch.com/site/petalbot)"
114.119.154.65 - - [17/Jan/2025:07:35:02 -0500] "GET /testbeta-atif/assets/images/portfolio/topbrands/?ND HTTP/1.1" 200 1294 "https://www.eirtechs.com/testbeta-atif/assets/images/portfolio/topbrands/" "Mozilla/5.0 (Linux; Android 7.0;) AppleWebKit/537.36 (KHTML, like Gecko) Mobile Safari/537.36 (compatible; PetalBot;+https://webmaster.petalsearch.com/site/petalbot)"
114.119.166.95 - - [17/Jan/2025:07:38:25 -0500] "GET /testbeta-atif/root_stripe/stripe/lib/ThreeDSecure.php HTTP/1.1" 200 160 "https://eirtechs.com/testbeta-atif/root_stripe/stripe/lib/" "Mozilla/5.0 (Linux; Android 7.0;) AppleWebKit/537.36 (KHTML, like Gecko) Mobile Safari/537.36 (compatible; PetalBot;+https://webmaster.petalsearch.com/site/petalbot)"
114.119.145.225 - - [17/Jan/2025:07:40:02 -0500] "GET /testbeta-atif/assets/images/?NA HTTP/1.1" 200 2489 "https://www.eirtechs.com/testbeta-atif/assets/images/?SD" "Mozilla/5.0 (Linux; Android 7.0;) AppleWebKit/537.36 (KHTML, like Gecko) Mobile Safari/537.36 (compatible; PetalBot;+https://webmaster.petalsearch.com/site/petalbot)"
51.222.253.9 - - [17/Jan/2025:07:42:34 -0500] "GET /root_stripe/stripe/tests/Stripe/?MD HTTP/1.1" 200 2307 "-" "Mozilla/5.0 (compatible; AhrefsBot/7.0; +http://ahrefs.com/robot/)"
114.119.128.244 - - [17/Jan/2025:07:43:30 -0500] "GET /testbeta-atif/root_stripe/stripe/lib/Product.php HTTP/1.1" 200 158 "https://eirtechs.com/testbeta-atif/root_stripe/stripe/lib/" "Mozilla/5.0 (Linux; Android 7.0;) AppleWebKit/537.36 (KHTML, like Gecko) Mobile Safari/537.36 (compatible; PetalBot;+https://webmaster.petalsearch.com/site/petalbot)"
114.119.128.244 - - [17/Jan/2025:07:45:03 -0500] "GET /testbeta-atif/assets/fonts/flaticon/font/?SA HTTP/1.1" 200 1302 "https://www.eirtechs.com/testbeta-atif/assets/fonts/flaticon/font/" "Mozilla/5.0 (Linux; Android 7.0;) AppleWebKit/537.36 (KHTML, like Gecko) Mobile Safari/537.36 (compatible; PetalBot;+https://webmaster.petalsearch.com/site/petalbot)"
51.222.253.16 - - [17/Jan/2025:07:46:13 -0500] "GET /assest/image/mobile%20perspective/digital%20marketing/?SD HTTP/1.1" 200 1039 "-" "Mozilla/5.0 (compatible; AhrefsBot/7.0; +http://ahrefs.com/robot/)"
114.119.128.244 - - [17/Jan/2025:07:48:25 -0500] "GET /testbeta-atif/root_stripe/stripe/lib/OrderReturn.php HTTP/1.1" 200 159 "https://eirtechs.com/testbeta-atif/root_stripe/stripe/lib/" "Mozilla/5.0 (Linux; Android 7.0;) AppleWebKit/537.36 (KHTML, like Gecko) Mobile Safari/537.36 (compatible; PetalBot;+https://webmaster.petalsearch.com/site/petalbot)"
114.119.128.244 - - [17/Jan/2025:07:50:03 -0500] "GET /testbeta/stripe/?MA HTTP/1.1" 200 810 "https://www.eirtechs.com/testbeta/stripe/?SA" "Mozilla/5.0 (Linux; Android 7.0;) AppleWebKit/537.36 (KHTML, like Gecko) Mobile Safari/537.36 (compatible; PetalBot;+https://webmaster.petalsearch.com/site/petalbot)"
51.222.253.11 - - [17/Jan/2025:07:50:41 -0500] "GET /assets/scss/bootstrap/utilities/?ND HTTP/1.1" 200 1188 "-" "Mozilla/5.0 (compatible; AhrefsBot/7.0; +http://ahrefs.com/robot/)"
114.119.145.115 - - [17/Jan/2025:07:53:26 -0500] "GET /admin/vendor/fontawesome-free/svgs/solid/vote-yea.svg HTTP/1.1" 200 337 "https://www.eirtechs.com/admin/vendor/fontawesome-free/svgs/solid/?SD" "Mozilla/5.0 (Linux; Android 7.0;) AppleWebKit/537.36 (KHTML, like Gecko) Mobile Safari/537.36 (compatible; PetalBot;+https://webmaster.petalsearch.com/site/petalbot)"
51.222.253.3 - - [17/Jan/2025:07:54:23 -0500] "GET /testbeta-atif/root_stripe/stripe/lib/Issuing/ HTTP/1.1" 200 1044 "-" "Mozilla/5.0 (compatible; AhrefsBot/7.0; +http://ahrefs.com/robot/)"
114.119.135.120 - - [17/Jan/2025:07:55:03 -0500] "GET /testbeta/root_stripe/stripe/tests/Stripe/BankAccountTest.php HTTP/1.1" 200 159 "https://www.eirtechs.com/testbeta/root_stripe/stripe/tests/Stripe/?MA" "Mozilla/5.0 (Linux; Android 7.0;) AppleWebKit/537.36 (KHTML, like Gecko) Mobile Safari/537.36 (compatible; PetalBot;+https://webmaster.petalsearch.com/site/petalbot)"
51.222.253.6 - - [17/Jan/2025:07:57:02 -0500] "GET /testbeta-atif/root_stripe/stripe/lib/Refund.php HTTP/1.1" 200 143 "-" "Mozilla/5.0 (compatible; AhrefsBot/7.0; +http://ahrefs.com/robot/)"
114.119.128.203 - - [17/Jan/2025:07:58:26 -0500] "GET /admin/vendor/fontawesome-free/svgs/solid/thermometer.svg HTTP/1.1" 200 271 "https://www.eirtechs.com/admin/vendor/fontawesome-free/svgs/solid/?SA" "Mozilla/5.0 (Linux; Android 7.0;) AppleWebKit/537.36 (KHTML, like Gecko) Mobile Safari/537.36 (compatible; PetalBot;+https://webmaster.petalsearch.com/site/petalbot)"
156.59.198.136 - - [17/Jan/2025:07:59:07 -0500] "GET /assets/images/portfolio/new/example.jpg HTTP/1.1" 404 1251 "-" "Mozilla/5.0 (Linux; Android 5.0) AppleWebKit/537.36 (KHTML, like Gecko) Mobile Safari/537.36 (compatible; Bytespider; spider-feedback@bytedance.com)"
51.222.253.2 - - [17/Jan/2025:07:59:14 -0500] "GET /testbeta-atif/root_stripe/stripe/lib/WebhookSignature.php HTTP/1.1" 200 0 "-" "Mozilla/5.0 (compatible; AhrefsBot/7.0; +http://ahrefs.com/robot/)"
114.119.166.95 - - [17/Jan/2025:08:00:04 -0500] "GET /testbeta/root_stripe/stripe/lib/Reporting/?MD HTTP/1.1" 200 824 "https://www.eirtechs.com/testbeta/root_stripe/stripe/lib/Reporting/?MA" "Mozilla/5.0 (Linux; Android 7.0;) AppleWebKit/537.36 (KHTML, like Gecko) Mobile Safari/537.36 (compatible; PetalBot;+https://webmaster.petalsearch.com/site/petalbot)"
51.222.253.3 - - [17/Jan/2025:08:02:08 -0500] "GET /testbeta-atif/root_stripe/stripe/lib/ExchangeRate.php HTTP/1.1" 200 147 "-" "Mozilla/5.0 (compatible; AhrefsBot/7.0; +http://ahrefs.com/robot/)"
156.59.198.135 - - [17/Jan/2025:08:03:08 -0500] "GET /_autoindex/assets/icons/image.svg HTTP/1.1" 200 454 "-" "Mozilla/5.0 (Linux; Android 5.0) AppleWebKit/537.36 (KHTML, like Gecko) Mobile Safari/537.36 (compatible; Bytespider; spider-feedback@bytedance.com)"
114.119.128.244 - - [17/Jan/2025:08:03:26 -0500] "GET /admin/vendor/fontawesome-free/svgs/solid/receipt.svg HTTP/1.1" 200 286 "https://www.eirtechs.com/admin/vendor/fontawesome-free/svgs/solid/?SD" "Mozilla/5.0 (Linux; Android 7.0;) AppleWebKit/537.36 (KHTML, like Gecko) Mobile Safari/537.36 (compatible; PetalBot;+https://webmaster.petalsearch.com/site/petalbot)"
114.119.154.65 - - [17/Jan/2025:08:05:08 -0500] "GET /testbeta/assets/scss/bootstrap/mixins/?SA HTTP/1.1" 200 1781 "https://www.eirtechs.com/testbeta/assets/scss/bootstrap/mixins/?ND" "Mozilla/5.0 (Linux; Android 7.0;) AppleWebKit/537.36 (KHTML, like Gecko) Mobile Safari/537.36 (compatible; PetalBot;+https://webmaster.petalsearch.com/site/petalbot)"
156.59.198.136 - - [17/Jan/2025:08:07:09 -0500] "GET /assets/images/add-awardwin.jpg HTTP/1.1" 404 1251 "-" "Mozilla/5.0 (Linux; Android 5.0) AppleWebKit/537.36 (KHTML, like Gecko) Mobile Safari/537.36 (compatible; Bytespider; spider-feedback@bytedance.com)"
51.222.253.10 - - [17/Jan/2025:08:08:23 -0500] "GET /testbeta-atif/root_stripe/stripe/lib/Stripe.php HTTP/1.1" 200 0 "-" "Mozilla/5.0 (compatible; AhrefsBot/7.0; +http://ahrefs.com/robot/)"
114.119.154.65 - - [17/Jan/2025:08:08:26 -0500] "GET /admin/vendor/fontawesome-free/svgs/regular/grin-squint-tears.svg HTTP/1.1" 200 746 "https://www.eirtechs.com/admin/vendor/fontawesome-free/svgs/regular/?MD" "Mozilla/5.0 (Linux; Android 7.0;) AppleWebKit/537.36 (KHTML, like Gecko) Mobile Safari/537.36 (compatible; PetalBot;+https://webmaster.petalsearch.com/site/petalbot)"
114.119.128.244 - - [17/Jan/2025:08:10:02 -0500] "GET /testbeta/assets/scss/bootstrap/mixins/?MD HTTP/1.1" 200 1814 "https://www.eirtechs.com/testbeta/assets/scss/bootstrap/mixins/?MA" "Mozilla/5.0 (Linux; Android 7.0;) AppleWebKit/537.36 (KHTML, like Gecko) Mobile Safari/537.36 (compatible; PetalBot;+https://webmaster.petalsearch.com/site/petalbot)"
51.222.253.11 - - [17/Jan/2025:08:11:16 -0500] "GET /testbeta-atif/root_stripe/stripe/lib/StripeObject.php HTTP/1.1" 200 0 "-" "Mozilla/5.0 (compatible; AhrefsBot/7.0; +http://ahrefs.com/robot/)"
47.128.16.86 - - [17/Jan/2025:08:12:29 -0500] "GET /root_stripe/stripe/tests/Stripe/Error/SignatureVerificationTest.php HTTP/1.1" 200 155 "-" "Mozilla/5.0 (Linux; Android 5.0) AppleWebKit/537.36 (KHTML, like Gecko) Mobile Safari/537.36 (compatible; Bytespider; spider-feedback@bytedance.com)"
114.119.154.65 - - [17/Jan/2025:08:13:26 -0500] "GET /testbeta/root_stripe/stripe/tests/Stripe/Util/?MA HTTP/1.1" 200 873 "https://eirtechs.com/testbeta/root_stripe/stripe/tests/Stripe/Util/?SA" "Mozilla/5.0 (Linux; Android 7.0;) AppleWebKit/537.36 (KHTML, like Gecko) Mobile Safari/537.36 (compatible; PetalBot;+https://webmaster.petalsearch.com/site/petalbot)"
114.119.166.95 - - [17/Jan/2025:08:15:06 -0500] "GET /testbeta/assets/js/popper.min.js HTTP/1.1" 200 7640 "https://www.eirtechs.com/testbeta/assets/js/?MD" "Mozilla/5.0 (Linux; Android 7.0;) AppleWebKit/537.36 (KHTML, like Gecko) Mobile Safari/537.36 (compatible; PetalBot;+https://webmaster.petalsearch.com/site/petalbot)"
51.222.253.20 - - [17/Jan/2025:08:17:30 -0500] "GET /testbeta-atif/root_stripe/stripe/lib/ApiRequestor.php HTTP/1.1" 200 0 "-" "Mozilla/5.0 (compatible; AhrefsBot/7.0; +http://ahrefs.com/robot/)"
114.119.128.203 - - [17/Jan/2025:08:18:27 -0500] "GET /testbeta/root_stripe/stripe/tests/Stripe/Terminal/LocationTest.php HTTP/1.1" 200 161 "https://eirtechs.com/testbeta/root_stripe/stripe/tests/Stripe/Terminal/" "Mozilla/5.0 (Linux; Android 7.0;) AppleWebKit/537.36 (KHTML, like Gecko) Mobile Safari/537.36 (compatible; PetalBot;+https://webmaster.petalsearch.com/site/petalbot)"
114.119.154.65 - - [17/Jan/2025:08:20:04 -0500] "GET /testbeta/assets/fonts/flaticon/font/Flaticon.ttf HTTP/1.1" 200 3700 "https://www.eirtechs.com/testbeta/assets/fonts/flaticon/font/?SD" "Mozilla/5.0 (Linux; Android 7.0;) AppleWebKit/537.36 (KHTML, like Gecko) Mobile Safari/537.36 (compatible; PetalBot;+https://webmaster.petalsearch.com/site/petalbot)"
51.222.253.15 - - [17/Jan/2025:08:20:44 -0500] "GET /testbeta-atif/root_stripe/stripe/lib/Dispute.php HTTP/1.1" 200 144 "-" "Mozilla/5.0 (compatible; AhrefsBot/7.0; +http://ahrefs.com/robot/)"
114.119.128.244 - - [17/Jan/2025:08:23:26 -0500] "GET /testbeta/root_stripe/stripe/tests/Stripe/Issuing/CardholderTest.php HTTP/1.1" 200 162 "https://eirtechs.com/testbeta/root_stripe/stripe/tests/Stripe/Issuing/" "Mozilla/5.0 (Linux; Android 7.0;) AppleWebKit/537.36 (KHTML, like Gecko) Mobile Safari/537.36 (compatible; PetalBot;+https://webmaster.petalsearch.com/site/petalbot)"
51.222.253.15 - - [17/Jan/2025:08:24:03 -0500] "GET /testbeta-atif/?SA HTTP/1.1" 200 1126 "-" "Mozilla/5.0 (compatible; AhrefsBot/7.0; +http://ahrefs.com/robot/)"
114.119.136.199 - - [17/Jan/2025:08:25:05 -0500] "GET /testbeta/assets/css/css/?MA HTTP/1.1" 200 831 "https://www.eirtechs.com/testbeta/assets/css/css/?ND" "Mozilla/5.0 (Linux; Android 7.0;) AppleWebKit/537.36 (KHTML, like Gecko) Mobile Safari/537.36 (compatible; PetalBot;+https://webmaster.petalsearch.com/site/petalbot)"
51.222.253.19 - - [17/Jan/2025:08:27:32 -0500] "GET /testbeta-atif/root_stripe/stripe/lib/BalanceTransaction.php HTTP/1.1" 200 150 "-" "Mozilla/5.0 (compatible; AhrefsBot/7.0; +http://ahrefs.com/robot/)"
114.119.145.225 - - [17/Jan/2025:08:28:26 -0500] "GET /testbeta/root_stripe/stripe/tests/Stripe/Issuing/CardTest.php HTTP/1.1" 200 159 "https://eirtechs.com/testbeta/root_stripe/stripe/tests/Stripe/Issuing/" "Mozilla/5.0 (Linux; Android 7.0;) AppleWebKit/537.36 (KHTML, like Gecko) Mobile Safari/537.36 (compatible; PetalBot;+https://webmaster.petalsearch.com/site/petalbot)"
114.119.145.225 - - [17/Jan/2025:08:30:04 -0500] "GET /testbeta-atif/root_stripe/stripe/lib/FileUpload.php HTTP/1.1" 200 151 "https://www.eirtechs.com/testbeta-atif/root_stripe/stripe/lib/" "Mozilla/5.0 (Linux; Android 7.0;) AppleWebKit/537.36 (KHTML, like Gecko) Mobile Safari/537.36 (compatible; PetalBot;+https://webmaster.petalsearch.com/site/petalbot)"
114.119.145.225 - - [17/Jan/2025:08:33:28 -0500] "GET /testbeta/root_stripe/stripe/tests/Stripe/HttpClient/?MA HTTP/1.1" 200 811 "https://eirtechs.com/testbeta/root_stripe/stripe/tests/Stripe/HttpClient/?ND" "Mozilla/5.0 (Linux; Android 7.0;) AppleWebKit/537.36 (KHTML, like Gecko) Mobile Safari/537.36 (compatible; PetalBot;+https://webmaster.petalsearch.com/site/petalbot)"
51.222.253.17 - - [17/Jan/2025:08:34:51 -0500] "GET /testbeta-atif/root_stripe/stripe/lib/EphemeralKey.php HTTP/1.1" 200 149 "-" "Mozilla/5.0 (compatible; AhrefsBot/7.0; +http://ahrefs.com/robot/)"
5.139.233.152 - - [17/Jan/2025:08:34:58 -0500] "GET / HTTP/1.0" 200 10800 "https://eirtechs.com/" "Mozilla/5.0 (Windows NT 10.0; Win64; x64) AppleWebKit/537.36 (KHTML, like Gecko) Chrome/129.0.0.0 Safari/537.36"
5.139.233.152 - - [17/Jan/2025:08:34:59 -0500] "GET /contact.php HTTP/1.0" 200 43266 "https://eirtechs.com/contact.php" "Mozilla/5.0 (Windows NT 10.0; Win64; x64) AppleWebKit/537.36 (KHTML, like Gecko) Chrome/129.0.0.0 Safari/537.36"
5.139.233.152 - - [17/Jan/2025:08:35:01 -0500] "POST /contact.php HTTP/1.0" 200 43602 "https://eirtechs.com/contact.php" "Mozilla/5.0 (Windows NT 10.0; Win64; x64) AppleWebKit/537.36 (KHTML, like Gecko) Chrome/129.0.0.0 Safari/537.36"
114.119.128.244 - - [17/Jan/2025:08:35:05 -0500] "GET /testbeta-atif/root_stripe/stripe/lib/Dispute.php HTTP/1.1" 200 158 "https://www.eirtechs.com/testbeta-atif/root_stripe/stripe/lib/" "Mozilla/5.0 (Linux; Android 7.0;) AppleWebKit/537.36 (KHTML, like Gecko) Mobile Safari/537.36 (compatible; PetalBot;+https://webmaster.petalsearch.com/site/petalbot)"
114.119.135.120 - - [17/Jan/2025:08:38:28 -0500] "GET /testbeta/assets/images/portfolio/topbrands/?SA HTTP/1.1" 200 1282 "https://eirtechs.com/testbeta/assets/images/portfolio/topbrands/" "Mozilla/5.0 (Linux; Android 7.0;) AppleWebKit/537.36 (KHTML, like Gecko) Mobile Safari/537.36 (compatible; PetalBot;+https://webmaster.petalsearch.com/site/petalbot)"
114.119.166.95 - - [17/Jan/2025:08:40:04 -0500] "GET /testbeta-atif/root_stripe/stripe/lib/ApiOperations/All.php HTTP/1.1" 200 0 "https://www.eirtechs.com/testbeta-atif/root_stripe/stripe/lib/ApiOperations/?SA" "Mozilla/5.0 (Linux; Android 7.0;) AppleWebKit/537.36 (KHTML, like Gecko) Mobile Safari/537.36 (compatible; PetalBot;+https://webmaster.petalsearch.com/site/petalbot)"
51.222.253.19 - - [17/Jan/2025:08:41:41 -0500] "GET /testbeta-atif/root_stripe/stripe/lib/Discount.php HTTP/1.1" 200 144 "-" "Mozilla/5.0 (compatible; AhrefsBot/7.0; +http://ahrefs.com/robot/)"
114.119.145.225 - - [17/Jan/2025:08:43:27 -0500] "GET /testbeta/assets/css/jquery.timepicker.css HTTP/1.1" 200 483 "https://eirtechs.com/testbeta/assets/css/" "Mozilla/5.0 (Linux; Android 7.0;) AppleWebKit/537.36 (KHTML, like Gecko) Mobile Safari/537.36 (compatible; PetalBot;+https://webmaster.petalsearch.com/site/petalbot)"
114.119.166.95 - - [17/Jan/2025:08:45:04 -0500] "GET /testbeta-atif/root_stripe/stripe/?SD HTTP/1.1" 200 1484 "https://www.eirtechs.com/testbeta-atif/root_stripe/stripe/?SA" "Mozilla/5.0 (Linux; Android 7.0;) AppleWebKit/537.36 (KHTML, like Gecko) Mobile Safari/537.36 (compatible; PetalBot;+https://webmaster.petalsearch.com/site/petalbot)"
114.119.154.65 - - [17/Jan/2025:08:48:27 -0500] "GET /testbeta-atif/root_stripe/stripe/tests/Stripe/RecipientTest.php HTTP/1.1" 200 160 "https://eirtechs.com/testbeta-atif/root_stripe/stripe/tests/Stripe/" "Mozilla/5.0 (Linux; Android 7.0;) AppleWebKit/537.36 (KHTML, like Gecko) Mobile Safari/537.36 (compatible; PetalBot;+https://webmaster.petalsearch.com/site/petalbot)"
51.222.253.8 - - [17/Jan/2025:08:48:37 -0500] "GET /testbeta-atif/root_stripe/stripe/lib/Charge.php HTTP/1.1" 200 143 "-" "Mozilla/5.0 (compatible; AhrefsBot/7.0; +http://ahrefs.com/robot/)"
152.53.109.112 - - [17/Jan/2025:08:49:36 -0500] "GET /testbeta/ HTTP/1.1" 200 1343 "-" "Mozilla/5.0 (Windows NT 10.0; Win64; x64) AppleWebKit/537.36 (KHTML, like Gecko) Chrome/100.0.8848.478 Safari/537.36"
114.119.154.65 - - [17/Jan/2025:08:50:04 -0500] "GET /testbeta-atif/assets/scss/bootstrap/utilities/?MA HTTP/1.1" 200 1443 "https://www.eirtechs.com/testbeta-atif/assets/scss/bootstrap/utilities/?MD" "Mozilla/5.0 (Linux; Android 7.0;) AppleWebKit/537.36 (KHTML, like Gecko) Mobile Safari/537.36 (compatible; PetalBot;+https://webmaster.petalsearch.com/site/petalbot)"
51.222.253.2 - - [17/Jan/2025:08:52:00 -0500] "GET /testbeta-atif/root_stripe/stripe/lib/Product.php HTTP/1.1" 200 140 "-" "Mozilla/5.0 (compatible; AhrefsBot/7.0; +http://ahrefs.com/robot/)"
114.119.166.95 - - [17/Jan/2025:08:53:27 -0500] "GET /testbeta-atif/root_stripe/stripe/tests/Stripe/FileTest.php HTTP/1.1" 200 157 "https://eirtechs.com/testbeta-atif/root_stripe/stripe/tests/Stripe/" "Mozilla/5.0 (Linux; Android 7.0;) AppleWebKit/537.36 (KHTML, like Gecko) Mobile Safari/537.36 (compatible; PetalBot;+https://webmaster.petalsearch.com/site/petalbot)"
46.38.236.149 - - [17/Jan/2025:08:54:33 -0500] "GET /?ND HTTP/1.1" 200 2221 "-" "Mozilla/5.0 (Windows NT 10.0; Win64; x64) AppleWebKit/537.36 (KHTML, like Gecko) Chrome/100.0.7753.747 Safari/537.36"
114.119.135.120 - - [17/Jan/2025:08:55:04 -0500] "GET /testbeta-atif/assets/scss/bootstrap/mixins/_transition.scss HTTP/1.1" 200 274 "https://www.eirtechs.com/testbeta-atif/assets/scss/bootstrap/mixins/?MA" "Mozilla/5.0 (Linux; Android 7.0;) AppleWebKit/537.36 (KHTML, like Gecko) Mobile Safari/537.36 (compatible; PetalBot;+https://webmaster.petalsearch.com/site/petalbot)"
114.119.136.199 - - [17/Jan/2025:08:58:27 -0500] "GET /testbeta-atif/root_stripe/stripe/tests/Stripe/CountrySpecTest.php HTTP/1.1" 200 163 "https://eirtechs.com/testbeta-atif/root_stripe/stripe/tests/Stripe/" "Mozilla/5.0 (Linux; Android 7.0;) AppleWebKit/537.36 (KHTML, like Gecko) Mobile Safari/537.36 (compatible; PetalBot;+https://webmaster.petalsearch.com/site/petalbot)"
114.119.154.65 - - [17/Jan/2025:09:00:04 -0500] "GET /testbeta-atif/assets/scss/bootstrap/mixins/_image.scss HTTP/1.1" 200 1172 "https://www.eirtechs.com/testbeta-atif/assets/scss/bootstrap/mixins/?MA" "Mozilla/5.0 (Linux; Android 7.0;) AppleWebKit/537.36 (KHTML, like Gecko) Mobile Safari/537.36 (compatible; PetalBot;+https://webmaster.petalsearch.com/site/petalbot)"
51.222.253.10 - - [17/Jan/2025:09:01:48 -0500] "GET /testbeta-atif/root_stripe/stripe/lib/ApiResource.php HTTP/1.1" 200 143 "-" "Mozilla/5.0 (compatible; AhrefsBot/7.0; +http://ahrefs.com/robot/)"
114.119.128.244 - - [17/Jan/2025:09:03:27 -0500] "GET /testbeta-atif/root_stripe/stripe/lib/InvoiceItem.php HTTP/1.1" 200 160 "https://eirtechs.com/testbeta-atif/root_stripe/stripe/lib/" "Mozilla/5.0 (Linux; Android 7.0;) AppleWebKit/537.36 (KHTML, like Gecko) Mobile Safari/537.36 (compatible; PetalBot;+https://webmaster.petalsearch.com/site/petalbot)"
51.222.253.2 - - [17/Jan/2025:09:05:00 -0500] "GET /testbeta-atif/root_stripe/stripe/lib/Util/ HTTP/1.1" 200 1129 "-" "Mozilla/5.0 (compatible; AhrefsBot/7.0; +http://ahrefs.com/robot/)"
114.119.128.203 - - [17/Jan/2025:09:05:05 -0500] "GET /testbeta-atif/assets/scss/bootstrap/_tables.scss HTTP/1.1" 200 3538 "https://www.eirtechs.com/testbeta-atif/assets/scss/bootstrap/?ND" "Mozilla/5.0 (Linux; Android 7.0;) AppleWebKit/537.36 (KHTML, like Gecko) Mobile Safari/537.36 (compatible; PetalBot;+https://webmaster.petalsearch.com/site/petalbot)"
89.58.54.40 - - [17/Jan/2025:09:06:46 -0500] "GET /about.php HTTP/1.1" 200 6208 "-" "Mozilla/5.0 (Windows NT 10.0; Win64; x64) AppleWebKit/537.36 (KHTML, like Gecko) Chrome/100.0.9318.878 Safari/537.36"
198.235.24.234 - - [17/Jan/2025:09:07:19 -0500] "GET / HTTP/1.1" 200 10800 "-" "Expanse, a Palo Alto Networks company, searches across the global IPv4 space multiple times per day to identify customers' presences on the Internet. If you would like to be excluded from our scans, please send IP addresses/domains to: scaninfo@paloaltonetworks.com"
51.222.253.7 - - [17/Jan/2025:09:08:15 -0500] "GET /testbeta-atif/root_stripe/stripe/lib/OrderItem.php HTTP/1.1" 200 146 "-" "Mozilla/5.0 (compatible; AhrefsBot/7.0; +http://ahrefs.com/robot/)"
114.119.128.203 - - [17/Jan/2025:09:08:27 -0500] "GET /testbeta-atif/root_stripe/stripe/lib/HttpClient/ HTTP/1.1" 200 840 "https://eirtechs.com/testbeta-atif/root_stripe/stripe/lib/" "Mozilla/5.0 (Linux; Android 7.0;) AppleWebKit/537.36 (KHTML, like Gecko) Mobile Safari/537.36 (compatible; PetalBot;+https://webmaster.petalsearch.com/site/petalbot)"
114.119.128.244 - - [17/Jan/2025:09:10:05 -0500] "GET /testbeta/root_stripe/stripe/tests/data/?MD HTTP/1.1" 200 782 "https://www.eirtechs.com/testbeta/root_stripe/stripe/tests/data/?MA" "Mozilla/5.0 (Linux; Android 7.0;) AppleWebKit/537.36 (KHTML, like Gecko) Mobile Safari/537.36 (compatible; PetalBot;+https://webmaster.petalsearch.com/site/petalbot)"
51.222.253.16 - - [17/Jan/2025:09:11:27 -0500] "GET /testbeta-atif/root_stripe/stripe/lib/FileUpload.php HTTP/1.1" 200 140 "-" "Mozilla/5.0 (compatible; AhrefsBot/7.0; +http://ahrefs.com/robot/)"
114.119.145.225 - - [17/Jan/2025:09:13:29 -0500] "GET /admin/vendor/fontawesome-free/svgs/solid/shuttle-van.svg HTTP/1.1" 200 304 "https://www.eirtechs.com/admin/vendor/fontawesome-free/svgs/solid/?SA" "Mozilla/5.0 (Linux; Android 7.0;) AppleWebKit/537.36 (KHTML, like Gecko) Mobile Safari/537.36 (compatible; PetalBot;+https://webmaster.petalsearch.com/site/petalbot)"
51.222.253.7 - - [17/Jan/2025:09:14:49 -0500] "GET /testbeta-atif/root_stripe/stripe/lib/PaymentIntent.php HTTP/1.1" 200 150 "-" "Mozilla/5.0 (compatible; AhrefsBot/7.0; +http://ahrefs.com/robot/)"
114.119.135.120 - - [17/Jan/2025:09:15:06 -0500] "GET /testbeta/root_stripe/stripe/data/?NA HTTP/1.1" 200 783 "https://www.eirtechs.com/testbeta/root_stripe/stripe/data/?SD" "Mozilla/5.0 (Linux; Android 7.0;) AppleWebKit/537.36 (KHTML, like Gecko) Mobile Safari/537.36 (compatible; PetalBot;+https://webmaster.petalsearch.com/site/petalbot)"
51.222.253.3 - - [17/Jan/2025:09:18:20 -0500] "GET /admin/vendor/fontawesome-free/svgs/brands/?MD HTTP/1.1" 200 9579 "-" "Mozilla/5.0 (compatible; AhrefsBot/7.0; +http://ahrefs.com/robot/)"
114.119.154.65 - - [17/Jan/2025:09:18:29 -0500] "GET /admin/vendor/fontawesome-free/svgs/solid/font-awesome-logo-full.svg HTTP/1.1" 200 1425 "https://www.eirtechs.com/admin/vendor/fontawesome-free/svgs/solid/?SD" "Mozilla/5.0 (Linux; Android 7.0;) AppleWebKit/537.36 (KHTML, like Gecko) Mobile Safari/537.36 (compatible; PetalBot;+https://webmaster.petalsearch.com/site/petalbot)"
114.119.166.95 - - [17/Jan/2025:09:20:09 -0500] "GET /testbeta-atif/assets/fonts/ionicons/?MA HTTP/1.1" 200 797 "https://www.eirtechs.com/testbeta-atif/assets/fonts/ionicons/?NA" "Mozilla/5.0 (Linux; Android 7.0;) AppleWebKit/537.36 (KHTML, like Gecko) Mobile Safari/537.36 (compatible; PetalBot;+https://webmaster.petalsearch.com/site/petalbot)"
114.119.128.244 - - [17/Jan/2025:09:23:28 -0500] "GET /admin/vendor/fontawesome-free/svgs/brands/adobe.svg HTTP/1.1" 200 195 "https://www.eirtechs.com/admin/vendor/fontawesome-free/svgs/brands/?SD" "Mozilla/5.0 (Linux; Android 7.0;) AppleWebKit/537.36 (KHTML, like Gecko) Mobile Safari/537.36 (compatible; PetalBot;+https://webmaster.petalsearch.com/site/petalbot)"
202.61.224.210 - - [17/Jan/2025:09:24:30 -0500] "GET /php5.ini HTTP/1.1" 200 138 "-" "Mozilla/5.0 (Windows NT 10.0; Win64; x64) AppleWebKit/537.36 (KHTML, like Gecko) Chrome/100.0.4723.332 Safari/537.36"
114.119.154.65 - - [17/Jan/2025:09:25:06 -0500] "GET /testbeta-atif/assets/fonts/flaticon/font/?NA HTTP/1.1" 200 1302 "https://www.eirtechs.com/testbeta-atif/assets/fonts/flaticon/font/?MA" "Mozilla/5.0 (Linux; Android 7.0;) AppleWebKit/537.36 (KHTML, like Gecko) Mobile Safari/537.36 (compatible; PetalBot;+https://webmaster.petalsearch.com/site/petalbot)"
51.222.253.2 - - [17/Jan/2025:09:28:06 -0500] "GET /testbeta-atif/about.php HTTP/1.1" 200 3907 "-" "Mozilla/5.0 (compatible; AhrefsBot/7.0; +http://ahrefs.com/robot/)"
114.119.145.225 - - [17/Jan/2025:09:30:06 -0500] "GET /testbeta-atif/assets/css/?SD HTTP/1.1" 200 1585 "https://www.eirtechs.com/testbeta-atif/assets/css/?SA" "Mozilla/5.0 (Linux; Android 7.0;) AppleWebKit/537.36 (KHTML, like Gecko) Mobile Safari/537.36 (compatible; PetalBot;+https://webmaster.petalsearch.com/site/petalbot)"
51.222.253.6 - - [17/Jan/2025:09:31:18 -0500] "GET /testbeta-atif/assets/css/css/mixins/?SD HTTP/1.1" 200 636 "-" "Mozilla/5.0 (compatible; AhrefsBot/7.0; +http://ahrefs.com/robot/)"
114.119.166.95 - - [17/Jan/2025:09:33:29 -0500] "GET /testbeta/root_stripe/stripe/tests/Stripe/Util/DefaultLoggerTest.php HTTP/1.1" 200 163 "https://eirtechs.com/testbeta/root_stripe/stripe/tests/Stripe/Util/?SA" "Mozilla/5.0 (Linux; Android 7.0;) AppleWebKit/537.36 (KHTML, like Gecko) Mobile Safari/537.36 (compatible; PetalBot;+https://webmaster.petalsearch.com/site/petalbot)"
51.222.253.16 - - [17/Jan/2025:09:35:04 -0500] "GET /testbeta-atif/assets/fonts/?MD HTTP/1.1" 200 676 "-" "Mozilla/5.0 (compatible; AhrefsBot/7.0; +http://ahrefs.com/robot/)"
114.119.128.203 - - [17/Jan/2025:09:35:06 -0500] "GET /testbeta-atif/assets/?MA HTTP/1.1" 200 827 "https://www.eirtechs.com/testbeta-atif/assets/?SA" "Mozilla/5.0 (Linux; Android 7.0;) AppleWebKit/537.36 (KHTML, like Gecko) Mobile Safari/537.36 (compatible; PetalBot;+https://webmaster.petalsearch.com/site/petalbot)"
51.222.253.2 - - [17/Jan/2025:09:38:28 -0500] "GET /testbeta-atif/root_stripe/stripe/lib/InvoiceItem.php HTTP/1.1" 200 147 "-" "Mozilla/5.0 (compatible; AhrefsBot/7.0; +http://ahrefs.com/robot/)"
114.119.154.65 - - [17/Jan/2025:09:38:28 -0500] "GET /testbeta/assets/css/css/ HTTP/1.1" 200 825 "https://eirtechs.com/testbeta/assets/css/" "Mozilla/5.0 (Linux; Android 7.0;) AppleWebKit/537.36 (KHTML, like Gecko) Mobile Safari/537.36 (compatible; PetalBot;+https://webmaster.petalsearch.com/site/petalbot)"
114.119.154.65 - - [17/Jan/2025:09:40:06 -0500] "GET /stripe/check-out.php HTTP/1.1" 200 481 "https://www.eirtechs.com/stripe/?NA" "Mozilla/5.0 (Linux; Android 7.0;) AppleWebKit/537.36 (KHTML, like Gecko) Mobile Safari/537.36 (compatible; PetalBot;+https://webmaster.petalsearch.com/site/petalbot)"
51.222.253.15 - - [17/Jan/2025:09:42:09 -0500] "GET /testbeta-atif/root_stripe/stripe/lib/Transfer.php HTTP/1.1" 200 142 "-" "Mozilla/5.0 (compatible; AhrefsBot/7.0; +http://ahrefs.com/robot/)"
114.119.166.95 - - [17/Jan/2025:09:43:32 -0500] "GET /testbeta-atif/root_stripe/stripe/tests/Stripe/WebhookTest.php HTTP/1.1" 200 160 "https://eirtechs.com/testbeta-atif/root_stripe/stripe/tests/Stripe/" "Mozilla/5.0 (Linux; Android 7.0;) AppleWebKit/537.36 (KHTML, like Gecko) Mobile Safari/537.36 (compatible; PetalBot;+https://webmaster.petalsearch.com/site/petalbot)"
114.119.154.65 - - [17/Jan/2025:09:45:10 -0500] "GET /service/web-cms-development/web_development.php HTTP/1.1" 200 15998 "https://www.eirtechs.com/service/corporate-branding/web-design.php" "Mozilla/5.0 (Linux; Android 7.0;) AppleWebKit/537.36 (KHTML, like Gecko) Mobile Safari/537.36 (compatible; PetalBot;+https://webmaster.petalsearch.com/site/petalbot)"
51.222.253.19 - - [17/Jan/2025:09:45:43 -0500] "GET /testbeta-atif/root_stripe/stripe/lib/SKU.php HTTP/1.1" 200 143 "-" "Mozilla/5.0 (compatible; AhrefsBot/7.0; +http://ahrefs.com/robot/)"
114.119.135.120 - - [17/Jan/2025:09:48:28 -0500] "GET /testbeta-atif/root_stripe/stripe/tests/Stripe/StripeObjectTest.php HTTP/1.1" 200 160 "https://eirtechs.com/testbeta-atif/root_stripe/stripe/tests/Stripe/" "Mozilla/5.0 (Linux; Android 7.0;) AppleWebKit/537.36 (KHTML, like Gecko) Mobile Safari/537.36 (compatible; PetalBot;+https://webmaster.petalsearch.com/site/petalbot)"
51.222.253.17 - - [17/Jan/2025:09:48:38 -0500] "GET /testbeta-atif/root_stripe/stripe/lib/CountrySpec.php HTTP/1.1" 200 148 "-" "Mozilla/5.0 (compatible; AhrefsBot/7.0; +http://ahrefs.com/robot/)"
114.119.166.95 - - [17/Jan/2025:09:50:05 -0500] "GET /service/web-cms-development/?MD HTTP/1.1" 200 1292 "https://www.eirtechs.com/service/web-cms-development/?MA" "Mozilla/5.0 (Linux; Android 7.0;) AppleWebKit/537.36 (KHTML, like Gecko) Mobile Safari/537.36 (compatible; PetalBot;+https://webmaster.petalsearch.com/site/petalbot)"
114.119.166.95 - - [17/Jan/2025:09:53:29 -0500] "GET /testbeta-atif/root_stripe/stripe/tests/Stripe/SKUTest.php HTTP/1.1" 200 158 "https://eirtechs.com/testbeta-atif/root_stripe/stripe/tests/Stripe/" "Mozilla/5.0 (Linux; Android 7.0;) AppleWebKit/537.36 (KHTML, like Gecko) Mobile Safari/537.36 (compatible; PetalBot;+https://webmaster.petalsearch.com/site/petalbot)"
51.222.253.5 - - [17/Jan/2025:09:54:39 -0500] "GET /testbeta-atif/root_stripe/stripe/lib/BitcoinTransaction.php HTTP/1.1" 200 147 "-" "Mozilla/5.0 (compatible; AhrefsBot/7.0; +http://ahrefs.com/robot/)"
114.119.128.244 - - [17/Jan/2025:09:55:06 -0500] "GET /service/software-development/erp.php HTTP/1.1" 200 12448 "https://www.eirtechs.com/service/software-development/?MA" "Mozilla/5.0 (Linux; Android 7.0;) AppleWebKit/537.36 (KHTML, like Gecko) Mobile Safari/537.36 (compatible; PetalBot;+https://webmaster.petalsearch.com/site/petalbot)"
51.222.253.6 - - [17/Jan/2025:09:58:12 -0500] "GET /testbeta-atif/root_stripe/stripe/lib/BankAccount.php HTTP/1.1" 200 145 "-" "Mozilla/5.0 (compatible; AhrefsBot/7.0; +http://ahrefs.com/robot/)"
114.119.154.65 - - [17/Jan/2025:09:58:29 -0500] "GET /testbeta-atif/root_stripe/stripe/lib/Dispute.php HTTP/1.1" 200 158 "https://eirtechs.com/testbeta-atif/root_stripe/stripe/lib/" "Mozilla/5.0 (Linux; Android 7.0;) AppleWebKit/537.36 (KHTML, like Gecko) Mobile Safari/537.36 (compatible; PetalBot;+https://webmaster.petalsearch.com/site/petalbot)"
114.119.166.95 - - [17/Jan/2025:10:00:06 -0500] "GET /service/mobile-application/augmented_reality.php HTTP/1.1" 200 13028 "https://www.eirtechs.com/service/mobile-application/?NA" "Mozilla/5.0 (Linux; Android 7.0;) AppleWebKit/537.36 (KHTML, like Gecko) Mobile Safari/537.36 (compatible; PetalBot;+https://webmaster.petalsearch.com/site/petalbot)"
51.222.253.3 - - [17/Jan/2025:10:01:18 -0500] "GET /?MD HTTP/1.1" 200 1861 "-" "Mozilla/5.0 (compatible; AhrefsBot/7.0; +http://ahrefs.com/robot/)"
114.119.128.244 - - [17/Jan/2025:10:03:29 -0500] "GET /testbeta-atif/root_stripe/stripe/lib/Balance.php HTTP/1.1" 200 164 "https://eirtechs.com/testbeta-atif/root_stripe/stripe/lib/" "Mozilla/5.0 (Linux; Android 7.0;) AppleWebKit/537.36 (KHTML, like Gecko) Mobile Safari/537.36 (compatible; PetalBot;+https://webmaster.petalsearch.com/site/petalbot)"
51.222.253.20 - - [17/Jan/2025:10:04:29 -0500] "GET /service/mobile_application.php HTTP/1.1" 200 7735 "-" "Mozilla/5.0 (compatible; AhrefsBot/7.0; +http://ahrefs.com/robot/)"
114.119.128.244 - - [17/Jan/2025:10:05:07 -0500] "GET /service/digital-marketing/seo.php HTTP/1.1" 200 15608 "https://www.eirtechs.com/service/digital-marketing/seo.php" "Mozilla/5.0 (Linux; Android 7.0;) AppleWebKit/537.36 (KHTML, like Gecko) Mobile Safari/537.36 (compatible; PetalBot;+https://webmaster.petalsearch.com/site/petalbot)"