74.80.208.106 - - [28/Jan/2025:16:55:58 -0500] "GET /testbeta/assets/fonts/ionicons/fonts/ionicons.eot HTTP/1.1" 200 112826 "-" "Mozilla/5.0 (compatible; ImagesiftBot; +imagesift.com)"
114.119.166.95 - - [28/Jan/2025:16:56:58 -0500] "GET /root_stripe/stripe/lib/Util/ HTTP/1.1" 200 1341 "https://www.eirtechs.com/root_stripe/stripe/lib/?ND" "Mozilla/5.0 (Linux; Android 7.0;) AppleWebKit/537.36 (KHTML, like Gecko) Mobile Safari/537.36 (compatible; PetalBot;+https://webmaster.petalsearch.com/site/petalbot)"
74.80.208.106 - - [28/Jan/2025:16:57:24 -0500] "GET /testbeta/root_stripe/stripe/tests/Stripe/Terminal/LocationTest.php HTTP/1.1" 200 148 "-" "Mozilla/5.0 (compatible; ImagesiftBot; +imagesift.com)"
74.80.208.106 - - [28/Jan/2025:16:57:39 -0500] "GET /admin/vendor/fontawesome-free/less/_icons.less HTTP/1.1" 200 91539 "-" "Mozilla/5.0 (compatible; ImagesiftBot; +imagesift.com)"
74.80.208.106 - - [28/Jan/2025:16:58:59 -0500] "GET /root_stripe/stripe/tests/Stripe/FileUploadTest.php HTTP/1.1" 200 143 "-" "Mozilla/5.0 (compatible; ImagesiftBot; +imagesift.com)"
74.80.208.106 - - [28/Jan/2025:16:59:28 -0500] "GET /testbeta/root_stripe/stripe/tests/Stripe/ApiRequestorTest.php HTTP/1.1" 200 148 "-" "Mozilla/5.0 (compatible; ImagesiftBot; +imagesift.com)"
74.80.208.106 - - [28/Jan/2025:16:59:46 -0500] "GET /assest/image/ HTTP/1.1" 200 3724 "-" "Mozilla/5.0 (compatible; ImagesiftBot; +imagesift.com)"
114.119.166.95 - - [28/Jan/2025:16:59:57 -0500] "GET /admin/vendor/fontawesome-free/svgs/solid/times-circle.svg HTTP/1.1" 200 255 "https://eirtechs.com/admin/vendor/fontawesome-free/svgs/solid/?SA" "Mozilla/5.0 (Linux; Android 7.0;) AppleWebKit/537.36 (KHTML, like Gecko) Mobile Safari/537.36 (compatible; PetalBot;+https://webmaster.petalsearch.com/site/petalbot)"
74.80.208.106 - - [28/Jan/2025:17:00:09 -0500] "GET /testbeta/assets/fonts/flaticon/font/Flaticon.ttf HTTP/1.1" 200 3700 "-" "Mozilla/5.0 (compatible; ImagesiftBot; +imagesift.com)"
114.119.154.65 - - [28/Jan/2025:17:01:57 -0500] "GET /root_stripe/stripe/examples/?NA HTTP/1.1" 200 783 "https://www.eirtechs.com/root_stripe/stripe/examples/?ND" "Mozilla/5.0 (Linux; Android 7.0;) AppleWebKit/537.36 (KHTML, like Gecko) Mobile Safari/537.36 (compatible; PetalBot;+https://webmaster.petalsearch.com/site/petalbot)"
74.80.208.106 - - [28/Jan/2025:17:03:06 -0500] "GET /testbeta/order.php HTTP/1.1" 200 704 "-" "Mozilla/5.0 (compatible; ImagesiftBot; +imagesift.com)"
74.80.208.106 - - [28/Jan/2025:17:03:12 -0500] "GET /testbeta-atif/assets/css/ HTTP/1.1" 200 1325 "-" "Mozilla/5.0 (compatible; ImagesiftBot; +imagesift.com)"
114.119.128.244 - - [28/Jan/2025:17:04:57 -0500] "GET /admin/vendor/fontawesome-free/svgs/solid/temperature-high.svg HTTP/1.1" 200 382 "https://eirtechs.com/admin/vendor/fontawesome-free/svgs/solid/?ND" "Mozilla/5.0 (Linux; Android 7.0;) AppleWebKit/537.36 (KHTML, like Gecko) Mobile Safari/537.36 (compatible; PetalBot;+https://webmaster.petalsearch.com/site/petalbot)"
74.80.208.106 - - [28/Jan/2025:17:05:15 -0500] "GET /testbeta/assets/scss/bootstrap/mixins/_box-shadow.scss HTTP/1.1" 200 87 "-" "Mozilla/5.0 (compatible; ImagesiftBot; +imagesift.com)"
74.80.208.106 - - [28/Jan/2025:17:05:32 -0500] "GET /assets/scss/bootstrap/mixins/_reset-text.scss HTTP/1.1" 200 547 "-" "Mozilla/5.0 (compatible; ImagesiftBot; +imagesift.com)"
54.36.148.142 - - [28/Jan/2025:17:05:37 -0500] "GET /testbeta-atif/root_stripe/stripe/lib/Sigma/?MA HTTP/1.1" 200 657 "-" "Mozilla/5.0 (compatible; AhrefsBot/7.0; +http://ahrefs.com/robot/)"
185.191.171.18 - - [28/Jan/2025:17:05:59 -0500] "GET /admin/vendor/fontawesome-free/scss/_animated.scss HTTP/1.1" 200 300 "-" "Mozilla/5.0 (compatible; SemrushBot/7~bl; +http://www.semrush.com/bot.html)"
114.119.145.115 - - [28/Jan/2025:17:06:57 -0500] "GET /root_stripe/stripe/?MA HTTP/1.1" 200 1485 "https://www.eirtechs.com/root_stripe/stripe/?SD" "Mozilla/5.0 (Linux; Android 7.0;) AppleWebKit/537.36 (KHTML, like Gecko) Mobile Safari/537.36 (compatible; PetalBot;+https://webmaster.petalsearch.com/site/petalbot)"
74.80.208.106 - - [28/Jan/2025:17:09:13 -0500] "GET /testbeta/packages/eir.php HTTP/1.1" 200 4806 "-" "Mozilla/5.0 (compatible; ImagesiftBot; +imagesift.com)"
74.80.208.106 - - [28/Jan/2025:17:09:42 -0500] "GET /customorder.php HTTP/1.1" 200 609 "-" "Mozilla/5.0 (compatible; ImagesiftBot; +imagesift.com)"
114.119.136.199 - - [28/Jan/2025:17:09:58 -0500] "GET /admin/vendor/fontawesome-free/svgs/solid/tablets.svg HTTP/1.1" 200 347 "https://eirtechs.com/admin/vendor/fontawesome-free/svgs/solid/?SA" "Mozilla/5.0 (Linux; Android 7.0;) AppleWebKit/537.36 (KHTML, like Gecko) Mobile Safari/537.36 (compatible; PetalBot;+https://webmaster.petalsearch.com/site/petalbot)"
216.244.66.244 - - [28/Jan/2025:17:11:14 -0500] "GET /robots.txt HTTP/1.1" 404 1251 "-" "Mozilla/5.0 (compatible; DotBot/1.2; +https://opensiteexplorer.org/dotbot; help@moz.com)"
114.119.166.95 - - [28/Jan/2025:17:11:57 -0500] "GET /root_stripe/?ND HTTP/1.1" 200 757 "https://www.eirtechs.com/root_stripe/" "Mozilla/5.0 (Linux; Android 7.0;) AppleWebKit/537.36 (KHTML, like Gecko) Mobile Safari/537.36 (compatible; PetalBot;+https://webmaster.petalsearch.com/site/petalbot)"
185.191.171.8 - - [28/Jan/2025:17:12:57 -0500] "GET /admin/scss/_dropdowns.scss HTTP/1.1" 200 356 "-" "Mozilla/5.0 (compatible; SemrushBot/7~bl; +http://www.semrush.com/bot.html)"
74.80.208.106 - - [28/Jan/2025:17:14:06 -0500] "GET /admin/vendor/bootstrap/scss/_dropdown.scss HTTP/1.1" 200 4363 "-" "Mozilla/5.0 (compatible; ImagesiftBot; +imagesift.com)"
114.119.154.65 - - [28/Jan/2025:17:14:58 -0500] "GET /admin/vendor/fontawesome-free/svgs/solid/stop-circle.svg HTTP/1.1" 200 250 "https://eirtechs.com/admin/vendor/fontawesome-free/svgs/solid/?SA" "Mozilla/5.0 (Linux; Android 7.0;) AppleWebKit/537.36 (KHTML, like Gecko) Mobile Safari/537.36 (compatible; PetalBot;+https://webmaster.petalsearch.com/site/petalbot)"
74.80.208.106 - - [28/Jan/2025:17:15:09 -0500] "GET /admin/vendor/fontawesome-free/scss/_bordered-pulled.scss HTTP/1.1" 200 428 "-" "Mozilla/5.0 (compatible; ImagesiftBot; +imagesift.com)"
114.119.145.115 - - [28/Jan/2025:17:16:58 -0500] "GET /public_html/?ND HTTP/1.1" 200 769 "https://www.eirtechs.com/public_html/?NA" "Mozilla/5.0 (Linux; Android 7.0;) AppleWebKit/537.36 (KHTML, like Gecko) Mobile Safari/537.36 (compatible; PetalBot;+https://webmaster.petalsearch.com/site/petalbot)"
216.244.66.244 - - [28/Jan/2025:17:16:59 -0500] "GET /mail/form.config.php HTTP/1.1" 200 0 "-" "Mozilla/5.0 (compatible; DotBot/1.2; +https://opensiteexplorer.org/dotbot; help@moz.com)"
74.80.208.106 - - [28/Jan/2025:17:18:55 -0500] "GET /testbeta-atif/root_stripe/stripe/lib/ApiOperations/Request.php HTTP/1.1" 200 0 "-" "Mozilla/5.0 (compatible; ImagesiftBot; +imagesift.com)"
74.80.208.106 - - [28/Jan/2025:17:19:45 -0500] "GET /testbeta-atif/root_stripe/stripe/tests/Stripe/Util/DefaultLoggerTest.php HTTP/1.1" 200 158 "-" "Mozilla/5.0 (compatible; ImagesiftBot; +imagesift.com)"
114.119.128.244 - - [28/Jan/2025:17:19:59 -0500] "GET /admin/vendor/fontawesome-free/svgs/solid/sliders-h.svg HTTP/1.1" 200 239 "https://eirtechs.com/admin/vendor/fontawesome-free/svgs/solid/?ND" "Mozilla/5.0 (Linux; Android 7.0;) AppleWebKit/537.36 (KHTML, like Gecko) Mobile Safari/537.36 (compatible; PetalBot;+https://webmaster.petalsearch.com/site/petalbot)"
74.80.208.106 - - [28/Jan/2025:17:21:48 -0500] "GET /root_stripe/stripe/lib/Issuing/Cardholder.php HTTP/1.1" 200 141 "-" "Mozilla/5.0 (compatible; ImagesiftBot; +imagesift.com)"
114.119.128.203 - - [28/Jan/2025:17:22:01 -0500] "GET /php5.ini HTTP/1.1" 200 138 "https://www.eirtechs.com/?NA" "Mozilla/5.0 (Linux; Android 7.0;) AppleWebKit/537.36 (KHTML, like Gecko) Mobile Safari/537.36 (compatible; PetalBot;+https://webmaster.petalsearch.com/site/petalbot)"
85.208.96.198 - - [28/Jan/2025:17:22:03 -0500] "GET /admin/vendor/fontawesome-free/scss/_stacked.scss HTTP/1.1" 200 505 "-" "Mozilla/5.0 (compatible; SemrushBot/7~bl; +http://www.semrush.com/bot.html)"
74.80.208.106 - - [28/Jan/2025:17:23:20 -0500] "GET /about/about/partners.php HTTP/1.1" 404 1251 "-" "Mozilla/5.0 (compatible; ImagesiftBot; +imagesift.com)"
114.119.128.203 - - [28/Jan/2025:17:24:59 -0500] "GET /admin/vendor/fontawesome-free/svgs/solid/skiing-nordic.svg HTTP/1.1" 200 491 "https://eirtechs.com/admin/vendor/fontawesome-free/svgs/solid/?ND" "Mozilla/5.0 (Linux; Android 7.0;) AppleWebKit/537.36 (KHTML, like Gecko) Mobile Safari/537.36 (compatible; PetalBot;+https://webmaster.petalsearch.com/site/petalbot)"
74.80.208.106 - - [28/Jan/2025:17:25:11 -0500] "GET /admin/vendor/bootstrap/scss/utilities/ HTTP/1.1" 200 1266 "-" "Mozilla/5.0 (compatible; ImagesiftBot; +imagesift.com)"
114.119.128.244 - - [28/Jan/2025:17:26:57 -0500] "GET /paynow/?SA HTTP/1.1" 200 858 "https://www.eirtechs.com/paynow/?SD" "Mozilla/5.0 (Linux; Android 7.0;) AppleWebKit/537.36 (KHTML, like Gecko) Mobile Safari/537.36 (compatible; PetalBot;+https://webmaster.petalsearch.com/site/petalbot)"
74.80.208.106 - - [28/Jan/2025:17:28:08 -0500] "GET /testbeta/mail/admin.php HTTP/1.1" 200 1361 "-" "Mozilla/5.0 (compatible; ImagesiftBot; +imagesift.com)"
74.80.208.106 - - [28/Jan/2025:17:29:40 -0500] "GET /testbeta/root_stripe/stripe/lib/Util/AutoPagingIterator.php HTTP/1.1" 200 0 "-" "Mozilla/5.0 (compatible; ImagesiftBot; +imagesift.com)"
114.119.145.115 - - [28/Jan/2025:17:30:00 -0500] "GET /admin/vendor/fontawesome-free/svgs/solid/server.svg HTTP/1.1" 200 229 "https://eirtechs.com/admin/vendor/fontawesome-free/svgs/solid/?ND" "Mozilla/5.0 (Linux; Android 7.0;) AppleWebKit/537.36 (KHTML, like Gecko) Mobile Safari/537.36 (compatible; PetalBot;+https://webmaster.petalsearch.com/site/petalbot)"
74.80.208.106 - - [28/Jan/2025:17:30:34 -0500] "GET /testbeta/root_stripe/stripe/lib/Error/OAuth/InvalidScope.php HTTP/1.1" 200 156 "-" "Mozilla/5.0 (compatible; ImagesiftBot; +imagesift.com)"
114.119.128.244 - - [28/Jan/2025:17:32:00 -0500] "GET /pay/?SA HTTP/1.1" 200 948 "https://www.eirtechs.com/pay/?NA" "Mozilla/5.0 (Linux; Android 7.0;) AppleWebKit/537.36 (KHTML, like Gecko) Mobile Safari/537.36 (compatible; PetalBot;+https://webmaster.petalsearch.com/site/petalbot)"
74.80.208.106 - - [28/Jan/2025:17:32:24 -0500] "GET /testbeta/assets/scss/bootstrap/mixins/_buttons.scss HTTP/1.1" 200 3182 "-" "Mozilla/5.0 (compatible; ImagesiftBot; +imagesift.com)"
74.80.208.106 - - [28/Jan/2025:17:33:22 -0500] "GET /testbeta-atif/root_stripe/stripe/tests/Stripe/Error/BaseTest.php HTTP/1.1" 200 150 "-" "Mozilla/5.0 (compatible; ImagesiftBot; +imagesift.com)"
74.80.208.106 - - [28/Jan/2025:17:34:53 -0500] "GET /testbeta/assets/scss/bootstrap/utilities/_spacing.scss HTTP/1.1" 200 1406 "-" "Mozilla/5.0 (compatible; ImagesiftBot; +imagesift.com)"
114.119.135.120 - - [28/Jan/2025:17:34:57 -0500] "GET /admin/vendor/fontawesome-free/svgs/solid/seedling.svg HTTP/1.1" 200 288 "https://eirtechs.com/admin/vendor/fontawesome-free/svgs/solid/?SA" "Mozilla/5.0 (Linux; Android 7.0;) AppleWebKit/537.36 (KHTML, like Gecko) Mobile Safari/537.36 (compatible; PetalBot;+https://webmaster.petalsearch.com/site/petalbot)"
114.119.128.203 - - [28/Jan/2025:17:36:58 -0500] "GET /pay/ HTTP/1.1" 200 944 "https://www.eirtechs.com/?NA" "Mozilla/5.0 (Linux; Android 7.0;) AppleWebKit/537.36 (KHTML, like Gecko) Mobile Safari/537.36 (compatible; PetalBot;+https://webmaster.petalsearch.com/site/petalbot)"
74.80.208.106 - - [28/Jan/2025:17:38:07 -0500] "GET /testbeta-atif/ HTTP/1.1" 200 1123 "-" "Mozilla/5.0 (compatible; ImagesiftBot; +imagesift.com)"
74.80.208.106 - - [28/Jan/2025:17:38:30 -0500] "GET /root_stripe/stripe/tests/Stripe/StripeTest.php HTTP/1.1" 200 136 "-" "Mozilla/5.0 (compatible; ImagesiftBot; +imagesift.com)"
114.119.135.120 - - [28/Jan/2025:17:39:57 -0500] "GET /admin/vendor/fontawesome-free/svgs/solid/republican.svg HTTP/1.1" 200 403 "https://eirtechs.com/admin/vendor/fontawesome-free/svgs/solid/?ND" "Mozilla/5.0 (Linux; Android 7.0;) AppleWebKit/537.36 (KHTML, like Gecko) Mobile Safari/537.36 (compatible; PetalBot;+https://webmaster.petalsearch.com/site/petalbot)"
74.80.208.106 - - [28/Jan/2025:17:40:21 -0500] "GET /testbeta-atif/root_stripe/stripe/tests/Stripe/BitcoinReceiverTest.php HTTP/1.1" 200 154 "-" "Mozilla/5.0 (compatible; ImagesiftBot; +imagesift.com)"
114.119.135.120 - - [28/Jan/2025:17:41:58 -0500] "GET /packages/web-development.php HTTP/1.1" 200 9011 "https://www.eirtechs.com/packages/?ND" "Mozilla/5.0 (Linux; Android 7.0;) AppleWebKit/537.36 (KHTML, like Gecko) Mobile Safari/537.36 (compatible; PetalBot;+https://webmaster.petalsearch.com/site/petalbot)"
74.80.208.106 - - [28/Jan/2025:17:42:24 -0500] "GET /service/software-development/ecommerce_solutions.php HTTP/1.1" 200 9135 "-" "Mozilla/5.0 (compatible; ImagesiftBot; +imagesift.com)"
47.128.111.54 - - [28/Jan/2025:17:43:09 -0500] "GET /testbeta/root_stripe/stripe/lib/AlipayAccount.php HTTP/1.1" 200 145 "-" "Mozilla/5.0 (Linux; Android 5.0) AppleWebKit/537.36 (KHTML, like Gecko) Mobile Safari/537.36 (compatible; Bytespider; spider-feedback@bytedance.com)"
74.80.208.106 - - [28/Jan/2025:17:44:42 -0500] "GET /admin/vendor/bootstrap/js/bootstrap.bundle.js.map HTTP/1.1" 200 402249 "-" "Mozilla/5.0 (compatible; ImagesiftBot; +imagesift.com)"
74.80.208.106 - - [28/Jan/2025:17:44:48 -0500] "GET /testbeta-atif/assets/scss/bootstrap/utilities/_position.scss HTTP/1.1" 200 674 "-" "Mozilla/5.0 (compatible; ImagesiftBot; +imagesift.com)"
114.119.145.225 - - [28/Jan/2025:17:44:57 -0500] "GET /admin/vendor/fontawesome-free/svgs/solid/reply-all.svg HTTP/1.1" 200 416 "https://eirtechs.com/admin/vendor/fontawesome-free/svgs/solid/?ND" "Mozilla/5.0 (Linux; Android 7.0;) AppleWebKit/537.36 (KHTML, like Gecko) Mobile Safari/537.36 (compatible; PetalBot;+https://webmaster.petalsearch.com/site/petalbot)"
74.80.208.106 - - [28/Jan/2025:17:45:22 -0500] "GET /about/ HTTP/1.1" 200 1073 "-" "Mozilla/5.0 (compatible; ImagesiftBot; +imagesift.com)"
74.80.208.106 - - [28/Jan/2025:17:45:43 -0500] "GET /assest/image/icons/ HTTP/1.1" 200 961 "-" "Mozilla/5.0 (compatible; ImagesiftBot; +imagesift.com)"
74.80.208.106 - - [28/Jan/2025:17:46:13 -0500] "GET /testbeta/root_stripe/stripe/tests/Stripe/InvoiceItemTest.php HTTP/1.1" 200 148 "-" "Mozilla/5.0 (compatible; ImagesiftBot; +imagesift.com)"
114.119.128.244 - - [28/Jan/2025:17:47:00 -0500] "GET /testbeta/root_stripe/stripe/tests/Stripe/TopupTest.php HTTP/1.1" 200 153 "https://www.eirtechs.com/testbeta/root_stripe/stripe/tests/Stripe/?MD" "Mozilla/5.0 (Linux; Android 7.0;) AppleWebKit/537.36 (KHTML, like Gecko) Mobile Safari/537.36 (compatible; PetalBot;+https://webmaster.petalsearch.com/site/petalbot)"
47.128.18.167 - - [28/Jan/2025:17:47:09 -0500] "GET /testbeta/root_stripe/stripe/lib/SKU.php HTTP/1.1" 200 140 "-" "Mozilla/5.0 (Linux; Android 5.0) AppleWebKit/537.36 (KHTML, like Gecko) Mobile Safari/537.36 (compatible; Bytespider; spider-feedback@bytedance.com)"
74.80.208.106 - - [28/Jan/2025:17:47:25 -0500] "GET /admin/vendor/bootstrap/scss/_pagination.scss HTTP/1.1" 200 1740 "-" "Mozilla/5.0 (compatible; ImagesiftBot; +imagesift.com)"
114.119.136.199 - - [28/Jan/2025:17:49:57 -0500] "GET /admin/vendor/fontawesome-free/svgs/solid/registered.svg HTTP/1.1" 200 388 "https://eirtechs.com/admin/vendor/fontawesome-free/svgs/solid/?ND" "Mozilla/5.0 (Linux; Android 7.0;) AppleWebKit/537.36 (KHTML, like Gecko) Mobile Safari/537.36 (compatible; PetalBot;+https://webmaster.petalsearch.com/site/petalbot)"
74.80.208.106 - - [28/Jan/2025:17:50:41 -0500] "GET /assets/scss/bootstrap/utilities/_background.scss HTTP/1.1" 200 397 "-" "Mozilla/5.0 (compatible; ImagesiftBot; +imagesift.com)"
47.128.57.253 - - [28/Jan/2025:17:51:10 -0500] "GET /robots.txt HTTP/1.1" 404 1251 "-" "Mozilla/5.0 (Linux; Android 5.0) AppleWebKit/537.36 (KHTML, like Gecko) Mobile Safari/537.36 (compatible; Bytespider; spider-feedback@bytedance.com)"
114.119.128.244 - - [28/Jan/2025:17:51:58 -0500] "GET /testbeta/root_stripe/stripe/tests/Stripe/Error/BaseTest.php HTTP/1.1" 200 156 "https://www.eirtechs.com/testbeta/root_stripe/stripe/tests/Stripe/Error/?SA" "Mozilla/5.0 (Linux; Android 7.0;) AppleWebKit/537.36 (KHTML, like Gecko) Mobile Safari/537.36 (compatible; PetalBot;+https://webmaster.petalsearch.com/site/petalbot)"
193.41.206.50 - - [28/Jan/2025:17:53:38 -0500] "GET /.env HTTP/1.1" 404 1251 "-" "Mozilla/5.0"
193.41.206.50 - - [28/Jan/2025:17:53:39 -0500] "GET /api/.env HTTP/1.1" 404 1251 "-" "Mozilla/5.0"
193.41.206.50 - - [28/Jan/2025:17:53:39 -0500] "GET /phpinfo.php HTTP/1.1" 404 1251 "-" "Mozilla/5.0"
193.41.206.50 - - [28/Jan/2025:17:53:40 -0500] "GET /phpinfo HTTP/1.1" 404 1251 "-" "Mozilla/5.0"
193.41.206.50 - - [28/Jan/2025:17:53:41 -0500] "GET /.env.save HTTP/1.1" 404 1251 "-" "Mozilla/5.0"
193.41.206.50 - - [28/Jan/2025:17:53:41 -0500] "GET /.env.prod HTTP/1.1" 404 1251 "-" "Mozilla/5.0"
193.41.206.50 - - [28/Jan/2025:17:53:42 -0500] "GET /login/.env HTTP/1.1" 404 1251 "-" "Mozilla/5.0"
193.41.206.50 - - [28/Jan/2025:17:53:43 -0500] "GET /local/.env HTTP/1.1" 404 1251 "-" "Mozilla/5.0"
193.41.206.50 - - [28/Jan/2025:17:53:43 -0500] "GET /admin/.env HTTP/1.1" 404 1251 "-" "Mozilla/5.0"
193.41.206.50 - - [28/Jan/2025:17:53:44 -0500] "GET /dev/.env HTTP/1.1" 404 1251 "-" "Mozilla/5.0"
193.41.206.50 - - [28/Jan/2025:17:53:44 -0500] "GET /application/.env HTTP/1.1" 404 1251 "-" "Mozilla/5.0"
193.41.206.50 - - [28/Jan/2025:17:53:45 -0500] "GET /php_info.php HTTP/1.1" 404 1251 "-" "Mozilla/5.0"
193.41.206.50 - - [28/Jan/2025:17:53:45 -0500] "GET /_profiler/phpinfo HTTP/1.1" 404 1251 "-" "Mozilla/5.0"
193.41.206.50 - - [28/Jan/2025:17:53:46 -0500] "POST / HTTP/1.1" 200 2234 "-" "Mozilla/5.0"
114.119.154.65 - - [28/Jan/2025:17:54:57 -0500] "GET /testbeta-atif/assets/fonts/flaticon/license/?ND HTTP/1.1" 200 783 "https://eirtechs.com/testbeta-atif/assets/fonts/flaticon/license/?NA" "Mozilla/5.0 (Linux; Android 7.0;) AppleWebKit/537.36 (KHTML, like Gecko) Mobile Safari/537.36 (compatible; PetalBot;+https://webmaster.petalsearch.com/site/petalbot)"
47.128.45.106 - - [28/Jan/2025:17:55:10 -0500] "GET /robots.txt HTTP/1.1" 404 1251 "-" "Mozilla/5.0 (Linux; Android 5.0) AppleWebKit/537.36 (KHTML, like Gecko) Mobile Safari/537.36 (compatible; Bytespider; spider-feedback@bytedance.com)"
216.244.66.244 - - [28/Jan/2025:17:56:37 -0500] "GET /robots.txt HTTP/1.1" 404 1251 "-" "Mozilla/5.0 (compatible; DotBot/1.2; +https://opensiteexplorer.org/dotbot; help@moz.com)"
74.80.208.106 - - [28/Jan/2025:17:56:47 -0500] "GET /root_stripe/stripe/tests/Stripe/CardTest.php HTTP/1.1" 200 139 "-" "Mozilla/5.0 (compatible; ImagesiftBot; +imagesift.com)"
114.119.154.65 - - [28/Jan/2025:17:56:59 -0500] "GET /testbeta/root_stripe/stripe/lib/Util/ HTTP/1.1" 200 1349 "https://www.eirtechs.com/testbeta/root_stripe/stripe/lib/?ND" "Mozilla/5.0 (Linux; Android 7.0;) AppleWebKit/537.36 (KHTML, like Gecko) Mobile Safari/537.36 (compatible; PetalBot;+https://webmaster.petalsearch.com/site/petalbot)"
74.80.208.106 - - [28/Jan/2025:17:58:11 -0500] "GET /testbeta-atif/contact.php HTTP/1.1" 200 3462 "-" "Mozilla/5.0 (compatible; ImagesiftBot; +imagesift.com)"
74.80.208.106 - - [28/Jan/2025:17:58:22 -0500] "GET /testbeta/root_stripe/stripe/build.php HTTP/1.1" 200 23 "-" "Mozilla/5.0 (compatible; ImagesiftBot; +imagesift.com)"
47.128.19.67 - - [28/Jan/2025:17:59:11 -0500] "GET /robots.txt HTTP/1.1" 404 1251 "-" "Mozilla/5.0 (Linux; Android 5.0) AppleWebKit/537.36 (KHTML, like Gecko) Mobile Safari/537.36 (compatible; Bytespider; spider-feedback@bytedance.com)"
74.80.208.106 - - [28/Jan/2025:17:59:33 -0500] "GET /testbeta-atif/root_stripe/stripe/tests/Stripe/IssuerFraudRecordTest.php HTTP/1.1" 200 156 "-" "Mozilla/5.0 (compatible; ImagesiftBot; +imagesift.com)"
114.119.136.199 - - [28/Jan/2025:17:59:59 -0500] "GET /root_stripe/stripe/lib/Error/?ND HTTP/1.1" 200 1395 "https://eirtechs.com/root_stripe/stripe/lib/Error/?NA" "Mozilla/5.0 (Linux; Android 7.0;) AppleWebKit/537.36 (KHTML, like Gecko) Mobile Safari/537.36 (compatible; PetalBot;+https://webmaster.petalsearch.com/site/petalbot)"
185.191.171.12 - - [28/Jan/2025:18:00:20 -0500] "GET /robots.txt HTTP/1.1" 404 1251 "-" "Mozilla/5.0 (compatible; SemrushBot/7~bl; +http://www.semrush.com/bot.html)"
85.208.96.197 - - [28/Jan/2025:18:00:20 -0500] "GET /admin/scss/_utilities.scss HTTP/1.1" 200 239 "-" "Mozilla/5.0 (compatible; SemrushBot/7~bl; +http://www.semrush.com/bot.html)"
74.80.208.106 - - [28/Jan/2025:18:00:43 -0500] "GET /pay/make-payment/ HTTP/1.1" 200 9 "-" "Mozilla/5.0 (compatible; ImagesiftBot; +imagesift.com)"
74.80.208.106 - - [28/Jan/2025:18:01:02 -0500] "GET /admin/vendor/fontawesome-free/scss/_stacked.scss HTTP/1.1" 200 505 "-" "Mozilla/5.0 (compatible; ImagesiftBot; +imagesift.com)"
114.119.136.199 - - [28/Jan/2025:18:01:59 -0500] "GET /testbeta/root_stripe/stripe/lib/Issuing/Dispute.php HTTP/1.1" 200 159 "https://www.eirtechs.com/testbeta/root_stripe/stripe/lib/Issuing/" "Mozilla/5.0 (Linux; Android 7.0;) AppleWebKit/537.36 (KHTML, like Gecko) Mobile Safari/537.36 (compatible; PetalBot;+https://webmaster.petalsearch.com/site/petalbot)"
216.244.66.244 - - [28/Jan/2025:18:02:17 -0500] "GET /inc/logo.php HTTP/1.1" 200 9928 "-" "Mozilla/5.0 (compatible; DotBot/1.2; +https://opensiteexplorer.org/dotbot; help@moz.com)"
216.244.66.244 - - [28/Jan/2025:18:02:21 -0500] "GET /inc/logo2.php HTTP/1.1" 200 9959 "-" "Mozilla/5.0 (compatible; DotBot/1.2; +https://opensiteexplorer.org/dotbot; help@moz.com)"
74.80.208.106 - - [28/Jan/2025:18:02:48 -0500] "GET /admin/vendor/bootstrap/scss/_progress.scss HTTP/1.1" 200 1068 "-" "Mozilla/5.0 (compatible; ImagesiftBot; +imagesift.com)"
47.128.48.208 - - [28/Jan/2025:18:03:12 -0500] "GET /robots.txt HTTP/1.1" 404 1251 "-" "Mozilla/5.0 (Linux; Android 5.0) AppleWebKit/537.36 (KHTML, like Gecko) Mobile Safari/537.36 (compatible; Bytespider; spider-feedback@bytedance.com)"
114.119.154.65 - - [28/Jan/2025:18:04:58 -0500] "GET /admin/vendor/fontawesome-free/svgs/solid/vr-cardboard.svg HTTP/1.1" 200 288 "https://eirtechs.com/admin/vendor/fontawesome-free/svgs/solid/?SA" "Mozilla/5.0 (Linux; Android 7.0;) AppleWebKit/537.36 (KHTML, like Gecko) Mobile Safari/537.36 (compatible; PetalBot;+https://webmaster.petalsearch.com/site/petalbot)"
74.80.208.106 - - [28/Jan/2025:18:05:37 -0500] "GET /testbeta/assets/scss/bootstrap/mixins/_background-variant.scss HTTP/1.1" 200 474 "-" "Mozilla/5.0 (compatible; ImagesiftBot; +imagesift.com)"
114.119.135.120 - - [28/Jan/2025:18:06:59 -0500] "GET /testbeta/root_stripe/stripe/lib/Issuing/?SA HTTP/1.1" 200 1240 "https://www.eirtechs.com/testbeta/root_stripe/stripe/lib/Issuing/" "Mozilla/5.0 (Linux; Android 7.0;) AppleWebKit/537.36 (KHTML, like Gecko) Mobile Safari/537.36 (compatible; PetalBot;+https://webmaster.petalsearch.com/site/petalbot)"
47.128.38.18 - - [28/Jan/2025:18:07:09 -0500] "GET /root_stripe/stripe/lib/ApiRequestor.php HTTP/1.1" 200 0 "-" "Mozilla/5.0 (Linux; Android 5.0) AppleWebKit/537.36 (KHTML, like Gecko) Mobile Safari/537.36 (compatible; Bytespider; spider-feedback@bytedance.com)"
74.80.208.106 - - [28/Jan/2025:18:07:12 -0500] "GET /thankyou/ HTTP/1.1" 200 744 "-" "Mozilla/5.0 (compatible; ImagesiftBot; +imagesift.com)"
185.147.212.247 - - [28/Jan/2025:18:07:27 -0500] "GET / HTTP/1.0" 200 10800 "https://eirtechs.com/" "Mozilla/5.0 (Windows NT 10.0; Win64; x64) AppleWebKit/537.36 (KHTML, like Gecko) Chrome/130.0.0.0 Safari/537.36 CCleaner/130.0.0.0"
185.147.212.247 - - [28/Jan/2025:18:07:29 -0500] "GET /contact.php HTTP/1.0" 200 43267 "https://eirtechs.com/contact.php" "Mozilla/5.0 (Windows NT 10.0; Win64; x64) AppleWebKit/537.36 (KHTML, like Gecko) Chrome/130.0.0.0 Safari/537.36 CCleaner/130.0.0.0"
185.147.212.247 - - [28/Jan/2025:18:07:30 -0500] "POST /contact.php HTTP/1.0" 200 43603 "https://eirtechs.com/contact.php" "Mozilla/5.0 (Windows NT 10.0; Win64; x64) AppleWebKit/537.36 (KHTML, like Gecko) Chrome/130.0.0.0 Safari/537.36 CCleaner/130.0.0.0"
74.80.208.106 - - [28/Jan/2025:18:08:52 -0500] "GET /service/corporate-branding/contact.php HTTP/1.1" 404 1251 "-" "Mozilla/5.0 (compatible; ImagesiftBot; +imagesift.com)"
114.119.145.115 - - [28/Jan/2025:18:09:58 -0500] "GET /admin/vendor/fontawesome-free/svgs/solid/video-slash.svg HTTP/1.1" 200 306 "https://eirtechs.com/admin/vendor/fontawesome-free/svgs/solid/?SA" "Mozilla/5.0 (Linux; Android 7.0;) AppleWebKit/537.36 (KHTML, like Gecko) Mobile Safari/537.36 (compatible; PetalBot;+https://webmaster.petalsearch.com/site/petalbot)"
74.80.208.106 - - [28/Jan/2025:18:10:43 -0500] "GET /root_stripe/stripe/tests/Stripe/TransferTest.php HTTP/1.1" 200 139 "-" "Mozilla/5.0 (compatible; ImagesiftBot; +imagesift.com)"
114.119.145.225 - - [28/Jan/2025:18:11:59 -0500] "GET /testbeta/root_stripe/stripe/data/?NA HTTP/1.1" 200 783 "https://www.eirtechs.com/testbeta/root_stripe/stripe/data/?MA" "Mozilla/5.0 (Linux; Android 7.0;) AppleWebKit/537.36 (KHTML, like Gecko) Mobile Safari/537.36 (compatible; PetalBot;+https://webmaster.petalsearch.com/site/petalbot)"
74.80.208.106 - - [28/Jan/2025:18:12:47 -0500] "GET /assets/js/ HTTP/1.1" 200 1377 "-" "Mozilla/5.0 (compatible; ImagesiftBot; +imagesift.com)"
114.119.145.115 - - [28/Jan/2025:18:14:58 -0500] "GET /admin/vendor/fontawesome-free/svgs/solid/vector-square.svg HTTP/1.1" 200 273 "https://eirtechs.com/admin/vendor/fontawesome-free/svgs/solid/?ND" "Mozilla/5.0 (Linux; Android 7.0;) AppleWebKit/537.36 (KHTML, like Gecko) Mobile Safari/537.36 (compatible; PetalBot;+https://webmaster.petalsearch.com/site/petalbot)"
74.80.208.106 - - [28/Jan/2025:18:15:09 -0500] "GET /packages/office-training.php HTTP/1.1" 200 7015 "-" "Mozilla/5.0 (compatible; ImagesiftBot; +imagesift.com)"
74.80.208.106 - - [28/Jan/2025:18:15:10 -0500] "GET /packages/assest/image/logo.png HTTP/1.1" 404 1251 "-" "Mozilla/5.0 (compatible; ImagesiftBot; +imagesift.com)"
114.119.145.115 - - [28/Jan/2025:18:17:01 -0500] "GET /testbeta/assets/css/bootstrap-datepicker.css HTTP/1.1" 200 2823 "https://www.eirtechs.com/testbeta/assets/css/?NA" "Mozilla/5.0 (Linux; Android 7.0;) AppleWebKit/537.36 (KHTML, like Gecko) Mobile Safari/537.36 (compatible; PetalBot;+https://webmaster.petalsearch.com/site/petalbot)"
74.80.208.106 - - [28/Jan/2025:18:18:05 -0500] "GET /build/css/ HTTP/1.1" 200 680 "-" "Mozilla/5.0 (compatible; ImagesiftBot; +imagesift.com)"
47.128.62.62 - - [28/Jan/2025:18:19:17 -0500] "GET /testbeta/root_stripe/stripe/lib/File.php HTTP/1.1" 200 137 "-" "Mozilla/5.0 (Linux; Android 5.0) AppleWebKit/537.36 (KHTML, like Gecko) Mobile Safari/537.36 (compatible; Bytespider; spider-feedback@bytedance.com)"
114.119.135.120 - - [28/Jan/2025:18:20:02 -0500] "GET /admin/vendor/fontawesome-free/svgs/solid/users-cog.svg HTTP/1.1" 200 840 "https://eirtechs.com/admin/vendor/fontawesome-free/svgs/solid/?ND" "Mozilla/5.0 (Linux; Android 7.0;) AppleWebKit/537.36 (KHTML, like Gecko) Mobile Safari/537.36 (compatible; PetalBot;+https://webmaster.petalsearch.com/site/petalbot)"
74.80.208.106 - - [28/Jan/2025:18:21:41 -0500] "GET /testbeta/assets/ HTTP/1.1" 200 660 "-" "Mozilla/5.0 (compatible; ImagesiftBot; +imagesift.com)"
114.119.128.203 - - [28/Jan/2025:18:22:02 -0500] "GET /testbeta-atif/assets/scss/bootstrap/mixins/_border-radius.scss HTTP/1.1" 200 722 "https://www.eirtechs.com/testbeta-atif/assets/scss/bootstrap/mixins/?SA" "Mozilla/5.0 (Linux; Android 7.0;) AppleWebKit/537.36 (KHTML, like Gecko) Mobile Safari/537.36 (compatible; PetalBot;+https://webmaster.petalsearch.com/site/petalbot)"
114.119.135.120 - - [28/Jan/2025:18:24:58 -0500] "GET /admin/vendor/fontawesome-free/svgs/solid/user-tie.svg HTTP/1.1" 200 246 "https://eirtechs.com/admin/vendor/fontawesome-free/svgs/solid/?SA" "Mozilla/5.0 (Linux; Android 7.0;) AppleWebKit/537.36 (KHTML, like Gecko) Mobile Safari/537.36 (compatible; PetalBot;+https://webmaster.petalsearch.com/site/petalbot)"
74.80.208.106 - - [28/Jan/2025:18:26:40 -0500] "GET /root_stripe/ HTTP/1.1" 200 608 "-" "Mozilla/5.0 (compatible; ImagesiftBot; +imagesift.com)"
114.119.145.225 - - [28/Jan/2025:18:27:00 -0500] "GET /testbeta-atif/assets/scss/bootstrap/mixins/?SD HTTP/1.1" 200 1842 "https://www.eirtechs.com/testbeta-atif/assets/scss/bootstrap/mixins/?SA" "Mozilla/5.0 (Linux; Android 7.0;) AppleWebKit/537.36 (KHTML, like Gecko) Mobile Safari/537.36 (compatible; PetalBot;+https://webmaster.petalsearch.com/site/petalbot)"
114.119.135.120 - - [28/Jan/2025:18:29:59 -0500] "GET /admin/vendor/fontawesome-free/svgs/solid/user-secret.svg HTTP/1.1" 200 536 "https://eirtechs.com/admin/vendor/fontawesome-free/svgs/solid/?ND" "Mozilla/5.0 (Linux; Android 7.0;) AppleWebKit/537.36 (KHTML, like Gecko) Mobile Safari/537.36 (compatible; PetalBot;+https://webmaster.petalsearch.com/site/petalbot)"
114.119.136.199 - - [28/Jan/2025:18:32:00 -0500] "GET /testbeta-atif/assets/js/jquery-3.2.1.min.js HTTP/1.1" 200 35669 "https://www.eirtechs.com/testbeta-atif/assets/js/" "Mozilla/5.0 (Linux; Android 7.0;) AppleWebKit/537.36 (KHTML, like Gecko) Mobile Safari/537.36 (compatible; PetalBot;+https://webmaster.petalsearch.com/site/petalbot)"
47.128.18.231 - - [28/Jan/2025:18:32:11 -0500] "GET /testbeta/root_stripe/stripe/lib/Token.php HTTP/1.1" 200 138 "-" "Mozilla/5.0 (Linux; Android 5.0) AppleWebKit/537.36 (KHTML, like Gecko) Mobile Safari/537.36 (compatible; Bytespider; spider-feedback@bytedance.com)"
85.208.96.207 - - [28/Jan/2025:18:33:51 -0500] "GET /admin/scss/_login.scss HTTP/1.1" 200 998 "-" "Mozilla/5.0 (compatible; SemrushBot/7~bl; +http://www.semrush.com/bot.html)"
74.80.208.106 - - [28/Jan/2025:18:33:55 -0500] "GET /testbeta/contact.php HTTP/1.1" 200 3286 "-" "Mozilla/5.0 (compatible; ImagesiftBot; +imagesift.com)"
114.119.128.203 - - [28/Jan/2025:18:34:58 -0500] "GET /admin/vendor/fontawesome-free/svgs/solid/undo-alt.svg HTTP/1.1" 200 397 "https://eirtechs.com/admin/vendor/fontawesome-free/svgs/solid/?ND" "Mozilla/5.0 (Linux; Android 7.0;) AppleWebKit/537.36 (KHTML, like Gecko) Mobile Safari/537.36 (compatible; PetalBot;+https://webmaster.petalsearch.com/site/petalbot)"
47.128.16.148 - - [28/Jan/2025:18:36:11 -0500] "GET /testbeta/root_stripe/stripe/lib/WebhookSignature.php HTTP/1.1" 200 0 "-" "Mozilla/5.0 (Linux; Android 5.0) AppleWebKit/537.36 (KHTML, like Gecko) Mobile Safari/537.36 (compatible; Bytespider; spider-feedback@bytedance.com)"
114.119.128.244 - - [28/Jan/2025:18:36:59 -0500] "GET /testbeta-atif/assets/js/?SD HTTP/1.1" 200 1627 "https://www.eirtechs.com/testbeta-atif/assets/js/?SA" "Mozilla/5.0 (Linux; Android 7.0;) AppleWebKit/537.36 (KHTML, like Gecko) Mobile Safari/537.36 (compatible; PetalBot;+https://webmaster.petalsearch.com/site/petalbot)"
114.119.145.115 - - [28/Jan/2025:18:40:00 -0500] "GET /admin/vendor/fontawesome-free/svgs/solid/trophy.svg HTTP/1.1" 200 407 "https://eirtechs.com/admin/vendor/fontawesome-free/svgs/solid/?ND" "Mozilla/5.0 (Linux; Android 7.0;) AppleWebKit/537.36 (KHTML, like Gecko) Mobile Safari/537.36 (compatible; PetalBot;+https://webmaster.petalsearch.com/site/petalbot)"
47.128.22.224 - - [28/Jan/2025:18:40:12 -0500] "GET /mail/form.lib.php HTTP/1.1" 200 0 "-" "Mozilla/5.0 (Linux; Android 5.0) AppleWebKit/537.36 (KHTML, like Gecko) Mobile Safari/537.36 (compatible; Bytespider; spider-feedback@bytedance.com)"
85.208.96.212 - - [28/Jan/2025:18:41:21 -0500] "GET /admin/scss/_mixins.scss HTTP/1.1" 200 1 "-" "Mozilla/5.0 (compatible; SemrushBot/7~bl; +http://www.semrush.com/bot.html)"
114.119.154.65 - - [28/Jan/2025:18:41:59 -0500] "GET /testbeta-atif/assets/fonts/ionicons/css/?SA HTTP/1.1" 200 833 "https://www.eirtechs.com/testbeta-atif/assets/fonts/ionicons/css/?NA" "Mozilla/5.0 (Linux; Android 7.0;) AppleWebKit/537.36 (KHTML, like Gecko) Mobile Safari/537.36 (compatible; PetalBot;+https://webmaster.petalsearch.com/site/petalbot)"
47.128.124.108 - - [28/Jan/2025:18:44:12 -0500] "GET /testbeta/root_stripe/stripe/update_certs.php HTTP/1.1" 200 23 "-" "Mozilla/5.0 (Linux; Android 5.0) AppleWebKit/537.36 (KHTML, like Gecko) Mobile Safari/537.36 (compatible; Bytespider; spider-feedback@bytedance.com)"
114.119.145.225 - - [28/Jan/2025:18:44:59 -0500] "GET /admin/vendor/fontawesome-free/svgs/solid/thermometer-half.svg HTTP/1.1" 200 423 "https://eirtechs.com/admin/vendor/fontawesome-free/svgs/solid/?ND" "Mozilla/5.0 (Linux; Android 7.0;) AppleWebKit/537.36 (KHTML, like Gecko) Mobile Safari/537.36 (compatible; PetalBot;+https://webmaster.petalsearch.com/site/petalbot)"
114.119.135.120 - - [28/Jan/2025:18:47:00 -0500] "GET /testbeta-atif/assets/fonts/ionicons/?MD HTTP/1.1" 200 797 "https://www.eirtechs.com/testbeta-atif/assets/fonts/ionicons/?MA" "Mozilla/5.0 (Linux; Android 7.0;) AppleWebKit/537.36 (KHTML, like Gecko) Mobile Safari/537.36 (compatible; PetalBot;+https://webmaster.petalsearch.com/site/petalbot)"
114.119.128.244 - - [28/Jan/2025:18:49:58 -0500] "GET /admin/vendor/fontawesome-free/svgs/solid/tablet-alt.svg HTTP/1.1" 200 237 "https://eirtechs.com/admin/vendor/fontawesome-free/svgs/solid/?SA" "Mozilla/5.0 (Linux; Android 7.0;) AppleWebKit/537.36 (KHTML, like Gecko) Mobile Safari/537.36 (compatible; PetalBot;+https://webmaster.petalsearch.com/site/petalbot)"
114.119.128.203 - - [28/Jan/2025:18:52:00 -0500] "GET /testbeta-atif/assets/css/bootstrap/?MA HTTP/1.1" 200 824 "https://www.eirtechs.com/testbeta-atif/assets/css/bootstrap/?SD" "Mozilla/5.0 (Linux; Android 7.0;) AppleWebKit/537.36 (KHTML, like Gecko) Mobile Safari/537.36 (compatible; PetalBot;+https://webmaster.petalsearch.com/site/petalbot)"
156.59.198.135 - - [28/Jan/2025:18:53:56 -0500] "GET /assest/image/mobileperspective/bg_buildings.svg HTTP/1.1" 404 1251 "-" "Mozilla/5.0 (Linux; Android 5.0) AppleWebKit/537.36 (KHTML, like Gecko) Mobile Safari/537.36 (compatible; Bytespider; spider-feedback@bytedance.com)"
185.191.171.6 - - [28/Jan/2025:18:54:56 -0500] "GET /assets/images/logos/ HTTP/1.1" 200 1899 "-" "Mozilla/5.0 (compatible; SemrushBot/7~bl; +http://www.semrush.com/bot.html)"
114.119.136.199 - - [28/Jan/2025:18:55:00 -0500] "GET /admin/vendor/fontawesome-free/svgs/solid/suitcase-rolling.svg HTTP/1.1" 200 272 "https://eirtechs.com/admin/vendor/fontawesome-free/svgs/solid/?SA" "Mozilla/5.0 (Linux; Android 7.0;) AppleWebKit/537.36 (KHTML, like Gecko) Mobile Safari/537.36 (compatible; PetalBot;+https://webmaster.petalsearch.com/site/petalbot)"
114.119.135.120 - - [28/Jan/2025:18:57:01 -0500] "GET /root_stripe/stripe/lib/Subscription.php HTTP/1.1" 200 153 "https://www.eirtechs.com/root_stripe/stripe/lib/?ND" "Mozilla/5.0 (Linux; Android 7.0;) AppleWebKit/537.36 (KHTML, like Gecko) Mobile Safari/537.36 (compatible; PetalBot;+https://webmaster.petalsearch.com/site/petalbot)"
114.119.136.199 - - [28/Jan/2025:18:59:59 -0500] "GET /admin/vendor/fontawesome-free/svgs/solid/store-alt.svg HTTP/1.1" 200 259 "https://eirtechs.com/admin/vendor/fontawesome-free/svgs/solid/?SA" "Mozilla/5.0 (Linux; Android 7.0;) AppleWebKit/537.36 (KHTML, like Gecko) Mobile Safari/537.36 (compatible; PetalBot;+https://webmaster.petalsearch.com/site/petalbot)"
114.119.145.115 - - [28/Jan/2025:19:02:02 -0500] "GET /root_stripe/stripe/lib/FileUpload.php HTTP/1.1" 200 142 "https://www.eirtechs.com/root_stripe/stripe/lib/?ND" "Mozilla/5.0 (Linux; Android 7.0;) AppleWebKit/537.36 (KHTML, like Gecko) Mobile Safari/537.36 (compatible; PetalBot;+https://webmaster.petalsearch.com/site/petalbot)"
74.80.208.106 - - [28/Jan/2025:19:03:53 -0500] "GET /root_stripe/stripe/lib/Error/OAuth/UnsupportedGrantType.php HTTP/1.1" 200 155 "-" "Mozilla/5.0 (compatible; ImagesiftBot; +imagesift.com)"
114.119.145.225 - - [28/Jan/2025:19:04:59 -0500] "GET /admin/vendor/fontawesome-free/svgs/solid/star-and-crescent.svg HTTP/1.1" 200 466 "https://eirtechs.com/admin/vendor/fontawesome-free/svgs/solid/?ND" "Mozilla/5.0 (Linux; Android 7.0;) AppleWebKit/537.36 (KHTML, like Gecko) Mobile Safari/537.36 (compatible; PetalBot;+https://webmaster.petalsearch.com/site/petalbot)"
114.119.135.120 - - [28/Jan/2025:19:07:00 -0500] "GET /testbeta/root_stripe/stripe/lib/Error/SignatureVerification.php HTTP/1.1" 200 164 "https://www.eirtechs.com/testbeta/root_stripe/stripe/lib/Error/?MD" "Mozilla/5.0 (Linux; Android 7.0;) AppleWebKit/537.36 (KHTML, like Gecko) Mobile Safari/537.36 (compatible; PetalBot;+https://webmaster.petalsearch.com/site/petalbot)"
114.119.128.203 - - [28/Jan/2025:19:09:59 -0500] "GET /admin/vendor/fontawesome-free/svgs/solid/skiing.svg HTTP/1.1" 200 493 "https://eirtechs.com/admin/vendor/fontawesome-free/svgs/solid/?ND" "Mozilla/5.0 (Linux; Android 7.0;) AppleWebKit/537.36 (KHTML, like Gecko) Mobile Safari/537.36 (compatible; PetalBot;+https://webmaster.petalsearch.com/site/petalbot)"
114.119.128.203 - - [28/Jan/2025:19:12:06 -0500] "GET /testbeta/root_stripe/stripe/lib/Error/OAuth/UnsupportedGrantType.php HTTP/1.1" 200 172 "https://www.eirtechs.com/testbeta/root_stripe/stripe/lib/Error/OAuth/?MA" "Mozilla/5.0 (Linux; Android 7.0;) AppleWebKit/537.36 (KHTML, like Gecko) Mobile Safari/537.36 (compatible; PetalBot;+https://webmaster.petalsearch.com/site/petalbot)"
114.119.145.115 - - [28/Jan/2025:19:15:00 -0500] "GET /paynow/create/ HTTP/1.1" 302 23 "https://www.eirtechs.com/paynow/?SD" "Mozilla/5.0 (Linux; Android 7.0;) AppleWebKit/537.36 (KHTML, like Gecko) Mobile Safari/537.36 (compatible; PetalBot;+https://webmaster.petalsearch.com/site/petalbot)"
114.119.136.199 - - [28/Jan/2025:19:17:02 -0500] "GET /testbeta/packages/?ND HTTP/1.1" 200 854 "https://www.eirtechs.com/testbeta/packages/?NA" "Mozilla/5.0 (Linux; Android 7.0;) AppleWebKit/537.36 (KHTML, like Gecko) Mobile Safari/537.36 (compatible; PetalBot;+https://webmaster.petalsearch.com/site/petalbot)"
185.191.171.11 - - [28/Jan/2025:19:17:46 -0500] "GET /robots.txt HTTP/1.1" 404 1251 "-" "Mozilla/5.0 (compatible; SemrushBot/7~bl; +http://www.semrush.com/bot.html)"
85.208.96.199 - - [28/Jan/2025:19:17:56 -0500] "GET /admin/vendor/fontawesome-free/scss/_screen-reader.scss HTTP/1.1" 200 130 "-" "Mozilla/5.0 (compatible; SemrushBot/7~bl; +http://www.semrush.com/bot.html)"
114.119.145.115 - - [28/Jan/2025:19:20:05 -0500] "GET /admin/vendor/fontawesome-free/svgs/solid/exclamation-circle.svg HTTP/1.1" 200 291 "https://www.eirtechs.com/admin/vendor/fontawesome-free/svgs/solid/?SA" "Mozilla/5.0 (Linux; Android 7.0;) AppleWebKit/537.36 (KHTML, like Gecko) Mobile Safari/537.36 (compatible; PetalBot;+https://webmaster.petalsearch.com/site/petalbot)"
85.208.96.208 - - [28/Jan/2025:19:21:33 -0500] "GET /admin/scss/_error.scss HTTP/1.1" 200 1139 "-" "Mozilla/5.0 (compatible; SemrushBot/7~bl; +http://www.semrush.com/bot.html)"
114.119.135.120 - - [28/Jan/2025:19:22:01 -0500] "GET /testbeta/mail/?NA HTTP/1.1" 200 1302 "https://www.eirtechs.com/testbeta/mail/?SA" "Mozilla/5.0 (Linux; Android 7.0;) AppleWebKit/537.36 (KHTML, like Gecko) Mobile Safari/537.36 (compatible; PetalBot;+https://webmaster.petalsearch.com/site/petalbot)"
114.119.128.203 - - [28/Jan/2025:19:24:59 -0500] "GET /admin/vendor/fontawesome-free/svgs/solid/warehouse.svg HTTP/1.1" 200 295 "https://eirtechs.com/admin/vendor/fontawesome-free/svgs/solid/?ND" "Mozilla/5.0 (Linux; Android 7.0;) AppleWebKit/537.36 (KHTML, like Gecko) Mobile Safari/537.36 (compatible; PetalBot;+https://webmaster.petalsearch.com/site/petalbot)"
114.119.154.65 - - [28/Jan/2025:19:27:02 -0500] "GET /testbeta/assets/?MD HTTP/1.1" 200 821 "https://www.eirtechs.com/testbeta/assets/?MA" "Mozilla/5.0 (Linux; Android 7.0;) AppleWebKit/537.36 (KHTML, like Gecko) Mobile Safari/537.36 (compatible; PetalBot;+https://webmaster.petalsearch.com/site/petalbot)"
85.208.96.196 - - [28/Jan/2025:19:28:13 -0500] "GET /admin/vendor/fontawesome-free/scss/fontawesome.scss HTTP/1.1" 200 247 "-" "Mozilla/5.0 (compatible; SemrushBot/7~bl; +http://www.semrush.com/bot.html)"
114.119.145.225 - - [28/Jan/2025:19:30:03 -0500] "GET /admin/vendor/fontawesome-free/svgs/solid/volume-up.svg HTTP/1.1" 200 585 "https://eirtechs.com/admin/vendor/fontawesome-free/svgs/solid/?ND" "Mozilla/5.0 (Linux; Android 7.0;) AppleWebKit/537.36 (KHTML, like Gecko) Mobile Safari/537.36 (compatible; PetalBot;+https://webmaster.petalsearch.com/site/petalbot)"
114.119.136.199 - - [28/Jan/2025:19:32:01 -0500] "GET /testbeta-atif/root_stripe/stripe/lib/Token.php HTTP/1.1" 200 157 "https://www.eirtechs.com/testbeta-atif/root_stripe/stripe/lib/?NA" "Mozilla/5.0 (Linux; Android 7.0;) AppleWebKit/537.36 (KHTML, like Gecko) Mobile Safari/537.36 (compatible; PetalBot;+https://webmaster.petalsearch.com/site/petalbot)"
114.119.128.244 - - [28/Jan/2025:19:35:00 -0500] "GET /admin/vendor/fontawesome-free/svgs/solid/utensils.svg HTTP/1.1" 200 365 "https://eirtechs.com/admin/vendor/fontawesome-free/svgs/solid/?SA" "Mozilla/5.0 (Linux; Android 7.0;) AppleWebKit/537.36 (KHTML, like Gecko) Mobile Safari/537.36 (compatible; PetalBot;+https://webmaster.petalsearch.com/site/petalbot)"
114.119.136.199 - - [28/Jan/2025:19:37:02 -0500] "GET /testbeta-atif/root_stripe/stripe/lib/Reporting/?NA HTTP/1.1" 200 827 "https://www.eirtechs.com/testbeta-atif/root_stripe/stripe/lib/Reporting/?SA" "Mozilla/5.0 (Linux; Android 7.0;) AppleWebKit/537.36 (KHTML, like Gecko) Mobile Safari/537.36 (compatible; PetalBot;+https://webmaster.petalsearch.com/site/petalbot)"
47.128.52.27 - - [28/Jan/2025:19:39:53 -0500] "GET /testbeta-atif/root_stripe/stripe/lib/Webhook.php HTTP/1.1" 200 0 "-" "Mozilla/5.0 (Linux; Android 5.0) AppleWebKit/537.36 (KHTML, like Gecko) Mobile Safari/537.36 (compatible; Bytespider; spider-feedback@bytedance.com)"
114.119.145.225 - - [28/Jan/2025:19:39:59 -0500] "GET /admin/vendor/fontawesome-free/svgs/solid/stream.svg HTTP/1.1" 200 200 "https://eirtechs.com/admin/vendor/fontawesome-free/svgs/solid/?SA" "Mozilla/5.0 (Linux; Android 7.0;) AppleWebKit/537.36 (KHTML, like Gecko) Mobile Safari/537.36 (compatible; PetalBot;+https://webmaster.petalsearch.com/site/petalbot)"
114.119.145.115 - - [28/Jan/2025:19:42:02 -0500] "GET /testbeta-atif/root_stripe/stripe/lib/AlipayAccount.php HTTP/1.1" 200 162 "https://www.eirtechs.com/testbeta-atif/root_stripe/stripe/lib/?NA" "Mozilla/5.0 (Linux; Android 7.0;) AppleWebKit/537.36 (KHTML, like Gecko) Mobile Safari/537.36 (compatible; PetalBot;+https://webmaster.petalsearch.com/site/petalbot)"
47.128.44.213 - - [28/Jan/2025:19:43:54 -0500] "GET /testbeta-atif/root_stripe/stripe/lib/ApiOperations/Create.php HTTP/1.1" 200 0 "-" "Mozilla/5.0 (Linux; Android 5.0) AppleWebKit/537.36 (KHTML, like Gecko) Mobile Safari/537.36 (compatible; Bytespider; spider-feedback@bytedance.com)"
114.119.154.65 - - [28/Jan/2025:19:45:00 -0500] "GET /admin/vendor/fontawesome-free/svgs/solid/sms.svg HTTP/1.1" 200 518 "https://eirtechs.com/admin/vendor/fontawesome-free/svgs/solid/?ND" "Mozilla/5.0 (Linux; Android 7.0;) AppleWebKit/537.36 (KHTML, like Gecko) Mobile Safari/537.36 (compatible; PetalBot;+https://webmaster.petalsearch.com/site/petalbot)"
114.119.154.65 - - [28/Jan/2025:19:47:02 -0500] "GET /testbeta-atif/assets/scss/bootstrap/?MD HTTP/1.1" 200 2265 "https://www.eirtechs.com/testbeta-atif/assets/scss/bootstrap/?MA" "Mozilla/5.0 (Linux; Android 7.0;) AppleWebKit/537.36 (KHTML, like Gecko) Mobile Safari/537.36 (compatible; PetalBot;+https://webmaster.petalsearch.com/site/petalbot)"
47.128.23.255 - - [28/Jan/2025:19:47:54 -0500] "GET /testbeta/root_stripe/stripe/lib/PaymentIntent.php HTTP/1.1" 200 145 "-" "Mozilla/5.0 (Linux; Android 5.0) AppleWebKit/537.36 (KHTML, like Gecko) Mobile Safari/537.36 (compatible; Bytespider; spider-feedback@bytedance.com)"
185.191.171.11 - - [28/Jan/2025:19:48:50 -0500] "GET /admin/user.php HTTP/1.1" 200 5087 "-" "Mozilla/5.0 (compatible; SemrushBot/7~bl; +http://www.semrush.com/bot.html)"
102.129.223.92 - - [28/Jan/2025:19:49:21 -0500] "GET /contact.php%09%092024-06-19+05:48%09Ready+contact+form+successfully+found+/+Requires+recaptcha+v3+input%09http://eirtechs.com%09%09%09%09%09 HTTP/1.1" 404 1251 "-" "Mozilla/5.0 (X11; Linux x86_64) AppleWebKit/537.36 (KHTML, like Gecko) Chrome/114.0.0.0 Safari/537.36"
102.129.223.92 - - [28/Jan/2025:19:49:22 -0500] "GET / HTTP/1.1" 200 1894 "-" "Mozilla/5.0 (X11; Linux x86_64) AppleWebKit/537.36 (KHTML, like Gecko) Chrome/114.0.0.0 Safari/537.36"
102.129.223.92 - - [28/Jan/2025:19:49:23 -0500] "GET /contact.php HTTP/1.1" 200 9434 "https://eirtechs.com/contact.php%09%092024-06-19+05:48%09Ready+contact+form+successfully+found+/+Requires+recaptcha+v3+input%09http://eirtechs.com%09%09%09%09%09" "Mozilla/5.0 (X11; Linux x86_64) AppleWebKit/537.36 (KHTML, like Gecko) Chrome/114.0.0.0 Safari/537.36"
114.119.128.244 - - [28/Jan/2025:19:50:00 -0500] "GET /admin/vendor/fontawesome-free/svgs/solid/shuttle-van.svg HTTP/1.1" 200 304 "https://eirtechs.com/admin/vendor/fontawesome-free/svgs/solid/?SA" "Mozilla/5.0 (Linux; Android 7.0;) AppleWebKit/537.36 (KHTML, like Gecko) Mobile Safari/537.36 (compatible; PetalBot;+https://webmaster.petalsearch.com/site/petalbot)"
114.119.166.95 - - [28/Jan/2025:19:52:02 -0500] "GET /stripe/?SD HTTP/1.1" 200 879 "https://www.eirtechs.com/stripe/?SA" "Mozilla/5.0 (Linux; Android 7.0;) AppleWebKit/537.36 (KHTML, like Gecko) Mobile Safari/537.36 (compatible; PetalBot;+https://webmaster.petalsearch.com/site/petalbot)"
114.119.145.115 - - [28/Jan/2025:19:55:00 -0500] "GET /admin/vendor/fontawesome-free/svgs/solid/ship.svg HTTP/1.1" 200 449 "https://eirtechs.com/admin/vendor/fontawesome-free/svgs/solid/?ND" "Mozilla/5.0 (Linux; Android 7.0;) AppleWebKit/537.36 (KHTML, like Gecko) Mobile Safari/537.36 (compatible; PetalBot;+https://webmaster.petalsearch.com/site/petalbot)"
114.119.128.244 - - [28/Jan/2025:19:57:02 -0500] "GET /service/?SA HTTP/1.1" 200 1469 "https://www.eirtechs.com/service/?SD" "Mozilla/5.0 (Linux; Android 7.0;) AppleWebKit/537.36 (KHTML, like Gecko) Mobile Safari/537.36 (compatible; PetalBot;+https://webmaster.petalsearch.com/site/petalbot)"
47.128.112.173 - - [28/Jan/2025:19:58:57 -0500] "GET /root_stripe/stripe/lib/ApiOperations/All.php HTTP/1.1" 200 0 "-" "Mozilla/5.0 (Linux; Android 5.0) AppleWebKit/537.36 (KHTML, like Gecko) Mobile Safari/537.36 (compatible; Bytespider; spider-feedback@bytedance.com)"
114.119.136.199 - - [28/Jan/2025:20:00:00 -0500] "GET /admin/vendor/fontawesome-free/svgs/solid/search-dollar.svg HTTP/1.1" 200 639 "https://eirtechs.com/admin/vendor/fontawesome-free/svgs/solid/?ND" "Mozilla/5.0 (Linux; Android 7.0;) AppleWebKit/537.36 (KHTML, like Gecko) Mobile Safari/537.36 (compatible; PetalBot;+https://webmaster.petalsearch.com/site/petalbot)"
114.119.145.225 - - [28/Jan/2025:20:02:02 -0500] "GET /root_stripe/stripe/tests/Stripe/TopupTest.php HTTP/1.1" 200 149 "https://www.eirtechs.com/root_stripe/stripe/tests/Stripe/?SD" "Mozilla/5.0 (Linux; Android 7.0;) AppleWebKit/537.36 (KHTML, like Gecko) Mobile Safari/537.36 (compatible; PetalBot;+https://webmaster.petalsearch.com/site/petalbot)"
47.128.36.86 - - [28/Jan/2025:20:02:57 -0500] "GET /testbeta/root_stripe/stripe/lib/Subscription.php HTTP/1.1" 200 142 "-" "Mozilla/5.0 (Linux; Android 5.0) AppleWebKit/537.36 (KHTML, like Gecko) Mobile Safari/537.36 (compatible; Bytespider; spider-feedback@bytedance.com)"
114.119.166.95 - - [28/Jan/2025:20:05:01 -0500] "GET /admin/vendor/fontawesome-free/svgs/solid/ruble-sign.svg HTTP/1.1" 200 286 "https://eirtechs.com/admin/vendor/fontawesome-free/svgs/solid/?SA" "Mozilla/5.0 (Linux; Android 7.0;) AppleWebKit/537.36 (KHTML, like Gecko) Mobile Safari/537.36 (compatible; PetalBot;+https://webmaster.petalsearch.com/site/petalbot)"
85.208.96.204 - - [28/Jan/2025:20:05:36 -0500] "GET /admin/scss/utilities/ HTTP/1.1" 200 1227 "-" "Mozilla/5.0 (compatible; SemrushBot/7~bl; +http://www.semrush.com/bot.html)"
114.119.135.120 - - [28/Jan/2025:20:07:07 -0500] "GET /root_stripe/stripe/tests/Stripe/AlipayAccountTest.php HTTP/1.1" 200 156 "https://www.eirtechs.com/root_stripe/stripe/tests/Stripe/?SD" "Mozilla/5.0 (Linux; Android 7.0;) AppleWebKit/537.36 (KHTML, like Gecko) Mobile Safari/537.36 (compatible; PetalBot;+https://webmaster.petalsearch.com/site/petalbot)"
191.102.154.58 - - [28/Jan/2025:20:08:44 -0500] "GET /contact.php HTTP/1.0" 200 43266 "https://eirtechs.com/contact.php" "Mozilla/5.0 (Windows NT 6.1; WOW64) AppleWebKit/537.36 (KHTML, like Gecko) Chrome/66.0.3359.170 Safari/537.36 OPR/53.0.2907.99"
191.102.154.58 - - [28/Jan/2025:20:08:50 -0500] "POST /contact.php HTTP/1.0" 200 43602 "https://eirtechs.com/contact.php" "Mozilla/5.0 (Windows NT 6.1; WOW64) AppleWebKit/537.36 (KHTML, like Gecko) Chrome/66.0.3359.170 Safari/537.36 OPR/53.0.2907.99"
191.102.154.58 - - [28/Jan/2025:20:09:00 -0500] "GET /contact.php HTTP/1.0" 200 43266 "https://eirtechs.com/contact.php" "Mozilla/5.0 (Windows NT 6.1; WOW64) AppleWebKit/537.36 (KHTML, like Gecko) Chrome/66.0.3359.170 Safari/537.36 OPR/53.0.2907.99"
47.128.127.51 - - [28/Jan/2025:20:09:13 -0500] "GET /testbeta-atif/root_stripe/stripe/tests/Stripe/StripeTest.php HTTP/1.1" 200 144 "-" "Mozilla/5.0 (Linux; Android 5.0) AppleWebKit/537.36 (KHTML, like Gecko) Mobile Safari/537.36 (compatible; Bytespider; spider-feedback@bytedance.com)"
85.208.96.212 - - [28/Jan/2025:20:09:36 -0500] "GET /admin/scss/sb-admin-2.scss HTTP/1.1" 200 504 "-" "Mozilla/5.0 (compatible; SemrushBot/7~bl; +http://www.semrush.com/bot.html)"
114.119.128.203 - - [28/Jan/2025:20:10:01 -0500] "GET /admin/vendor/fontawesome-free/svgs/solid/redo-alt.svg HTTP/1.1" 200 399 "https://eirtechs.com/admin/vendor/fontawesome-free/svgs/solid/?ND" "Mozilla/5.0 (Linux; Android 7.0;) AppleWebKit/537.36 (KHTML, like Gecko) Mobile Safari/537.36 (compatible; PetalBot;+https://webmaster.petalsearch.com/site/petalbot)"
223.244.35.77 - - [28/Jan/2025:20:11:38 -0500] "GET / HTTP/1.1" 200 2204 "http://www.eirtechs.com" "Mozilla/5.0 (iPhone; CPU iPhone OS 13_2_3 like Mac OS X) AppleWebKit/605.1.15 (KHTML, like Gecko) Version/13.0.3 Mobile/15E148 Safari/604.1"
