114.119.135.120 - - [29/Jan/2025:00:07:09 -0500] "GET /testbeta/root_stripe/stripe/lib/InvoiceItem.php HTTP/1.1" 200 157 "https://www.eirtechs.com/testbeta/root_stripe/stripe/lib/?ND" "Mozilla/5.0 (Linux; Android 7.0;) AppleWebKit/537.36 (KHTML, like Gecko) Mobile Safari/537.36 (compatible; PetalBot;+https://webmaster.petalsearch.com/site/petalbot)"
54.36.149.57 - - [29/Jan/2025:00:08:10 -0500] "GET /testbeta-atif/root_stripe/stripe/tests/Stripe/ApplicationFeeTest.php HTTP/1.1" 200 155 "-" "Mozilla/5.0 (compatible; AhrefsBot/7.0; +http://ahrefs.com/robot/)"
47.128.41.75 - - [29/Jan/2025:00:10:00 -0500] "GET /testbeta/root_stripe/stripe/tests/Stripe/TopupTest.php HTTP/1.1" 200 145 "-" "Mozilla/5.0 (Linux; Android 5.0) AppleWebKit/537.36 (KHTML, like Gecko) Mobile Safari/537.36 (compatible; Bytespider; spider-feedback@bytedance.com)"
114.119.154.65 - - [29/Jan/2025:00:10:09 -0500] "GET /admin/vendor/fontawesome-free/svgs/solid/pen-square.svg HTTP/1.1" 200 300 "https://eirtechs.com/admin/vendor/fontawesome-free/svgs/solid/?SA" "Mozilla/5.0 (Linux; Android 7.0;) AppleWebKit/537.36 (KHTML, like Gecko) Mobile Safari/537.36 (compatible; PetalBot;+https://webmaster.petalsearch.com/site/petalbot)"
114.119.145.225 - - [29/Jan/2025:00:12:08 -0500] "GET /testbeta/root_stripe/stripe/lib/Customer.php HTTP/1.1" 200 154 "https://www.eirtechs.com/testbeta/root_stripe/stripe/lib/?ND" "Mozilla/5.0 (Linux; Android 7.0;) AppleWebKit/537.36 (KHTML, like Gecko) Mobile Safari/537.36 (compatible; PetalBot;+https://webmaster.petalsearch.com/site/petalbot)"
54.36.149.8 - - [29/Jan/2025:00:12:22 -0500] "GET /testbeta-atif/root_stripe/stripe/tests/Stripe/StripeTest.php HTTP/1.1" 200 144 "-" "Mozilla/5.0 (compatible; AhrefsBot/7.0; +http://ahrefs.com/robot/)"
74.80.208.154 - - [29/Jan/2025:00:12:56 -0500] "GET /testbeta-atif/assets/images/ HTTP/1.1" 200 2129 "-" "Mozilla/5.0 (compatible; ImagesiftBot; +imagesift.com)"
74.80.208.154 - - [29/Jan/2025:00:12:57 -0500] "GET /testbeta-atif/assets/images/add-awardWin.jpg HTTP/1.1" 200 16556 "-" "Mozilla/5.0 (compatible; ImagesiftBot; +imagesift.com)"
74.80.208.154 - - [29/Jan/2025:00:12:58 -0500] "GET /testbeta-atif/assets/images/add-uniqueDesign.jpg HTTP/1.1" 200 12060 "-" "Mozilla/5.0 (compatible; ImagesiftBot; +imagesift.com)"
74.80.208.154 - - [29/Jan/2025:00:12:59 -0500] "GET /testbeta-atif/assets/images/et-logo-light.png HTTP/1.1" 200 3722 "-" "Mozilla/5.0 (compatible; ImagesiftBot; +imagesift.com)"
74.80.208.154 - - [29/Jan/2025:00:13:32 -0500] "GET /admin/vendor/fontawesome-free/less/_shims.less HTTP/1.1" 200 60578 "-" "Mozilla/5.0 (compatible; ImagesiftBot; +imagesift.com)"
74.80.208.154 - - [29/Jan/2025:00:14:05 -0500] "GET /pay/packages.json HTTP/1.1" 200 317 "-" "Mozilla/5.0 (compatible; ImagesiftBot; +imagesift.com)"
74.80.208.154 - - [29/Jan/2025:00:14:36 -0500] "GET /testbeta-atif/root_stripe/stripe/lib/Error/OAuth/ HTTP/1.1" 200 1072 "-" "Mozilla/5.0 (compatible; ImagesiftBot; +imagesift.com)"
114.119.136.199 - - [29/Jan/2025:00:15:07 -0500] "GET /admin/vendor/fontawesome-free/svgs/solid/pen-nib.svg HTTP/1.1" 200 301 "https://eirtechs.com/admin/vendor/fontawesome-free/svgs/solid/?SA" "Mozilla/5.0 (Linux; Android 7.0;) AppleWebKit/537.36 (KHTML, like Gecko) Mobile Safari/537.36 (compatible; PetalBot;+https://webmaster.petalsearch.com/site/petalbot)"
74.80.208.154 - - [29/Jan/2025:00:15:54 -0500] "GET /testbeta/assets/scss/bootstrap/mixins/_visibility.scss HTTP/1.1" 200 134 "-" "Mozilla/5.0 (compatible; ImagesiftBot; +imagesift.com)"
54.36.148.153 - - [29/Jan/2025:00:16:11 -0500] "GET /testbeta-atif/root_stripe/stripe/tests/Stripe/WebhookTest.php HTTP/1.1" 200 150 "-" "Mozilla/5.0 (compatible; AhrefsBot/7.0; +http://ahrefs.com/robot/)"
74.80.208.154 - - [29/Jan/2025:00:16:46 -0500] "GET /testbeta/ HTTP/1.1" 200 1124 "-" "Mozilla/5.0 (compatible; ImagesiftBot; +imagesift.com)"
114.119.128.203 - - [29/Jan/2025:00:17:08 -0500] "GET /testbeta/root_stripe/stripe/lib/Balance.php HTTP/1.1" 200 160 "https://www.eirtechs.com/testbeta/root_stripe/stripe/lib/?ND" "Mozilla/5.0 (Linux; Android 7.0;) AppleWebKit/537.36 (KHTML, like Gecko) Mobile Safari/537.36 (compatible; PetalBot;+https://webmaster.petalsearch.com/site/petalbot)"
74.80.208.154 - - [29/Jan/2025:00:17:22 -0500] "GET /services/eir-applications.php HTTP/1.1" 200 6511 "-" "Mozilla/5.0 (compatible; ImagesiftBot; +imagesift.com)"
74.80.208.154 - - [29/Jan/2025:00:17:23 -0500] "GET /services/assest/image/logo.png HTTP/1.1" 404 1251 "-" "Mozilla/5.0 (compatible; ImagesiftBot; +imagesift.com)"
74.80.208.154 - - [29/Jan/2025:00:17:37 -0500] "GET /testbeta/assets/scss/bootstrap/utilities/_visibility.scss HTTP/1.1" 200 121 "-" "Mozilla/5.0 (compatible; ImagesiftBot; +imagesift.com)"
74.80.208.154 - - [29/Jan/2025:00:18:01 -0500] "GET /testbeta/assets/fonts/ionicons/fonts/ionicons.woff2 HTTP/1.1" 200 50592 "-" "Mozilla/5.0 (compatible; ImagesiftBot; +imagesift.com)"
74.80.208.154 - - [29/Jan/2025:00:18:28 -0500] "GET /services/web.php HTTP/1.1" 200 6726 "-" "Mozilla/5.0 (compatible; ImagesiftBot; +imagesift.com)"
74.80.208.154 - - [29/Jan/2025:00:18:29 -0500] "GET /assets/images/portfolio/website/8-min.jpg HTTP/1.1" 200 31498 "-" "Mozilla/5.0 (compatible; ImagesiftBot; +imagesift.com)"
74.80.208.154 - - [29/Jan/2025:00:18:54 -0500] "GET /about/testimonials.php HTTP/1.1" 200 6427 "-" "Mozilla/5.0 (compatible; ImagesiftBot; +imagesift.com)"
74.80.208.154 - - [29/Jan/2025:00:19:48 -0500] "GET /admin/vendor/fontawesome-free/scss/_mixins.scss HTTP/1.1" 200 1293 "-" "Mozilla/5.0 (compatible; ImagesiftBot; +imagesift.com)"
54.36.148.33 - - [29/Jan/2025:00:19:57 -0500] "GET /assets/images/portfolio/new2/?SD HTTP/1.1" 200 1186 "-" "Mozilla/5.0 (compatible; AhrefsBot/7.0; +http://ahrefs.com/robot/)"
114.119.128.244 - - [29/Jan/2025:00:20:05 -0500] "GET /admin/vendor/fontawesome-free/svgs/solid/pen-fancy.svg HTTP/1.1" 200 291 "https://eirtechs.com/admin/vendor/fontawesome-free/svgs/solid/?SA" "Mozilla/5.0 (Linux; Android 7.0;) AppleWebKit/537.36 (KHTML, like Gecko) Mobile Safari/537.36 (compatible; PetalBot;+https://webmaster.petalsearch.com/site/petalbot)"
74.80.208.154 - - [29/Jan/2025:00:20:27 -0500] "GET /testbeta/root_stripe/stripe/tests/Stripe/Error/SignatureVerificationTest.php HTTP/1.1" 200 157 "-" "Mozilla/5.0 (compatible; ImagesiftBot; +imagesift.com)"
74.80.208.154 - - [29/Jan/2025:00:20:34 -0500] "GET /testbeta/services/logo.php HTTP/1.1" 200 4966 "-" "Mozilla/5.0 (compatible; ImagesiftBot; +imagesift.com)"
74.80.208.154 - - [29/Jan/2025:00:20:35 -0500] "GET /testbeta/assets/images/portfolio/logo/2-min.jpg HTTP/1.1" 200 4790 "-" "Mozilla/5.0 (compatible; ImagesiftBot; +imagesift.com)"
74.80.208.154 - - [29/Jan/2025:00:20:36 -0500] "GET /testbeta/assets/images/portfolio/logo/10-min.jpg HTTP/1.1" 200 5275 "-" "Mozilla/5.0 (compatible; ImagesiftBot; +imagesift.com)"
74.80.208.154 - - [29/Jan/2025:00:20:37 -0500] "GET /testbeta/assets/images/portfolio/logo/25-min.jpg HTTP/1.1" 200 5560 "-" "Mozilla/5.0 (compatible; ImagesiftBot; +imagesift.com)"
74.80.208.154 - - [29/Jan/2025:00:21:16 -0500] "GET /root_stripe/stripe/tests/Stripe/BalanceTransactionTest.php HTTP/1.1" 200 147 "-" "Mozilla/5.0 (compatible; ImagesiftBot; +imagesift.com)"
47.128.122.136 - - [29/Jan/2025:00:21:34 -0500] "GET /testbeta-atif/root_stripe/stripe/tests/Stripe/FileUploadTest.php HTTP/1.1" 200 152 "-" "Mozilla/5.0 (Linux; Android 5.0) AppleWebKit/537.36 (KHTML, like Gecko) Mobile Safari/537.36 (compatible; Bytespider; spider-feedback@bytedance.com)"
114.119.166.95 - - [29/Jan/2025:00:22:09 -0500] "GET /testbeta/root_stripe/stripe/data/?ND HTTP/1.1" 200 783 "https://www.eirtechs.com/testbeta/root_stripe/stripe/data/?NA" "Mozilla/5.0 (Linux; Android 7.0;) AppleWebKit/537.36 (KHTML, like Gecko) Mobile Safari/537.36 (compatible; PetalBot;+https://webmaster.petalsearch.com/site/petalbot)"
74.80.208.154 - - [29/Jan/2025:00:22:25 -0500] "GET /admin/vendor/bootstrap/scss/bootstrap-grid.scss HTTP/1.1" 200 572 "-" "Mozilla/5.0 (compatible; ImagesiftBot; +imagesift.com)"
74.80.208.154 - - [29/Jan/2025:00:22:40 -0500] "GET /mail/phpmailer.php HTTP/1.1" 200 0 "-" "Mozilla/5.0 (compatible; ImagesiftBot; +imagesift.com)"
74.80.208.154 - - [29/Jan/2025:00:22:50 -0500] "GET /stripe/contact.php HTTP/1.1" 404 1251 "-" "Mozilla/5.0 (compatible; ImagesiftBot; +imagesift.com)"
74.80.208.154 - - [29/Jan/2025:00:23:38 -0500] "GET /root_stripe/stripe/phpunit.no_autoload.xml HTTP/1.1" 304 0 "-" "Mozilla/5.0 (compatible; ImagesiftBot; +imagesift.com)"
54.36.148.32 - - [29/Jan/2025:00:23:57 -0500] "GET /testbeta-atif/root_stripe/stripe/tests/Stripe/CountrySpecTest.php HTTP/1.1" 200 152 "-" "Mozilla/5.0 (compatible; AhrefsBot/7.0; +http://ahrefs.com/robot/)"
74.80.208.154 - - [29/Jan/2025:00:23:59 -0500] "GET /testbeta/root_stripe/stripe/tests/Stripe/Issuing/AuthorizationTest.php HTTP/1.1" 200 154 "-" "Mozilla/5.0 (compatible; ImagesiftBot; +imagesift.com)"
74.80.208.154 - - [29/Jan/2025:00:24:14 -0500] "GET /about/step_form.php HTTP/1.1" 200 8699 "-" "Mozilla/5.0 (compatible; ImagesiftBot; +imagesift.com)"
74.80.208.154 - - [29/Jan/2025:00:24:30 -0500] "GET /testbeta/packages/logo.php HTTP/1.1" 200 4915 "-" "Mozilla/5.0 (compatible; ImagesiftBot; +imagesift.com)"
74.80.208.154 - - [29/Jan/2025:00:24:42 -0500] "GET /root_stripe/stripe/tests/Stripe/CouponTest.php HTTP/1.1" 200 141 "-" "Mozilla/5.0 (compatible; ImagesiftBot; +imagesift.com)"
74.80.208.154 - - [29/Jan/2025:00:24:53 -0500] "GET /testbeta-atif/root_stripe/stripe/tests/Stripe/CollectionTest.php HTTP/1.1" 200 146 "-" "Mozilla/5.0 (compatible; ImagesiftBot; +imagesift.com)"
114.119.145.225 - - [29/Jan/2025:00:25:05 -0500] "GET /admin/vendor/fontawesome-free/svgs/solid/paw.svg HTTP/1.1" 200 467 "https://eirtechs.com/admin/vendor/fontawesome-free/svgs/solid/?ND" "Mozilla/5.0 (Linux; Android 7.0;) AppleWebKit/537.36 (KHTML, like Gecko) Mobile Safari/537.36 (compatible; PetalBot;+https://webmaster.petalsearch.com/site/petalbot)"
74.80.208.154 - - [29/Jan/2025:00:25:32 -0500] "GET /testbeta/assets/scss/bootstrap/utilities/_text.scss HTTP/1.1" 200 1555 "-" "Mozilla/5.0 (compatible; ImagesiftBot; +imagesift.com)"
47.128.54.6 - - [29/Jan/2025:00:25:35 -0500] "GET /testbeta-atif/root_stripe/stripe/lib/Util/CaseInsensitiveArray.php HTTP/1.1" 200 0 "-" "Mozilla/5.0 (Linux; Android 5.0) AppleWebKit/537.36 (KHTML, like Gecko) Mobile Safari/537.36 (compatible; Bytespider; spider-feedback@bytedance.com)"
74.80.208.154 - - [29/Jan/2025:00:26:40 -0500] "GET /testbeta/root_stripe/stripe/tests/Stripe/Terminal/ReaderTest.php HTTP/1.1" 200 150 "-" "Mozilla/5.0 (compatible; ImagesiftBot; +imagesift.com)"
74.80.208.154 - - [29/Jan/2025:00:27:01 -0500] "GET /mail/form.html HTTP/1.1" 200 2002 "-" "Mozilla/5.0 (compatible; ImagesiftBot; +imagesift.com)"
114.119.136.199 - - [29/Jan/2025:00:27:08 -0500] "GET /testbeta/mail/?MD HTTP/1.1" 200 1310 "https://www.eirtechs.com/testbeta/mail/?MA" "Mozilla/5.0 (Linux; Android 7.0;) AppleWebKit/537.36 (KHTML, like Gecko) Mobile Safari/537.36 (compatible; PetalBot;+https://webmaster.petalsearch.com/site/petalbot)"
54.36.148.234 - - [29/Jan/2025:00:28:08 -0500] "GET /testbeta-atif/root_stripe/stripe/tests/Stripe/Error/ HTTP/1.1" 200 680 "-" "Mozilla/5.0 (compatible; AhrefsBot/7.0; +http://ahrefs.com/robot/)"
74.80.208.154 - - [29/Jan/2025:00:28:20 -0500] "GET /admin/vendor/bootstrap/scss/_functions.scss HTTP/1.1" 200 2719 "-" "Mozilla/5.0 (compatible; ImagesiftBot; +imagesift.com)"
74.80.208.154 - - [29/Jan/2025:00:29:36 -0500] "GET /about/about/clients.php HTTP/1.1" 404 1251 "-" "Mozilla/5.0 (compatible; ImagesiftBot; +imagesift.com)"
114.119.128.244 - - [29/Jan/2025:00:30:05 -0500] "GET /admin/vendor/fontawesome-free/svgs/solid/pause.svg HTTP/1.1" 200 294 "https://eirtechs.com/admin/vendor/fontawesome-free/svgs/solid/?SA" "Mozilla/5.0 (Linux; Android 7.0;) AppleWebKit/537.36 (KHTML, like Gecko) Mobile Safari/537.36 (compatible; PetalBot;+https://webmaster.petalsearch.com/site/petalbot)"
74.80.208.154 - - [29/Jan/2025:00:31:01 -0500] "GET /testbeta-atif/packages/ HTTP/1.1" 200 713 "-" "Mozilla/5.0 (compatible; ImagesiftBot; +imagesift.com)"
74.80.208.154 - - [29/Jan/2025:00:31:25 -0500] "GET /admin/vendor/fontawesome-free/less/fontawesome.less HTTP/1.1" 200 319 "-" "Mozilla/5.0 (compatible; ImagesiftBot; +imagesift.com)"
54.36.148.144 - - [29/Jan/2025:00:31:53 -0500] "GET /testbeta-atif/root_stripe/stripe/tests/Stripe/FileTest.php HTTP/1.1" 200 149 "-" "Mozilla/5.0 (compatible; AhrefsBot/7.0; +http://ahrefs.com/robot/)"
114.119.128.203 - - [29/Jan/2025:00:32:08 -0500] "GET /testbeta/assets/scss/bootstrap/utilities/_float.scss HTTP/1.1" 200 320 "https://www.eirtechs.com/testbeta/assets/scss/bootstrap/utilities/?ND" "Mozilla/5.0 (Linux; Android 7.0;) AppleWebKit/537.36 (KHTML, like Gecko) Mobile Safari/537.36 (compatible; PetalBot;+https://webmaster.petalsearch.com/site/petalbot)"
74.80.208.154 - - [29/Jan/2025:00:33:22 -0500] "GET /payment.php HTTP/1.1" 200 4602 "-" "Mozilla/5.0 (compatible; ImagesiftBot; +imagesift.com)"
74.80.208.154 - - [29/Jan/2025:00:33:29 -0500] "GET /testbeta/root_stripe/stripe/tests/Stripe/HttpClient/CurlClientTest.php HTTP/1.1" 200 151 "-" "Mozilla/5.0 (compatible; ImagesiftBot; +imagesift.com)"
74.80.208.154 - - [29/Jan/2025:00:33:53 -0500] "GET /build/js/ HTTP/1.1" 200 1061 "-" "Mozilla/5.0 (compatible; ImagesiftBot; +imagesift.com)"
74.80.208.154 - - [29/Jan/2025:00:34:09 -0500] "GET /root_stripe/stripe/tests/Stripe/AccountTest.php HTTP/1.1" 200 140 "-" "Mozilla/5.0 (compatible; ImagesiftBot; +imagesift.com)"
114.119.154.65 - - [29/Jan/2025:00:35:07 -0500] "GET /testbeta-atif/assets/fonts/icomoon/icomoon.svg HTTP/1.1" 200 267228 "https://www.eirtechs.com/testbeta-atif/assets/fonts/icomoon/?NA" "Mozilla/5.0 (Linux; Android 7.0;) AppleWebKit/537.36 (KHTML, like Gecko) Mobile Safari/537.36 (compatible; PetalBot;+https://webmaster.petalsearch.com/site/petalbot)"
74.80.208.154 - - [29/Jan/2025:00:35:17 -0500] "GET /admin/vendor/fontawesome-free/less/_fixed-width.less HTTP/1.1" 200 119 "-" "Mozilla/5.0 (compatible; ImagesiftBot; +imagesift.com)"
74.80.208.154 - - [29/Jan/2025:00:35:23 -0500] "GET /testbeta/assets/fonts/flaticon/font/Flaticon.eot HTTP/1.1" 200 3878 "-" "Mozilla/5.0 (compatible; ImagesiftBot; +imagesift.com)"
74.80.208.154 - - [29/Jan/2025:00:35:30 -0500] "GET /testbeta/assets/scss/bootstrap/_badge.scss HTTP/1.1" 200 982 "-" "Mozilla/5.0 (compatible; ImagesiftBot; +imagesift.com)"
54.36.149.25 - - [29/Jan/2025:00:35:58 -0500] "GET /testbeta-atif/root_stripe/stripe/lib/RecipientTransfer.php HTTP/1.1" 200 150 "-" "Mozilla/5.0 (compatible; AhrefsBot/7.0; +http://ahrefs.com/robot/)"
74.80.208.154 - - [29/Jan/2025:00:36:01 -0500] "GET /admin/vendor/bootstrap/scss/_mixins.scss HTTP/1.1" 200 1059 "-" "Mozilla/5.0 (compatible; ImagesiftBot; +imagesift.com)"
74.80.208.154 - - [29/Jan/2025:00:37:05 -0500] "GET /testbeta/assets/fonts/flaticon/font/Flaticon.woff HTTP/1.1" 200 2512 "-" "Mozilla/5.0 (compatible; ImagesiftBot; +imagesift.com)"
114.119.135.120 - - [29/Jan/2025:00:37:08 -0500] "GET /testbeta/assets/scss/bootstrap/utilities/?NA HTTP/1.1" 200 1430 "https://www.eirtechs.com/testbeta/assets/scss/bootstrap/utilities/?ND" "Mozilla/5.0 (Linux; Android 7.0;) AppleWebKit/537.36 (KHTML, like Gecko) Mobile Safari/537.36 (compatible; PetalBot;+https://webmaster.petalsearch.com/site/petalbot)"
74.80.208.154 - - [29/Jan/2025:00:37:32 -0500] "GET /root_stripe/stripe/tests/Stripe/ApiRequestorTest.php HTTP/1.1" 200 144 "-" "Mozilla/5.0 (compatible; ImagesiftBot; +imagesift.com)"
74.80.208.154 - - [29/Jan/2025:00:38:15 -0500] "GET /testbeta/inc/header.php HTTP/1.1" 200 1191 "-" "Mozilla/5.0 (compatible; ImagesiftBot; +imagesift.com)"
47.128.34.59 - - [29/Jan/2025:00:38:46 -0500] "GET /root_stripe/stripe/lib/Webhook.php HTTP/1.1" 200 0 "-" "Mozilla/5.0 (Linux; Android 5.0) AppleWebKit/537.36 (KHTML, like Gecko) Mobile Safari/537.36 (compatible; Bytespider; spider-feedback@bytedance.com)"
74.80.208.154 - - [29/Jan/2025:00:39:18 -0500] "GET /admin/vendor/bootstrap/scss/_print.scss HTTP/1.1" 200 3001 "-" "Mozilla/5.0 (compatible; ImagesiftBot; +imagesift.com)"
54.36.149.3 - - [29/Jan/2025:00:39:45 -0500] "GET /testbeta-atif/root_stripe/stripe/tests/Stripe/OAuthTest.php HTTP/1.1" 200 149 "-" "Mozilla/5.0 (compatible; AhrefsBot/7.0; +http://ahrefs.com/robot/)"
74.80.208.154 - - [29/Jan/2025:00:39:46 -0500] "GET /root_stripe/stripe/tests/Stripe/TokenTest.php HTTP/1.1" 200 140 "-" "Mozilla/5.0 (compatible; ImagesiftBot; +imagesift.com)"
74.80.208.154 - - [29/Jan/2025:00:42:04 -0500] "GET /assets/images/portfolio/new/Concepts/ HTTP/1.1" 200 1041 "-" "Mozilla/5.0 (compatible; ImagesiftBot; +imagesift.com)"
74.80.208.154 - - [29/Jan/2025:00:42:04 -0500] "GET /assets/images/portfolio/new/Concepts/M%201.jpg HTTP/1.1" 200 1396668 "-" "Mozilla/5.0 (compatible; ImagesiftBot; +imagesift.com)"
74.80.208.154 - - [29/Jan/2025:00:42:05 -0500] "GET /assets/images/portfolio/new/Concepts/M%202.jpg HTTP/1.1" 200 1419711 "-" "Mozilla/5.0 (compatible; ImagesiftBot; +imagesift.com)"
74.80.208.154 - - [29/Jan/2025:00:42:06 -0500] "GET /assets/images/portfolio/new/Concepts/M%203.jpg HTTP/1.1" 200 1333104 "-" "Mozilla/5.0 (compatible; ImagesiftBot; +imagesift.com)"
74.80.208.154 - - [29/Jan/2025:00:42:07 -0500] "GET /assets/images/portfolio/new/Concepts/Muvor-02.jpg HTTP/1.1" 200 149733 "-" "Mozilla/5.0 (compatible; ImagesiftBot; +imagesift.com)"
114.119.135.120 - - [29/Jan/2025:00:42:08 -0500] "GET /testbeta/assets/scss/bootstrap/mixins/_badge.scss HTTP/1.1" 200 230 "https://www.eirtechs.com/testbeta/assets/scss/bootstrap/mixins/" "Mozilla/5.0 (Linux; Android 7.0;) AppleWebKit/537.36 (KHTML, like Gecko) Mobile Safari/537.36 (compatible; PetalBot;+https://webmaster.petalsearch.com/site/petalbot)"
74.80.208.154 - - [29/Jan/2025:00:42:08 -0500] "GET /assets/images/portfolio/new/Concepts/Muvor-03-01.png HTTP/1.1" 200 120483 "-" "Mozilla/5.0 (compatible; ImagesiftBot; +imagesift.com)"
74.80.208.154 - - [29/Jan/2025:00:42:10 -0500] "GET /assets/images/portfolio/new/Concepts/Muvor-03.jpg HTTP/1.1" 200 73539 "-" "Mozilla/5.0 (compatible; ImagesiftBot; +imagesift.com)"
74.80.208.154 - - [29/Jan/2025:00:42:42 -0500] "GET /thankyou/contact.php HTTP/1.1" 404 1251 "-" "Mozilla/5.0 (compatible; ImagesiftBot; +imagesift.com)"
74.80.208.154 - - [29/Jan/2025:00:43:13 -0500] "GET /assest/css/ HTTP/1.1" 200 619 "-" "Mozilla/5.0 (compatible; ImagesiftBot; +imagesift.com)"
54.36.148.172 - - [29/Jan/2025:00:43:43 -0500] "GET /testbeta-atif/root_stripe/stripe/tests/Stripe/PlanTest.php HTTP/1.1" 200 147 "-" "Mozilla/5.0 (compatible; AhrefsBot/7.0; +http://ahrefs.com/robot/)"
74.80.208.154 - - [29/Jan/2025:00:44:40 -0500] "GET /services/logo.php HTTP/1.1" 200 6947 "-" "Mozilla/5.0 (compatible; ImagesiftBot; +imagesift.com)"
74.80.208.154 - - [29/Jan/2025:00:44:40 -0500] "GET /assets/images/portfolio/logo/4-min.jpg HTTP/1.1" 200 6520 "-" "Mozilla/5.0 (compatible; ImagesiftBot; +imagesift.com)"
74.80.208.154 - - [29/Jan/2025:00:44:42 -0500] "GET /assets/images/portfolio/logo/26-min.jpg HTTP/1.1" 200 5045 "-" "Mozilla/5.0 (compatible; ImagesiftBot; +imagesift.com)"
74.80.208.154 - - [29/Jan/2025:00:44:43 -0500] "GET /assets/images/portfolio/logo/38-min.jpg HTTP/1.1" 200 4944 "-" "Mozilla/5.0 (compatible; ImagesiftBot; +imagesift.com)"
74.80.208.154 - - [29/Jan/2025:00:44:44 -0500] "GET /assets/images/portfolio/logo/52-min.jpg HTTP/1.1" 200 9529 "-" "Mozilla/5.0 (compatible; ImagesiftBot; +imagesift.com)"
74.80.208.154 - - [29/Jan/2025:00:44:51 -0500] "GET /assest/image/mobile%20perspective/corporate%20branding/ HTTP/1.1" 200 1035 "-" "Mozilla/5.0 (compatible; ImagesiftBot; +imagesift.com)"
74.80.208.154 - - [29/Jan/2025:00:45:00 -0500] "GET /testbeta-atif/root_stripe/stripe/lib/HttpClient/CurlClient.php HTTP/1.1" 200 160 "-" "Mozilla/5.0 (compatible; ImagesiftBot; +imagesift.com)"
114.119.136.199 - - [29/Jan/2025:00:45:06 -0500] "GET /admin/vendor/fontawesome-free/svgs/solid/wind.svg HTTP/1.1" 200 510 "https://www.eirtechs.com/admin/vendor/fontawesome-free/svgs/solid/?SD" "Mozilla/5.0 (Linux; Android 7.0;) AppleWebKit/537.36 (KHTML, like Gecko) Mobile Safari/537.36 (compatible; PetalBot;+https://webmaster.petalsearch.com/site/petalbot)"
74.80.208.154 - - [29/Jan/2025:00:45:23 -0500] "GET /testbeta/packages/ HTTP/1.1" 200 693 "-" "Mozilla/5.0 (compatible; ImagesiftBot; +imagesift.com)"
74.80.208.154 - - [29/Jan/2025:00:45:37 -0500] "GET /testbeta-atif/services/seo.php HTTP/1.1" 200 4599 "-" "Mozilla/5.0 (compatible; ImagesiftBot; +imagesift.com)"
74.80.208.154 - - [29/Jan/2025:00:45:38 -0500] "GET /testbeta-atif/assets/images/portfolio/branding/14-min.jpg HTTP/1.1" 200 47542 "-" "Mozilla/5.0 (compatible; ImagesiftBot; +imagesift.com)"
74.80.208.154 - - [29/Jan/2025:00:45:39 -0500] "GET /testbeta-atif/assets/images/portfolio/branding/17-min.jpg HTTP/1.1" 200 38575 "-" "Mozilla/5.0 (compatible; ImagesiftBot; +imagesift.com)"
74.80.208.154 - - [29/Jan/2025:00:45:40 -0500] "GET /testbeta-atif/assets/images/portfolio/branding/24-min.jpg HTTP/1.1" 200 53129 "-" "Mozilla/5.0 (compatible; ImagesiftBot; +imagesift.com)"
74.80.208.154 - - [29/Jan/2025:00:46:56 -0500] "GET /root_stripe/stripe/tests/Stripe/InvoiceTest.php HTTP/1.1" 200 141 "-" "Mozilla/5.0 (compatible; ImagesiftBot; +imagesift.com)"
114.119.154.65 - - [29/Jan/2025:00:47:08 -0500] "GET /testbeta/assets/scss/bootstrap/_custom-forms.scss HTTP/1.1" 200 11377 "https://www.eirtechs.com/testbeta/assets/scss/bootstrap/" "Mozilla/5.0 (Linux; Android 7.0;) AppleWebKit/537.36 (KHTML, like Gecko) Mobile Safari/537.36 (compatible; PetalBot;+https://webmaster.petalsearch.com/site/petalbot)"
216.244.66.244 - - [29/Jan/2025:00:47:18 -0500] "GET /robots.txt HTTP/1.1" 404 1251 "-" "Mozilla/5.0 (compatible; DotBot/1.2; +https://opensiteexplorer.org/dotbot; help@moz.com)"
74.80.208.154 - - [29/Jan/2025:00:47:22 -0500] "GET /inc/vars.php HTTP/1.1" 200 6 "-" "Mozilla/5.0 (compatible; ImagesiftBot; +imagesift.com)"
54.36.148.144 - - [29/Jan/2025:00:47:26 -0500] "GET /assets/images/portfolio/logo/?MD HTTP/1.1" 200 1741 "-" "Mozilla/5.0 (compatible; AhrefsBot/7.0; +http://ahrefs.com/robot/)"
74.80.208.154 - - [29/Jan/2025:00:47:27 -0500] "GET /assest/image/logos/ HTTP/1.1" 200 617 "-" "Mozilla/5.0 (compatible; ImagesiftBot; +imagesift.com)"
74.80.208.154 - - [29/Jan/2025:00:48:21 -0500] "GET /testbeta/root_stripe/stripe/tests/Stripe/IssuerFraudRecordTest.php HTTP/1.1" 200 154 "-" "Mozilla/5.0 (compatible; ImagesiftBot; +imagesift.com)"
74.80.208.154 - - [29/Jan/2025:00:49:30 -0500] "GET /testbeta-atif/services/bk_logo.php HTTP/1.1" 200 3394 "-" "Mozilla/5.0 (compatible; ImagesiftBot; +imagesift.com)"
74.80.208.154 - - [29/Jan/2025:00:49:30 -0500] "GET /testbeta-atif/images/logo-design.jpg HTTP/1.1" 404 1251 "-" "Mozilla/5.0 (compatible; ImagesiftBot; +imagesift.com)"
74.80.208.154 - - [29/Jan/2025:00:50:47 -0500] "GET /testbeta-atif/mail/ HTTP/1.1" 200 1090 "-" "Mozilla/5.0 (compatible; ImagesiftBot; +imagesift.com)"
74.80.208.154 - - [29/Jan/2025:00:50:50 -0500] "GET /testbeta-atif/root_stripe/stripe/tests/Stripe/FileUploadCreationTest.php HTTP/1.1" 200 156 "-" "Mozilla/5.0 (compatible; ImagesiftBot; +imagesift.com)"
74.80.208.154 - - [29/Jan/2025:00:51:09 -0500] "GET /service/web-cms-development/ HTTP/1.1" 200 1075 "-" "Mozilla/5.0 (compatible; ImagesiftBot; +imagesift.com)"
54.36.149.5 - - [29/Jan/2025:00:51:17 -0500] "GET /assest/image/mobile%20perspective/software%20development/?MD HTTP/1.1" 200 769 "-" "Mozilla/5.0 (compatible; AhrefsBot/7.0; +http://ahrefs.com/robot/)"
74.80.208.154 - - [29/Jan/2025:00:51:44 -0500] "GET /root_stripe/stripe/tests/Stripe/ChargeTest.php HTTP/1.1" 200 140 "-" "Mozilla/5.0 (compatible; ImagesiftBot; +imagesift.com)"
74.80.208.154 - - [29/Jan/2025:00:52:06 -0500] "GET /pay/contact.php HTTP/1.1" 404 1251 "-" "Mozilla/5.0 (compatible; ImagesiftBot; +imagesift.com)"
114.119.145.225 - - [29/Jan/2025:00:52:08 -0500] "GET /testbeta/assets/images/portfolio/website/?MA HTTP/1.1" 200 1644 "https://www.eirtechs.com/testbeta/assets/images/portfolio/website/?SD" "Mozilla/5.0 (Linux; Android 7.0;) AppleWebKit/537.36 (KHTML, like Gecko) Mobile Safari/537.36 (compatible; PetalBot;+https://webmaster.petalsearch.com/site/petalbot)"
74.80.208.154 - - [29/Jan/2025:00:53:37 -0500] "GET /root_stripe/stripe/tests/Stripe/BankAccountTest.php HTTP/1.1" 200 144 "-" "Mozilla/5.0 (compatible; ImagesiftBot; +imagesift.com)"
216.244.66.244 - - [29/Jan/2025:00:54:22 -0500] "GET /services/bk_logo.php HTTP/1.1" 200 23063 "-" "Mozilla/5.0 (compatible; DotBot/1.2; +https://opensiteexplorer.org/dotbot; help@moz.com)"
114.119.145.115 - - [29/Jan/2025:00:55:06 -0500] "GET /assest/image/icons/icon1.svg HTTP/1.1" 200 1710 "https://eirtechs.com/assest/image/icons/?SD" "Mozilla/5.0 (Linux; Android 7.0;) AppleWebKit/537.36 (KHTML, like Gecko) Mobile Safari/537.36 (compatible; PetalBot;+https://webmaster.petalsearch.com/site/petalbot)"
54.36.148.15 - - [29/Jan/2025:00:55:11 -0500] "GET /assets/images/portfolio/new1/?SD HTTP/1.1" 200 1255 "-" "Mozilla/5.0 (compatible; AhrefsBot/7.0; +http://ahrefs.com/robot/)"
74.80.208.154 - - [29/Jan/2025:00:55:18 -0500] "GET /testbeta-atif/inc/footer.php HTTP/1.1" 200 1487 "-" "Mozilla/5.0 (compatible; ImagesiftBot; +imagesift.com)"
74.80.208.154 - - [29/Jan/2025:00:55:25 -0500] "GET /admin/vendor/fontawesome-free/svgs/solid/ HTTP/1.1" 200 19234 "-" "Mozilla/5.0 (compatible; ImagesiftBot; +imagesift.com)"
123.160.223.74 - - [29/Jan/2025:00:56:13 -0500] "GET / HTTP/1.1" 200 2200 "-" "Mozilla/5.0 (Macintosh; Intel Mac OS X 10_15_7) AppleWebKit/537.36 (KHTML, like Gecko) Chrome/96.0.4664.110 Safari/537.36"
123.160.223.74 - - [29/Jan/2025:00:56:14 -0500] "GET /favicon.ico HTTP/1.1" 404 1251 "-" "Mozilla/5.0 (Macintosh; Intel Mac OS X 10_15_7) AppleWebKit/537.36 (KHTML, like Gecko) Chrome/96.0.4664.110 Safari/537.36"
74.80.208.154 - - [29/Jan/2025:00:56:15 -0500] "GET /admin/vendor/fontawesome-free/webfonts/fa-brands-400.woff HTTP/1.1" 200 84564 "-" "Mozilla/5.0 (compatible; ImagesiftBot; +imagesift.com)"
74.80.208.154 - - [29/Jan/2025:00:57:01 -0500] "GET /testbeta-atif/root_stripe/stripe/tests/Stripe/Sigma/ScheduledQueryRunTest.php HTTP/1.1" 200 162 "-" "Mozilla/5.0 (compatible; ImagesiftBot; +imagesift.com)"
114.119.145.225 - - [29/Jan/2025:00:57:08 -0500] "GET /testbeta/assets/images/portfolio/topbrands/?ND HTTP/1.1" 200 1289 "https://www.eirtechs.com/testbeta/assets/images/portfolio/topbrands/" "Mozilla/5.0 (Linux; Android 7.0;) AppleWebKit/537.36 (KHTML, like Gecko) Mobile Safari/537.36 (compatible; PetalBot;+https://webmaster.petalsearch.com/site/petalbot)"
74.80.208.154 - - [29/Jan/2025:00:57:48 -0500] "GET /admin/vendor/bootstrap/scss/_alert.scss HTTP/1.1" 200 1148 "-" "Mozilla/5.0 (compatible; ImagesiftBot; +imagesift.com)"
74.80.208.154 - - [29/Jan/2025:00:58:43 -0500] "GET /testbeta/root_stripe/stripe/tests/Stripe/RecipientTest.php HTTP/1.1" 200 148 "-" "Mozilla/5.0 (compatible; ImagesiftBot; +imagesift.com)"
54.36.148.43 - - [29/Jan/2025:00:58:58 -0500] "GET /assest/image/mobile%20perspective/corporate%20branding/?MD HTTP/1.1" 200 1043 "-" "Mozilla/5.0 (compatible; AhrefsBot/7.0; +http://ahrefs.com/robot/)"
74.80.208.154 - - [29/Jan/2025:00:59:43 -0500] "GET /assets/scss/bootstrap/mixins/_gradients.scss HTTP/1.1" 200 2050 "-" "Mozilla/5.0 (compatible; ImagesiftBot; +imagesift.com)"
114.119.128.244 - - [29/Jan/2025:01:00:07 -0500] "GET /admin/vendor/fontawesome-free/svgs/solid/user-minus.svg HTTP/1.1" 200 286 "https://eirtechs.com/admin/vendor/fontawesome-free/svgs/solid/?SA" "Mozilla/5.0 (Linux; Android 7.0;) AppleWebKit/537.36 (KHTML, like Gecko) Mobile Safari/537.36 (compatible; PetalBot;+https://webmaster.petalsearch.com/site/petalbot)"
49.7.227.204 - - [29/Jan/2025:01:00:26 -0500] "GET / HTTP/1.1" 200 2200 "http://eirtechs.com" "Mozilla/5.0 (iPhone; CPU iPhone OS 13_2_3 like Mac OS X) AppleWebKit/605.1.15 (KHTML, like Gecko) Version/13.0.3 Mobile/15E148 Safari/604.1"
74.80.208.154 - - [29/Jan/2025:01:00:42 -0500] "GET /admin/vendor/fontawesome-free/webfonts/fa-brands-400.eot HTTP/1.1" 200 125320 "-" "Mozilla/5.0 (compatible; ImagesiftBot; +imagesift.com)"
74.80.208.154 - - [29/Jan/2025:01:01:44 -0500] "GET /inc/footer2.php HTTP/1.1" 200 1708 "-" "Mozilla/5.0 (compatible; ImagesiftBot; +imagesift.com)"
114.119.145.225 - - [29/Jan/2025:01:02:09 -0500] "GET /testbeta/assets/fonts/icomoon/icomoon.ttf HTTP/1.1" 200 307168 "https://www.eirtechs.com/testbeta/assets/fonts/icomoon/" "Mozilla/5.0 (Linux; Android 7.0;) AppleWebKit/537.36 (KHTML, like Gecko) Mobile Safari/537.36 (compatible; PetalBot;+https://webmaster.petalsearch.com/site/petalbot)"
74.80.208.154 - - [29/Jan/2025:01:02:58 -0500] "GET /testbeta/root_stripe/stripe/lib/Error/SignatureVerification.php HTTP/1.1" 200 151 "-" "Mozilla/5.0 (compatible; ImagesiftBot; +imagesift.com)"
54.36.149.45 - - [29/Jan/2025:01:03:06 -0500] "GET /admin/vendor/fontawesome-free/svgs/brands/?MA HTTP/1.1" 200 9560 "-" "Mozilla/5.0 (compatible; AhrefsBot/7.0; +http://ahrefs.com/robot/)"
74.80.208.154 - - [29/Jan/2025:01:04:17 -0500] "GET /testbeta/assets/scss/bootstrap/utilities/_background.scss HTTP/1.1" 200 397 "-" "Mozilla/5.0 (compatible; ImagesiftBot; +imagesift.com)"
114.119.128.203 - - [29/Jan/2025:01:05:07 -0500] "GET /admin/vendor/fontawesome-free/svgs/solid/thermometer-empty.svg HTTP/1.1" 200 381 "https://eirtechs.com/admin/vendor/fontawesome-free/svgs/solid/?ND" "Mozilla/5.0 (Linux; Android 7.0;) AppleWebKit/537.36 (KHTML, like Gecko) Mobile Safari/537.36 (compatible; PetalBot;+https://webmaster.petalsearch.com/site/petalbot)"
74.80.208.154 - - [29/Jan/2025:01:05:43 -0500] "GET /services/seo%20-%20Copy.php HTTP/1.1" 200 5629 "-" "Mozilla/5.0 (compatible; ImagesiftBot; +imagesift.com)"
114.119.166.95 - - [29/Jan/2025:01:07:09 -0500] "GET /testbeta/assets/?NA HTTP/1.1" 200 822 "https://www.eirtechs.com/testbeta/assets/?MA" "Mozilla/5.0 (Linux; Android 7.0;) AppleWebKit/537.36 (KHTML, like Gecko) Mobile Safari/537.36 (compatible; PetalBot;+https://webmaster.petalsearch.com/site/petalbot)"
74.80.208.154 - - [29/Jan/2025:01:07:31 -0500] "GET /testbeta/assets/scss/bootstrap/mixins/_breakpoints.scss HTTP/1.1" 200 4468 "-" "Mozilla/5.0 (compatible; ImagesiftBot; +imagesift.com)"
74.80.208.154 - - [29/Jan/2025:01:09:39 -0500] "GET /admin/vendor/fontawesome-free/scss/fontawesome.scss HTTP/1.1" 200 247 "-" "Mozilla/5.0 (compatible; ImagesiftBot; +imagesift.com)"
114.119.136.199 - - [29/Jan/2025:01:10:11 -0500] "GET /admin/vendor/fontawesome-free/svgs/solid/step-backward.svg HTTP/1.1" 200 262 "https://eirtechs.com/admin/vendor/fontawesome-free/svgs/solid/?SA" "Mozilla/5.0 (Linux; Android 7.0;) AppleWebKit/537.36 (KHTML, like Gecko) Mobile Safari/537.36 (compatible; PetalBot;+https://webmaster.petalsearch.com/site/petalbot)"
54.36.148.36 - - [29/Jan/2025:01:10:42 -0500] "GET /testbeta-atif/root_stripe/stripe/tests/Stripe/Issuing/ HTTP/1.1" 200 758 "-" "Mozilla/5.0 (compatible; AhrefsBot/7.0; +http://ahrefs.com/robot/)"
85.208.96.202 - - [29/Jan/2025:01:10:50 -0500] "GET /robots.txt HTTP/1.1" 404 1251 "-" "Mozilla/5.0 (compatible; SemrushBot/7~bl; +http://www.semrush.com/bot.html)"
85.208.96.210 - - [29/Jan/2025:01:10:51 -0500] "GET /admin/scss/_navs.scss HTTP/1.1" 200 85 "-" "Mozilla/5.0 (compatible; SemrushBot/7~bl; +http://www.semrush.com/bot.html)"
114.119.128.244 - - [29/Jan/2025:01:12:10 -0500] "GET /testbeta-atif/services/ HTTP/1.1" 200 1238 "https://www.eirtechs.com/testbeta-atif/?ND" "Mozilla/5.0 (Linux; Android 7.0;) AppleWebKit/537.36 (KHTML, like Gecko) Mobile Safari/537.36 (compatible; PetalBot;+https://webmaster.petalsearch.com/site/petalbot)"
74.80.208.154 - - [29/Jan/2025:01:12:15 -0500] "GET /assets/scss/bootstrap/mixins/_border-radius.scss HTTP/1.1" 200 722 "-" "Mozilla/5.0 (compatible; ImagesiftBot; +imagesift.com)"
106.38.221.163 - - [29/Jan/2025:01:12:43 -0500] "GET /assest/image/casestudy/Boxing/Boxing-inner-1.jpg HTTP/1.1" 200 136505 "-" "Mozilla/5.0 (Windows NT 10.0; Win64; x64) AppleWebKit/537.36 (KHTML, like Gecko) Chrome/58.0.3029.110 Safari/537.36"
54.36.149.35 - - [29/Jan/2025:01:14:21 -0500] "GET /testbeta-atif/root_stripe/stripe/tests/Stripe/ExchangeRateTest.php HTTP/1.1" 200 152 "-" "Mozilla/5.0 (compatible; AhrefsBot/7.0; +http://ahrefs.com/robot/)"
114.119.145.225 - - [29/Jan/2025:01:15:07 -0500] "GET /admin/vendor/fontawesome-free/svgs/solid/smile-wink.svg HTTP/1.1" 200 347 "https://eirtechs.com/admin/vendor/fontawesome-free/svgs/solid/?SA" "Mozilla/5.0 (Linux; Android 7.0;) AppleWebKit/537.36 (KHTML, like Gecko) Mobile Safari/537.36 (compatible; PetalBot;+https://webmaster.petalsearch.com/site/petalbot)"
74.80.208.154 - - [29/Jan/2025:01:15:27 -0500] "GET /root_stripe/stripe/tests/Stripe/FileTest.php HTTP/1.1" 200 139 "-" "Mozilla/5.0 (compatible; ImagesiftBot; +imagesift.com)"
114.119.166.95 - - [29/Jan/2025:01:17:09 -0500] "GET /testbeta-atif/root_stripe/stripe/tests/Stripe/Util/?ND HTTP/1.1" 200 879 "https://www.eirtechs.com/testbeta-atif/root_stripe/stripe/tests/Stripe/Util/" "Mozilla/5.0 (Linux; Android 7.0;) AppleWebKit/537.36 (KHTML, like Gecko) Mobile Safari/537.36 (compatible; PetalBot;+https://webmaster.petalsearch.com/site/petalbot)"
54.36.148.218 - - [29/Jan/2025:01:17:50 -0500] "GET /testbeta-atif/root_stripe/stripe/tests/Stripe/SubscriptionItemTest.php HTTP/1.1" 200 155 "-" "Mozilla/5.0 (compatible; AhrefsBot/7.0; +http://ahrefs.com/robot/)"
74.80.208.154 - - [29/Jan/2025:01:19:23 -0500] "GET /testbeta/stripe/logo.php HTTP/1.1" 200 5200 "-" "Mozilla/5.0 (compatible; ImagesiftBot; +imagesift.com)"
114.119.136.199 - - [29/Jan/2025:01:20:07 -0500] "GET /admin/vendor/fontawesome-free/svgs/solid/slash.svg HTTP/1.1" 200 271 "https://eirtechs.com/admin/vendor/fontawesome-free/svgs/solid/?SA" "Mozilla/5.0 (Linux; Android 7.0;) AppleWebKit/537.36 (KHTML, like Gecko) Mobile Safari/537.36 (compatible; PetalBot;+https://webmaster.petalsearch.com/site/petalbot)"
54.36.149.40 - - [29/Jan/2025:01:21:26 -0500] "GET /assets/images/portfolio/web/?MD HTTP/1.1" 200 1179 "-" "Mozilla/5.0 (compatible; AhrefsBot/7.0; +http://ahrefs.com/robot/)"
114.119.128.244 - - [29/Jan/2025:01:22:09 -0500] "GET /testbeta-atif/root_stripe/stripe/tests/Stripe/Issuing/ HTTP/1.1" 200 919 "https://www.eirtechs.com/testbeta-atif/root_stripe/stripe/tests/Stripe/?ND" "Mozilla/5.0 (Linux; Android 7.0;) AppleWebKit/537.36 (KHTML, like Gecko) Mobile Safari/537.36 (compatible; PetalBot;+https://webmaster.petalsearch.com/site/petalbot)"
54.36.149.5 - - [29/Jan/2025:01:24:59 -0500] "GET /testbeta/root_stripe/stripe/lib/Error/?MA HTTP/1.1" 200 1190 "-" "Mozilla/5.0 (compatible; AhrefsBot/7.0; +http://ahrefs.com/robot/)"
114.119.136.199 - - [29/Jan/2025:01:25:07 -0500] "GET /admin/vendor/fontawesome-free/svgs/solid/skull-crossbones.svg HTTP/1.1" 200 451 "https://eirtechs.com/admin/vendor/fontawesome-free/svgs/solid/?ND" "Mozilla/5.0 (Linux; Android 7.0;) AppleWebKit/537.36 (KHTML, like Gecko) Mobile Safari/537.36 (compatible; PetalBot;+https://webmaster.petalsearch.com/site/petalbot)"
74.80.208.154 - - [29/Jan/2025:01:25:25 -0500] "GET /testbeta/root_stripe/stripe/tests/Stripe/Issuing/TransactionTest.php HTTP/1.1" 200 152 "-" "Mozilla/5.0 (compatible; ImagesiftBot; +imagesift.com)"
185.191.171.8 - - [29/Jan/2025:01:25:50 -0500] "GET /admin/vendor/fontawesome-free/scss/_list.scss HTTP/1.1" 200 322 "-" "Mozilla/5.0 (compatible; SemrushBot/7~bl; +http://www.semrush.com/bot.html)"
114.119.145.225 - - [29/Jan/2025:01:27:09 -0500] "GET /testbeta-atif/root_stripe/stripe/tests/Stripe/CustomerTest.php HTTP/1.1" 200 159 "https://www.eirtechs.com/testbeta-atif/root_stripe/stripe/tests/Stripe/?ND" "Mozilla/5.0 (Linux; Android 7.0;) AppleWebKit/537.36 (KHTML, like Gecko) Mobile Safari/537.36 (compatible; PetalBot;+https://webmaster.petalsearch.com/site/petalbot)"
185.191.171.14 - - [29/Jan/2025:01:28:27 -0500] "GET /admin/vendor/fontawesome-free/scss/v4-shims.scss HTTP/1.1" 200 38 "-" "Mozilla/5.0 (compatible; SemrushBot/7~bl; +http://www.semrush.com/bot.html)"
54.36.148.124 - - [29/Jan/2025:01:28:36 -0500] "GET /admin/vendor/bootstrap/scss/?SD HTTP/1.1" 200 1759 "-" "Mozilla/5.0 (compatible; AhrefsBot/7.0; +http://ahrefs.com/robot/)"
114.119.128.244 - - [29/Jan/2025:01:30:07 -0500] "GET /admin/vendor/fontawesome-free/svgs/solid/shekel-sign.svg HTTP/1.1" 200 265 "https://eirtechs.com/admin/vendor/fontawesome-free/svgs/solid/?SA" "Mozilla/5.0 (Linux; Android 7.0;) AppleWebKit/537.36 (KHTML, like Gecko) Mobile Safari/537.36 (compatible; PetalBot;+https://webmaster.petalsearch.com/site/petalbot)"
156.59.198.136 - - [29/Jan/2025:01:31:46 -0500] "GET /assest/image/mobileperspective/comment.svg HTTP/1.1" 404 1251 "-" "Mozilla/5.0 (Linux; Android 5.0) AppleWebKit/537.36 (KHTML, like Gecko) Mobile Safari/537.36 (compatible; Bytespider; spider-feedback@bytedance.com)"
114.119.128.203 - - [29/Jan/2025:01:32:10 -0500] "GET /testbeta-atif/root_stripe/stripe/tests/Stripe/ApplePayDomainTest.php HTTP/1.1" 200 166 "https://www.eirtechs.com/testbeta-atif/root_stripe/stripe/tests/Stripe/?ND" "Mozilla/5.0 (Linux; Android 7.0;) AppleWebKit/537.36 (KHTML, like Gecko) Mobile Safari/537.36 (compatible; PetalBot;+https://webmaster.petalsearch.com/site/petalbot)"
51.222.253.14 - - [29/Jan/2025:01:32:44 -0500] "GET /testbeta-atif/assets/images/portfolio/topbrands/?ND HTTP/1.1" 200 1081 "-" "Mozilla/5.0 (compatible; AhrefsBot/7.0; +http://ahrefs.com/robot/)"
114.119.145.115 - - [29/Jan/2025:01:35:07 -0500] "GET /admin/vendor/fontawesome-free/svgs/solid/ruler-horizontal.svg HTTP/1.1" 200 208 "https://eirtechs.com/admin/vendor/fontawesome-free/svgs/solid/?SA" "Mozilla/5.0 (Linux; Android 7.0;) AppleWebKit/537.36 (KHTML, like Gecko) Mobile Safari/537.36 (compatible; PetalBot;+https://webmaster.petalsearch.com/site/petalbot)"
51.222.253.15 - - [29/Jan/2025:01:36:28 -0500] "GET /service/web-cms-development/ HTTP/1.1" 200 1078 "-" "Mozilla/5.0 (compatible; AhrefsBot/7.0; +http://ahrefs.com/robot/)"
114.119.135.120 - - [29/Jan/2025:01:37:09 -0500] "GET /testbeta-atif/root_stripe/stripe/lib/Sigma/ScheduledQueryRun.php HTTP/1.1" 200 169 "https://www.eirtechs.com/testbeta-atif/root_stripe/stripe/lib/Sigma/?SA" "Mozilla/5.0 (Linux; Android 7.0;) AppleWebKit/537.36 (KHTML, like Gecko) Mobile Safari/537.36 (compatible; PetalBot;+https://webmaster.petalsearch.com/site/petalbot)"
47.128.20.111 - - [29/Jan/2025:01:38:54 -0500] "GET /testbeta-atif/root_stripe/stripe/lib/SKU.php HTTP/1.1" 200 143 "-" "Mozilla/5.0 (Linux; Android 5.0) AppleWebKit/537.36 (KHTML, like Gecko) Mobile Safari/537.36 (compatible; Bytespider; spider-feedback@bytedance.com)"
114.119.128.244 - - [29/Jan/2025:01:40:07 -0500] "GET /admin/vendor/fontawesome-free/svgs/solid/plug.svg HTTP/1.1" 200 272 "https://eirtechs.com/admin/vendor/fontawesome-free/svgs/solid/?SA" "Mozilla/5.0 (Linux; Android 7.0;) AppleWebKit/537.36 (KHTML, like Gecko) Mobile Safari/537.36 (compatible; PetalBot;+https://webmaster.petalsearch.com/site/petalbot)"
54.36.148.35 - - [29/Jan/2025:01:40:32 -0500] "GET /testbeta-atif/root_stripe/stripe/lib/BalanceTransaction.php HTTP/1.1" 200 150 "-" "Mozilla/5.0 (compatible; AhrefsBot/7.0; +http://ahrefs.com/robot/)"
114.119.135.120 - - [29/Jan/2025:01:42:12 -0500] "GET /testbeta-atif/mail/vendor.js HTTP/1.1" 200 29085 "https://www.eirtechs.com/testbeta-atif/mail/?MA" "Mozilla/5.0 (Linux; Android 7.0;) AppleWebKit/537.36 (KHTML, like Gecko) Mobile Safari/537.36 (compatible; PetalBot;+https://webmaster.petalsearch.com/site/petalbot)"
47.128.54.108 - - [29/Jan/2025:01:42:54 -0500] "GET /testbeta/root_stripe/stripe/VERSION HTTP/1.1" 200 7 "-" "Mozilla/5.0 (Linux; Android 5.0) AppleWebKit/537.36 (KHTML, like Gecko) Mobile Safari/537.36 (compatible; Bytespider; spider-feedback@bytedance.com)"
77.75.77.109 - - [29/Jan/2025:01:44:04 -0500] "GET /expertise/design.php HTTP/1.1" 200 7466 "-" "Mozilla/5.0 (compatible; SeznamBot/4.0; +http://napoveda.seznam.cz/seznambot-intro/)"
54.36.149.32 - - [29/Jan/2025:01:44:37 -0500] "GET /testbeta-atif/root_stripe/stripe/lib/Dispute.php HTTP/1.1" 200 144 "-" "Mozilla/5.0 (compatible; AhrefsBot/7.0; +http://ahrefs.com/robot/)"
114.119.145.115 - - [29/Jan/2025:01:45:08 -0500] "GET /admin/vendor/fontawesome-free/svgs/solid/pause-circle.svg HTTP/1.1" 200 197 "https://eirtechs.com/admin/vendor/fontawesome-free/svgs/solid/?SA" "Mozilla/5.0 (Linux; Android 7.0;) AppleWebKit/537.36 (KHTML, like Gecko) Mobile Safari/537.36 (compatible; PetalBot;+https://webmaster.petalsearch.com/site/petalbot)"
47.128.122.86 - - [29/Jan/2025:01:46:55 -0500] "GET /testbeta/root_stripe/stripe/lib/Error/OAuth/InvalidGrant.php HTTP/1.1" 200 157 "-" "Mozilla/5.0 (Linux; Android 5.0) AppleWebKit/537.36 (KHTML, like Gecko) Mobile Safari/537.36 (compatible; Bytespider; spider-feedback@bytedance.com)"
114.119.135.120 - - [29/Jan/2025:01:47:09 -0500] "GET /testbeta-atif/assets/scss/bootstrap/utilities/_text.scss HTTP/1.1" 200 1555 "https://www.eirtechs.com/testbeta-atif/assets/scss/bootstrap/utilities/?ND" "Mozilla/5.0 (Linux; Android 7.0;) AppleWebKit/537.36 (KHTML, like Gecko) Mobile Safari/537.36 (compatible; PetalBot;+https://webmaster.petalsearch.com/site/petalbot)"
54.36.148.46 - - [29/Jan/2025:01:48:13 -0500] "GET /testbeta-atif/root_stripe/stripe/lib/Discount.php HTTP/1.1" 200 144 "-" "Mozilla/5.0 (compatible; AhrefsBot/7.0; +http://ahrefs.com/robot/)"
51.8.102.89 - - [29/Jan/2025:01:48:48 -0500] "GET /robots.txt HTTP/1.1" 404 1251 "-" "Mozilla/5.0 (Macintosh; Intel Mac OS X 10_15_7) AppleWebKit/537.36 (KHTML, like Gecko) Chrome/131.0.0.0 Safari/537.36; compatible; OAI-SearchBot/1.0; +https://openai.com/searchbot"
51.8.102.89 - - [29/Jan/2025:01:48:48 -0500] "GET /robots.txt HTTP/1.1" 404 1251 "-" "Mozilla/5.0 (Macintosh; Intel Mac OS X 10_15_7) AppleWebKit/537.36 (KHTML, like Gecko) Chrome/131.0.0.0 Safari/537.36; compatible; OAI-SearchBot/1.0; +https://openai.com/searchbot"
114.119.145.115 - - [29/Jan/2025:01:50:07 -0500] "GET /admin/vendor/fontawesome-free/svgs/solid/passport.svg HTTP/1.1" 200 508 "https://eirtechs.com/admin/vendor/fontawesome-free/svgs/solid/?ND" "Mozilla/5.0 (Linux; Android 7.0;) AppleWebKit/537.36 (KHTML, like Gecko) Mobile Safari/537.36 (compatible; PetalBot;+https://webmaster.petalsearch.com/site/petalbot)"
47.128.46.56 - - [29/Jan/2025:01:50:55 -0500] "GET /root_stripe/stripe/tests/Stripe/WebhookTest.php HTTP/1.1" 200 142 "-" "Mozilla/5.0 (Linux; Android 5.0) AppleWebKit/537.36 (KHTML, like Gecko) Mobile Safari/537.36 (compatible; Bytespider; spider-feedback@bytedance.com)"
74.80.208.154 - - [29/Jan/2025:01:51:41 -0500] "GET /root_stripe/stripe/tests/Stripe/PayoutTest.php HTTP/1.1" 200 142 "-" "Mozilla/5.0 (compatible; ImagesiftBot; +imagesift.com)"
54.36.148.171 - - [29/Jan/2025:01:51:58 -0500] "GET /testbeta-atif/root_stripe/stripe/lib/Customer.php HTTP/1.1" 200 143 "-" "Mozilla/5.0 (compatible; AhrefsBot/7.0; +http://ahrefs.com/robot/)"
114.119.128.203 - - [29/Jan/2025:01:52:10 -0500] "GET /testbeta-atif/assets/scss/bootstrap/utilities/_float.scss HTTP/1.1" 200 320 "https://www.eirtechs.com/testbeta-atif/assets/scss/bootstrap/utilities/?ND" "Mozilla/5.0 (Linux; Android 7.0;) AppleWebKit/537.36 (KHTML, like Gecko) Mobile Safari/537.36 (compatible; PetalBot;+https://webmaster.petalsearch.com/site/petalbot)"
114.119.154.65 - - [29/Jan/2025:01:55:07 -0500] "GET /admin/vendor/fontawesome-free/svgs/solid/parking.svg HTTP/1.1" 200 246 "https://eirtechs.com/admin/vendor/fontawesome-free/svgs/solid/?SA" "Mozilla/5.0 (Linux; Android 7.0;) AppleWebKit/537.36 (KHTML, like Gecko) Mobile Safari/537.36 (compatible; PetalBot;+https://webmaster.petalsearch.com/site/petalbot)"
54.36.148.110 - - [29/Jan/2025:01:55:41 -0500] "GET /testbeta-atif/root_stripe/stripe/lib/ApplePayDomain.php HTTP/1.1" 200 147 "-" "Mozilla/5.0 (compatible; AhrefsBot/7.0; +http://ahrefs.com/robot/)"
114.119.166.95 - - [29/Jan/2025:01:57:09 -0500] "GET /testbeta-atif/assets/scss/bootstrap/mixins/_buttons.scss HTTP/1.1" 200 3182 "https://www.eirtechs.com/testbeta-atif/assets/scss/bootstrap/mixins/?SD" "Mozilla/5.0 (Linux; Android 7.0;) AppleWebKit/537.36 (KHTML, like Gecko) Mobile Safari/537.36 (compatible; PetalBot;+https://webmaster.petalsearch.com/site/petalbot)"
85.208.96.211 - - [29/Jan/2025:01:58:22 -0500] "GET /admin/vendor/fontawesome-free/scss/_icons.scss HTTP/1.1" 200 109086 "-" "Mozilla/5.0 (compatible; SemrushBot/7~bl; +http://www.semrush.com/bot.html)"
54.36.148.75 - - [29/Jan/2025:01:59:17 -0500] "GET /assets/fonts/ionicons/css/?NA HTTP/1.1" 200 653 "-" "Mozilla/5.0 (compatible; AhrefsBot/7.0; +http://ahrefs.com/robot/)"
114.119.154.65 - - [29/Jan/2025:02:00:30 -0500] "GET /admin/vendor/fontawesome-free/svgs/solid/paragraph.svg HTTP/1.1" 200 210 "https://eirtechs.com/admin/vendor/fontawesome-free/svgs/solid/?SA" "Mozilla/5.0 (Linux; Android 7.0;) AppleWebKit/537.36 (KHTML, like Gecko) Mobile Safari/537.36 (compatible; PetalBot;+https://webmaster.petalsearch.com/site/petalbot)"
114.119.135.120 - - [29/Jan/2025:02:02:10 -0500] "GET /testbeta-atif/assets/scss/bootstrap/_utilities.scss HTTP/1.1" 200 436 "https://www.eirtechs.com/testbeta-atif/assets/scss/bootstrap/?MA" "Mozilla/5.0 (Linux; Android 7.0;) AppleWebKit/537.36 (KHTML, like Gecko) Mobile Safari/537.36 (compatible; PetalBot;+https://webmaster.petalsearch.com/site/petalbot)"
54.36.148.147 - - [29/Jan/2025:02:02:40 -0500] "GET /testbeta-atif/root_stripe/stripe/tests/Stripe/TokenTest.php HTTP/1.1" 200 148 "-" "Mozilla/5.0 (compatible; AhrefsBot/7.0; +http://ahrefs.com/robot/)"
114.119.135.120 - - [29/Jan/2025:02:05:15 -0500] "GET /admin/vendor/fontawesome-free/svgs/solid/parachute-box.svg HTTP/1.1" 200 334 "https://eirtechs.com/admin/vendor/fontawesome-free/svgs/solid/?SA" "Mozilla/5.0 (Linux; Android 7.0;) AppleWebKit/537.36 (KHTML, like Gecko) Mobile Safari/537.36 (compatible; PetalBot;+https://webmaster.petalsearch.com/site/petalbot)"
54.36.148.231 - - [29/Jan/2025:02:06:04 -0500] "GET /testbeta-atif/root_stripe/stripe/lib/SourceTransaction.php HTTP/1.1" 200 147 "-" "Mozilla/5.0 (compatible; AhrefsBot/7.0; +http://ahrefs.com/robot/)"
85.208.96.211 - - [29/Jan/2025:02:06:05 -0500] "GET /admin/vendor/fontawesome-free/scss/_bordered-pulled.scss HTTP/1.1" 200 428 "-" "Mozilla/5.0 (compatible; SemrushBot/7~bl; +http://www.semrush.com/bot.html)"
47.128.50.247 - - [29/Jan/2025:02:06:13 -0500] "GET /root_stripe/stripe/lib/Token.php HTTP/1.1" 200 132 "-" "Mozilla/5.0 (Linux; Android 5.0) AppleWebKit/537.36 (KHTML, like Gecko) Mobile Safari/537.36 (compatible; Bytespider; spider-feedback@bytedance.com)"
114.119.128.244 - - [29/Jan/2025:02:07:10 -0500] "GET /testbeta-atif/assets/scss/bootstrap/_alert.scss HTTP/1.1" 200 1150 "https://www.eirtechs.com/testbeta-atif/assets/scss/bootstrap/?MA" "Mozilla/5.0 (Linux; Android 7.0;) AppleWebKit/537.36 (KHTML, like Gecko) Mobile Safari/537.36 (compatible; PetalBot;+https://webmaster.petalsearch.com/site/petalbot)"
77.75.77.109 - - [29/Jan/2025:02:09:12 -0500] "GET /assest/image/slider/e2.jpg HTTP/1.1" 200 120705 "-" "Mozilla/5.0 (compatible; SeznamBot/4.0; +http://napoveda.seznam.cz/seznambot-intro/)"
54.36.148.95 - - [29/Jan/2025:02:09:34 -0500] "GET /admin/vendor/fontawesome-free/svgs/?SD HTTP/1.1" 200 669 "-" "Mozilla/5.0 (compatible; AhrefsBot/7.0; +http://ahrefs.com/robot/)"
114.119.145.225 - - [29/Jan/2025:02:10:13 -0500] "GET /admin/vendor/fontawesome-free/svgs/solid/paperclip.svg HTTP/1.1" 200 515 "https://eirtechs.com/admin/vendor/fontawesome-free/svgs/solid/?ND" "Mozilla/5.0 (Linux; Android 7.0;) AppleWebKit/537.36 (KHTML, like Gecko) Mobile Safari/537.36 (compatible; PetalBot;+https://webmaster.petalsearch.com/site/petalbot)"
47.128.33.116 - - [29/Jan/2025:02:10:14 -0500] "GET /testbeta/root_stripe/stripe/lib/SourceTransaction.php HTTP/1.1" 200 145 "-" "Mozilla/5.0 (Linux; Android 5.0) AppleWebKit/537.36 (KHTML, like Gecko) Mobile Safari/537.36 (compatible; Bytespider; spider-feedback@bytedance.com)"
114.119.128.203 - - [29/Jan/2025:02:12:10 -0500] "GET /testbeta-atif/assets/scss/ HTTP/1.1" 200 896 "https://www.eirtechs.com/testbeta-atif/assets/scss/bootstrap/?MA" "Mozilla/5.0 (Linux; Android 7.0;) AppleWebKit/537.36 (KHTML, like Gecko) Mobile Safari/537.36 (compatible; PetalBot;+https://webmaster.petalsearch.com/site/petalbot)"
54.36.148.49 - - [29/Jan/2025:02:13:09 -0500] "GET /testbeta-atif/root_stripe/stripe/lib/SubscriptionItem.php HTTP/1.1" 200 148 "-" "Mozilla/5.0 (compatible; AhrefsBot/7.0; +http://ahrefs.com/robot/)"
47.128.21.27 - - [29/Jan/2025:02:14:14 -0500] "GET /root_stripe/stripe/lib/FileLink.php HTTP/1.1" 200 134 "-" "Mozilla/5.0 (Linux; Android 5.0) AppleWebKit/537.36 (KHTML, like Gecko) Mobile Safari/537.36 (compatible; Bytespider; spider-feedback@bytedance.com)"
114.119.145.115 - - [29/Jan/2025:02:15:08 -0500] "GET /admin/vendor/fontawesome-free/svgs/solid/paper-plane.svg HTTP/1.1" 200 293 "https://eirtechs.com/admin/vendor/fontawesome-free/svgs/solid/?SA" "Mozilla/5.0 (Linux; Android 7.0;) AppleWebKit/537.36 (KHTML, like Gecko) Mobile Safari/537.36 (compatible; PetalBot;+https://webmaster.petalsearch.com/site/petalbot)"
54.36.149.35 - - [29/Jan/2025:02:16:40 -0500] "GET /assets/fonts/ionicons/fonts/?SD HTTP/1.1" 200 719 "-" "Mozilla/5.0 (compatible; AhrefsBot/7.0; +http://ahrefs.com/robot/)"
114.119.128.244 - - [29/Jan/2025:02:17:10 -0500] "GET /testbeta-atif/assets/fonts/icomoon/?ND HTTP/1.1" 200 888 "https://www.eirtechs.com/testbeta-atif/assets/fonts/icomoon/?NA" "Mozilla/5.0 (Linux; Android 7.0;) AppleWebKit/537.36 (KHTML, like Gecko) Mobile Safari/537.36 (compatible; PetalBot;+https://webmaster.petalsearch.com/site/petalbot)"
47.128.51.216 - - [29/Jan/2025:02:18:14 -0500] "GET /testbeta/root_stripe/stripe/lib/ApiRequestor.php HTTP/1.1" 200 0 "-" "Mozilla/5.0 (Linux; Android 5.0) AppleWebKit/537.36 (KHTML, like Gecko) Mobile Safari/537.36 (compatible; Bytespider; spider-feedback@bytedance.com)"
