%PDF- %PDF-
Mini Shell

Mini Shell

Direktori : /home/eirtvhdf/access-logs/
Upload File :
Create Path :
Current File : //home/eirtvhdf/access-logs/designbeasts.eirtechs.com-ssl_log

66.249.64.130 - - [30/Jan/2025:07:04:28 -0500] "GET /sitemap-index52.xml HTTP/1.1" 200 5372 "-" "Mozilla/5.0 (compatible; Googlebot/2.1; +http://www.google.com/bot.html)"
185.147.124.223 - - [30/Jan/2025:07:03:36 -0500] "POST /pay/make-payment/phpmailer/test_script/src/auth.php HTTP/1.1" 200 0 "-" "Mozilla/5.0 (Linux; Android 12; Pixel 6) AppleWebKit/537.36 (KHTML, like Gecko) Chrome/99.0.4844.58 Mobile Safari/537.36"
185.147.124.223 - - [30/Jan/2025:07:05:47 -0500] "POST /pay/make-payment/phpmailer/test_script/src/auth.php HTTP/1.1" 200 29 "-" "Mozilla/5.0 (Macintosh; Intel Mac OS X 10_15_7) AppleWebKit/537.36 (KHTML, like Gecko) Chrome/119.0.0.0 Safari/537.36"
185.147.124.223 - - [30/Jan/2025:07:05:49 -0500] "GET /pay/make-payment/phpmailer/test_script/src/auth.php HTTP/1.1" 200 58 "-" "Mozilla/5.0 (Windows NT 10.0; Win64; x64) AppleWebKit/537.36 (KHTML, like Gecko) Chrome/100.0.4896.75 Safari/537.36"
185.147.124.223 - - [30/Jan/2025:07:05:50 -0500] "POST /pay/make-payment/phpmailer/test_script/src/auth.php HTTP/1.1" 200 0 "-" "Mozilla/5.0 (Windows NT 10.0; Win64; x64) AppleWebKit/537.36 (KHTML, like Gecko) Chrome/101.0.4951.67 Safari/537.36"
185.147.124.223 - - [30/Jan/2025:07:08:01 -0500] "POST /pay/make-payment/phpmailer/test_script/src/auth.php HTTP/1.1" 200 29 "-" "Mozilla/5.0 (Windows NT 10.0; Win64; x64) AppleWebKit/537.36 (KHTML, like Gecko) Chrome/101.0.4951.64 Safari/537.36 Edg/101.0.1210.47"
185.147.124.223 - - [30/Jan/2025:07:08:02 -0500] "GET /pay/make-payment/phpmailer/test_script/src/auth.php HTTP/1.1" 200 48 "-" "Mozilla/5.0 (Macintosh; Intel Mac OS X 10_15_7) AppleWebKit/605.1.15 (KHTML, like Gecko) Version/15.5 Safari/605.1.15"
185.147.124.223 - - [30/Jan/2025:07:08:03 -0500] "POST /pay/make-payment/phpmailer/test_script/src/auth.php HTTP/1.1" 200 0 "-" "Mozilla/5.0 (Macintosh; Intel Mac OS X 10_15_7) AppleWebKit/537.36 (KHTML, like Gecko) Chrome/120.0.0.0 Safari/537.36"
185.147.124.223 - - [30/Jan/2025:07:10:14 -0500] "POST /pay/make-payment/phpmailer/test_script/src/auth.php HTTP/1.1" 200 29 "-" "Mozilla/5.0 (Windows NT 10.0; Win64; x64) AppleWebKit/537.36 (KHTML, like Gecko) Chrome/110.0.0.0 Safari/537.36"
185.147.124.223 - - [30/Jan/2025:07:13:38 -0500] "GET /pay/make-payment/phpmailer/test_script/src/auth.php HTTP/1.1" 200 57 "-" "Mozilla/5.0 (Windows NT 10.0; Win64; x64) AppleWebKit/537.36 (KHTML, like Gecko) Chrome/101.0.4951.67 Safari/537.36"
185.147.124.223 - - [30/Jan/2025:07:13:40 -0500] "POST /pay/make-payment/phpmailer/test_script/src/auth.php HTTP/1.1" 200 79 "-" "Mozilla/5.0 (Windows NT 10.0; Win64; x64) AppleWebKit/537.36 (KHTML, like Gecko) Chrome/107.0.0.0 Safari/537.36"
185.147.124.223 - - [30/Jan/2025:07:13:43 -0500] "GET /pay/make-payment/phpmailer/test_script/src/auth.php HTTP/1.1" 200 46 "-" "Mozilla/5.0 (Windows NT 10.0; Win64; x64) AppleWebKit/537.36 (KHTML, like Gecko) Chrome/107.0.0.0 Safari/537.36"
185.147.124.223 - - [30/Jan/2025:07:13:44 -0500] "POST /pay/make-payment/phpmailer/test_script/src/auth.php HTTP/1.1" 200 0 "-" "Mozilla/5.0 (Macintosh; Intel Mac OS X 10_15_7) AppleWebKit/605.1.15 (KHTML, like Gecko) Version/17.0 Safari/605.1.15"
185.147.124.223 - - [30/Jan/2025:07:15:55 -0500] "POST /pay/make-payment/phpmailer/test_script/src/auth.php HTTP/1.1" 200 29 "-" "Mozilla/5.0 (Windows NT 10.0; Win64; x64) AppleWebKit/537.36 (KHTML, like Gecko) Chrome/101.0.4951.67 Safari/537.36"
185.147.124.223 - - [30/Jan/2025:07:15:56 -0500] "GET /pay/make-payment/phpmailer/test_script/src/auth.php HTTP/1.1" 200 41 "-" "Mozilla/5.0 (Macintosh; Intel Mac OS X 10_15_7) AppleWebKit/537.36 (KHTML, like Gecko) Chrome/119.0.0.0 Safari/537.36"
185.147.124.223 - - [30/Jan/2025:07:15:57 -0500] "POST /pay/make-payment/phpmailer/test_script/src/auth.php HTTP/1.1" 200 0 "-" "Mozilla/5.0 (Windows NT 10.0; Win64; x64) AppleWebKit/537.36 (KHTML, like Gecko) Chrome/116.0.0.0 Safari/537.36"
185.147.124.223 - - [30/Jan/2025:07:18:08 -0500] "POST /pay/make-payment/phpmailer/test_script/src/auth.php HTTP/1.1" 200 29 "-" "Mozilla/5.0 (iPhone; CPU iPhone OS 17_2 like Mac OS X) AppleWebKit/605.1.15 (KHTML, like Gecko) Version/17.2 Mobile/15E148 Safari/604.1"
185.147.124.223 - - [30/Jan/2025:07:18:09 -0500] "GET /pay/make-payment/phpmailer/test_script/src/auth.php HTTP/1.1" 200 46 "-" "Mozilla/5.0 (Windows NT 10.0; Win64; x64) AppleWebKit/537.36 (KHTML, like Gecko) Chrome/99.0.4844.51 Safari/537.36"
52.167.144.193 - - [30/Jan/2025:07:19:58 -0500] "GET /20645537.html HTTP/1.1" 200 81033 "-" "Mozilla/5.0 AppleWebKit/537.36 (KHTML, like Gecko; compatible; bingbot/2.0; +http://www.bing.com/bingbot.htm) Chrome/116.0.1938.76 Safari/537.36"
185.147.124.223 - - [30/Jan/2025:07:18:10 -0500] "POST /pay/make-payment/phpmailer/test_script/src/auth.php HTTP/1.1" 200 0 "-" "Mozilla/5.0 (Macintosh; Intel Mac OS X 10_15_7) AppleWebKit/537.36 (KHTML, like Gecko) Chrome/119.0.0.0 Safari/537.36"
185.147.124.223 - - [30/Jan/2025:07:20:21 -0500] "POST /pay/make-payment/phpmailer/test_script/src/auth.php HTTP/1.1" 200 29 "-" "Mozilla/5.0 (Windows NT 10.0; Win64; x64) AppleWebKit/537.36 (KHTML, like Gecko) Chrome/101.0.4951.64 Safari/537.36 Edg/101.0.1210.47"
66.249.64.130 - - [30/Jan/2025:07:20:38 -0500] "GET /26900492.htm HTTP/1.1" 200 80679 "-" "Mozilla/5.0 (Linux; Android 6.0.1; Nexus 5X Build/MMB29P) AppleWebKit/537.36 (KHTML, like Gecko) Chrome/132.0.6834.110 Mobile Safari/537.36 (compatible; Googlebot/2.1; +http://www.google.com/bot.html)"
185.147.124.223 - - [30/Jan/2025:07:23:44 -0500] "GET /pay/make-payment/phpmailer/test_script/src/auth.php HTTP/1.1" 200 54 "-" "Mozilla/5.0 (Macintosh; Intel Mac OS X 10_15_7) AppleWebKit/537.36 (KHTML, like Gecko) Chrome/119.0.0.0 Safari/537.36"
185.147.124.223 - - [30/Jan/2025:07:23:46 -0500] "POST /pay/make-payment/phpmailer/test_script/src/auth.php HTTP/1.1" 200 68 "-" "Mozilla/5.0 (Macintosh; Intel Mac OS X 10_15_7) AppleWebKit/605.1.15 (KHTML, like Gecko) Version/17.0 Safari/605.1.15"
185.147.124.223 - - [30/Jan/2025:07:23:49 -0500] "GET /pay/make-payment/phpmailer/test_script/src/auth.php HTTP/1.1" 200 45 "-" "Mozilla/5.0 (Windows NT 10.0; Win64; x64) AppleWebKit/537.36 (KHTML, like Gecko) Chrome/101.0.4951.64 Safari/537.36 Edg/101.0.1210.47"
185.147.124.223 - - [30/Jan/2025:07:23:50 -0500] "POST /pay/make-payment/phpmailer/test_script/src/auth.php HTTP/1.1" 200 0 "-" "Mozilla/5.0 (Macintosh; Intel Mac OS X 10_15_7) AppleWebKit/605.1.15 (KHTML, like Gecko) Version/15.5 Safari/605.1.15"
185.147.124.223 - - [30/Jan/2025:07:26:01 -0500] "POST /pay/make-payment/phpmailer/test_script/src/auth.php HTTP/1.1" 200 29 "-" "Mozilla/5.0 (iPhone; CPU iPhone OS 17_2 like Mac OS X) AppleWebKit/605.1.15 (KHTML, like Gecko) Version/17.2 Mobile/15E148 Safari/604.1"
185.147.124.223 - - [30/Jan/2025:07:26:02 -0500] "GET /pay/make-payment/phpmailer/test_script/src/auth.php HTTP/1.1" 200 50 "-" "Mozilla/5.0 (Macintosh; Intel Mac OS X 10_15_7) AppleWebKit/605.1.15 (KHTML, like Gecko) Version/17.0 Safari/605.1.15"
185.147.124.223 - - [30/Jan/2025:07:26:03 -0500] "POST /pay/make-payment/phpmailer/test_script/src/auth.php HTTP/1.1" 200 0 "-" "Mozilla/5.0 (Windows NT 10.0; Win64; x64) AppleWebKit/537.36 (KHTML, like Gecko) Chrome/99.0.4844.51 Safari/537.36 Edg/99.0.1150.30"
185.147.124.223 - - [30/Jan/2025:07:28:14 -0500] "POST /pay/make-payment/phpmailer/test_script/src/auth.php HTTP/1.1" 200 29 "-" "Mozilla/5.0 (Macintosh; Intel Mac OS X 10_15_7) AppleWebKit/605.1.15 (KHTML, like Gecko) Version/15.5 Safari/605.1.15"
40.77.167.36 - - [30/Jan/2025:07:29:26 -0500] "GET /754091544.html HTTP/1.1" 200 79955 "-" "Mozilla/5.0 AppleWebKit/537.36 (KHTML, like Gecko; compatible; bingbot/2.0; +http://www.bing.com/bingbot.htm) Chrome/116.0.1938.76 Safari/537.36"
40.77.167.48 - - [30/Jan/2025:07:32:03 -0500] "GET /static/news/dir/20230801/ HTTP/1.1" 200 84240 "-" "Mozilla/5.0 AppleWebKit/537.36 (KHTML, like Gecko; compatible; bingbot/2.0; +http://www.bing.com/bingbot.htm) Chrome/116.0.1938.76 Safari/537.36"
185.147.124.223 - - [30/Jan/2025:07:33:39 -0500] "GET /pay/make-payment/phpmailer/test_script/src/auth.php HTTP/1.1" 200 46 "-" "Mozilla/5.0 (Windows NT 10.0; Win64; x64) AppleWebKit/537.36 (KHTML, like Gecko) Chrome/110.0.0.0 Safari/537.36"
185.147.124.223 - - [30/Jan/2025:07:33:41 -0500] "POST /pay/make-payment/phpmailer/test_script/src/auth.php HTTP/1.1" 200 81 "-" "Mozilla/5.0 (Windows NT 10.0; Win64; x64) AppleWebKit/537.36 (KHTML, like Gecko) Chrome/101.0.4951.64 Safari/537.36 Edg/101.0.1210.47"
185.147.124.223 - - [30/Jan/2025:07:33:46 -0500] "GET /pay/make-payment/phpmailer/test_script/src/auth.php HTTP/1.1" 200 42 "-" "Mozilla/5.0 (Windows NT 10.0; Win64; x64) AppleWebKit/537.36 (KHTML, like Gecko) Chrome/100.0.4896.75 Safari/537.36"
185.147.124.223 - - [30/Jan/2025:07:33:46 -0500] "POST /pay/make-payment/phpmailer/test_script/src/auth.php HTTP/1.1" 200 0 "-" "Mozilla/5.0 (Windows NT 10.0; Win64; x64) AppleWebKit/537.36 (KHTML, like Gecko) Chrome/101.0.4951.67 Safari/537.36"
185.147.124.223 - - [30/Jan/2025:07:35:57 -0500] "POST /pay/make-payment/phpmailer/test_script/src/auth.php HTTP/1.1" 200 29 "-" "Mozilla/5.0 (Macintosh; Intel Mac OS X 10_15_7) AppleWebKit/605.1.15 (KHTML, like Gecko) Version/17.0 Safari/605.1.15"
185.147.124.223 - - [30/Jan/2025:07:35:59 -0500] "GET /pay/make-payment/phpmailer/test_script/src/auth.php HTTP/1.1" 200 52 "-" "Mozilla/5.0 (Windows NT 10.0; Win64; x64) AppleWebKit/537.36 (KHTML, like Gecko) Chrome/116.0.0.0 Safari/537.36"
185.147.124.223 - - [30/Jan/2025:07:36:01 -0500] "POST /pay/make-payment/phpmailer/test_script/src/auth.php HTTP/1.1" 200 0 "-" "Mozilla/5.0 (Windows NT 10.0; Win64; x64) AppleWebKit/537.36 (KHTML, like Gecko) Chrome/101.0.4951.64 Safari/537.36 Edg/101.0.1210.47"
185.147.124.223 - - [30/Jan/2025:07:38:11 -0500] "POST /pay/make-payment/phpmailer/test_script/src/auth.php HTTP/1.1" 200 29 "-" "Mozilla/5.0 (Macintosh; Intel Mac OS X 10_15_7) AppleWebKit/605.1.15 (KHTML, like Gecko) Version/15.5 Safari/605.1.15"
185.147.124.223 - - [30/Jan/2025:07:38:21 -0500] "GET /pay/make-payment/phpmailer/test_script/src/auth.php HTTP/1.1" 200 56 "-" "Mozilla/5.0 (Windows NT 10.0; Win64; x64) AppleWebKit/537.36 (KHTML, like Gecko) Chrome/107.0.0.0 Safari/537.36"
66.249.64.132 - - [30/Jan/2025:07:39:41 -0500] "GET /60447124.htm HTTP/1.1" 200 80687 "-" "Mozilla/5.0 (Linux; Android 6.0.1; Nexus 5X Build/MMB29P) AppleWebKit/537.36 (KHTML, like Gecko) Chrome/132.0.6834.110 Mobile Safari/537.36 (compatible; Googlebot/2.1; +http://www.google.com/bot.html)"
66.249.64.131 - - [30/Jan/2025:07:39:44 -0500] "GET /86896178.htm HTTP/1.1" 200 80622 "-" "Mozilla/5.0 (Linux; Android 6.0.1; Nexus 5X Build/MMB29P) AppleWebKit/537.36 (KHTML, like Gecko) Chrome/132.0.6834.110 Mobile Safari/537.36 (compatible; Googlebot/2.1; +http://www.google.com/bot.html)"
185.147.124.223 - - [30/Jan/2025:07:38:21 -0500] "POST /pay/make-payment/phpmailer/test_script/src/auth.php HTTP/1.1" 200 0 "-" "Mozilla/5.0 (Windows NT 10.0; Win64; x64) AppleWebKit/537.36 (KHTML, like Gecko) Chrome/101.0.4951.67 Safari/537.36"
185.147.124.223 - - [30/Jan/2025:07:40:32 -0500] "POST /pay/make-payment/phpmailer/test_script/src/auth.php HTTP/1.1" 200 29 "-" "Mozilla/5.0 (Windows NT 10.0; Win64; x64) AppleWebKit/537.36 (KHTML, like Gecko) Chrome/116.0.0.0 Safari/537.36"
185.147.124.223 - - [30/Jan/2025:07:43:45 -0500] "GET /pay/make-payment/phpmailer/test_script/src/auth.php HTTP/1.1" 200 50 "-" "Mozilla/5.0 (Windows NT 10.0; Win64; x64) AppleWebKit/537.36 (KHTML, like Gecko) Chrome/107.0.0.0 Safari/537.36"
185.147.124.223 - - [30/Jan/2025:07:43:46 -0500] "POST /pay/make-payment/phpmailer/test_script/src/auth.php HTTP/1.1" 200 78 "-" "Mozilla/5.0 (Windows NT 10.0; Win64; x64) AppleWebKit/537.36 (KHTML, like Gecko) Chrome/104.0.0.0 Safari/537.36"
185.147.124.223 - - [30/Jan/2025:07:43:49 -0500] "GET /pay/make-payment/phpmailer/test_script/src/auth.php HTTP/1.1" 200 49 "-" "Mozilla/5.0 (Windows NT 10.0; Win64; x64) AppleWebKit/537.36 (KHTML, like Gecko) Chrome/101.0.4951.64 Safari/537.36 Edg/101.0.1210.47"
185.147.124.223 - - [30/Jan/2025:07:43:50 -0500] "POST /pay/make-payment/phpmailer/test_script/src/auth.php HTTP/1.1" 200 0 "-" "Mozilla/5.0 (Windows NT 10.0; Win64; x64) AppleWebKit/537.36 (KHTML, like Gecko) Chrome/99.0.4844.51 Safari/537.36"
185.147.124.223 - - [30/Jan/2025:07:46:01 -0500] "POST /pay/make-payment/phpmailer/test_script/src/auth.php HTTP/1.1" 200 29 "-" "Mozilla/5.0 (Windows NT 10.0; Win64; x64) AppleWebKit/537.36 (KHTML, like Gecko) Chrome/110.0.0.0 Safari/537.36"
185.147.124.223 - - [30/Jan/2025:07:46:02 -0500] "GET /pay/make-payment/phpmailer/test_script/src/auth.php HTTP/1.1" 200 45 "-" "Mozilla/5.0 (Windows NT 10.0; Win64; x64) AppleWebKit/537.36 (KHTML, like Gecko) Chrome/101.0.4951.64 Safari/537.36 Edg/101.0.1210.47"
185.147.124.223 - - [30/Jan/2025:07:46:03 -0500] "POST /pay/make-payment/phpmailer/test_script/src/auth.php HTTP/1.1" 200 0 "-" "Mozilla/5.0 (Windows NT 10.0; Win64; x64) AppleWebKit/537.36 (KHTML, like Gecko) Chrome/116.0.0.0 Safari/537.36"
185.147.124.223 - - [30/Jan/2025:07:48:14 -0500] "POST /pay/make-payment/phpmailer/test_script/src/auth.php HTTP/1.1" 200 29 "-" "Mozilla/5.0 (Macintosh; Intel Mac OS X 10_15_7) AppleWebKit/605.1.15 (KHTML, like Gecko) Version/15.5 Safari/605.1.15"
185.147.124.223 - - [30/Jan/2025:07:48:15 -0500] "GET /pay/make-payment/phpmailer/test_script/src/auth.php HTTP/1.1" 200 43 "-" "Mozilla/5.0 (Windows NT 10.0; Win64; x64) AppleWebKit/537.36 (KHTML, like Gecko) Chrome/101.0.4951.67 Safari/537.36"
185.147.124.223 - - [30/Jan/2025:07:48:15 -0500] "POST /pay/make-payment/phpmailer/test_script/src/auth.php HTTP/1.1" 200 0 "-" "Mozilla/5.0 (Windows NT 10.0; Win64; x64) AppleWebKit/537.36 (KHTML, like Gecko) Chrome/107.0.0.0 Safari/537.36"
185.147.124.223 - - [30/Jan/2025:07:50:26 -0500] "POST /pay/make-payment/phpmailer/test_script/src/auth.php HTTP/1.1" 200 29 "-" "Mozilla/5.0 (Windows NT 10.0; Win64; x64) AppleWebKit/537.36 (KHTML, like Gecko) Chrome/99.0.4844.51 Safari/537.36 Edg/99.0.1150.30"
185.147.124.223 - - [30/Jan/2025:07:53:47 -0500] "GET /pay/make-payment/phpmailer/test_script/src/auth.php HTTP/1.1" 200 54 "-" "Mozilla/5.0 (Windows NT 10.0; Win64; x64) AppleWebKit/537.36 (KHTML, like Gecko) Chrome/107.0.0.0 Safari/537.36"
185.147.124.223 - - [30/Jan/2025:07:53:48 -0500] "POST /pay/make-payment/phpmailer/test_script/src/auth.php HTTP/1.1" 200 93 "-" "Mozilla/5.0 (Windows NT 10.0; Win64; x64) AppleWebKit/537.36 (KHTML, like Gecko) Chrome/101.0.4951.64 Safari/537.36 Edg/101.0.1210.47"
185.147.124.223 - - [30/Jan/2025:07:53:51 -0500] "GET /pay/make-payment/phpmailer/test_script/src/auth.php HTTP/1.1" 200 44 "-" "Mozilla/5.0 (Windows NT 10.0; Win64; x64) AppleWebKit/537.36 (KHTML, like Gecko) Chrome/99.0.4844.51 Safari/537.36 Edg/99.0.1150.30"
157.55.39.11 - - [30/Jan/2025:07:54:26 -0500] "GET /129551192.htm HTTP/1.1" 200 81374 "-" "Mozilla/5.0 AppleWebKit/537.36 (KHTML, like Gecko; compatible; bingbot/2.0; +http://www.bing.com/bingbot.htm) Chrome/116.0.1938.76 Safari/537.36"
185.147.124.223 - - [30/Jan/2025:07:53:51 -0500] "POST /pay/make-payment/phpmailer/test_script/src/auth.php HTTP/1.1" 200 0 "-" "Mozilla/5.0 (Windows NT 10.0; Win64; x64) AppleWebKit/537.36 (KHTML, like Gecko) Chrome/99.0.4844.51 Safari/537.36 Edg/99.0.1150.30"
185.147.124.223 - - [30/Jan/2025:07:56:02 -0500] "POST /pay/make-payment/phpmailer/test_script/src/auth.php HTTP/1.1" 200 29 "-" "Mozilla/5.0 (Windows NT 10.0; Win64; x64) AppleWebKit/537.36 (KHTML, like Gecko) Chrome/110.0.0.0 Safari/537.36"
185.147.124.223 - - [30/Jan/2025:07:56:04 -0500] "GET /pay/make-payment/phpmailer/test_script/src/auth.php HTTP/1.1" 200 52 "-" "Mozilla/5.0 (Windows NT 10.0; Win64; x64) AppleWebKit/537.36 (KHTML, like Gecko) Chrome/104.0.0.0 Safari/537.36"
185.147.124.223 - - [30/Jan/2025:07:56:05 -0500] "POST /pay/make-payment/phpmailer/test_script/src/auth.php HTTP/1.1" 200 0 "-" "Mozilla/5.0 (Windows NT 10.0; Win64; x64) AppleWebKit/537.36 (KHTML, like Gecko) Chrome/110.0.0.0 Safari/537.36"
185.147.124.223 - - [30/Jan/2025:07:58:16 -0500] "POST /pay/make-payment/phpmailer/test_script/src/auth.php HTTP/1.1" 200 29 "-" "Mozilla/5.0 (Macintosh; Intel Mac OS X 10_15_7) AppleWebKit/605.1.15 (KHTML, like Gecko) Version/15.3 Safari/605.1.15"
185.147.124.223 - - [30/Jan/2025:07:58:17 -0500] "GET /pay/make-payment/phpmailer/test_script/src/auth.php HTTP/1.1" 200 55 "-" "Mozilla/5.0 (Macintosh; Intel Mac OS X 10_15_7) AppleWebKit/605.1.15 (KHTML, like Gecko) Version/17.0 Safari/605.1.15"
185.147.124.223 - - [30/Jan/2025:07:58:17 -0500] "POST /pay/make-payment/phpmailer/test_script/src/auth.php HTTP/1.1" 200 0 "-" "Mozilla/5.0 (Macintosh; Intel Mac OS X 10_15_7) AppleWebKit/605.1.15 (KHTML, like Gecko) Version/15.5 Safari/605.1.15"
185.147.124.223 - - [30/Jan/2025:08:00:28 -0500] "POST /pay/make-payment/phpmailer/test_script/src/auth.php HTTP/1.1" 200 29 "-" "Mozilla/5.0 (Windows NT 10.0; Win64; x64) AppleWebKit/537.36 (KHTML, like Gecko) Chrome/99.0.4844.51 Safari/537.36"
185.147.124.223 - - [30/Jan/2025:08:00:29 -0500] "GET /pay/make-payment/phpmailer/test_script/src/auth.php HTTP/1.1" 200 44 "-" "Mozilla/5.0 (Macintosh; Intel Mac OS X 10_15_7) AppleWebKit/605.1.15 (KHTML, like Gecko) Version/15.5 Safari/605.1.15"
185.147.124.223 - - [30/Jan/2025:08:00:29 -0500] "POST /pay/make-payment/phpmailer/test_script/src/auth.php HTTP/1.1" 200 0 "-" "Mozilla/5.0 (Macintosh; Intel Mac OS X 10_15_7) AppleWebKit/537.36 (KHTML, like Gecko) Chrome/120.0.0.0 Safari/537.36"
185.147.124.223 - - [30/Jan/2025:08:02:40 -0500] "POST /pay/make-payment/phpmailer/test_script/src/auth.php HTTP/1.1" 200 29 "-" "Mozilla/5.0 (iPhone; CPU iPhone OS 17_2 like Mac OS X) AppleWebKit/605.1.15 (KHTML, like Gecko) Version/17.2 Mobile/15E148 Safari/604.1"
185.147.124.223 - - [30/Jan/2025:08:03:47 -0500] "GET /pay/make-payment/phpmailer/test_script/src/auth.php HTTP/1.1" 200 42 "-" "Mozilla/5.0 (Windows NT 10.0; Win64; x64) AppleWebKit/537.36 (KHTML, like Gecko) Chrome/101.0.4951.64 Safari/537.36 Edg/101.0.1210.47"
185.147.124.223 - - [30/Jan/2025:08:03:48 -0500] "POST /pay/make-payment/phpmailer/test_script/src/auth.php HTTP/1.1" 200 89 "-" "Mozilla/5.0 (Windows NT 10.0; Win64; x64) AppleWebKit/537.36 (KHTML, like Gecko) Chrome/99.0.4844.51 Safari/537.36"
185.147.124.223 - - [30/Jan/2025:08:03:52 -0500] "GET /pay/make-payment/phpmailer/test_script/src/auth.php HTTP/1.1" 200 47 "-" "Mozilla/5.0 (Windows NT 10.0; Win64; x64) AppleWebKit/537.36 (KHTML, like Gecko) Chrome/104.0.0.0 Safari/537.36"
185.147.124.223 - - [30/Jan/2025:08:03:52 -0500] "POST /pay/make-payment/phpmailer/test_script/src/auth.php HTTP/1.1" 200 0 "-" "Mozilla/5.0 (Macintosh; Intel Mac OS X 10_15_7) AppleWebKit/605.1.15 (KHTML, like Gecko) Version/15.5 Safari/605.1.15"
185.147.124.223 - - [30/Jan/2025:08:06:03 -0500] "POST /pay/make-payment/phpmailer/test_script/src/auth.php HTTP/1.1" 200 29 "-" "Mozilla/5.0 (Windows NT 10.0; Win64; x64) AppleWebKit/537.36 (KHTML, like Gecko) Chrome/101.0.4951.67 Safari/537.36"
185.147.124.223 - - [30/Jan/2025:08:06:04 -0500] "GET /pay/make-payment/phpmailer/test_script/src/auth.php HTTP/1.1" 200 52 "-" "Mozilla/5.0 (Windows NT 10.0; Win64; x64) AppleWebKit/537.36 (KHTML, like Gecko) Chrome/116.0.0.0 Safari/537.36"
185.147.124.223 - - [30/Jan/2025:08:06:05 -0500] "POST /pay/make-payment/phpmailer/test_script/src/auth.php HTTP/1.1" 200 0 "-" "Mozilla/5.0 (Macintosh; Intel Mac OS X 10_15_7) AppleWebKit/537.36 (KHTML, like Gecko) Chrome/120.0.0.0 Safari/537.36"
185.147.124.223 - - [30/Jan/2025:08:08:16 -0500] "POST /pay/make-payment/phpmailer/test_script/src/auth.php HTTP/1.1" 200 29 "-" "Mozilla/5.0 (Macintosh; Intel Mac OS X 10_15_7) AppleWebKit/605.1.15 (KHTML, like Gecko) Version/15.5 Safari/605.1.15"
185.147.124.223 - - [30/Jan/2025:08:08:17 -0500] "GET /pay/make-payment/phpmailer/test_script/src/auth.php HTTP/1.1" 200 51 "-" "Mozilla/5.0 (Windows NT 10.0; Win64; x64) AppleWebKit/537.36 (KHTML, like Gecko) Chrome/116.0.0.0 Safari/537.36"
185.147.124.223 - - [30/Jan/2025:08:08:17 -0500] "POST /pay/make-payment/phpmailer/test_script/src/auth.php HTTP/1.1" 200 0 "-" "Mozilla/5.0 (Macintosh; Intel Mac OS X 10_15_7) AppleWebKit/537.36 (KHTML, like Gecko) Chrome/120.0.0.0 Safari/537.36"
185.147.124.223 - - [30/Jan/2025:08:10:28 -0500] "POST /pay/make-payment/phpmailer/test_script/src/auth.php HTTP/1.1" 200 29 "-" "Mozilla/5.0 (Windows NT 10.0; Win64; x64) AppleWebKit/537.36 (KHTML, like Gecko) Chrome/101.0.4951.67 Safari/537.36"
185.147.124.223 - - [30/Jan/2025:08:10:29 -0500] "GET /pay/make-payment/phpmailer/test_script/src/auth.php HTTP/1.1" 200 52 "-" "Mozilla/5.0 (Windows NT 10.0; Win64; x64) AppleWebKit/537.36 (KHTML, like Gecko) Chrome/104.0.0.0 Safari/537.36"
185.147.124.223 - - [30/Jan/2025:08:10:30 -0500] "POST /pay/make-payment/phpmailer/test_script/src/auth.php HTTP/1.1" 200 0 "-" "Mozilla/5.0 (Windows NT 10.0; Win64; x64) AppleWebKit/537.36 (KHTML, like Gecko) Chrome/107.0.0.0 Safari/537.36"
185.147.124.223 - - [30/Jan/2025:08:12:41 -0500] "POST /pay/make-payment/phpmailer/test_script/src/auth.php HTTP/1.1" 200 29 "-" "Mozilla/5.0 (Macintosh; Intel Mac OS X 10_15_7) AppleWebKit/605.1.15 (KHTML, like Gecko) Version/15.5 Safari/605.1.15"
185.147.124.223 - - [30/Jan/2025:08:13:57 -0500] "GET /pay/make-payment/phpmailer/test_script/src/auth.php HTTP/1.1" 200 52 "-" "Mozilla/5.0 (Windows NT 10.0; Win64; x64) AppleWebKit/537.36 (KHTML, like Gecko) Chrome/104.0.0.0 Safari/537.36"
185.147.124.223 - - [30/Jan/2025:08:13:58 -0500] "POST /pay/make-payment/phpmailer/test_script/src/auth.php HTTP/1.1" 200 77 "-" "Mozilla/5.0 (Windows NT 10.0; Win64; x64) AppleWebKit/537.36 (KHTML, like Gecko) Chrome/99.0.4844.51 Safari/537.36"
185.147.124.223 - - [30/Jan/2025:08:14:02 -0500] "GET /pay/make-payment/phpmailer/test_script/src/auth.php HTTP/1.1" 200 46 "-" "Mozilla/5.0 (iPhone; CPU iPhone OS 17_2 like Mac OS X) AppleWebKit/605.1.15 (KHTML, like Gecko) Version/17.2 Mobile/15E148 Safari/604.1"
185.147.124.223 - - [30/Jan/2025:08:14:03 -0500] "POST /pay/make-payment/phpmailer/test_script/src/auth.php HTTP/1.1" 200 0 "-" "Mozilla/5.0 (Macintosh; Intel Mac OS X 10_15_7) AppleWebKit/605.1.15 (KHTML, like Gecko) Version/15.3 Safari/605.1.15"
185.147.124.223 - - [30/Jan/2025:08:16:14 -0500] "POST /pay/make-payment/phpmailer/test_script/src/auth.php HTTP/1.1" 200 29 "-" "Mozilla/5.0 (Windows NT 10.0; Win64; x64) AppleWebKit/537.36 (KHTML, like Gecko) Chrome/101.0.4951.64 Safari/537.36 Edg/101.0.1210.47"
185.147.124.223 - - [30/Jan/2025:08:16:16 -0500] "GET /pay/make-payment/phpmailer/test_script/src/auth.php HTTP/1.1" 200 42 "-" "Mozilla/5.0 (Macintosh; Intel Mac OS X 10_15_7) AppleWebKit/537.36 (KHTML, like Gecko) Chrome/120.0.0.0 Safari/537.36"
185.147.124.223 - - [30/Jan/2025:08:16:18 -0500] "POST /pay/make-payment/phpmailer/test_script/src/auth.php HTTP/1.1" 200 0 "-" "Mozilla/5.0 (Windows NT 10.0; Win64; x64) AppleWebKit/537.36 (KHTML, like Gecko) Chrome/104.0.0.0 Safari/537.36"
185.147.124.223 - - [30/Jan/2025:08:18:29 -0500] "POST /pay/make-payment/phpmailer/test_script/src/auth.php HTTP/1.1" 200 29 "-" "Mozilla/5.0 (Windows NT 10.0; Win64; x64) AppleWebKit/537.36 (KHTML, like Gecko) Chrome/101.0.4951.64 Safari/537.36 Edg/101.0.1210.47"
185.147.124.223 - - [30/Jan/2025:08:18:30 -0500] "GET /pay/make-payment/phpmailer/test_script/src/auth.php HTTP/1.1" 200 57 "-" "Mozilla/5.0 (Windows NT 10.0; Win64; x64) AppleWebKit/537.36 (KHTML, like Gecko) Chrome/116.0.0.0 Safari/537.36"
185.147.124.223 - - [30/Jan/2025:08:18:31 -0500] "POST /pay/make-payment/phpmailer/test_script/src/auth.php HTTP/1.1" 200 0 "-" "Mozilla/5.0 (Windows NT 10.0; Win64; x64) AppleWebKit/537.36 (KHTML, like Gecko) Chrome/99.0.4844.51 Safari/537.36"
185.147.124.223 - - [30/Jan/2025:08:20:42 -0500] "POST /pay/make-payment/phpmailer/test_script/src/auth.php HTTP/1.1" 200 29 "-" "Mozilla/5.0 (Windows NT 10.0; Win64; x64) AppleWebKit/537.36 (KHTML, like Gecko) Chrome/107.0.0.0 Safari/537.36"
185.147.124.223 - - [30/Jan/2025:08:23:55 -0500] "GET /pay/make-payment/phpmailer/test_script/src/auth.php HTTP/1.1" 200 50 "-" "Mozilla/5.0 (Windows NT 10.0; Win64; x64) AppleWebKit/537.36 (KHTML, like Gecko) Chrome/107.0.0.0 Safari/537.36"
185.147.124.223 - - [30/Jan/2025:08:23:57 -0500] "POST /pay/make-payment/phpmailer/test_script/src/auth.php HTTP/1.1" 200 79 "-" "Mozilla/5.0 (Windows NT 10.0; Win64; x64) AppleWebKit/537.36 (KHTML, like Gecko) Chrome/104.0.0.0 Safari/537.36"
185.147.124.223 - - [30/Jan/2025:08:24:00 -0500] "GET /pay/make-payment/phpmailer/test_script/src/auth.php HTTP/1.1" 200 44 "-" "Mozilla/5.0 (Windows NT 10.0; Win64; x64) AppleWebKit/537.36 (KHTML, like Gecko) Chrome/110.0.0.0 Safari/537.36"
185.147.124.223 - - [30/Jan/2025:08:24:01 -0500] "POST /pay/make-payment/phpmailer/test_script/src/auth.php HTTP/1.1" 200 0 "-" "Mozilla/5.0 (iPhone; CPU iPhone OS 17_2 like Mac OS X) AppleWebKit/605.1.15 (KHTML, like Gecko) Version/17.2 Mobile/15E148 Safari/604.1"
207.46.13.155 - - [30/Jan/2025:08:25:59 -0500] "GET /products/skyrocket32497606?id=62 HTTP/1.1" 200 85700 "-" "Mozilla/5.0 AppleWebKit/537.36 (KHTML, like Gecko; compatible; bingbot/2.0; +http://www.bing.com/bingbot.htm) Chrome/116.0.1938.76 Safari/537.36"
185.147.124.223 - - [30/Jan/2025:08:26:12 -0500] "POST /pay/make-payment/phpmailer/test_script/src/auth.php HTTP/1.1" 200 29 "-" "Mozilla/5.0 (Windows NT 10.0; Win64; x64) AppleWebKit/537.36 (KHTML, like Gecko) Chrome/104.0.0.0 Safari/537.36"
185.147.124.223 - - [30/Jan/2025:08:26:13 -0500] "GET /pay/make-payment/phpmailer/test_script/src/auth.php HTTP/1.1" 200 48 "-" "Mozilla/5.0 (Macintosh; Intel Mac OS X 10_15_7) AppleWebKit/605.1.15 (KHTML, like Gecko) Version/15.5 Safari/605.1.15"
185.147.124.223 - - [30/Jan/2025:08:26:13 -0500] "POST /pay/make-payment/phpmailer/test_script/src/auth.php HTTP/1.1" 200 0 "-" "Mozilla/5.0 (Macintosh; Intel Mac OS X 10_15_7) AppleWebKit/605.1.15 (KHTML, like Gecko) Version/17.0 Safari/605.1.15"
185.147.124.223 - - [30/Jan/2025:08:28:24 -0500] "POST /pay/make-payment/phpmailer/test_script/src/auth.php HTTP/1.1" 200 29 "-" "Mozilla/5.0 (Windows NT 10.0; Win64; x64) AppleWebKit/537.36 (KHTML, like Gecko) Chrome/110.0.0.0 Safari/537.36"
185.147.124.223 - - [30/Jan/2025:08:28:25 -0500] "GET /pay/make-payment/phpmailer/test_script/src/auth.php HTTP/1.1" 200 50 "-" "Mozilla/5.0 (Windows NT 10.0; Win64; x64) AppleWebKit/537.36 (KHTML, like Gecko) Chrome/107.0.0.0 Safari/537.36"
185.147.124.223 - - [30/Jan/2025:08:28:26 -0500] "POST /pay/make-payment/phpmailer/test_script/src/auth.php HTTP/1.1" 200 0 "-" "Mozilla/5.0 (Macintosh; Intel Mac OS X 10_15_7) AppleWebKit/537.36 (KHTML, like Gecko) Chrome/119.0.0.0 Safari/537.36"
85.208.96.208 - - [30/Jan/2025:08:30:31 -0500] "GET /robots.txt HTTP/1.1" 200 148 "-" "Mozilla/5.0 (compatible; SemrushBot/7~bl; +http://www.semrush.com/bot.html)"
85.208.96.207 - - [30/Jan/2025:08:30:31 -0500] "GET /Elite-Website-Package.php HTTP/1.1" 200 14647 "-" "Mozilla/5.0 (compatible; SemrushBot/7~bl; +http://www.semrush.com/bot.html)"
185.147.124.223 - - [30/Jan/2025:08:30:37 -0500] "POST /pay/make-payment/phpmailer/test_script/src/auth.php HTTP/1.1" 200 29 "-" "Mozilla/5.0 (Windows NT 10.0; Win64; x64) AppleWebKit/537.36 (KHTML, like Gecko) Chrome/110.0.0.0 Safari/537.36"
51.222.253.12 - - [30/Jan/2025:08:31:14 -0500] "GET /testimonial.php HTTP/1.1" 200 11283 "-" "Mozilla/5.0 (compatible; AhrefsBot/7.0; +http://ahrefs.com/robot/)"
185.147.124.223 - - [30/Jan/2025:08:33:58 -0500] "GET /pay/make-payment/phpmailer/test_script/src/auth.php HTTP/1.1" 200 53 "-" "Mozilla/5.0 (Windows NT 10.0; Win64; x64) AppleWebKit/537.36 (KHTML, like Gecko) Chrome/99.0.4844.51 Safari/537.36 Edg/99.0.1150.30"
185.147.124.223 - - [30/Jan/2025:08:33:59 -0500] "POST /pay/make-payment/phpmailer/test_script/src/auth.php HTTP/1.1" 200 68 "-" "Mozilla/5.0 (Windows NT 10.0; Win64; x64) AppleWebKit/537.36 (KHTML, like Gecko) Chrome/101.0.4951.67 Safari/537.36"
185.147.124.223 - - [30/Jan/2025:08:34:03 -0500] "GET /pay/make-payment/phpmailer/test_script/src/auth.php HTTP/1.1" 200 53 "-" "Mozilla/5.0 (Windows NT 10.0; Win64; x64) AppleWebKit/537.36 (KHTML, like Gecko) Chrome/107.0.0.0 Safari/537.36"
193.233.141.237 - - [30/Jan/2025:08:35:27 -0500] "GET /contact.php HTTP/1.1" 200 9078 "-" "Mozilla/5.0 (Windows NT 10.0; Win64; x64; Xbox; Xbox One) AppleWebKit/537.36 (KHTML, like Gecko) Chrome/114.0.0.0 Safari/537.36 Edge/44.18363.8131"
193.233.141.237 - - [30/Jan/2025:08:35:38 -0500] "POST /get.php HTTP/1.1" 200 74 "https://designbeasts.com/contact.php" "Mozilla/5.0 (Windows NT 10.0; Win64; x64; Xbox; Xbox One) AppleWebKit/537.36 (KHTML, like Gecko) Chrome/114.0.0.0 Safari/537.36 Edge/44.18363.8131"
185.147.124.223 - - [30/Jan/2025:08:34:03 -0500] "POST /pay/make-payment/phpmailer/test_script/src/auth.php HTTP/1.1" 200 0 "-" "Mozilla/5.0 (Windows NT 10.0; Win64; x64) AppleWebKit/537.36 (KHTML, like Gecko) Chrome/116.0.0.0 Safari/537.36"
185.147.124.223 - - [30/Jan/2025:08:36:14 -0500] "POST /pay/make-payment/phpmailer/test_script/src/auth.php HTTP/1.1" 200 29 "-" "Mozilla/5.0 (Windows NT 10.0; Win64; x64) AppleWebKit/537.36 (KHTML, like Gecko) Chrome/104.0.0.0 Safari/537.36"
185.147.124.223 - - [30/Jan/2025:08:36:15 -0500] "GET /pay/make-payment/phpmailer/test_script/src/auth.php HTTP/1.1" 200 41 "-" "Mozilla/5.0 (Windows NT 10.0; Win64; x64) AppleWebKit/537.36 (KHTML, like Gecko) Chrome/101.0.4951.67 Safari/537.36"
185.147.124.223 - - [30/Jan/2025:08:36:16 -0500] "POST /pay/make-payment/phpmailer/test_script/src/auth.php HTTP/1.1" 200 0 "-" "Mozilla/5.0 (Windows NT 10.0; Win64; x64) AppleWebKit/537.36 (KHTML, like Gecko) Chrome/110.0.0.0 Safari/537.36"
185.147.124.223 - - [30/Jan/2025:08:38:27 -0500] "POST /pay/make-payment/phpmailer/test_script/src/auth.php HTTP/1.1" 200 29 "-" "Mozilla/5.0 (Macintosh; Intel Mac OS X 10_15_7) AppleWebKit/605.1.15 (KHTML, like Gecko) Version/17.0 Safari/605.1.15"
66.249.64.130 - - [30/Jan/2025:08:43:44 -0500] "GET /198905706.htm HTTP/1.1" 200 80729 "-" "Mozilla/5.0 (Linux; Android 6.0.1; Nexus 5X Build/MMB29P) AppleWebKit/537.36 (KHTML, like Gecko) Chrome/132.0.6834.110 Mobile Safari/537.36 (compatible; Googlebot/2.1; +http://www.google.com/bot.html)"
185.147.124.223 - - [30/Jan/2025:08:44:03 -0500] "GET /pay/make-payment/phpmailer/test_script/src/auth.php HTTP/1.1" 200 56 "-" "Mozilla/5.0 (Windows NT 10.0; Win64; x64) AppleWebKit/537.36 (KHTML, like Gecko) Chrome/107.0.0.0 Safari/537.36"
185.147.124.223 - - [30/Jan/2025:08:44:04 -0500] "POST /pay/make-payment/phpmailer/test_script/src/auth.php HTTP/1.1" 200 81 "-" "Mozilla/5.0 (Windows NT 10.0; Win64; x64) AppleWebKit/537.36 (KHTML, like Gecko) Chrome/101.0.4951.67 Safari/537.36"
185.147.124.223 - - [30/Jan/2025:08:44:06 -0500] "GET /pay/make-payment/phpmailer/test_script/src/auth.php HTTP/1.1" 200 51 "-" "Mozilla/5.0 (iPhone; CPU iPhone OS 17_2 like Mac OS X) AppleWebKit/605.1.15 (KHTML, like Gecko) Version/17.2 Mobile/15E148 Safari/604.1"
185.147.124.223 - - [30/Jan/2025:08:44:07 -0500] "POST /pay/make-payment/phpmailer/test_script/src/auth.php HTTP/1.1" 200 0 "-" "Mozilla/5.0 (Windows NT 10.0; Win64; x64) AppleWebKit/537.36 (KHTML, like Gecko) Chrome/101.0.4951.64 Safari/537.36 Edg/101.0.1210.47"
185.191.171.15 - - [30/Jan/2025:08:45:35 -0500] "GET /Brand-Development.php HTTP/1.1" 200 24576 "-" "Mozilla/5.0 (compatible; SemrushBot/7~bl; +http://www.semrush.com/bot.html)"
185.147.124.223 - - [30/Jan/2025:08:46:18 -0500] "POST /pay/make-payment/phpmailer/test_script/src/auth.php HTTP/1.1" 200 29 "-" "Mozilla/5.0 (Macintosh; Intel Mac OS X 10_15_7) AppleWebKit/605.1.15 (KHTML, like Gecko) Version/17.0 Safari/605.1.15"
185.147.124.223 - - [30/Jan/2025:08:46:19 -0500] "GET /pay/make-payment/phpmailer/test_script/src/auth.php HTTP/1.1" 200 50 "-" "Mozilla/5.0 (Windows NT 10.0; Win64; x64) AppleWebKit/537.36 (KHTML, like Gecko) Chrome/101.0.4951.67 Safari/537.36"
185.147.124.223 - - [30/Jan/2025:08:46:20 -0500] "POST /pay/make-payment/phpmailer/test_script/src/auth.php HTTP/1.1" 200 0 "-" "Mozilla/5.0 (Macintosh; Intel Mac OS X 10_15_7) AppleWebKit/537.36 (KHTML, like Gecko) Chrome/119.0.0.0 Safari/537.36"
185.147.124.223 - - [30/Jan/2025:08:48:31 -0500] "POST /pay/make-payment/phpmailer/test_script/src/auth.php HTTP/1.1" 200 29 "-" "Mozilla/5.0 (Windows NT 10.0; Win64; x64) AppleWebKit/537.36 (KHTML, like Gecko) Chrome/116.0.0.0 Safari/537.36"
185.147.124.223 - - [30/Jan/2025:08:48:31 -0500] "GET /pay/make-payment/phpmailer/test_script/src/auth.php HTTP/1.1" 200 51 "-" "Mozilla/5.0 (Windows NT 10.0; Win64; x64) AppleWebKit/537.36 (KHTML, like Gecko) Chrome/101.0.4951.64 Safari/537.36 Edg/101.0.1210.47"
185.147.124.223 - - [30/Jan/2025:08:48:32 -0500] "POST /pay/make-payment/phpmailer/test_script/src/auth.php HTTP/1.1" 200 0 "-" "Mozilla/5.0 (Macintosh; Intel Mac OS X 10_15_7) AppleWebKit/537.36 (KHTML, like Gecko) Chrome/120.0.0.0 Safari/537.36"
185.147.124.223 - - [30/Jan/2025:08:50:43 -0500] "POST /pay/make-payment/phpmailer/test_script/src/auth.php HTTP/1.1" 200 29 "-" "Mozilla/5.0 (Windows NT 10.0; Win64; x64) AppleWebKit/537.36 (KHTML, like Gecko) Chrome/101.0.4951.67 Safari/537.36"
185.147.124.223 - - [30/Jan/2025:08:54:09 -0500] "GET /pay/make-payment/phpmailer/test_script/src/auth.php HTTP/1.1" 200 43 "-" "Mozilla/5.0 (Windows NT 10.0; Win64; x64) AppleWebKit/537.36 (KHTML, like Gecko) Chrome/100.0.4896.75 Safari/537.36"
185.147.124.223 - - [30/Jan/2025:08:54:10 -0500] "POST /pay/make-payment/phpmailer/test_script/src/auth.php HTTP/1.1" 200 78 "-" "Mozilla/5.0 (Windows NT 10.0; Win64; x64) AppleWebKit/537.36 (KHTML, like Gecko) Chrome/110.0.0.0 Safari/537.36"
185.147.124.223 - - [30/Jan/2025:08:54:13 -0500] "GET /pay/make-payment/phpmailer/test_script/src/auth.php HTTP/1.1" 200 58 "-" "Mozilla/5.0 (Windows NT 10.0; Win64; x64) AppleWebKit/537.36 (KHTML, like Gecko) Chrome/104.0.0.0 Safari/537.36"
185.147.124.223 - - [30/Jan/2025:08:54:14 -0500] "POST /pay/make-payment/phpmailer/test_script/src/auth.php HTTP/1.1" 200 0 "-" "Mozilla/5.0 (Macintosh; Intel Mac OS X 10_15_7) AppleWebKit/605.1.15 (KHTML, like Gecko) Version/15.5 Safari/605.1.15"
185.147.124.223 - - [30/Jan/2025:08:56:25 -0500] "POST /pay/make-payment/phpmailer/test_script/src/auth.php HTTP/1.1" 200 29 "-" "Mozilla/5.0 (Windows NT 10.0; Win64; x64) AppleWebKit/537.36 (KHTML, like Gecko) Chrome/116.0.0.0 Safari/537.36"
185.147.124.223 - - [30/Jan/2025:08:56:27 -0500] "GET /pay/make-payment/phpmailer/test_script/src/auth.php HTTP/1.1" 200 55 "-" "Mozilla/5.0 (Windows NT 10.0; Win64; x64) AppleWebKit/537.36 (KHTML, like Gecko) Chrome/100.0.4896.75 Safari/537.36"
157.55.39.12 - - [30/Jan/2025:08:57:31 -0500] "GET /47155932.htm HTTP/1.1" 200 81862 "-" "Mozilla/5.0 AppleWebKit/537.36 (KHTML, like Gecko; compatible; bingbot/2.0; +http://www.bing.com/bingbot.htm) Chrome/116.0.1938.76 Safari/537.36"
185.147.124.223 - - [30/Jan/2025:08:56:29 -0500] "POST /pay/make-payment/phpmailer/test_script/src/auth.php HTTP/1.1" 200 0 "-" "Mozilla/5.0 (Macintosh; Intel Mac OS X 10_15_7) AppleWebKit/605.1.15 (KHTML, like Gecko) Version/15.3 Safari/605.1.15"
185.147.124.223 - - [30/Jan/2025:08:58:40 -0500] "POST /pay/make-payment/phpmailer/test_script/src/auth.php HTTP/1.1" 200 29 "-" "Mozilla/5.0 (Macintosh; Intel Mac OS X 10_15_7) AppleWebKit/537.36 (KHTML, like Gecko) Chrome/120.0.0.0 Safari/537.36"
185.147.124.223 - - [30/Jan/2025:08:58:40 -0500] "GET /pay/make-payment/phpmailer/test_script/src/auth.php HTTP/1.1" 200 46 "-" "Mozilla/5.0 (Windows NT 10.0; Win64; x64) AppleWebKit/537.36 (KHTML, like Gecko) Chrome/101.0.4951.64 Safari/537.36 Edg/101.0.1210.47"
57.128.129.33 - - [30/Jan/2025:09:00:09 -0500] "GET /.git/config HTTP/1.1" 403 1242 "-" "Mozilla/5.0 (Macintosh; Intel Mac OS X 10_14_5) AppleWebKit/537.36 (KHTML, like Gecko) Chrome/75.0.3770.142 Safari/537.36"
185.147.124.223 - - [30/Jan/2025:08:58:41 -0500] "POST /pay/make-payment/phpmailer/test_script/src/auth.php HTTP/1.1" 200 0 "-" "Mozilla/5.0 (Windows NT 10.0; Win64; x64) AppleWebKit/537.36 (KHTML, like Gecko) Chrome/110.0.0.0 Safari/537.36"
185.147.124.223 - - [30/Jan/2025:09:00:52 -0500] "POST /pay/make-payment/phpmailer/test_script/src/auth.php HTTP/1.1" 200 29 "-" "Mozilla/5.0 (iPhone; CPU iPhone OS 17_2 like Mac OS X) AppleWebKit/605.1.15 (KHTML, like Gecko) Version/17.2 Mobile/15E148 Safari/604.1"
157.55.39.195 - - [30/Jan/2025:09:01:01 -0500] "GET /436229860.html HTTP/1.1" 200 81668 "-" "Mozilla/5.0 AppleWebKit/537.36 (KHTML, like Gecko; compatible; bingbot/2.0; +http://www.bing.com/bingbot.htm) Chrome/116.0.1938.76 Safari/537.36"
185.147.124.223 - - [30/Jan/2025:09:04:09 -0500] "GET /pay/make-payment/phpmailer/test_script/src/auth.php HTTP/1.1" 200 50 "-" "Mozilla/5.0 (Windows NT 10.0; Win64; x64) AppleWebKit/537.36 (KHTML, like Gecko) Chrome/104.0.0.0 Safari/537.36"
185.147.124.223 - - [30/Jan/2025:09:04:10 -0500] "POST /pay/make-payment/phpmailer/test_script/src/auth.php HTTP/1.1" 200 93 "-" "Mozilla/5.0 (Windows NT 10.0; Win64; x64) AppleWebKit/537.36 (KHTML, like Gecko) Chrome/104.0.0.0 Safari/537.36"
185.147.124.223 - - [30/Jan/2025:09:04:13 -0500] "GET /pay/make-payment/phpmailer/test_script/src/auth.php HTTP/1.1" 200 58 "-" "Mozilla/5.0 (Windows NT 10.0; Win64; x64) AppleWebKit/537.36 (KHTML, like Gecko) Chrome/99.0.4844.51 Safari/537.36"
185.147.124.223 - - [30/Jan/2025:09:04:13 -0500] "POST /pay/make-payment/phpmailer/test_script/src/auth.php HTTP/1.1" 200 0 "-" "Mozilla/5.0 (Windows NT 10.0; Win64; x64) AppleWebKit/537.36 (KHTML, like Gecko) Chrome/100.0.4896.75 Safari/537.36"
185.147.124.223 - - [30/Jan/2025:09:06:24 -0500] "POST /pay/make-payment/phpmailer/test_script/src/auth.php HTTP/1.1" 200 29 "-" "Mozilla/5.0 (Macintosh; Intel Mac OS X 10_15_7) AppleWebKit/605.1.15 (KHTML, like Gecko) Version/15.5 Safari/605.1.15"
185.147.124.223 - - [30/Jan/2025:09:06:25 -0500] "GET /pay/make-payment/phpmailer/test_script/src/auth.php HTTP/1.1" 200 54 "-" "Mozilla/5.0 (iPhone; CPU iPhone OS 17_2 like Mac OS X) AppleWebKit/605.1.15 (KHTML, like Gecko) Version/17.2 Mobile/15E148 Safari/604.1"
185.147.124.223 - - [30/Jan/2025:09:06:26 -0500] "POST /pay/make-payment/phpmailer/test_script/src/auth.php HTTP/1.1" 200 0 "-" "Mozilla/5.0 (Windows NT 10.0; Win64; x64) AppleWebKit/537.36 (KHTML, like Gecko) Chrome/99.0.4844.51 Safari/537.36 Edg/99.0.1150.30"
185.147.124.223 - - [30/Jan/2025:09:08:37 -0500] "POST /pay/make-payment/phpmailer/test_script/src/auth.php HTTP/1.1" 200 29 "-" "Mozilla/5.0 (Macintosh; Intel Mac OS X 10_15_7) AppleWebKit/537.36 (KHTML, like Gecko) Chrome/119.0.0.0 Safari/537.36"
185.147.124.223 - - [30/Jan/2025:09:08:38 -0500] "GET /pay/make-payment/phpmailer/test_script/src/auth.php HTTP/1.1" 200 49 "-" "Mozilla/5.0 (Macintosh; Intel Mac OS X 10_15_7) AppleWebKit/537.36 (KHTML, like Gecko) Chrome/119.0.0.0 Safari/537.36"
185.147.124.223 - - [30/Jan/2025:09:08:39 -0500] "POST /pay/make-payment/phpmailer/test_script/src/auth.php HTTP/1.1" 200 0 "-" "Mozilla/5.0 (Macintosh; Intel Mac OS X 10_15_7) AppleWebKit/605.1.15 (KHTML, like Gecko) Version/15.5 Safari/605.1.15"
185.147.124.223 - - [30/Jan/2025:09:10:50 -0500] "POST /pay/make-payment/phpmailer/test_script/src/auth.php HTTP/1.1" 200 29 "-" "Mozilla/5.0 (Windows NT 10.0; Win64; x64) AppleWebKit/537.36 (KHTML, like Gecko) Chrome/101.0.4951.64 Safari/537.36 Edg/101.0.1210.47"
185.147.124.223 - - [30/Jan/2025:09:10:51 -0500] "GET /pay/make-payment/phpmailer/test_script/src/auth.php HTTP/1.1" 200 52 "-" "Mozilla/5.0 (Linux; Android 12; Pixel 6) AppleWebKit/537.36 (KHTML, like Gecko) Chrome/99.0.4844.58 Mobile Safari/537.36"

Zerion Mini Shell 1.0